[INFO] cloning repository https://github.com/kebab-mai-haddi/substrate-for-pipfs
[INFO] running `Command { std: "git" "-c" "credential.helper=" "-c" "credential.helper=/workspace/cargo-home/bin/git-credential-null" "clone" "--bare" "https://github.com/kebab-mai-haddi/substrate-for-pipfs" "/workspace/cache/git-repos/https%3A%2F%2Fgithub.com%2Fkebab-mai-haddi%2Fsubstrate-for-pipfs", kill_on_drop: false }`
[INFO] [stderr] Cloning into bare repository '/workspace/cache/git-repos/https%3A%2F%2Fgithub.com%2Fkebab-mai-haddi%2Fsubstrate-for-pipfs'...
[INFO] running `Command { std: "git" "rev-parse" "HEAD", kill_on_drop: false }`
[INFO] [stdout] 187b7027c68e35e60bdb8886babdab20680b53a8
[INFO] documenting kebab-mai-haddi/substrate-for-pipfs against 1.69.0 for beta-1.70-rustdoc-1
[INFO] running `Command { std: "git" "clone" "/workspace/cache/git-repos/https%3A%2F%2Fgithub.com%2Fkebab-mai-haddi%2Fsubstrate-for-pipfs" "/workspace/builds/worker-5-tc1/source", kill_on_drop: false }`
[INFO] [stderr] Cloning into '/workspace/builds/worker-5-tc1/source'...
[INFO] [stderr] done.
[INFO] validating manifest of git repo https://github.com/kebab-mai-haddi/substrate-for-pipfs on toolchain 1.69.0
[INFO] running `Command { std: CARGO_HOME="/workspace/cargo-home" RUSTUP_HOME="/workspace/rustup-home" "/workspace/cargo-home/bin/cargo" "+1.69.0" "metadata" "--manifest-path" "Cargo.toml" "--no-deps", kill_on_drop: false }`
[INFO] started tweaking git repo https://github.com/kebab-mai-haddi/substrate-for-pipfs
[INFO] finished tweaking git repo https://github.com/kebab-mai-haddi/substrate-for-pipfs
[INFO] tweaked toml for git repo https://github.com/kebab-mai-haddi/substrate-for-pipfs written to /workspace/builds/worker-5-tc1/source/Cargo.toml
[INFO] crate git repo https://github.com/kebab-mai-haddi/substrate-for-pipfs already has a lockfile, it will not be regenerated
[INFO] running `Command { std: CARGO_HOME="/workspace/cargo-home" RUSTUP_HOME="/workspace/rustup-home" "/workspace/cargo-home/bin/cargo" "+1.69.0" "fetch" "--manifest-path" "Cargo.toml", kill_on_drop: false }`
[INFO] [stderr]  Downloading crates ...
[INFO] [stderr]   Downloaded soketto v0.3.2
[INFO] [stderr]   Downloaded nohash-hasher v0.1.3
[INFO] [stderr]   Downloaded wasm-bindgen-futures v0.4.8
[INFO] [stderr]   Downloaded petgraph v0.5.0
[INFO] [stderr]   Downloaded jsonrpc-http-server v14.0.6
[INFO] [stderr]   Downloaded evm-gasometer v0.14.0
[INFO] [stderr]   Downloaded parity-bytes v0.1.1
[INFO] [stderr]   Downloaded faerie v0.13.0
[INFO] [stderr]   Downloaded libp2p-dns v0.15.0
[INFO] [stderr]   Downloaded bstr v0.2.11
[INFO] [stderr]   Downloaded console_log v0.1.2
[INFO] [stderr]   Downloaded lru v0.1.17
[INFO] [stderr]   Downloaded kvdb v0.4.0
[INFO] [stderr]   Downloaded sysinfo v0.9.6
[INFO] [stderr]   Downloaded hex v0.4.1
[INFO] [stderr]   Downloaded quicksink v0.1.1
[INFO] [stderr]   Downloaded target-lexicon v0.9.0
[INFO] [stderr]   Downloaded uint v0.8.2
[INFO] [stderr]   Downloaded parity-scale-codec v1.1.2
[INFO] [stderr]   Downloaded tracing v0.1.12
[INFO] [stderr]   Downloaded kvdb-web v0.4.0
[INFO] [stderr]   Downloaded evm-core v0.14.0
[INFO] [stderr]   Downloaded fdlimit v0.1.2
[INFO] [stderr]   Downloaded keccak-hasher v0.15.2
[INFO] [stderr]   Downloaded trie-standardmap v0.15.2
[INFO] [stderr]   Downloaded libp2p-noise v0.13.0
[INFO] [stderr]   Downloaded parity-scale-codec-derive v1.1.1
[INFO] [stderr]   Downloaded kvdb-memorydb v0.4.0
[INFO] [stderr]   Downloaded memory-db v0.19.0
[INFO] [stderr]   Downloaded cargo_metadata v0.9.1
[INFO] [stderr]   Downloaded jsonrpc-ws-server v14.0.6
[INFO] [stderr]   Downloaded substrate-bip39 v0.3.1
[INFO] [stderr]   Downloaded wasmtime-jit v0.8.0
[INFO] [stderr]   Downloaded assert_cmd v0.12.0
[INFO] [stderr]   Downloaded kvdb-rocksdb v0.5.0
[INFO] [stderr]   Downloaded wasmtime-debug v0.8.0
[INFO] [stderr]   Downloaded send_wrapper v0.3.0
[INFO] [stderr]   Downloaded cranelift-native v0.50.0
[INFO] [stderr]   Downloaded cranelift-bforest v0.50.0
[INFO] [stderr]   Downloaded erased-serde v0.3.10
[INFO] [stderr]   Downloaded parity-util-mem v0.5.1
[INFO] [stderr]   Downloaded rocksdb v0.13.0
[INFO] [stderr]   Downloaded bitvec v0.15.2
[INFO] [stderr]   Downloaded hex-literal-impl v0.2.1
[INFO] [stderr]   Downloaded libp2p-tcp v0.15.0
[INFO] [stderr]   Downloaded trie-bench v0.20.0
[INFO] [stderr]   Downloaded trie-db v0.20.0
[INFO] [stderr]   Downloaded tracing-core v0.1.9
[INFO] [stderr]   Downloaded rlp v0.4.4
[INFO] [stderr]   Downloaded test-case v0.3.3
[INFO] [stderr]   Downloaded libp2p-ping v0.15.0
[INFO] [stderr]   Downloaded libp2p-floodsub v0.15.0
[INFO] [stderr]   Downloaded cranelift-entity v0.50.0
[INFO] [stderr]   Downloaded parity-multihash v0.2.2
[INFO] [stderr]   Downloaded multimap v0.8.0
[INFO] [stderr]   Downloaded libp2p-plaintext v0.15.0
[INFO] [stderr]   Downloaded libp2p-wasm-ext v0.8.0
[INFO] [stderr]   Downloaded ws v0.9.1
[INFO] [stderr]   Downloaded libp2p-swarm v0.5.0
[INFO] [stderr]   Downloaded libp2p-secio v0.15.0
[INFO] [stderr]   Downloaded libp2p-deflate v0.7.0
[INFO] [stderr]   Downloaded libp2p-yamux v0.15.0
[INFO] [stderr]   Downloaded cranelift-codegen-shared v0.50.0
[INFO] [stderr]   Downloaded futures_codec v0.3.4
[INFO] [stderr]   Downloaded libp2p-gossipsub v0.15.0
[INFO] [stderr]   Downloaded ipnet v2.2.0
[INFO] [stderr]   Downloaded evm v0.14.2
[INFO] [stderr]   Downloaded once_cell v0.2.4
[INFO] [stderr]   Downloaded libp2p-core-derive v0.15.0
[INFO] [stderr]   Downloaded libp2p-kad v0.15.0
[INFO] [stderr]   Downloaded bindgen v0.49.4
[INFO] [stderr]   Downloaded jsonrpc-server-utils v14.0.5
[INFO] [stderr]   Downloaded unsigned-varint v0.3.0
[INFO] [stderr]   Downloaded libp2p-mplex v0.15.0
[INFO] [stderr]   Downloaded gloo-timers v0.2.0
[INFO] [stderr]   Downloaded yamux v0.4.2
[INFO] [stderr]   Downloaded libp2p-websocket v0.15.0
[INFO] [stderr]   Downloaded evm-runtime v0.14.1
[INFO] [stderr]   Downloaded wasmtime-environ v0.8.0
[INFO] [stderr]   Downloaded multistream-select v0.7.0
[INFO] [stderr]   Downloaded finality-grandpa v0.11.1
[INFO] [stderr]   Downloaded impl-serde v0.3.0
[INFO] [stderr]   Downloaded libp2p-uds v0.15.0
[INFO] [stderr]   Downloaded parity-multiaddr v0.7.1
[INFO] [stderr]   Downloaded serde_json v1.0.47
[INFO] [stderr]   Downloaded libp2p-identify v0.15.0
[INFO] [stderr]   Downloaded libp2p-mdns v0.15.0
[INFO] [stderr]   Downloaded cranelift-frontend v0.50.0
[INFO] [stderr]   Downloaded cranelift-wasm v0.50.0
[INFO] [stderr]   Downloaded libp2p v0.15.0
[INFO] [stderr]   Downloaded wasmtime-runtime v0.8.0
[INFO] [stderr]   Downloaded wasmparser v0.39.3
[INFO] [stderr]   Downloaded futures-timer v3.0.1
[INFO] [stderr]   Downloaded libp2p-core v0.15.0
[INFO] [stderr]   Downloaded cranelift-codegen-meta v0.50.0
[INFO] [stderr]   Downloaded cranelift-codegen v0.50.0
[INFO] [stderr]   Downloaded curve25519-dalek v1.2.3
[INFO] [stderr]   Downloaded curve25519-dalek v2.0.0
[INFO] [stderr]   Downloaded librocksdb-sys v6.2.4
[INFO] [stderr]   Downloaded enumflags2_derive v0.6.2
[INFO] [stderr]   Downloaded enumflags2 v0.6.2
[INFO] [stderr]   Downloaded bs58 v0.3.0
[INFO] running `Command { std: "docker" "create" "-v" "/var/lib/crater-agent-workspace/builds/worker-5-tc1/target:/opt/rustwide/target:rw,Z" "-v" "/var/lib/crater-agent-workspace/builds/worker-5-tc1/source:/opt/rustwide/workdir:ro,Z" "-v" "/var/lib/crater-agent-workspace/cargo-home:/opt/rustwide/cargo-home:ro,Z" "-v" "/var/lib/crater-agent-workspace/rustup-home:/opt/rustwide/rustup-home:ro,Z" "-e" "SOURCE_DIR=/opt/rustwide/workdir" "-e" "CARGO_TARGET_DIR=/opt/rustwide/target" "-e" "CARGO_HOME=/opt/rustwide/cargo-home" "-e" "RUSTUP_HOME=/opt/rustwide/rustup-home" "-w" "/opt/rustwide/workdir" "-m" "1610612736" "--user" "0:0" "--network" "none" "ghcr.io/rust-lang/crates-build-env/linux@sha256:97d61d7686bf65f8ecb15491ab51835e82dc9176a96a831f143a431b191fc501" "/opt/rustwide/cargo-home/bin/cargo" "+1.69.0" "metadata" "--no-deps" "--format-version=1", kill_on_drop: false }`
[INFO] [stdout] e90ee42690c35ba739ac474a4baa2e9718588d08538433fc193fb3a233bd14bc
[INFO] running `Command { std: "docker" "start" "-a" "e90ee42690c35ba739ac474a4baa2e9718588d08538433fc193fb3a233bd14bc", kill_on_drop: false }`
[INFO] running `Command { std: "docker" "inspect" "e90ee42690c35ba739ac474a4baa2e9718588d08538433fc193fb3a233bd14bc", kill_on_drop: false }`
[INFO] running `Command { std: "docker" "rm" "-f" "e90ee42690c35ba739ac474a4baa2e9718588d08538433fc193fb3a233bd14bc", kill_on_drop: false }`
[INFO] [stdout] e90ee42690c35ba739ac474a4baa2e9718588d08538433fc193fb3a233bd14bc
[INFO] running `Command { std: "docker" "create" "-v" "/var/lib/crater-agent-workspace/builds/worker-5-tc1/target:/opt/rustwide/target:rw,Z" "-v" "/var/lib/crater-agent-workspace/builds/worker-5-tc1/source:/opt/rustwide/workdir:ro,Z" "-v" "/var/lib/crater-agent-workspace/cargo-home:/opt/rustwide/cargo-home:ro,Z" "-v" "/var/lib/crater-agent-workspace/rustup-home:/opt/rustwide/rustup-home:ro,Z" "-e" "SOURCE_DIR=/opt/rustwide/workdir" "-e" "CARGO_TARGET_DIR=/opt/rustwide/target" "-e" "CARGO_INCREMENTAL=0" "-e" "RUST_BACKTRACE=full" "-e" "RUSTFLAGS=--cap-lints=warn" "-e" "RUSTDOCFLAGS=--cap-lints=warn" "-e" "CARGO_HOME=/opt/rustwide/cargo-home" "-e" "RUSTUP_HOME=/opt/rustwide/rustup-home" "-w" "/opt/rustwide/workdir" "-m" "1610612736" "--user" "0:0" "--network" "none" "ghcr.io/rust-lang/crates-build-env/linux@sha256:97d61d7686bf65f8ecb15491ab51835e82dc9176a96a831f143a431b191fc501" "/opt/rustwide/cargo-home/bin/cargo" "+1.69.0" "doc" "--frozen" "--no-deps" "--document-private-items" "--message-format=json", kill_on_drop: false }`
[INFO] [stdout] 1ccd5615eb9281097d05ba100506a83268b6afc982c4d2068895daf34ec6cccb
[INFO] running `Command { std: "docker" "start" "-a" "1ccd5615eb9281097d05ba100506a83268b6afc982c4d2068895daf34ec6cccb", kill_on_drop: false }`
[INFO] [stderr]    Compiling libc v0.2.66
[INFO] [stderr]    Compiling proc-macro2 v1.0.8
[INFO] [stderr]    Compiling syn v1.0.14
[INFO] [stderr]    Compiling byteorder v1.3.4
[INFO] [stderr]    Compiling log v0.4.8
[INFO] [stderr]    Compiling cfg-if v0.1.10
[INFO] [stderr]    Compiling serde v1.0.104
[INFO] [stderr]    Compiling memchr v2.3.0
[INFO] [stderr]    Compiling lazy_static v1.4.0
[INFO] [stderr]    Compiling getrandom v0.1.14
[INFO] [stderr]    Compiling semver-parser v0.7.0
[INFO] [stderr]    Compiling crunchy v0.2.2
[INFO] [stderr]    Compiling maybe-uninit v2.0.0
[INFO] [stderr]    Compiling typenum v1.11.2
[INFO] [stderr]    Compiling subtle v2.2.2
[INFO] [stderr]    Compiling num-traits v0.2.11
[INFO] [stderr]    Compiling rand_core v0.3.1
[INFO] [stderr]    Compiling quote v1.0.2
[INFO] [stderr]    Compiling num-integer v0.1.42
[INFO] [stderr]    Compiling failure_derive v0.1.6
[INFO] [stderr]    Compiling generic-array v0.12.3
[INFO] [stderr]    Compiling digest v0.8.1
[INFO] [stderr]     Checking scopeguard v1.0.0
[INFO] [stderr]    Compiling thread_local v1.0.1
[INFO] [stderr]    Compiling regex-syntax v0.6.14
[INFO] [stderr]    Compiling rand v0.6.5
[INFO] [stderr]    Compiling jobserver v0.1.21
[INFO] [stderr]    Compiling cc v1.0.50
[INFO] [stderr]    Compiling aho-corasick v0.7.8
[INFO] [stderr]     Checking lock_api v0.3.3
[INFO] [stderr]    Compiling num-bigint v0.2.6
[INFO] [stderr]    Compiling arrayvec v0.4.12
[INFO] [stderr]    Compiling num-rational v0.2.3
[INFO] [stderr]     Checking rand_core v0.5.1
[INFO] [stderr]     Checking c2-chacha v0.2.3
[INFO] [stderr]    Compiling tiny-keccak v2.0.1
[INFO] [stderr]     Checking block-buffer v0.7.3
[INFO] [stderr]     Checking parking_lot_core v0.7.0
[INFO] [stderr]     Checking rand_chacha v0.2.1
[INFO] [stderr]     Checking static_assertions v1.1.0
[INFO] [stderr]    Compiling clear_on_drop v0.2.3
[INFO] [stderr]    Compiling backtrace-sys v0.1.32
[INFO] [stderr]     Checking rand v0.7.3
[INFO] [stderr]     Checking parking_lot v0.10.0
[INFO] [stderr]     Checking smallvec v0.6.13
[INFO] [stderr]    Compiling hashbrown v0.6.3
[INFO] [stderr]     Checking sha2 v0.8.1
[INFO] [stderr]    Compiling curve25519-dalek v1.2.3
[INFO] [stderr]     Checking subtle v1.0.0
[INFO] [stderr]     Checking keccak v0.1.0
[INFO] [stderr]     Checking crypto-mac v0.7.0
[INFO] [stderr]    Compiling regex v1.3.4
[INFO] [stderr]     Checking hmac v0.7.1
[INFO] [stderr]     Checking arrayvec v0.5.1
[INFO] [stderr]     Checking arrayref v0.3.6
[INFO] [stderr]     Checking hmac-drbg v0.2.0
[INFO] [stderr]     Checking rustc-hex v2.1.0
[INFO] [stderr]     Checking bitvec v0.15.2
[INFO] [stderr]     Checking libsecp256k1 v0.3.5
[INFO] [stderr]     Checking byte-slice-cast v0.3.5
[INFO] [stderr]     Checking uint v0.8.2
[INFO] [stderr]    Compiling Inflector v0.11.4
[INFO] [stderr]     Checking rlp v0.4.4
[INFO] [stderr]     Checking fixed-hash v0.5.2
[INFO] [stderr]     Checking rand_hc v0.1.0
[INFO] [stderr]     Checking impl-rlp v0.2.1
[INFO] [stderr]     Checking rand_xorshift v0.1.1
[INFO] [stderr]     Checking rand_chacha v0.1.1
[INFO] [stderr]     Checking rand_isaac v0.1.1
[INFO] [stderr]     Checking rand_pcg v0.1.2
[INFO] [stderr]     Checking rand_jitter v0.1.4
[INFO] [stderr]     Checking rand_os v0.1.3
[INFO] [stderr]     Checking rand v0.4.6
[INFO] [stderr]     Checking rustc-demangle v0.1.16
[INFO] [stderr]     Checking sp-std v2.0.0 (/opt/rustwide/workdir/primitives/std)
[INFO] [stderr]     Checking errno v0.2.4
[INFO] [stderr]    Compiling synstructure v0.12.3
[INFO] [stderr]     Checking rand v0.3.23
[INFO] [stderr]     Checking parity-wasm v0.41.0
[INFO] [stderr]     Checking nodrop v0.1.14
[INFO] [stderr]     Checking memory_units v0.3.0
[INFO] [stderr]     Checking scopeguard v0.3.3
[INFO] [stderr]     Checking environmental v1.1.1
[INFO] [stderr]     Checking lock_api v0.1.5
[INFO] [stderr]     Checking hash-db v0.15.2
[INFO] [stderr]     Checking pbkdf2 v0.3.0
[INFO] [stderr]     Checking zeroize v0.9.3
[INFO] [stderr]     Checking wasmi-validation v0.3.0
[INFO] [stderr]     Checking constant_time_eq v0.1.5
[INFO] [stderr]     Checking hashbrown v0.1.8
[INFO] [stderr]     Checking twox-hash v1.5.0
[INFO] [stderr]     Checking blake2-rfc v0.2.18
[INFO] [stderr]     Checking hash256-std-hasher v0.15.2
[INFO] [stderr]     Checking hex v0.4.1
[INFO] [stderr]     Checking base58 v0.1.0
[INFO] [stderr]     Checking wasmi v0.6.2
[INFO] [stderr]    Compiling either v1.5.3
[INFO] [stderr]     Checking trie-root v0.16.0
[INFO] [stderr]    Compiling ppv-lite86 v0.2.6
[INFO] [stderr]     Checking integer-sqrt v0.1.3
[INFO] [stderr]    Compiling anyhow v1.0.26
[INFO] [stderr]    Compiling crossbeam-utils v0.7.0
[INFO] [stderr]    Compiling unicode-segmentation v1.6.0
[INFO] [stderr]     Checking num_cpus v1.12.0
[INFO] [stderr]     Checking iovec v0.1.4
[INFO] [stderr]     Checking futures v0.1.29
[INFO] [stderr]    Compiling heck v0.3.1
[INFO] [stderr]    Compiling indexmap v1.3.2
[INFO] [stderr]     Checking bytes v0.4.12
[INFO] [stderr]    Compiling bytes v0.5.4
[INFO] [stderr]    Compiling crossbeam-epoch v0.8.0
[INFO] [stderr]    Compiling ring v0.16.11
[INFO] [stderr]    Compiling serde_derive v1.0.104
[INFO] [stderr]    Compiling proc-macro-hack v0.5.11
[INFO] [stderr]    Compiling zeroize_derive v1.0.0
[INFO] [stderr]    Compiling impl-trait-for-tuples v0.1.3
[INFO] [stderr]    Compiling sp-debug-derive v2.0.0 (/opt/rustwide/workdir/primitives/debug-derive)
[INFO] [stderr]    Compiling parity-util-mem-derive v0.1.0
[INFO] [stderr]    Compiling derive_more v0.99.2
[INFO] [stderr]     Checking zeroize v1.1.0
[INFO] [stderr]     Checking curve25519-dalek v2.0.0
[INFO] [stderr]     Checking merlin v1.3.0
[INFO] [stderr]    Compiling const-random-macro v0.1.8
[INFO] [stderr]    Compiling paste-impl v0.1.6
[INFO] [stderr]    Compiling futures-macro v0.3.4
[INFO] [stderr]     Checking ed25519-dalek v1.0.0-pre.3
[INFO] [stderr]     Checking const-random v0.1.8
[INFO] [stderr]     Checking tokio-io v0.1.13
[INFO] [stderr]     Checking ahash v0.2.18
[INFO] [stderr]    Compiling thiserror-impl v1.0.10
[INFO] [stderr]     Checking paste v0.1.6
[INFO] [stderr]     Checking trie-db v0.20.0
[INFO] [stderr]    Compiling itertools v0.8.2
[INFO] [stderr]    Compiling pin-project-internal v0.4.8
[INFO] [stderr]    Compiling which v3.1.0
[INFO] [stderr]    Compiling tokio-macros v0.2.4
[INFO] [stderr]    Compiling prost-build v0.6.1
[INFO] [stderr]    Compiling prost-derive v0.6.1
[INFO] [stderr]    Compiling remove_dir_all v0.5.2
[INFO] [stderr]    Compiling fixedbitset v0.2.0
[INFO] [stderr]    Compiling tempfile v3.1.0
[INFO] [stderr]    Compiling petgraph v0.5.0
[INFO] [stderr]    Compiling multimap v0.8.0
[INFO] [stderr]    Compiling ryu v1.0.2
[INFO] [stderr]     Checking futures-core v0.3.4
[INFO] [stderr]     Checking futures-channel v0.3.4
[INFO] [stderr]     Checking futures-task v0.3.4
[INFO] [stderr]     Checking futures-io v0.3.4
[INFO] [stderr]    Compiling asn1_der_derive v0.1.2
[INFO] [stderr]     Checking futures-util v0.3.4
[INFO] [stderr]    Compiling tracing-attributes v0.1.6
[INFO] [stderr]     Checking net2 v0.2.33
[INFO] [stderr]    Compiling wasm-bindgen-shared v0.2.58
[INFO] [stderr]     Checking mio v0.6.21
[INFO] [stderr]    Compiling bumpalo v3.2.0
[INFO] [stderr]     Checking tracing-core v0.1.9
[INFO] [stderr]    Compiling wasm-bindgen-backend v0.2.58
[INFO] [stderr]     Checking mio-uds v0.6.7
[INFO] [stderr]    Compiling nom v4.2.3
[INFO] [stderr]    Compiling wasm-bindgen v0.2.58
[INFO] [stderr]     Checking tracing v0.1.12
[INFO] [stderr]    Compiling prost v0.6.1
[INFO] [stderr]     Checking spin v0.5.2
[INFO] [stderr]     Checking thiserror v1.0.10
[INFO] [stderr]    Compiling libz-sys v1.0.25
[INFO] [stderr]    Compiling crc32fast v1.2.0
[INFO] [stderr]     Checking futures-executor v0.3.4
[INFO] [stderr]    Compiling prost-types v0.6.1
[INFO] [stderr]     Checking futures v0.3.4
[INFO] [stderr]    Compiling sourcefile v0.1.4
[INFO] [stderr]    Compiling weedle v0.10.0
[INFO] [stderr]     Checking signal-hook-registry v1.2.0
[INFO] [stderr]     Checking pin-project v0.4.8
[INFO] [stderr]     Checking untrusted v0.7.0
[INFO] [stderr]    Compiling glob v0.3.0
[INFO] [stderr]    Compiling wasm-bindgen-macro-support v0.2.58
[INFO] [stderr]     Checking tokio v0.2.11
[INFO] [stderr]     Checking sha3 v0.8.2
[INFO] [stderr]     Checking sha-1 v0.8.2
[INFO] [stderr]     Checking futures-timer v2.0.2
[INFO] [stderr]     Checking futures_codec v0.3.4
[INFO] [stderr]     Checking impl-serde v0.3.0
[INFO] [stderr]     Checking impl-serde v0.2.3
[INFO] [stderr]    Compiling wasm-bindgen-macro v0.2.58
[INFO] [stderr]     Checking serde_json v1.0.47
[INFO] [stderr]    Compiling libp2p-core-derive v0.15.0
[INFO] [stderr]     Checking sp-storage v2.0.0 (/opt/rustwide/workdir/primitives/storage)
[INFO] [stderr]    Compiling semver v0.9.0
[INFO] [stderr]    Compiling toml v0.5.6
[INFO] [stderr]    Compiling rustc_version v0.2.3
[INFO] [stderr]     Checking sp-externalities v0.8.0 (/opt/rustwide/workdir/primitives/externalities)
[INFO] [stderr]    Compiling libp2p-core v0.15.0
[INFO] [stderr]     Checking tokio-util v0.2.0
[INFO] [stdout] warning: trait objects without an explicit `dyn` are deprecated
[INFO] [stdout]    --> primitives/externalities/src/lib.rs:223:57
[INFO] [stdout]     |
[INFO] [stdout] 223 |         self.extension_by_type_id(TypeId::of::<T>()).and_then(Any::downcast_mut)
[INFO] [stdout]     |                                                               ^^^
[INFO] [stdout]     |
[INFO] [stdout]     = warning: this is accepted in the current edition (Rust 2018) but is a hard error in Rust 2021!
[INFO] [stdout]     = note: for more information, see <https://doc.rust-lang.org/nightly/edition-guide/rust-2021/warnings-promoted-to-error.html>
[INFO] [stdout]     = note: `#[warn(bare_trait_objects)]` on by default
[INFO] [stdout] help: use `dyn`
[INFO] [stdout]     |
[INFO] [stdout] 223 |         self.extension_by_type_id(TypeId::of::<T>()).and_then(<dyn Any>::downcast_mut)
[INFO] [stdout]     |                                                               ++++    +
[INFO] [stdout] 
[INFO] [stdout] 
[INFO] [stdout] warning: 1 warning emitted
[INFO] [stdout] 
[INFO] [stdout] 
[INFO] [stderr]    Compiling wasm-bindgen-webidl v0.2.58
[INFO] [stderr]    Compiling libp2p-secio v0.15.0
[INFO] [stderr]    Compiling parking_lot_core v0.4.0
[INFO] [stderr]    Compiling parking_lot_core v0.6.2
[INFO] [stderr]    Compiling parking_lot v0.9.0
[INFO] [stderr]    Compiling proc-macro-crate v0.1.4
[INFO] [stderr]     Checking parking_lot v0.7.1
[INFO] [stderr]    Compiling memoffset v0.5.3
[INFO] [stderr]    Compiling snow v0.6.2
[INFO] [stderr]     Checking once_cell v0.1.8
[INFO] [stderr]    Compiling libp2p-gossipsub v0.15.0
[INFO] [stderr]    Compiling libp2p-noise v0.13.0
[INFO] [stderr]    Compiling libp2p-kad v0.15.0
[INFO] [stderr]    Compiling libp2p-floodsub v0.15.0
[INFO] [stderr]     Checking wasm-timer v0.2.4
[INFO] [stderr]    Compiling parity-scale-codec-derive v1.1.1
[INFO] [stderr]    Compiling sp-runtime-interface-proc-macro v2.0.0 (/opt/rustwide/workdir/primitives/runtime-interface/proc-macro)
[INFO] [stderr]    Compiling sp-api-proc-macro v2.0.0 (/opt/rustwide/workdir/primitives/api/proc-macro)
[INFO] [stderr]     Checking crossbeam-deque v0.7.2
[INFO] [stderr]    Compiling libp2p-identify v0.15.0
[INFO] [stderr]    Compiling libp2p-plaintext v0.15.0
[INFO] [stderr]     Checking unsigned-varint v0.3.0
[INFO] [stderr]    Compiling target-lexicon v0.9.0
[INFO] [stderr]    Compiling cranelift-entity v0.50.0
[INFO] [stderr]     Checking blake2 v0.8.1
[INFO] [stderr]     Checking data-encoding v2.1.2
[INFO] [stderr]     Checking bs58 v0.3.0
[INFO] [stderr]     Checking parity-multihash v0.2.2
[INFO] [stderr]    Compiling cranelift-codegen-shared v0.50.0
[INFO] [stderr]     Checking multistream-select v0.7.0
[INFO] [stderr]     Checking rw-stream-sink v0.2.1
[INFO] [stderr]     Checking parity-multiaddr v0.7.1
[INFO] [stderr]    Compiling cranelift-codegen-meta v0.50.0
[INFO] [stderr]     Checking asn1_der v0.6.3
[INFO] [stderr]    Compiling web-sys v0.3.35
[INFO] [stderr]    Compiling zstd-sys v1.4.15+zstd.1.4.4
[INFO] [stderr]    Compiling rayon-core v1.7.0
[INFO] [stderr]     Checking parity-scale-codec v1.1.2
[INFO] [stderr]     Checking quick-error v1.2.3
[INFO] [stderr]    Compiling smallvec v1.2.0
[INFO] [stderr]     Checking base64 v0.10.1
[INFO] [stderr]     Checking crossbeam-queue v0.2.1
[INFO] [stderr]    Compiling scroll_derive v0.10.1
[INFO] [stderr]     Checking impl-codec v0.4.2
[INFO] [stderr]     Checking sp-wasm-interface v2.0.0 (/opt/rustwide/workdir/primitives/wasm-interface)
[INFO] [stderr]     Checking primitive-types v0.6.2
[INFO] [stderr]     Checking sp-arithmetic v2.0.0 (/opt/rustwide/workdir/primitives/arithmetic)
[INFO] [stderr]     Checking js-sys v0.3.35
[INFO] [stderr]    Compiling frame-support-procedural-tools-derive v2.0.0 (/opt/rustwide/workdir/frame/support/procedural/tools/derive)
[INFO] [stderr]     Checking parity-util-mem v0.5.1
[INFO] [stderr]     Checking sp-runtime-interface v2.0.0 (/opt/rustwide/workdir/primitives/runtime-interface)
[INFO] [stderr]     Checking memory-db v0.19.0
[INFO] [stderr]    Compiling wasmtime-environ v0.8.0
[INFO] [stderr]     Checking sha1 v0.6.0
[INFO] [stderr]     Checking webpki v0.21.2
[INFO] [stderr]     Checking broadcaster v1.0.0
[INFO] [stderr]     Checking crossbeam-channel v0.4.0
[INFO] [stderr]    Compiling strum_macros v0.16.0
[INFO] [stderr]     Checking async-task v1.3.1
[INFO] [stderr]     Checking kv-log-macro v1.0.4
[INFO] [stderr]     Checking once_cell v1.3.1
[INFO] [stderr]    Compiling frame-support-procedural-tools v2.0.0 (/opt/rustwide/workdir/frame/support/procedural/tools)
[INFO] [stderr]     Checking async-std v1.5.0
[INFO] [stderr]     Checking libp2p-swarm v0.5.0
[INFO] [stderr]    Compiling raw-cpuid v7.0.3
[INFO] [stderr]     Checking sct v0.6.0
[INFO] [stderr]    Compiling wasmtime-runtime v0.8.0
[INFO] [stderr]    Compiling frame-support-procedural v2.0.0 (/opt/rustwide/workdir/frame/support/procedural)
[INFO] [stderr]     Checking block-cipher-trait v0.6.2
[INFO] [stderr]     Checking bitmask v0.5.0
[INFO] [stderr]     Checking once_cell v0.2.4
[INFO] [stderr]     Checking adler32 v1.0.4
[INFO] [stderr]    Compiling slog v2.5.2
[INFO] [stderr]     Checking miniz_oxide v0.3.6
[INFO] [stderr]     Checking rustls v0.16.0
[INFO] [stderr]     Checking time v0.1.42
[INFO] [stderr]     Checking flate2 v1.0.13
[INFO] [stderr]     Checking webpki-roots v0.17.0
[INFO] [stderr]     Checking stream-cipher v0.3.2
[INFO] [stderr]    Compiling slab v0.4.2
[INFO] [stderr]     Checking ctr v0.3.2
[INFO] [stderr]     Checking aes-soft v0.3.3
[INFO] [stderr]     Checking quicksink v0.1.1
[INFO] [stderr]     Checking byteorder v0.5.3
[INFO] [stderr]     Checking nohash-hasher v0.1.3
[INFO] [stderr]     Checking c_linked_list v1.1.1
[INFO] [stderr]     Checking soketto v0.3.2
[INFO] [stderr]     Checking yamux v0.4.2
[INFO] [stderr]     Checking cuckoofilter v0.3.2
[INFO] [stderr]     Checking get_if_addrs v0.5.3
[INFO] [stderr]     Checking aes-ctr v0.3.0
[INFO] [stderr]     Checking async-tls v0.6.0
[INFO] [stderr]     Checking twofish v0.2.0
[INFO] [stderr]     Checking webpki-roots v0.18.0
[INFO] [stderr]     Checking wasm-bindgen-futures v0.4.8
[INFO] [stderr]     Checking dns-parser v0.8.0
[INFO] [stderr]    Compiling cranelift-codegen v0.50.0
[INFO] [stderr]     Checking lru v0.4.3
[INFO] [stderr]     Checking x25519-dalek v0.5.2
[INFO] [stderr]     Checking ipnet v2.2.0
[INFO] [stderr]     Checking parity-send-wrapper v0.1.0
[INFO] [stderr]     Checking send_wrapper v0.4.0
[INFO] [stderr]     Checking gloo-timers v0.2.0
[INFO] [stderr]     Checking libp2p-mdns v0.15.0
[INFO] [stderr]     Checking libp2p-wasm-ext v0.8.0
[INFO] [stderr]     Checking futures-timer v3.0.1
[INFO] [stderr]     Checking libp2p-tcp v0.15.0
[INFO] [stderr]     Checking libp2p-websocket v0.15.0
[INFO] [stderr]     Checking libp2p-yamux v0.15.0
[INFO] [stderr]     Checking libp2p-deflate v0.7.0
[INFO] [stderr]     Checking libp2p-uds v0.15.0
[INFO] [stderr]     Checking libp2p-ping v0.15.0
[INFO] [stderr]     Checking libp2p-mplex v0.15.0
[INFO] [stderr]     Checking libp2p-dns v0.15.0
[INFO] [stderr]    Compiling hex-literal-impl v0.2.1
[INFO] [stderr]    Compiling opaque-debug v0.2.3
[INFO] [stderr]    Compiling byte-tools v0.3.1
[INFO] [stderr]    Compiling block-padding v0.1.5
[INFO] [stderr]     Checking atty v0.2.14
[INFO] [stderr]    Compiling fake-simd v0.1.2
[INFO] [stderr]     Checking futures-diagnose v1.0.1
[INFO] [stderr]     Checking termcolor v1.1.0
[INFO] [stderr]     Checking libp2p v0.15.0
[INFO] [stderr]     Checking humantime v1.3.0
[INFO] [stderr]     Checking cranelift-bforest v0.50.0
[INFO] [stderr]     Checking env_logger v0.6.2
[INFO] [stderr]     Checking strum v0.16.0
[INFO] [stderr]     Checking dirs-sys v0.3.4
[INFO] [stderr]     Checking stable_deref_trait v1.1.1
[INFO] [stderr]     Checking wasmparser v0.39.3
[INFO] [stderr]     Checking directories v2.0.2
[INFO] [stderr]     Checking scroll v0.10.1
[INFO] [stderr]     Checking rayon v1.3.0
[INFO] [stderr]     Checking file-per-thread-logger v0.1.2
[INFO] [stderr]     Checking sp-serializer v2.0.0 (/opt/rustwide/workdir/primitives/serializer)
[INFO] [stderr]     Checking bincode v1.2.1
[INFO] [stderr]     Checking more-asserts v0.2.1
[INFO] [stderr]     Checking plain v0.2.3
[INFO] [stderr]     Checking string-interner v0.7.1
[INFO] [stderr]     Checking goblin v0.1.3
[INFO] [stderr]    Compiling fnv v1.0.6
[INFO] [stderr]     Checking fallible-iterator v0.2.0
[INFO] [stderr]     Checking region v2.1.2
[INFO] [stderr]     Checking chrono v0.4.10
[INFO] [stderr]     Checking gimli v0.19.0
[INFO] [stderr]     Checking erased-serde v0.3.10
[INFO] [stderr]     Checking hex-literal v0.2.1
[INFO] [stderr]    Compiling futures-sink v0.3.4
[INFO] [stderr]     Checking take_mut v0.2.2
[INFO] [stderr]     Checking slog-json v2.3.0
[INFO] [stderr]     Checking slog-scope v4.3.0
[INFO] [stderr]     Checking parity-bytes v0.1.1
[INFO] [stderr]     Checking kvdb v0.4.0
[INFO] [stderr]     Checking sc-telemetry v2.0.0 (/opt/rustwide/workdir/client/telemetry)
[INFO] [stderr]    Compiling bitflags v1.2.1
[INFO] [stdout] warning: unused borrow that must be used
[INFO] [stdout]    --> client/telemetry/src/worker.rs:189:1
[INFO] [stdout]     |
[INFO] [stdout] 189 | #[pin_project::pin_project]
[INFO] [stdout]     | ^^^^^^^^^^^^^^^^^^^^^^^^^^^ the borrow produces a value
[INFO] [stdout]     |
[INFO] [stdout]     = note: `#[warn(unused_must_use)]` on by default
[INFO] [stdout]     = note: this warning originates in the derive macro `::pin_project::__private::__PinProjectInternalDerive` (in Nightly builds, run with -Z macro-backtrace for more info)
[INFO] [stdout] 
[INFO] [stdout] 
[INFO] [stdout] warning: 1 warning emitted
[INFO] [stdout] 
[INFO] [stdout] 
[INFO] [stderr]    Compiling proc-macro-nested v0.1.3
[INFO] [stderr]    Compiling pin-utils v0.1.0-alpha.4
[INFO] [stderr]     Checking faerie v0.13.0
[INFO] [stderr]    Compiling openssl-sys v0.9.54
[INFO] [stderr] The following warnings were emitted during compilation:
[INFO] [stderr] 
[INFO] [stderr] warning: build/expando.c:4:24: error: pasting "RUST_VERSION_OPENSSL_" and "(" does not give a valid preprocessing token
[INFO] [stderr] warning:     4 | #define VERSION2(n, v) RUST_VERSION_##n##_##v
[INFO] [stderr] warning:       |                        ^~~~~~~~~~~~~
[INFO] [stderr] warning: build/expando.c:5:23: note: in expansion of macro 'VERSION2'
[INFO] [stderr] warning:     5 | #define VERSION(n, v) VERSION2(n, v)
[INFO] [stderr] warning:       |                       ^~~~~~~~
[INFO] [stderr] warning: build/expando.c:10:1: note: in expansion of macro 'VERSION'
[INFO] [stderr] warning:    10 | VERSION(OPENSSL, OPENSSL_VERSION_NUMBER)
[INFO] [stderr] warning:       | ^~~~~~~
[INFO] [stderr] 
[INFO] [stderr] error: failed to run custom build command for `openssl-sys v0.9.54`
[INFO] [stderr] note: To improve backtraces for build dependencies, set the CARGO_PROFILE_DEV_BUILD_OVERRIDE_DEBUG=true environment variable to enable debug information generation.
[INFO] [stderr] 
[INFO] [stderr] Caused by:
[INFO] [stderr]   process didn't exit successfully: `/opt/rustwide/target/debug/build/openssl-sys-8b5835c257c9e21a/build-script-main` (exit status: 101)
[INFO] [stderr]   --- stdout
[INFO] [stderr]   cargo:rustc-cfg=const_fn
[INFO] [stderr]   cargo:rerun-if-env-changed=X86_64_UNKNOWN_LINUX_GNU_OPENSSL_LIB_DIR
[INFO] [stderr]   X86_64_UNKNOWN_LINUX_GNU_OPENSSL_LIB_DIR unset
[INFO] [stderr]   cargo:rerun-if-env-changed=OPENSSL_LIB_DIR
[INFO] [stderr]   OPENSSL_LIB_DIR unset
[INFO] [stderr]   cargo:rerun-if-env-changed=X86_64_UNKNOWN_LINUX_GNU_OPENSSL_INCLUDE_DIR
[INFO] [stderr]   X86_64_UNKNOWN_LINUX_GNU_OPENSSL_INCLUDE_DIR unset
[INFO] [stderr]   cargo:rerun-if-env-changed=OPENSSL_INCLUDE_DIR
[INFO] [stderr]   OPENSSL_INCLUDE_DIR unset
[INFO] [stderr]   cargo:rerun-if-env-changed=X86_64_UNKNOWN_LINUX_GNU_OPENSSL_DIR
[INFO] [stderr]   X86_64_UNKNOWN_LINUX_GNU_OPENSSL_DIR unset
[INFO] [stderr]   cargo:rerun-if-env-changed=OPENSSL_DIR
[INFO] [stderr]   OPENSSL_DIR unset
[INFO] [stderr]   cargo:rustc-link-lib=ssl
[INFO] [stderr]   cargo:rustc-link-lib=crypto
[INFO] [stderr]   OPT_LEVEL = Some("0")
[INFO] [stderr]   TARGET = Some("x86_64-unknown-linux-gnu")
[INFO] [stderr]   HOST = Some("x86_64-unknown-linux-gnu")
[INFO] [stderr]   CC_x86_64-unknown-linux-gnu = None
[INFO] [stderr]   CC_x86_64_unknown_linux_gnu = None
[INFO] [stderr]   HOST_CC = None
[INFO] [stderr]   CC = None
[INFO] [stderr]   CFLAGS_x86_64-unknown-linux-gnu = None
[INFO] [stderr]   CFLAGS_x86_64_unknown_linux_gnu = None
[INFO] [stderr]   HOST_CFLAGS = None
[INFO] [stderr]   CFLAGS = None
[INFO] [stderr]   CRATE_CC_NO_DEFAULTS = None
[INFO] [stderr]   DEBUG = Some("true")
[INFO] [stderr]   CARGO_CFG_TARGET_FEATURE = Some("fxsr,sse,sse2")
[INFO] [stderr]   running: "cc" "-O0" "-ffunction-sections" "-fdata-sections" "-fPIC" "-g" "-fno-omit-frame-pointer" "-m64" "-I" "/usr/include" "-Wall" "-Wextra" "-E" "build/expando.c"
[INFO] [stderr]   cargo:warning=build/expando.c:4:24: error: pasting "RUST_VERSION_OPENSSL_" and "(" does not give a valid preprocessing token
[INFO] [stderr]   cargo:warning=    4 | #define VERSION2(n, v) RUST_VERSION_##n##_##v
[INFO] [stderr]   cargo:warning=      |                        ^~~~~~~~~~~~~
[INFO] [stderr]   cargo:warning=build/expando.c:5:23: note: in expansion of macro 'VERSION2'
[INFO] [stderr]   cargo:warning=    5 | #define VERSION(n, v) VERSION2(n, v)
[INFO] [stderr]   cargo:warning=      |                       ^~~~~~~~
[INFO] [stderr]   cargo:warning=build/expando.c:10:1: note: in expansion of macro 'VERSION'
[INFO] [stderr]   cargo:warning=   10 | VERSION(OPENSSL, OPENSSL_VERSION_NUMBER)
[INFO] [stderr]   cargo:warning=      | ^~~~~~~
[INFO] [stderr]   exit status: 1
[INFO] [stderr] 
[INFO] [stderr]   --- stderr
[INFO] [stderr]   thread 'main' panicked at '
[INFO] [stderr]   Header expansion error:
[INFO] [stderr]   Error { kind: ToolExecError, message: "Command \"cc\" \"-O0\" \"-ffunction-sections\" \"-fdata-sections\" \"-fPIC\" \"-g\" \"-fno-omit-frame-pointer\" \"-m64\" \"-I\" \"/usr/include\" \"-Wall\" \"-Wextra\" \"-E\" \"build/expando.c\" with args \"cc\" did not execute successfully (status code exit status: 1)." }
[INFO] [stderr] 
[INFO] [stderr]   Failed to find OpenSSL development headers.
[INFO] [stderr] 
[INFO] [stderr]   You can try fixing this setting the `OPENSSL_DIR` environment variable
[INFO] [stderr]   pointing to your OpenSSL installation or installing OpenSSL headers package
[INFO] [stderr]   specific to your distribution:
[INFO] [stderr] 
[INFO] [stderr]       # On Ubuntu
[INFO] [stderr]       sudo apt-get install libssl-dev
[INFO] [stderr]       # On Arch Linux
[INFO] [stderr]       sudo pacman -S openssl
[INFO] [stderr]       # On Fedora
[INFO] [stderr]       sudo dnf install openssl-devel
[INFO] [stderr] 
[INFO] [stderr]   See rust-openssl README for more information:
[INFO] [stderr] 
[INFO] [stderr]       https://github.com/sfackler/rust-openssl#linux
[INFO] [stderr]   ', /opt/rustwide/cargo-home/registry/src/github.com-1ecc6299db9ec823/openssl-sys-0.9.54/build/main.rs:126:13
[INFO] [stderr]   stack backtrace:
[INFO] [stderr]      0:     0x55c7ffe536ca - std::backtrace_rs::backtrace::libunwind::trace::ha9053a9a07ca49cb
[INFO] [stderr]                                  at /rustc/84c898d65adf2f39a5a98507f1fe0ce10a2b8dbc/library/std/src/../../backtrace/src/backtrace/libunwind.rs:93:5
[INFO] [stderr]      1:     0x55c7ffe536ca - std::backtrace_rs::backtrace::trace_unsynchronized::h9c2852a457ad564e
[INFO] [stderr]                                  at /rustc/84c898d65adf2f39a5a98507f1fe0ce10a2b8dbc/library/std/src/../../backtrace/src/backtrace/mod.rs:66:5
[INFO] [stderr]      2:     0x55c7ffe536ca - std::sys_common::backtrace::_print_fmt::h457936fbfaa0070f
[INFO] [stderr]                                  at /rustc/84c898d65adf2f39a5a98507f1fe0ce10a2b8dbc/library/std/src/sys_common/backtrace.rs:65:5
[INFO] [stderr]      3:     0x55c7ffe536ca - <std::sys_common::backtrace::_print::DisplayBacktrace as core::fmt::Display>::fmt::h5779d7bf7f70cb0c
[INFO] [stderr]                                  at /rustc/84c898d65adf2f39a5a98507f1fe0ce10a2b8dbc/library/std/src/sys_common/backtrace.rs:44:22
[INFO] [stderr]      4:     0x55c7ffe7381e - core::fmt::write::h5a4baaff1bcd3eb5
[INFO] [stderr]                                  at /rustc/84c898d65adf2f39a5a98507f1fe0ce10a2b8dbc/library/core/src/fmt/mod.rs:1232:17
[INFO] [stderr]      5:     0x55c7ffe50bb5 - std::io::Write::write_fmt::h4bc1f301cb9e9cce
[INFO] [stderr]                                  at /rustc/84c898d65adf2f39a5a98507f1fe0ce10a2b8dbc/library/std/src/io/mod.rs:1684:15
[INFO] [stderr]      6:     0x55c7ffe53495 - std::sys_common::backtrace::_print::h5fcdc36060f177e8
[INFO] [stderr]                                  at /rustc/84c898d65adf2f39a5a98507f1fe0ce10a2b8dbc/library/std/src/sys_common/backtrace.rs:47:5
[INFO] [stderr]      7:     0x55c7ffe53495 - std::sys_common::backtrace::print::h54ca9458b876c8bf
[INFO] [stderr]                                  at /rustc/84c898d65adf2f39a5a98507f1fe0ce10a2b8dbc/library/std/src/sys_common/backtrace.rs:34:9
[INFO] [stderr]      8:     0x55c7ffe54e6f - std::panicking::default_hook::{{closure}}::hbe471161c7664ed6
[INFO] [stderr]                                  at /rustc/84c898d65adf2f39a5a98507f1fe0ce10a2b8dbc/library/std/src/panicking.rs:271:22
[INFO] [stderr]      9:     0x55c7ffe54bab - std::panicking::default_hook::ha3500da57aa4ac4f
[INFO] [stderr]                                  at /rustc/84c898d65adf2f39a5a98507f1fe0ce10a2b8dbc/library/std/src/panicking.rs:290:9
[INFO] [stderr]     10:     0x55c7ffe55418 - std::panicking::rust_panic_with_hook::h50c09d000dc561d2
[INFO] [stderr]                                  at /rustc/84c898d65adf2f39a5a98507f1fe0ce10a2b8dbc/library/std/src/panicking.rs:692:13
[INFO] [stderr]     11:     0x55c7ffe55319 - std::panicking::begin_panic_handler::{{closure}}::h9e2b2176e00e0d9c
[INFO] [stderr]                                  at /rustc/84c898d65adf2f39a5a98507f1fe0ce10a2b8dbc/library/std/src/panicking.rs:583:13
[INFO] [stderr]     12:     0x55c7ffe53b36 - std::sys_common::backtrace::__rust_end_short_backtrace::h5739b8e512c09d02
[INFO] [stderr]                                  at /rustc/84c898d65adf2f39a5a98507f1fe0ce10a2b8dbc/library/std/src/sys_common/backtrace.rs:150:18
[INFO] [stderr]     13:     0x55c7ffe55022 - rust_begin_unwind
[INFO] [stderr]                                  at /rustc/84c898d65adf2f39a5a98507f1fe0ce10a2b8dbc/library/std/src/panicking.rs:579:5
[INFO] [stderr]     14:     0x55c7ffdbe7c3 - core::panicking::panic_fmt::hf33a1475b4dc5c3e
[INFO] [stderr]                                  at /rustc/84c898d65adf2f39a5a98507f1fe0ce10a2b8dbc/library/core/src/panicking.rs:64:14
[INFO] [stderr]     15:     0x55c7ffdc5b18 - build_script_main::validate_headers::h505789f5ad61b7f3
[INFO] [stderr]     16:     0x55c7ffdcaeb6 - build_script_main::find::try_pkg_config::hff60323b7ea5ab0c
[INFO] [stderr]     17:     0x55c7ffdc9c56 - build_script_main::find::find_openssl_dir::h25e7c63598669912
[INFO] [stderr]     18:     0x55c7ffdc9aa2 - build_script_main::find::get_openssl::{{closure}}::hc556b518869d0d7e
[INFO] [stderr]     19:     0x55c7ffdc84fa - core::option::Option<T>::unwrap_or_else::h0419b12bd7ae5460
[INFO] [stderr]     20:     0x55c7ffdc97a0 - build_script_main::find::get_openssl::h61d170607e3ba9e2
[INFO] [stderr]     21:     0x55c7ffdc4975 - build_script_main::main::h3eb6b91a322c7ee0
[INFO] [stderr]     22:     0x55c7ffdcb803 - core::ops::function::FnOnce::call_once::h9bf4b597563dbb03
[INFO] [stderr]     23:     0x55c7ffdc1f99 - std::sys_common::backtrace::__rust_begin_short_backtrace::ha73cbbc77d40c46b
[INFO] [stderr]     24:     0x55c7ffdc82e9 - std::rt::lang_start::{{closure}}::h01c288f0c169815c
[INFO] [stderr]     25:     0x55c7ffe4d4dc - core::ops::function::impls::<impl core::ops::function::FnOnce<A> for &F>::call_once::hd6efcd3bec896f2c
[INFO] [stderr]                                  at /rustc/84c898d65adf2f39a5a98507f1fe0ce10a2b8dbc/library/core/src/ops/function.rs:287:13
[INFO] [stderr]     26:     0x55c7ffe4d4dc - std::panicking::try::do_call::hce04e543bb1f4cbb
[INFO] [stderr]                                  at /rustc/84c898d65adf2f39a5a98507f1fe0ce10a2b8dbc/library/std/src/panicking.rs:487:40
[INFO] [stderr]     27:     0x55c7ffe4d4dc - std::panicking::try::h3342dd4e1f680968
[INFO] [stderr]                                  at /rustc/84c898d65adf2f39a5a98507f1fe0ce10a2b8dbc/library/std/src/panicking.rs:451:19
[INFO] [stderr]     28:     0x55c7ffe4d4dc - std::panic::catch_unwind::h148ce1e59ac0cee7
[INFO] [stderr]                                  at /rustc/84c898d65adf2f39a5a98507f1fe0ce10a2b8dbc/library/std/src/panic.rs:140:14
[INFO] [stderr]     29:     0x55c7ffe4d4dc - std::rt::lang_start_internal::{{closure}}::h25f9dda2057a67fe
[INFO] [stderr]                                  at /rustc/84c898d65adf2f39a5a98507f1fe0ce10a2b8dbc/library/std/src/rt.rs:148:48
[INFO] [stderr]     30:     0x55c7ffe4d4dc - std::panicking::try::do_call::h7caaaeaf9401650b
[INFO] [stderr]                                  at /rustc/84c898d65adf2f39a5a98507f1fe0ce10a2b8dbc/library/std/src/panicking.rs:487:40
[INFO] [stderr]     31:     0x55c7ffe4d4dc - std::panicking::try::he7d15285746cbbc2
[INFO] [stderr]                                  at /rustc/84c898d65adf2f39a5a98507f1fe0ce10a2b8dbc/library/std/src/panicking.rs:451:19
[INFO] [stderr]     32:     0x55c7ffe4d4dc - std::panic::catch_unwind::h89fb4f50c0301fe0
[INFO] [stderr]                                  at /rustc/84c898d65adf2f39a5a98507f1fe0ce10a2b8dbc/library/std/src/panic.rs:140:14
[INFO] [stderr]     33:     0x55c7ffe4d4dc - std::rt::lang_start_internal::h078acd489417d3c1
[INFO] [stderr]                                  at /rustc/84c898d65adf2f39a5a98507f1fe0ce10a2b8dbc/library/std/src/rt.rs:148:20
[INFO] [stderr]     34:     0x55c7ffdc82c7 - std::rt::lang_start::ha221566de3dc19bf
[INFO] [stderr]     35:     0x55c7ffdc7935 - main
[INFO] [stderr]     36:     0x7ff342cd0d90 - <unknown>
[INFO] [stderr]     37:     0x7ff342cd0e40 - __libc_start_main
[INFO] [stderr]     38:     0x55c7ffdbed45 - _start
[INFO] [stderr]     39:                0x0 - <unknown>
[INFO] [stderr] warning: build failed, waiting for other jobs to finish...
[INFO] running `Command { std: "docker" "inspect" "1ccd5615eb9281097d05ba100506a83268b6afc982c4d2068895daf34ec6cccb", kill_on_drop: false }`
[INFO] running `Command { std: "docker" "rm" "-f" "1ccd5615eb9281097d05ba100506a83268b6afc982c4d2068895daf34ec6cccb", kill_on_drop: false }`
[INFO] [stdout] 1ccd5615eb9281097d05ba100506a83268b6afc982c4d2068895daf34ec6cccb
