[INFO] cloning repository https://github.com/kdeberk/myrtle
[INFO] running `Command { std: "git" "-c" "credential.helper=" "-c" "credential.helper=/workspace/cargo-home/bin/git-credential-null" "clone" "--bare" "https://github.com/kdeberk/myrtle" "/workspace/cache/git-repos/https%3A%2F%2Fgithub.com%2Fkdeberk%2Fmyrtle", kill_on_drop: false }`
[INFO] [stderr] Cloning into bare repository '/workspace/cache/git-repos/https%3A%2F%2Fgithub.com%2Fkdeberk%2Fmyrtle'...
[INFO] running `Command { std: "git" "rev-parse" "HEAD", kill_on_drop: false }`
[INFO] [stdout] 70562a3e15a9fbdf1f3380f7b9e63de2ff7904e7
[INFO] documenting kdeberk/myrtle against 1.69.0 for beta-1.70-rustdoc-1
[INFO] running `Command { std: "git" "clone" "/workspace/cache/git-repos/https%3A%2F%2Fgithub.com%2Fkdeberk%2Fmyrtle" "/workspace/builds/worker-3-tc1/source", kill_on_drop: false }`
[INFO] [stderr] Cloning into '/workspace/builds/worker-3-tc1/source'...
[INFO] [stderr] done.
[INFO] validating manifest of git repo https://github.com/kdeberk/myrtle on toolchain 1.69.0
[INFO] running `Command { std: CARGO_HOME="/workspace/cargo-home" RUSTUP_HOME="/workspace/rustup-home" "/workspace/cargo-home/bin/cargo" "+1.69.0" "metadata" "--manifest-path" "Cargo.toml" "--no-deps", kill_on_drop: false }`
[INFO] started tweaking git repo https://github.com/kdeberk/myrtle
[INFO] finished tweaking git repo https://github.com/kdeberk/myrtle
[INFO] tweaked toml for git repo https://github.com/kdeberk/myrtle written to /workspace/builds/worker-3-tc1/source/Cargo.toml
[INFO] crate git repo https://github.com/kdeberk/myrtle already has a lockfile, it will not be regenerated
[INFO] running `Command { std: CARGO_HOME="/workspace/cargo-home" RUSTUP_HOME="/workspace/rustup-home" "/workspace/cargo-home/bin/cargo" "+1.69.0" "fetch" "--manifest-path" "Cargo.toml", kill_on_drop: false }`
[INFO] [stderr]  Downloading crates ...
[INFO] [stderr]   Downloaded rustyline v8.0.0
[INFO] running `Command { std: "docker" "create" "-v" "/var/lib/crater-agent-workspace/builds/worker-3-tc1/target:/opt/rustwide/target:rw,Z" "-v" "/var/lib/crater-agent-workspace/builds/worker-3-tc1/source:/opt/rustwide/workdir:ro,Z" "-v" "/var/lib/crater-agent-workspace/cargo-home:/opt/rustwide/cargo-home:ro,Z" "-v" "/var/lib/crater-agent-workspace/rustup-home:/opt/rustwide/rustup-home:ro,Z" "-e" "SOURCE_DIR=/opt/rustwide/workdir" "-e" "CARGO_TARGET_DIR=/opt/rustwide/target" "-e" "CARGO_HOME=/opt/rustwide/cargo-home" "-e" "RUSTUP_HOME=/opt/rustwide/rustup-home" "-w" "/opt/rustwide/workdir" "-m" "1610612736" "--user" "0:0" "--network" "none" "ghcr.io/rust-lang/crates-build-env/linux@sha256:5ff2268d62e97bff2cde7d5815dd6ed5b47097566f13b8d0ca110b04b60e07ed" "/opt/rustwide/cargo-home/bin/cargo" "+1.69.0" "metadata" "--no-deps" "--format-version=1", kill_on_drop: false }`
[INFO] [stdout] 0a4cb4f7ce2b17c96dff19891f8c0297c8506c4cea136ce6fe702dbe2f847768
[INFO] running `Command { std: "docker" "start" "-a" "0a4cb4f7ce2b17c96dff19891f8c0297c8506c4cea136ce6fe702dbe2f847768", kill_on_drop: false }`
[INFO] running `Command { std: "docker" "inspect" "0a4cb4f7ce2b17c96dff19891f8c0297c8506c4cea136ce6fe702dbe2f847768", kill_on_drop: false }`
[INFO] running `Command { std: "docker" "rm" "-f" "0a4cb4f7ce2b17c96dff19891f8c0297c8506c4cea136ce6fe702dbe2f847768", kill_on_drop: false }`
[INFO] [stdout] 0a4cb4f7ce2b17c96dff19891f8c0297c8506c4cea136ce6fe702dbe2f847768
[INFO] running `Command { std: "docker" "create" "-v" "/var/lib/crater-agent-workspace/builds/worker-3-tc1/target:/opt/rustwide/target:rw,Z" "-v" "/var/lib/crater-agent-workspace/builds/worker-3-tc1/source:/opt/rustwide/workdir:ro,Z" "-v" "/var/lib/crater-agent-workspace/cargo-home:/opt/rustwide/cargo-home:ro,Z" "-v" "/var/lib/crater-agent-workspace/rustup-home:/opt/rustwide/rustup-home:ro,Z" "-e" "SOURCE_DIR=/opt/rustwide/workdir" "-e" "CARGO_TARGET_DIR=/opt/rustwide/target" "-e" "CARGO_INCREMENTAL=0" "-e" "RUST_BACKTRACE=full" "-e" "RUSTFLAGS=--cap-lints=warn" "-e" "RUSTDOCFLAGS=--cap-lints=warn" "-e" "CARGO_HOME=/opt/rustwide/cargo-home" "-e" "RUSTUP_HOME=/opt/rustwide/rustup-home" "-w" "/opt/rustwide/workdir" "-m" "1610612736" "--user" "0:0" "--network" "none" "ghcr.io/rust-lang/crates-build-env/linux@sha256:5ff2268d62e97bff2cde7d5815dd6ed5b47097566f13b8d0ca110b04b60e07ed" "/opt/rustwide/cargo-home/bin/cargo" "+1.69.0" "doc" "--frozen" "--no-deps" "--document-private-items" "--message-format=json", kill_on_drop: false }`
[INFO] [stdout] 357eb2ff3630168f587de8d96612c744b5b2f50d1926e71fddcc5f43ada578cc
[INFO] running `Command { std: "docker" "start" "-a" "357eb2ff3630168f587de8d96612c744b5b2f50d1926e71fddcc5f43ada578cc", kill_on_drop: false }`
[INFO] [stderr]    Compiling memchr v2.4.0
[INFO] [stderr]    Compiling proc-macro2 v1.0.26
[INFO] [stderr]    Compiling libc v0.2.94
[INFO] [stderr]    Compiling unicode-xid v0.2.2
[INFO] [stderr]    Compiling syn v1.0.72
[INFO] [stderr]    Compiling autocfg v1.0.1
[INFO] [stderr]    Compiling serde v1.0.130
[INFO] [stderr]    Compiling hashbrown v0.11.2
[INFO] [stderr]    Compiling linked-hash-map v0.5.4
[INFO] [stderr]    Compiling bitflags v1.2.1
[INFO] [stderr]    Compiling serde_derive v1.0.130
[INFO] [stderr]     Checking cfg-if v1.0.0
[INFO] [stderr]    Compiling log v0.4.14
[INFO] [stderr]     Checking smallvec v1.6.1
[INFO] [stderr]    Compiling dtoa v0.4.8
[INFO] [stderr]    Compiling regex-syntax v0.6.25
[INFO] [stderr]    Compiling glob v0.3.0
[INFO] [stderr]     Checking endian-type v0.1.2
[INFO] [stderr]    Compiling yaml-rust v0.4.5
[INFO] [stderr]     Checking utf8parse v0.2.0
[INFO] [stderr]     Checking nibble_vec v0.1.0
[INFO] [stderr]     Checking unicode-segmentation v1.7.1
[INFO] [stderr]     Checking radix_trie v0.2.1
[INFO] [stderr] LLVM ERROR: IO failure on output stream: No space left on device
[INFO] [stderr] error: could not compile `glob`
[INFO] [stderr] warning: build failed, waiting for other jobs to finish...
[INFO] [stdout] error: linking with `cc` failed: exit status: 1
[INFO] [stdout]   |
[INFO] [stdout]   = note: LC_ALL="C" PATH="/opt/rustwide/rustup-home/toolchains/1.69.0-x86_64-unknown-linux-gnu/lib/rustlib/x86_64-unknown-linux-gnu/bin:/opt/rustwide/cargo-home/bin:/usr/local/sbin:/usr/local/bin:/usr/sbin:/usr/bin:/sbin:/bin" VSLANG="1033" "cc" "-m64" "/tmp/rustcn0Wj2L/symbols.o" "/opt/rustwide/target/debug/build/libc-2312b21d8e62a270/build_script_build-2312b21d8e62a270.build_script_build.b0e05e1a-cgu.0.rcgu.o" "/opt/rustwide/target/debug/build/libc-2312b21d8e62a270/build_script_build-2312b21d8e62a270.build_script_build.b0e05e1a-cgu.1.rcgu.o" "/opt/rustwide/target/debug/build/libc-2312b21d8e62a270/build_script_build-2312b21d8e62a270.build_script_build.b0e05e1a-cgu.10.rcgu.o" "/opt/rustwide/target/debug/build/libc-2312b21d8e62a270/build_script_build-2312b21d8e62a270.build_script_build.b0e05e1a-cgu.11.rcgu.o" "/opt/rustwide/target/debug/build/libc-2312b21d8e62a270/build_script_build-2312b21d8e62a270.build_script_build.b0e05e1a-cgu.12.rcgu.o" "/opt/rustwide/target/debug/build/libc-2312b21d8e62a270/build_script_build-2312b21d8e62a270.build_script_build.b0e05e1a-cgu.13.rcgu.o" "/opt/rustwide/target/debug/build/libc-2312b21d8e62a270/build_script_build-2312b21d8e62a270.build_script_build.b0e05e1a-cgu.14.rcgu.o" "/opt/rustwide/target/debug/build/libc-2312b21d8e62a270/build_script_build-2312b21d8e62a270.build_script_build.b0e05e1a-cgu.15.rcgu.o" "/opt/rustwide/target/debug/build/libc-2312b21d8e62a270/build_script_build-2312b21d8e62a270.build_script_build.b0e05e1a-cgu.2.rcgu.o" "/opt/rustwide/target/debug/build/libc-2312b21d8e62a270/build_script_build-2312b21d8e62a270.build_script_build.b0e05e1a-cgu.3.rcgu.o" "/opt/rustwide/target/debug/build/libc-2312b21d8e62a270/build_script_build-2312b21d8e62a270.build_script_build.b0e05e1a-cgu.4.rcgu.o" "/opt/rustwide/target/debug/build/libc-2312b21d8e62a270/build_script_build-2312b21d8e62a270.build_script_build.b0e05e1a-cgu.5.rcgu.o" "/opt/rustwide/target/debug/build/libc-2312b21d8e62a270/build_script_build-2312b21d8e62a270.build_script_build.b0e05e1a-cgu.6.rcgu.o" "/opt/rustwide/target/debug/build/libc-2312b21d8e62a270/build_script_build-2312b21d8e62a270.build_script_build.b0e05e1a-cgu.7.rcgu.o" "/opt/rustwide/target/debug/build/libc-2312b21d8e62a270/build_script_build-2312b21d8e62a270.build_script_build.b0e05e1a-cgu.8.rcgu.o" "/opt/rustwide/target/debug/build/libc-2312b21d8e62a270/build_script_build-2312b21d8e62a270.build_script_build.b0e05e1a-cgu.9.rcgu.o" "/opt/rustwide/target/debug/build/libc-2312b21d8e62a270/build_script_build-2312b21d8e62a270.23obbusuhs84ce4p.rcgu.o" "-Wl,--as-needed" "-L" "/opt/rustwide/target/debug/deps" "-L" "/opt/rustwide/rustup-home/toolchains/1.69.0-x86_64-unknown-linux-gnu/lib/rustlib/x86_64-unknown-linux-gnu/lib" "-Wl,-Bstatic" "/opt/rustwide/rustup-home/toolchains/1.69.0-x86_64-unknown-linux-gnu/lib/rustlib/x86_64-unknown-linux-gnu/lib/libstd-89bc084783fdc439.rlib" "/opt/rustwide/rustup-home/toolchains/1.69.0-x86_64-unknown-linux-gnu/lib/rustlib/x86_64-unknown-linux-gnu/lib/libpanic_unwind-8bee4b287d4367c1.rlib" "/opt/rustwide/rustup-home/toolchains/1.69.0-x86_64-unknown-linux-gnu/lib/rustlib/x86_64-unknown-linux-gnu/lib/libobject-d61707aed80694c0.rlib" "/opt/rustwide/rustup-home/toolchains/1.69.0-x86_64-unknown-linux-gnu/lib/rustlib/x86_64-unknown-linux-gnu/lib/libmemchr-d85366256f22345b.rlib" "/opt/rustwide/rustup-home/toolchains/1.69.0-x86_64-unknown-linux-gnu/lib/rustlib/x86_64-unknown-linux-gnu/lib/libaddr2line-96069b86b8a8cae9.rlib" "/opt/rustwide/rustup-home/toolchains/1.69.0-x86_64-unknown-linux-gnu/lib/rustlib/x86_64-unknown-linux-gnu/lib/libgimli-d19d53abf68dfa6c.rlib" "/opt/rustwide/rustup-home/toolchains/1.69.0-x86_64-unknown-linux-gnu/lib/rustlib/x86_64-unknown-linux-gnu/lib/librustc_demangle-787cbccd19d64ac6.rlib" "/opt/rustwide/rustup-home/toolchains/1.69.0-x86_64-unknown-linux-gnu/lib/rustlib/x86_64-unknown-linux-gnu/lib/libstd_detect-b3837a36b830e0d0.rlib" "/opt/rustwide/rustup-home/toolchains/1.69.0-x86_64-unknown-linux-gnu/lib/rustlib/x86_64-unknown-linux-gnu/lib/libhashbrown-e3deb0e7e3f04966.rlib" "/opt/rustwide/rustup-home/toolchains/1.69.0-x86_64-unknown-linux-gnu/lib/rustlib/x86_64-unknown-linux-gnu/lib/libminiz_oxide-dabbb79c9815def4.rlib" "/opt/rustwide/rustup-home/toolchains/1.69.0-x86_64-unknown-linux-gnu/lib/rustlib/x86_64-unknown-linux-gnu/lib/libadler-305b01f34c9409f2.rlib" "/opt/rustwide/rustup-home/toolchains/1.69.0-x86_64-unknown-linux-gnu/lib/rustlib/x86_64-unknown-linux-gnu/lib/librustc_std_workspace_alloc-f833521df6074e73.rlib" "/opt/rustwide/rustup-home/toolchains/1.69.0-x86_64-unknown-linux-gnu/lib/rustlib/x86_64-unknown-linux-gnu/lib/libunwind-9ac333113350d171.rlib" "/opt/rustwide/rustup-home/toolchains/1.69.0-x86_64-unknown-linux-gnu/lib/rustlib/x86_64-unknown-linux-gnu/lib/libcfg_if-1c126114322d0eee.rlib" "/opt/rustwide/rustup-home/toolchains/1.69.0-x86_64-unknown-linux-gnu/lib/rustlib/x86_64-unknown-linux-gnu/lib/liblibc-bad9164fdeeecf92.rlib" "/opt/rustwide/rustup-home/toolchains/1.69.0-x86_64-unknown-linux-gnu/lib/rustlib/x86_64-unknown-linux-gnu/lib/liballoc-f9374b1e480fa681.rlib" "/opt/rustwide/rustup-home/toolchains/1.69.0-x86_64-unknown-linux-gnu/lib/rustlib/x86_64-unknown-linux-gnu/lib/librustc_std_workspace_core-207f06e41d9603af.rlib" "/opt/rustwide/rustup-home/toolchains/1.69.0-x86_64-unknown-linux-gnu/lib/rustlib/x86_64-unknown-linux-gnu/lib/libcore-7e2768e66e984e85.rlib" "/opt/rustwide/rustup-home/toolchains/1.69.0-x86_64-unknown-linux-gnu/lib/rustlib/x86_64-unknown-linux-gnu/lib/libcompiler_builtins-957b4aff41f8cd46.rlib" "-Wl,-Bdynamic" "-lgcc_s" "-lutil" "-lrt" "-lpthread" "-lm" "-ldl" "-lc" "-Wl,--eh-frame-hdr" "-Wl,-z,noexecstack" "-L" "/opt/rustwide/rustup-home/toolchains/1.69.0-x86_64-unknown-linux-gnu/lib/rustlib/x86_64-unknown-linux-gnu/lib" "-o" "/opt/rustwide/target/debug/build/libc-2312b21d8e62a270/build_script_build-2312b21d8e62a270" "-Wl,--gc-sections" "-pie" "-Wl,-z,relro,-z,now" "-nodefaultlibs"
[INFO] [stdout]   = note: /usr/bin/ld: final link failed: No space left on device
[INFO] [stdout]           collect2: error: ld returned 1 exit status
[INFO] [stdout]           
[INFO] [stdout] 
[INFO] [stdout] 
[INFO] [stdout] error: aborting due to previous error
[INFO] [stdout] 
[INFO] [stdout] 
[INFO] [stdout] error: linking with `cc` failed: exit status: 1
[INFO] [stdout]   |
[INFO] [stdout]   = note: LC_ALL="C" PATH="/opt/rustwide/rustup-home/toolchains/1.69.0-x86_64-unknown-linux-gnu/lib/rustlib/x86_64-unknown-linux-gnu/bin:/opt/rustwide/cargo-home/bin:/usr/local/sbin:/usr/local/bin:/usr/sbin:/usr/bin:/sbin:/bin" VSLANG="1033" "cc" "-m64" "/tmp/rustcVGKfVO/symbols.o" "/opt/rustwide/target/debug/build/proc-macro2-0b65341e01e9d558/build_script_build-0b65341e01e9d558.build_script_build.480ab1b8-cgu.0.rcgu.o" "/opt/rustwide/target/debug/build/proc-macro2-0b65341e01e9d558/build_script_build-0b65341e01e9d558.build_script_build.480ab1b8-cgu.1.rcgu.o" "/opt/rustwide/target/debug/build/proc-macro2-0b65341e01e9d558/build_script_build-0b65341e01e9d558.build_script_build.480ab1b8-cgu.10.rcgu.o" "/opt/rustwide/target/debug/build/proc-macro2-0b65341e01e9d558/build_script_build-0b65341e01e9d558.build_script_build.480ab1b8-cgu.11.rcgu.o" "/opt/rustwide/target/debug/build/proc-macro2-0b65341e01e9d558/build_script_build-0b65341e01e9d558.build_script_build.480ab1b8-cgu.12.rcgu.o" "/opt/rustwide/target/debug/build/proc-macro2-0b65341e01e9d558/build_script_build-0b65341e01e9d558.build_script_build.480ab1b8-cgu.13.rcgu.o" "/opt/rustwide/target/debug/build/proc-macro2-0b65341e01e9d558/build_script_build-0b65341e01e9d558.build_script_build.480ab1b8-cgu.14.rcgu.o" "/opt/rustwide/target/debug/build/proc-macro2-0b65341e01e9d558/build_script_build-0b65341e01e9d558.build_script_build.480ab1b8-cgu.15.rcgu.o" "/opt/rustwide/target/debug/build/proc-macro2-0b65341e01e9d558/build_script_build-0b65341e01e9d558.build_script_build.480ab1b8-cgu.2.rcgu.o" "/opt/rustwide/target/debug/build/proc-macro2-0b65341e01e9d558/build_script_build-0b65341e01e9d558.build_script_build.480ab1b8-cgu.3.rcgu.o" "/opt/rustwide/target/debug/build/proc-macro2-0b65341e01e9d558/build_script_build-0b65341e01e9d558.build_script_build.480ab1b8-cgu.4.rcgu.o" "/opt/rustwide/target/debug/build/proc-macro2-0b65341e01e9d558/build_script_build-0b65341e01e9d558.build_script_build.480ab1b8-cgu.5.rcgu.o" "/opt/rustwide/target/debug/build/proc-macro2-0b65341e01e9d558/build_script_build-0b65341e01e9d558.build_script_build.480ab1b8-cgu.6.rcgu.o" "/opt/rustwide/target/debug/build/proc-macro2-0b65341e01e9d558/build_script_build-0b65341e01e9d558.build_script_build.480ab1b8-cgu.7.rcgu.o" "/opt/rustwide/target/debug/build/proc-macro2-0b65341e01e9d558/build_script_build-0b65341e01e9d558.build_script_build.480ab1b8-cgu.8.rcgu.o" "/opt/rustwide/target/debug/build/proc-macro2-0b65341e01e9d558/build_script_build-0b65341e01e9d558.build_script_build.480ab1b8-cgu.9.rcgu.o" "/opt/rustwide/target/debug/build/proc-macro2-0b65341e01e9d558/build_script_build-0b65341e01e9d558.4eliq4km7s897qut.rcgu.o" "-Wl,--as-needed" "-L" "/opt/rustwide/target/debug/deps" "-L" "/opt/rustwide/rustup-home/toolchains/1.69.0-x86_64-unknown-linux-gnu/lib/rustlib/x86_64-unknown-linux-gnu/lib" "-Wl,-Bstatic" "/opt/rustwide/rustup-home/toolchains/1.69.0-x86_64-unknown-linux-gnu/lib/rustlib/x86_64-unknown-linux-gnu/lib/libstd-89bc084783fdc439.rlib" "/opt/rustwide/rustup-home/toolchains/1.69.0-x86_64-unknown-linux-gnu/lib/rustlib/x86_64-unknown-linux-gnu/lib/libpanic_unwind-8bee4b287d4367c1.rlib" "/opt/rustwide/rustup-home/toolchains/1.69.0-x86_64-unknown-linux-gnu/lib/rustlib/x86_64-unknown-linux-gnu/lib/libobject-d61707aed80694c0.rlib" "/opt/rustwide/rustup-home/toolchains/1.69.0-x86_64-unknown-linux-gnu/lib/rustlib/x86_64-unknown-linux-gnu/lib/libmemchr-d85366256f22345b.rlib" "/opt/rustwide/rustup-home/toolchains/1.69.0-x86_64-unknown-linux-gnu/lib/rustlib/x86_64-unknown-linux-gnu/lib/libaddr2line-96069b86b8a8cae9.rlib" "/opt/rustwide/rustup-home/toolchains/1.69.0-x86_64-unknown-linux-gnu/lib/rustlib/x86_64-unknown-linux-gnu/lib/libgimli-d19d53abf68dfa6c.rlib" "/opt/rustwide/rustup-home/toolchains/1.69.0-x86_64-unknown-linux-gnu/lib/rustlib/x86_64-unknown-linux-gnu/lib/librustc_demangle-787cbccd19d64ac6.rlib" "/opt/rustwide/rustup-home/toolchains/1.69.0-x86_64-unknown-linux-gnu/lib/rustlib/x86_64-unknown-linux-gnu/lib/libstd_detect-b3837a36b830e0d0.rlib" "/opt/rustwide/rustup-home/toolchains/1.69.0-x86_64-unknown-linux-gnu/lib/rustlib/x86_64-unknown-linux-gnu/lib/libhashbrown-e3deb0e7e3f04966.rlib" "/opt/rustwide/rustup-home/toolchains/1.69.0-x86_64-unknown-linux-gnu/lib/rustlib/x86_64-unknown-linux-gnu/lib/libminiz_oxide-dabbb79c9815def4.rlib" "/opt/rustwide/rustup-home/toolchains/1.69.0-x86_64-unknown-linux-gnu/lib/rustlib/x86_64-unknown-linux-gnu/lib/libadler-305b01f34c9409f2.rlib" "/opt/rustwide/rustup-home/toolchains/1.69.0-x86_64-unknown-linux-gnu/lib/rustlib/x86_64-unknown-linux-gnu/lib/librustc_std_workspace_alloc-f833521df6074e73.rlib" "/opt/rustwide/rustup-home/toolchains/1.69.0-x86_64-unknown-linux-gnu/lib/rustlib/x86_64-unknown-linux-gnu/lib/libunwind-9ac333113350d171.rlib" "/opt/rustwide/rustup-home/toolchains/1.69.0-x86_64-unknown-linux-gnu/lib/rustlib/x86_64-unknown-linux-gnu/lib/libcfg_if-1c126114322d0eee.rlib" "/opt/rustwide/rustup-home/toolchains/1.69.0-x86_64-unknown-linux-gnu/lib/rustlib/x86_64-unknown-linux-gnu/lib/liblibc-bad9164fdeeecf92.rlib" "/opt/rustwide/rustup-home/toolchains/1.69.0-x86_64-unknown-linux-gnu/lib/rustlib/x86_64-unknown-linux-gnu/lib/liballoc-f9374b1e480fa681.rlib" "/opt/rustwide/rustup-home/toolchains/1.69.0-x86_64-unknown-linux-gnu/lib/rustlib/x86_64-unknown-linux-gnu/lib/librustc_std_workspace_core-207f06e41d9603af.rlib" "/opt/rustwide/rustup-home/toolchains/1.69.0-x86_64-unknown-linux-gnu/lib/rustlib/x86_64-unknown-linux-gnu/lib/libcore-7e2768e66e984e85.rlib" "/opt/rustwide/rustup-home/toolchains/1.69.0-x86_64-unknown-linux-gnu/lib/rustlib/x86_64-unknown-linux-gnu/lib/libcompiler_builtins-957b4aff41f8cd46.rlib" "-Wl,-Bdynamic" "-lgcc_s" "-lutil" "-lrt" "-lpthread" "-lm" "-ldl" "-lc" "-Wl,--eh-frame-hdr" "-Wl,-z,noexecstack" "-L" "/opt/rustwide/rustup-home/toolchains/1.69.0-x86_64-unknown-linux-gnu/lib/rustlib/x86_64-unknown-linux-gnu/lib" "-o" "/opt/rustwide/target/debug/build/proc-macro2-0b65341e01e9d558/build_script_build-0b65341e01e9d558" "-Wl,--gc-sections" "-pie" "-Wl,-z,relro,-z,now" "-nodefaultlibs"
[INFO] [stdout]   = note: /usr/bin/ld: final link failed: No space left on device
[INFO] [stdout]           collect2: error: ld returned 1 exit status
[INFO] [stdout]           
[INFO] [stdout] 
[INFO] [stdout] 
[INFO] [stdout] error: aborting due to previous error
[INFO] [stdout] 
[INFO] [stdout] 
[INFO] [stderr] error: could not compile `libc` due to 2 previous errors
[INFO] [stderr] error: could not compile `proc-macro2` due to 2 previous errors
[INFO] [stderr] error: failed to write `/opt/rustwide/target/debug/build/serde-e519d9ee27903711/output`
[INFO] [stderr] 
[INFO] [stderr] Caused by:
[INFO] [stderr]   No space left on device (os error 28)
[INFO] [stderr] LLVM ERROR: IO failure on output stream: No space left on device
[INFO] [stderr] error: failed to write `/opt/rustwide/target/debug/build/bitflags-9341719db8a0c68b/invoked.timestamp`
[INFO] [stderr] 
[INFO] [stderr] Caused by:
[INFO] [stderr]   No space left on device (os error 28)
[INFO] [stderr] error: could not compile `autocfg`
[INFO] [stdout] error: linking with `cc` failed: exit status: 1
[INFO] [stdout]   |
[INFO] [stdout]   = note: LC_ALL="C" PATH="/opt/rustwide/rustup-home/toolchains/1.69.0-x86_64-unknown-linux-gnu/lib/rustlib/x86_64-unknown-linux-gnu/bin:/opt/rustwide/cargo-home/bin:/usr/local/sbin:/usr/local/bin:/usr/sbin:/usr/bin:/sbin:/bin" VSLANG="1033" "cc" "-m64" "/tmp/rustcy4UZHl/symbols.o" "/opt/rustwide/target/debug/build/serde_derive-c8a8737f32a8bc9d/build_script_build-c8a8737f32a8bc9d.build_script_build.6347e5da-cgu.0.rcgu.o" "/opt/rustwide/target/debug/build/serde_derive-c8a8737f32a8bc9d/build_script_build-c8a8737f32a8bc9d.build_script_build.6347e5da-cgu.1.rcgu.o" "/opt/rustwide/target/debug/build/serde_derive-c8a8737f32a8bc9d/build_script_build-c8a8737f32a8bc9d.build_script_build.6347e5da-cgu.10.rcgu.o" "/opt/rustwide/target/debug/build/serde_derive-c8a8737f32a8bc9d/build_script_build-c8a8737f32a8bc9d.build_script_build.6347e5da-cgu.11.rcgu.o" "/opt/rustwide/target/debug/build/serde_derive-c8a8737f32a8bc9d/build_script_build-c8a8737f32a8bc9d.build_script_build.6347e5da-cgu.12.rcgu.o" "/opt/rustwide/target/debug/build/serde_derive-c8a8737f32a8bc9d/build_script_build-c8a8737f32a8bc9d.build_script_build.6347e5da-cgu.13.rcgu.o" "/opt/rustwide/target/debug/build/serde_derive-c8a8737f32a8bc9d/build_script_build-c8a8737f32a8bc9d.build_script_build.6347e5da-cgu.14.rcgu.o" "/opt/rustwide/target/debug/build/serde_derive-c8a8737f32a8bc9d/build_script_build-c8a8737f32a8bc9d.build_script_build.6347e5da-cgu.15.rcgu.o" "/opt/rustwide/target/debug/build/serde_derive-c8a8737f32a8bc9d/build_script_build-c8a8737f32a8bc9d.build_script_build.6347e5da-cgu.2.rcgu.o" "/opt/rustwide/target/debug/build/serde_derive-c8a8737f32a8bc9d/build_script_build-c8a8737f32a8bc9d.build_script_build.6347e5da-cgu.3.rcgu.o" "/opt/rustwide/target/debug/build/serde_derive-c8a8737f32a8bc9d/build_script_build-c8a8737f32a8bc9d.build_script_build.6347e5da-cgu.4.rcgu.o" "/opt/rustwide/target/debug/build/serde_derive-c8a8737f32a8bc9d/build_script_build-c8a8737f32a8bc9d.build_script_build.6347e5da-cgu.5.rcgu.o" "/opt/rustwide/target/debug/build/serde_derive-c8a8737f32a8bc9d/build_script_build-c8a8737f32a8bc9d.build_script_build.6347e5da-cgu.6.rcgu.o" "/opt/rustwide/target/debug/build/serde_derive-c8a8737f32a8bc9d/build_script_build-c8a8737f32a8bc9d.build_script_build.6347e5da-cgu.7.rcgu.o" "/opt/rustwide/target/debug/build/serde_derive-c8a8737f32a8bc9d/build_script_build-c8a8737f32a8bc9d.build_script_build.6347e5da-cgu.8.rcgu.o" "/opt/rustwide/target/debug/build/serde_derive-c8a8737f32a8bc9d/build_script_build-c8a8737f32a8bc9d.build_script_build.6347e5da-cgu.9.rcgu.o" "/opt/rustwide/target/debug/build/serde_derive-c8a8737f32a8bc9d/build_script_build-c8a8737f32a8bc9d.3l5r0zi3pb5d8k55.rcgu.o" "-Wl,--as-needed" "-L" "/opt/rustwide/target/debug/deps" "-L" "/opt/rustwide/rustup-home/toolchains/1.69.0-x86_64-unknown-linux-gnu/lib/rustlib/x86_64-unknown-linux-gnu/lib" "-Wl,-Bstatic" "/opt/rustwide/rustup-home/toolchains/1.69.0-x86_64-unknown-linux-gnu/lib/rustlib/x86_64-unknown-linux-gnu/lib/libstd-89bc084783fdc439.rlib" "/opt/rustwide/rustup-home/toolchains/1.69.0-x86_64-unknown-linux-gnu/lib/rustlib/x86_64-unknown-linux-gnu/lib/libpanic_unwind-8bee4b287d4367c1.rlib" "/opt/rustwide/rustup-home/toolchains/1.69.0-x86_64-unknown-linux-gnu/lib/rustlib/x86_64-unknown-linux-gnu/lib/libobject-d61707aed80694c0.rlib" "/opt/rustwide/rustup-home/toolchains/1.69.0-x86_64-unknown-linux-gnu/lib/rustlib/x86_64-unknown-linux-gnu/lib/libmemchr-d85366256f22345b.rlib" "/opt/rustwide/rustup-home/toolchains/1.69.0-x86_64-unknown-linux-gnu/lib/rustlib/x86_64-unknown-linux-gnu/lib/libaddr2line-96069b86b8a8cae9.rlib" "/opt/rustwide/rustup-home/toolchains/1.69.0-x86_64-unknown-linux-gnu/lib/rustlib/x86_64-unknown-linux-gnu/lib/libgimli-d19d53abf68dfa6c.rlib" "/opt/rustwide/rustup-home/toolchains/1.69.0-x86_64-unknown-linux-gnu/lib/rustlib/x86_64-unknown-linux-gnu/lib/librustc_demangle-787cbccd19d64ac6.rlib" "/opt/rustwide/rustup-home/toolchains/1.69.0-x86_64-unknown-linux-gnu/lib/rustlib/x86_64-unknown-linux-gnu/lib/libstd_detect-b3837a36b830e0d0.rlib" "/opt/rustwide/rustup-home/toolchains/1.69.0-x86_64-unknown-linux-gnu/lib/rustlib/x86_64-unknown-linux-gnu/lib/libhashbrown-e3deb0e7e3f04966.rlib" "/opt/rustwide/rustup-home/toolchains/1.69.0-x86_64-unknown-linux-gnu/lib/rustlib/x86_64-unknown-linux-gnu/lib/libminiz_oxide-dabbb79c9815def4.rlib" "/opt/rustwide/rustup-home/toolchains/1.69.0-x86_64-unknown-linux-gnu/lib/rustlib/x86_64-unknown-linux-gnu/lib/libadler-305b01f34c9409f2.rlib" "/opt/rustwide/rustup-home/toolchains/1.69.0-x86_64-unknown-linux-gnu/lib/rustlib/x86_64-unknown-linux-gnu/lib/librustc_std_workspace_alloc-f833521df6074e73.rlib" "/opt/rustwide/rustup-home/toolchains/1.69.0-x86_64-unknown-linux-gnu/lib/rustlib/x86_64-unknown-linux-gnu/lib/libunwind-9ac333113350d171.rlib" "/opt/rustwide/rustup-home/toolchains/1.69.0-x86_64-unknown-linux-gnu/lib/rustlib/x86_64-unknown-linux-gnu/lib/libcfg_if-1c126114322d0eee.rlib" "/opt/rustwide/rustup-home/toolchains/1.69.0-x86_64-unknown-linux-gnu/lib/rustlib/x86_64-unknown-linux-gnu/lib/liblibc-bad9164fdeeecf92.rlib" "/opt/rustwide/rustup-home/toolchains/1.69.0-x86_64-unknown-linux-gnu/lib/rustlib/x86_64-unknown-linux-gnu/lib/liballoc-f9374b1e480fa681.rlib" "/opt/rustwide/rustup-home/toolchains/1.69.0-x86_64-unknown-linux-gnu/lib/rustlib/x86_64-unknown-linux-gnu/lib/librustc_std_workspace_core-207f06e41d9603af.rlib" "/opt/rustwide/rustup-home/toolchains/1.69.0-x86_64-unknown-linux-gnu/lib/rustlib/x86_64-unknown-linux-gnu/lib/libcore-7e2768e66e984e85.rlib" "/opt/rustwide/rustup-home/toolchains/1.69.0-x86_64-unknown-linux-gnu/lib/rustlib/x86_64-unknown-linux-gnu/lib/libcompiler_builtins-957b4aff41f8cd46.rlib" "-Wl,-Bdynamic" "-lgcc_s" "-lutil" "-lrt" "-lpthread" "-lm" "-ldl" "-lc" "-Wl,--eh-frame-hdr" "-Wl,-z,noexecstack" "-L" "/opt/rustwide/rustup-home/toolchains/1.69.0-x86_64-unknown-linux-gnu/lib/rustlib/x86_64-unknown-linux-gnu/lib" "-o" "/opt/rustwide/target/debug/build/serde_derive-c8a8737f32a8bc9d/build_script_build-c8a8737f32a8bc9d" "-Wl,--gc-sections" "-pie" "-Wl,-z,relro,-z,now" "-nodefaultlibs"
[INFO] [stdout]   = note: /usr/bin/ld: final link failed: No space left on device
[INFO] [stdout]           collect2: error: ld returned 1 exit status
[INFO] [stdout]           
[INFO] [stdout] 
[INFO] [stdout] 
[INFO] [stdout] error: aborting due to previous error
[INFO] [stdout] 
[INFO] [stdout] 
[INFO] [stderr] error: could not compile `serde_derive` due to 2 previous errors
[INFO] [stderr] thread 'rustc' panicked at 'assertion failed: pos.get() <= self.position()', compiler/rustc_metadata/src/rmeta/encoder.rs:435:9
[INFO] [stderr] error: failed to write `/opt/rustwide/target/debug/build/syn-cd1649b3a5a8bbda/output`
[INFO] [stderr] 
[INFO] [stderr] Caused by:
[INFO] [stderr]   No space left on device (os error 28)
[INFO] [stdout] error: couldn't create a temp dir: No space left on device (os error 28) at path "/opt/rustwide/target/debug/deps/rmetaBsMrlf"
[INFO] [stdout] 
[INFO] [stdout] 
[INFO] [stderr] error: could not compile `log` due to previous error
[INFO] [stdout] error: error writing dependencies to `/opt/rustwide/target/debug/deps/memchr-46a9452b290b663b.d`: No space left on device (os error 28)
[INFO] [stdout] 
[INFO] [stdout] 
[INFO] [stdout] error: aborting due to previous error
[INFO] [stdout] 
[INFO] [stdout] 
[INFO] [stderr] error: could not compile `memchr` due to 2 previous errors
[INFO] [stderr] error: could not compile `hashbrown`
[INFO] [stderr] LLVM ERROR: IO failure on output stream: No space left on device
[INFO] [stderr] thread 'rustc' panicked at 'assertion failed: pos.get() <= self.position()', compiler/rustc_metadata/src/rmeta/encoder.rs:435:9
[INFO] [stderr] error: could not compile `yaml-rust`
[INFO] [stderr] error: could not compile `unicode-segmentation`
[INFO] [stderr] thread 'rustc' panicked at 'assertion failed: pos.get() <= self.position()', compiler/rustc_metadata/src/rmeta/encoder.rs:435:9
[INFO] [stderr] error: could not compile `regex-syntax`
[INFO] [stderr] thread 'rustc' panicked at 'assertion failed: pos.get() <= self.position()', compiler/rustc_metadata/src/rmeta/encoder.rs:435:9
[INFO] [stderr] error: could not compile `regex-syntax`
[INFO] running `Command { std: "docker" "inspect" "357eb2ff3630168f587de8d96612c744b5b2f50d1926e71fddcc5f43ada578cc", kill_on_drop: false }`
[INFO] running `Command { std: "docker" "rm" "-f" "357eb2ff3630168f587de8d96612c744b5b2f50d1926e71fddcc5f43ada578cc", kill_on_drop: false }`
[INFO] [stdout] 357eb2ff3630168f587de8d96612c744b5b2f50d1926e71fddcc5f43ada578cc
