[INFO] cloning repository https://github.com/kbsymanz/maze-rust
[INFO] running `Command { std: "git" "-c" "credential.helper=" "-c" "credential.helper=/workspace/cargo-home/bin/git-credential-null" "clone" "--bare" "https://github.com/kbsymanz/maze-rust" "/workspace/cache/git-repos/https%3A%2F%2Fgithub.com%2Fkbsymanz%2Fmaze-rust", kill_on_drop: false }`
[INFO] [stderr] Cloning into bare repository '/workspace/cache/git-repos/https%3A%2F%2Fgithub.com%2Fkbsymanz%2Fmaze-rust'...
[INFO] running `Command { std: "git" "rev-parse" "HEAD", kill_on_drop: false }`
[INFO] [stdout] a75cd76535d340c6bfca094cbb8801215cbe9072
[INFO] documenting kbsymanz/maze-rust against 1.69.0 for beta-1.70-rustdoc-1
[INFO] running `Command { std: "git" "clone" "/workspace/cache/git-repos/https%3A%2F%2Fgithub.com%2Fkbsymanz%2Fmaze-rust" "/workspace/builds/worker-4-tc1/source", kill_on_drop: false }`
[INFO] [stderr] Cloning into '/workspace/builds/worker-4-tc1/source'...
[INFO] [stderr] done.
[INFO] validating manifest of git repo https://github.com/kbsymanz/maze-rust on toolchain 1.69.0
[INFO] running `Command { std: CARGO_HOME="/workspace/cargo-home" RUSTUP_HOME="/workspace/rustup-home" "/workspace/cargo-home/bin/cargo" "+1.69.0" "metadata" "--manifest-path" "Cargo.toml" "--no-deps", kill_on_drop: false }`
[INFO] started tweaking git repo https://github.com/kbsymanz/maze-rust
[INFO] finished tweaking git repo https://github.com/kbsymanz/maze-rust
[INFO] tweaked toml for git repo https://github.com/kbsymanz/maze-rust written to /workspace/builds/worker-4-tc1/source/Cargo.toml
[INFO] crate git repo https://github.com/kbsymanz/maze-rust already has a lockfile, it will not be regenerated
[INFO] running `Command { std: CARGO_HOME="/workspace/cargo-home" RUSTUP_HOME="/workspace/rustup-home" "/workspace/cargo-home/bin/cargo" "+1.69.0" "fetch" "--manifest-path" "Cargo.toml", kill_on_drop: false }`
[INFO] [stderr]  Downloading crates ...
[INFO] [stderr]   Downloaded serde_codegen_internals v0.14.2
[INFO] [stderr]   Downloaded num-complex v0.1.37
[INFO] [stderr]   Downloaded rayon-core v1.0.0
[INFO] [stderr]   Downloaded jpeg-decoder v0.1.12
[INFO] [stderr]   Downloaded num-bigint v0.1.37
[INFO] [stderr]   Downloaded gdk-pixbuf v0.1.2
[INFO] [stderr]   Downloaded atk-sys v0.3.3
[INFO] [stderr]   Downloaded gif v0.9.1
[INFO] [stderr]   Downloaded unicode-segmentation v1.1.0
[INFO] [stderr]   Downloaded glib v0.1.2
[INFO] [stderr]   Downloaded cairo-sys-rs v0.3.3
[INFO] [stderr]   Downloaded adler32 v1.0.0
[INFO] [stderr]   Downloaded gobject-sys v0.3.3
[INFO] [stderr]   Downloaded gdk-pixbuf-sys v0.3.3
[INFO] [stderr]   Downloaded num_cpus v1.3.0
[INFO] [stderr]   Downloaded num-rational v0.1.36
[INFO] [stderr]   Downloaded c_vec v1.2.0
[INFO] [stderr]   Downloaded arrayvec v0.3.22
[INFO] [stderr]   Downloaded pango-sys v0.3.3
[INFO] [stderr]   Downloaded gio v0.1.2
[INFO] [stderr]   Downloaded vec_map v0.7.0
[INFO] [stderr]   Downloaded pango v0.1.2
[INFO] [stderr]   Downloaded cairo-rs v0.1.2
[INFO] [stderr]   Downloaded gio-sys v0.3.3
[INFO] [stderr]   Downloaded serde_derive v0.9.13
[INFO] [stderr]   Downloaded glib-sys v0.3.3
[INFO] [stderr]   Downloaded gdk v0.5.2
[INFO] [stderr]   Downloaded gdk-sys v0.3.3
[INFO] [stderr]   Downloaded itertools v0.4.19
[INFO] [stderr]   Downloaded syn v0.11.10
[INFO] [stderr]   Downloaded serde v0.9.13
[INFO] [stderr]   Downloaded rayon v0.7.0
[INFO] [stderr]   Downloaded rustc-serialize v0.3.23
[INFO] [stderr]   Downloaded gtk-sys v0.3.3
[INFO] [stderr]   Downloaded image v0.12.3
[INFO] [stderr]   Downloaded deflate v0.7.6
[INFO] [stderr]   Downloaded gtk v0.1.2
[INFO] [stderr]   Downloaded clap v2.23.2
[INFO] [stderr]   Downloaded imageproc v0.7.0
[INFO] [stderr]   Downloaded nalgebra v0.5.1
[INFO] running `Command { std: "docker" "create" "-v" "/var/lib/crater-agent-workspace/builds/worker-4-tc1/target:/opt/rustwide/target:rw,Z" "-v" "/var/lib/crater-agent-workspace/builds/worker-4-tc1/source:/opt/rustwide/workdir:ro,Z" "-v" "/var/lib/crater-agent-workspace/cargo-home:/opt/rustwide/cargo-home:ro,Z" "-v" "/var/lib/crater-agent-workspace/rustup-home:/opt/rustwide/rustup-home:ro,Z" "-e" "SOURCE_DIR=/opt/rustwide/workdir" "-e" "CARGO_TARGET_DIR=/opt/rustwide/target" "-e" "CARGO_HOME=/opt/rustwide/cargo-home" "-e" "RUSTUP_HOME=/opt/rustwide/rustup-home" "-w" "/opt/rustwide/workdir" "-m" "1610612736" "--user" "0:0" "--network" "none" "ghcr.io/rust-lang/crates-build-env/linux@sha256:5ff2268d62e97bff2cde7d5815dd6ed5b47097566f13b8d0ca110b04b60e07ed" "/opt/rustwide/cargo-home/bin/cargo" "+1.69.0" "metadata" "--no-deps" "--format-version=1", kill_on_drop: false }`
[INFO] [stdout] f893a4778f8245abefa965155e3c2d4da6ec8485ea4bca58ccc95164ef5f747b
[INFO] running `Command { std: "docker" "start" "-a" "f893a4778f8245abefa965155e3c2d4da6ec8485ea4bca58ccc95164ef5f747b", kill_on_drop: false }`
[INFO] running `Command { std: "docker" "inspect" "f893a4778f8245abefa965155e3c2d4da6ec8485ea4bca58ccc95164ef5f747b", kill_on_drop: false }`
[INFO] running `Command { std: "docker" "rm" "-f" "f893a4778f8245abefa965155e3c2d4da6ec8485ea4bca58ccc95164ef5f747b", kill_on_drop: false }`
[INFO] [stdout] f893a4778f8245abefa965155e3c2d4da6ec8485ea4bca58ccc95164ef5f747b
[INFO] running `Command { std: "docker" "create" "-v" "/var/lib/crater-agent-workspace/builds/worker-4-tc1/target:/opt/rustwide/target:rw,Z" "-v" "/var/lib/crater-agent-workspace/builds/worker-4-tc1/source:/opt/rustwide/workdir:ro,Z" "-v" "/var/lib/crater-agent-workspace/cargo-home:/opt/rustwide/cargo-home:ro,Z" "-v" "/var/lib/crater-agent-workspace/rustup-home:/opt/rustwide/rustup-home:ro,Z" "-e" "SOURCE_DIR=/opt/rustwide/workdir" "-e" "CARGO_TARGET_DIR=/opt/rustwide/target" "-e" "CARGO_INCREMENTAL=0" "-e" "RUST_BACKTRACE=full" "-e" "RUSTFLAGS=--cap-lints=warn" "-e" "RUSTDOCFLAGS=--cap-lints=warn" "-e" "CARGO_HOME=/opt/rustwide/cargo-home" "-e" "RUSTUP_HOME=/opt/rustwide/rustup-home" "-w" "/opt/rustwide/workdir" "-m" "1610612736" "--user" "0:0" "--network" "none" "ghcr.io/rust-lang/crates-build-env/linux@sha256:5ff2268d62e97bff2cde7d5815dd6ed5b47097566f13b8d0ca110b04b60e07ed" "/opt/rustwide/cargo-home/bin/cargo" "+1.69.0" "doc" "--frozen" "--no-deps" "--document-private-items" "--message-format=json", kill_on_drop: false }`
[INFO] [stdout] e408a9cc9f62b9dbef79bf38e0d6b2fe1332be10fa138eaa8575a7981fd0e786
[INFO] running `Command { std: "docker" "start" "-a" "e408a9cc9f62b9dbef79bf38e0d6b2fe1332be10fa138eaa8575a7981fd0e786", kill_on_drop: false }`
[INFO] [stderr]     Checking libc v0.2.21
[INFO] [stderr]    Compiling pkg-config v0.3.9
[INFO] [stderr]     Checking bitflags v0.4.0
[INFO] [stderr]     Checking num-traits v0.1.37
[INFO] [stderr]    Compiling winapi-build v0.1.1
[INFO] [stderr]     Checking bitflags v0.5.0
[INFO] [stderr]     Checking rustc-serialize v0.3.23
[INFO] [stderr]     Checking winapi v0.2.8
[INFO] [stderr]    Compiling rayon-core v1.0.0
[INFO] [stderr]     Checking lazy_static v0.2.8
[INFO] [stderr]     Checking byteorder v1.0.0
[INFO] [stderr]     Checking utf8-ranges v0.1.3
[INFO] [stderr]    Compiling gdk-pixbuf v0.1.2
[INFO] [stderr]     Checking regex-syntax v0.3.9
[INFO] [stderr]    Compiling unicode-xid v0.0.4
[INFO] [stderr]    Compiling gio v0.1.2
[INFO] [stderr]    Compiling cairo-rs v0.1.2
[INFO] [stderr]     Checking adler32 v1.0.0
[INFO] [stderr]     Checking bitflags v0.7.0
[INFO] [stderr]     Checking inflate v0.1.1
[INFO] [stderr]     Checking log v0.3.7
[INFO] [stderr]    Compiling synom v0.11.3
[INFO] [stderr]     Checking c_vec v1.2.0
[INFO] [stderr]    Compiling kernel32-sys v0.2.2
[INFO] [stderr]     Checking deflate v0.7.6
[INFO] [stderr]     Checking color_quant v1.0.0
[INFO] [stderr]     Checking odds v0.2.25
[INFO] [stderr]    Compiling gdk v0.5.2
[INFO] [stderr]     Checking lzw v0.10.0
[INFO] [stderr]    Compiling quote v0.3.15
[INFO] [stderr]     Checking scoped_threadpool v0.1.7
[INFO] [stderr]     Checking glob v0.2.11
[INFO] [stderr]     Checking rand v0.3.15
[INFO] [stderr]     Checking num_cpus v1.3.0
[INFO] [stderr]     Checking num-integer v0.1.34
[INFO] [stderr]    Compiling glib-sys v0.3.3
[INFO] [stderr]    Compiling gobject-sys v0.3.3
[INFO] [stderr]    Compiling gio-sys v0.3.3
[INFO] [stderr]    Compiling cairo-sys-rs v0.3.3
[INFO] [stderr]    Compiling gdk-pixbuf-sys v0.3.3
[INFO] [stderr]    Compiling pango-sys v0.3.3
[INFO] [stderr]    Compiling gdk-sys v0.3.3
[INFO] [stderr]    Compiling atk-sys v0.3.3
[INFO] [stderr]     Checking num-iter v0.1.33
[INFO] [stderr]     Checking memchr v0.1.11
[INFO] [stderr]    Compiling gtk-sys v0.3.3
[INFO] [stderr]     Checking thread-id v2.0.0
[INFO] [stderr]     Checking nodrop v0.1.9
[INFO] [stderr]    Compiling syn v0.11.10
[INFO] [stderr]     Checking aho-corasick v0.5.3
[INFO] [stderr]     Checking thread_local v0.2.7
[INFO] [stderr]     Checking gif v0.9.1
[INFO] [stderr]     Checking enum_primitive v0.1.1
[INFO] [stderr]     Checking byteorder v0.4.2
[INFO] [stderr]    Compiling gtk v0.1.2
[INFO] [stderr]     Checking deque v0.3.1
[INFO] [stderr]     Checking custom_derive v0.1.7
[INFO] [stderr]     Checking arrayvec v0.3.22
[INFO] [stderr]     Checking atty v0.2.2
[INFO] [stderr]     Checking conv v0.3.3
[INFO] [stderr]     Checking term_size v0.3.0
[INFO] [stderr]     Checking regex v0.1.80
[INFO] [stderr]     Checking serde v0.9.13
[INFO] [stderr]     Checking strsim v0.6.0
[INFO] [stderr]     Checking unicode-width v0.1.4
[INFO] [stderr]     Checking itoa v0.3.1
[INFO] [stderr]     Checking stb_truetype v0.2.1
[INFO] [stderr]     Checking vec_map v0.7.0
[INFO] [stderr]     Checking dtoa v0.4.1
[INFO] [stderr]     Checking unicode-segmentation v1.1.0
[INFO] [stderr]     Checking bitflags v0.8.2
[INFO] [stderr]     Checking png v0.6.2
[INFO] [stderr]     Checking ansi_term v0.9.0
[INFO] [stderr]     Checking itertools v0.4.19
[INFO] [stderr]     Checking linked-hash-map v0.0.10
[INFO] [stderr]     Checking uuid v0.4.0
[INFO] [stderr]     Checking tempdir v0.3.5
[INFO] [stderr]     Checking rayon v0.7.0
[INFO] [stderr]     Checking rusttype v0.2.1
[INFO] [stderr]     Checking clap v2.23.2
[INFO] [stderr]     Checking num-bigint v0.1.37
[INFO] [stderr]     Checking num-complex v0.1.37
[INFO] [stderr]    Compiling serde_codegen_internals v0.14.2
[INFO] [stderr]     Checking env_logger v0.3.5
[INFO] [stderr]     Checking glib v0.1.2
[INFO] [stdout] error[E0311]: the parameter type `K` may not live long enough
[INFO] [stdout]   --> /opt/rustwide/cargo-home/registry/src/github.com-1ecc6299db9ec823/rusttype-0.2.1/src/support/bst/map.rs:81:19
[INFO] [stdout]    |
[INFO] [stdout] 81 |             match node.force() {
[INFO] [stdout]    |                   ^^^^
[INFO] [stdout]    |
[INFO] [stdout] note: the parameter type `K` must be valid for the anonymous lifetime defined here...
[INFO] [stdout]   --> /opt/rustwide/cargo-home/registry/src/github.com-1ecc6299db9ec823/rusttype-0.2.1/src/support/bst/map.rs:78:37
[INFO] [stdout]    |
[INFO] [stdout] 78 |                 node: node::NodeRef<marker::Immut, K, V, marker::LeafOrInternal>)
[INFO] [stdout]    |                                     ^^^^^^^^^^^^^
[INFO] [stdout] note: ...so that the type `K` will meet its required lifetime bounds
[INFO] [stdout]   --> /opt/rustwide/cargo-home/registry/src/github.com-1ecc6299db9ec823/rusttype-0.2.1/src/support/bst/map.rs:81:19
[INFO] [stdout]    |
[INFO] [stdout] 81 |             match node.force() {
[INFO] [stdout]    |                   ^^^^
[INFO] [stdout] help: consider adding an explicit lifetime bound...
[INFO] [stdout]    |
[INFO] [stdout] 77 ~         fn clone_subtree<'a, K: Clone + 'a, V: Clone>(
[INFO] [stdout] 78 ~                 node: node::NodeRef<marker::Immut<'a>, K, V, marker::LeafOrInternal>)
[INFO] [stdout]    |
[INFO] [stdout] 
[INFO] [stdout] 
[INFO] [stdout] error[E0311]: the parameter type `V` may not live long enough
[INFO] [stdout]   --> /opt/rustwide/cargo-home/registry/src/github.com-1ecc6299db9ec823/rusttype-0.2.1/src/support/bst/map.rs:81:19
[INFO] [stdout]    |
[INFO] [stdout] 81 |             match node.force() {
[INFO] [stdout]    |                   ^^^^
[INFO] [stdout]    |
[INFO] [stdout] note: the parameter type `V` must be valid for the anonymous lifetime defined here...
[INFO] [stdout]   --> /opt/rustwide/cargo-home/registry/src/github.com-1ecc6299db9ec823/rusttype-0.2.1/src/support/bst/map.rs:78:37
[INFO] [stdout]    |
[INFO] [stdout] 78 |                 node: node::NodeRef<marker::Immut, K, V, marker::LeafOrInternal>)
[INFO] [stdout]    |                                     ^^^^^^^^^^^^^
[INFO] [stdout] note: ...so that the type `V` will meet its required lifetime bounds
[INFO] [stdout]   --> /opt/rustwide/cargo-home/registry/src/github.com-1ecc6299db9ec823/rusttype-0.2.1/src/support/bst/map.rs:81:19
[INFO] [stdout]    |
[INFO] [stdout] 81 |             match node.force() {
[INFO] [stdout]    |                   ^^^^
[INFO] [stdout] help: consider adding an explicit lifetime bound...
[INFO] [stdout]    |
[INFO] [stdout] 77 ~         fn clone_subtree<'a, K: Clone, V: Clone + 'a>(
[INFO] [stdout] 78 ~                 node: node::NodeRef<marker::Immut<'a>, K, V, marker::LeafOrInternal>)
[INFO] [stdout]    |
[INFO] [stdout] 
[INFO] [stdout] 
[INFO] [stderr]     Checking num-rational v0.1.36
[INFO] [stderr]     Checking jpeg-decoder v0.1.12
[INFO] [stderr]     Checking quickcheck v0.2.27
[INFO] [stdout] error: aborting due to 2 previous errors
[INFO] [stdout] 
[INFO] [stdout] 
[INFO] [stdout] For more information about this error, try `rustc --explain E0311`.
[INFO] [stdout] 
[INFO] [stderr] error: could not compile `rusttype` due to 3 previous errors
[INFO] [stderr] warning: build failed, waiting for other jobs to finish...
[INFO] [stdout] error[E0119]: conflicting implementations of trait `SetValue` for type `&_`
[INFO] [stdout]    --> /opt/rustwide/cargo-home/registry/src/github.com-1ecc6299db9ec823/glib-0.1.2/src/value.rs:483:1
[INFO] [stdout]     |
[INFO] [stdout] 452 | impl<'a, T: ?Sized + SetValue> SetValue for &'a T {
[INFO] [stdout]     | ------------------------------------------------- first implementation here
[INFO] [stdout] ...
[INFO] [stdout] 483 | impl<T: IsA<Object>> SetValue for T {
[INFO] [stdout]     | ^^^^^^^^^^^^^^^^^^^^^^^^^^^^^^^^^^^ conflicting implementation for `&_`
[INFO] [stdout]     |
[INFO] [stdout]     = note: downstream crates may implement trait `object::IsA<object::Object>` for type `&_`
[INFO] [stdout] 
[INFO] [stdout] 
[INFO] [stdout] error[E0119]: conflicting implementations of trait `SetValueOptional` for type `&_`
[INFO] [stdout]    --> /opt/rustwide/cargo-home/registry/src/github.com-1ecc6299db9ec823/glib-0.1.2/src/value.rs:489:1
[INFO] [stdout]     |
[INFO] [stdout] 458 | impl<'a, T: ?Sized + SetValueOptional> SetValueOptional for &'a T {
[INFO] [stdout]     | ----------------------------------------------------------------- first implementation here
[INFO] [stdout] ...
[INFO] [stdout] 489 | impl<T: IsA<Object>> SetValueOptional for T {
[INFO] [stdout]     | ^^^^^^^^^^^^^^^^^^^^^^^^^^^^^^^^^^^^^^^^^^^ conflicting implementation for `&_`
[INFO] [stdout]     |
[INFO] [stdout]     = note: downstream crates may implement trait `object::IsA<object::Object>` for type `&_`
[INFO] [stdout] 
[INFO] [stdout] 
[INFO] [stdout] error: aborting due to 2 previous errors
[INFO] [stdout] 
[INFO] [stdout] 
[INFO] [stdout] For more information about this error, try `rustc --explain E0119`.
[INFO] [stdout] 
[INFO] [stderr] error: could not compile `glib` due to 3 previous errors
[INFO] running `Command { std: "docker" "inspect" "e408a9cc9f62b9dbef79bf38e0d6b2fe1332be10fa138eaa8575a7981fd0e786", kill_on_drop: false }`
[INFO] running `Command { std: "docker" "rm" "-f" "e408a9cc9f62b9dbef79bf38e0d6b2fe1332be10fa138eaa8575a7981fd0e786", kill_on_drop: false }`
[INFO] [stdout] e408a9cc9f62b9dbef79bf38e0d6b2fe1332be10fa138eaa8575a7981fd0e786
