[INFO] cloning repository https://github.com/kawadakk/qrun-rs
[INFO] running `Command { std: "git" "-c" "credential.helper=" "-c" "credential.helper=/workspace/cargo-home/bin/git-credential-null" "clone" "--bare" "https://github.com/kawadakk/qrun-rs" "/workspace/cache/git-repos/https%3A%2F%2Fgithub.com%2Fkawadakk%2Fqrun-rs", kill_on_drop: false }`
[INFO] [stderr] Cloning into bare repository '/workspace/cache/git-repos/https%3A%2F%2Fgithub.com%2Fkawadakk%2Fqrun-rs'...
[INFO] running `Command { std: "git" "rev-parse" "HEAD", kill_on_drop: false }`
[INFO] [stdout] dc9a4d84e80fd2398366cd89d85cc2b80ae18b48
[INFO] documenting kawadakk/qrun-rs against beta-2023-04-20 for beta-1.70-rustdoc-1
[INFO] running `Command { std: "git" "clone" "/workspace/cache/git-repos/https%3A%2F%2Fgithub.com%2Fkawadakk%2Fqrun-rs" "/workspace/builds/worker-6-tc2/source", kill_on_drop: false }`
[INFO] [stderr] Cloning into '/workspace/builds/worker-6-tc2/source'...
[INFO] [stderr] done.
[INFO] validating manifest of git repo https://github.com/kawadakk/qrun-rs on toolchain beta-2023-04-20
[INFO] running `Command { std: CARGO_HOME="/workspace/cargo-home" RUSTUP_HOME="/workspace/rustup-home" "/workspace/cargo-home/bin/cargo" "+beta-2023-04-20" "metadata" "--manifest-path" "Cargo.toml" "--no-deps", kill_on_drop: false }`
[INFO] removed /workspace/builds/worker-6-tc2/source/rust-toolchain
[INFO] started tweaking git repo https://github.com/kawadakk/qrun-rs
[INFO] finished tweaking git repo https://github.com/kawadakk/qrun-rs
[INFO] tweaked toml for git repo https://github.com/kawadakk/qrun-rs written to /workspace/builds/worker-6-tc2/source/Cargo.toml
[INFO] crate git repo https://github.com/kawadakk/qrun-rs already has a lockfile, it will not be regenerated
[INFO] running `Command { std: CARGO_HOME="/workspace/cargo-home" RUSTUP_HOME="/workspace/rustup-home" "/workspace/cargo-home/bin/cargo" "+beta-2023-04-20" "fetch" "--manifest-path" "Cargo.toml", kill_on_drop: false }`
[INFO] [stderr]     Updating crates.io index
[INFO] [stderr]  Downloading crates ...
[INFO] [stderr]   Downloaded unicorn v0.9.1
[INFO] [stderr]   Downloaded os_type v2.3.0
[INFO] [stderr]   Downloaded cstr_core v0.2.4
[INFO] [stderr]   Downloaded memmap2 v0.3.0
[INFO] [stderr]   Downloaded goblin v0.4.2
[INFO] [stderr]   Downloaded libunicorn-sys v0.9.1
[INFO] running `Command { std: "docker" "create" "-v" "/var/lib/crater-agent-workspace/builds/worker-6-tc2/target:/opt/rustwide/target:rw,Z" "-v" "/var/lib/crater-agent-workspace/builds/worker-6-tc2/source:/opt/rustwide/workdir:ro,Z" "-v" "/var/lib/crater-agent-workspace/cargo-home:/opt/rustwide/cargo-home:ro,Z" "-v" "/var/lib/crater-agent-workspace/rustup-home:/opt/rustwide/rustup-home:ro,Z" "-e" "SOURCE_DIR=/opt/rustwide/workdir" "-e" "CARGO_TARGET_DIR=/opt/rustwide/target" "-e" "CARGO_HOME=/opt/rustwide/cargo-home" "-e" "RUSTUP_HOME=/opt/rustwide/rustup-home" "-w" "/opt/rustwide/workdir" "-m" "1610612736" "--user" "0:0" "--network" "none" "ghcr.io/rust-lang/crates-build-env/linux@sha256:5ff2268d62e97bff2cde7d5815dd6ed5b47097566f13b8d0ca110b04b60e07ed" "/opt/rustwide/cargo-home/bin/cargo" "+beta-2023-04-20" "metadata" "--no-deps" "--format-version=1", kill_on_drop: false }`
[INFO] [stdout] 9276c10da0b6a69d9b17a9965f9fb3e8b3f6b337929ce21bfc649f1fa0c28721
[INFO] running `Command { std: "docker" "start" "-a" "9276c10da0b6a69d9b17a9965f9fb3e8b3f6b337929ce21bfc649f1fa0c28721", kill_on_drop: false }`
[INFO] running `Command { std: "docker" "inspect" "9276c10da0b6a69d9b17a9965f9fb3e8b3f6b337929ce21bfc649f1fa0c28721", kill_on_drop: false }`
[INFO] running `Command { std: "docker" "rm" "-f" "9276c10da0b6a69d9b17a9965f9fb3e8b3f6b337929ce21bfc649f1fa0c28721", kill_on_drop: false }`
[INFO] [stdout] 9276c10da0b6a69d9b17a9965f9fb3e8b3f6b337929ce21bfc649f1fa0c28721
[INFO] running `Command { std: "docker" "create" "-v" "/var/lib/crater-agent-workspace/builds/worker-6-tc2/target:/opt/rustwide/target:rw,Z" "-v" "/var/lib/crater-agent-workspace/builds/worker-6-tc2/source:/opt/rustwide/workdir:ro,Z" "-v" "/var/lib/crater-agent-workspace/cargo-home:/opt/rustwide/cargo-home:ro,Z" "-v" "/var/lib/crater-agent-workspace/rustup-home:/opt/rustwide/rustup-home:ro,Z" "-e" "SOURCE_DIR=/opt/rustwide/workdir" "-e" "CARGO_TARGET_DIR=/opt/rustwide/target" "-e" "CARGO_INCREMENTAL=0" "-e" "RUST_BACKTRACE=full" "-e" "RUSTFLAGS=--cap-lints=warn" "-e" "RUSTDOCFLAGS=--cap-lints=warn" "-e" "CARGO_HOME=/opt/rustwide/cargo-home" "-e" "RUSTUP_HOME=/opt/rustwide/rustup-home" "-w" "/opt/rustwide/workdir" "-m" "1610612736" "--user" "0:0" "--network" "none" "ghcr.io/rust-lang/crates-build-env/linux@sha256:5ff2268d62e97bff2cde7d5815dd6ed5b47097566f13b8d0ca110b04b60e07ed" "/opt/rustwide/cargo-home/bin/cargo" "+beta-2023-04-20" "doc" "--frozen" "--no-deps" "--document-private-items" "--message-format=json", kill_on_drop: false }`
[INFO] [stdout] 0358c9a99cbde0c67c92c856234a26db1d660c53c2a4e43d05d4580744f268e1
[INFO] running `Command { std: "docker" "start" "-a" "0358c9a99cbde0c67c92c856234a26db1d660c53c2a4e43d05d4580744f268e1", kill_on_drop: false }`
[INFO] [stderr]    Compiling libc v0.2.98
[INFO] [stderr]    Compiling memchr v2.4.0
[INFO] [stderr]    Compiling proc-macro2 v1.0.28
[INFO] [stderr]    Compiling syn v1.0.74
[INFO] [stderr]    Compiling version_check v0.9.3
[INFO] [stderr]    Compiling regex-syntax v0.6.25
[INFO] [stderr]    Compiling semver v0.6.0
[INFO] [stderr]    Compiling pkg-config v0.3.19
[INFO] [stderr]    Compiling build-helper v0.1.1
[INFO] [stderr]    Compiling proc-macro-error-attr v1.0.4
[INFO] [stderr]    Compiling quote v1.0.9
[INFO] [stderr]    Compiling aho-corasick v0.7.18
[INFO] [stderr]    Compiling proc-macro-error v1.0.4
[INFO] [stderr]    Compiling jobserver v0.1.22
[INFO] [stderr]     Checking getrandom v0.2.3
[INFO] [stderr]    Compiling log v0.4.14
[INFO] [stderr]    Compiling glob v0.3.0
[INFO] [stderr]    Compiling cc v1.0.69
[INFO] [stderr]     Checking rand_core v0.6.3
[INFO] [stderr]    Compiling indexmap v1.7.0
[INFO] [stderr]    Compiling num-traits v0.2.14
[INFO] [stderr]    Compiling unicode-segmentation v1.8.0
[INFO] [stderr]     Checking rand_chacha v0.3.1
[INFO] [stderr]    Compiling regex v1.5.4
[INFO] [stderr]    Compiling heck v0.3.3
[INFO] [stderr]     Checking atty v0.2.14
[INFO] [stderr]     Checking termcolor v1.1.2
[INFO] [stderr]     Checking hashbrown v0.11.2
[INFO] [stderr]     Checking unicode-width v0.1.8
[INFO] [stderr]    Compiling anyhow v1.0.42
[INFO] [stderr]    Compiling bad64-sys v0.3.0 (https://github.com/kawadakk/bad64-sys.git?branch=prebindgen-0.3-built#9e2ccec6)
[INFO] [stderr]     Checking cty v0.2.1
[INFO] [stderr]     Checking cstr_core v0.2.4
[INFO] [stderr]     Checking textwrap v0.12.1
[INFO] [stderr]    Compiling os_type v2.3.0
[INFO] [stderr]     Checking rand v0.8.4
[INFO] [stderr]     Checking static_assertions v1.1.0
[INFO] [stderr]     Checking strsim v0.10.0
[INFO] [stderr]     Checking remove_dir_all v0.5.3
[INFO] [stderr]     Checking os_str_bytes v2.4.0
[INFO] [stderr]     Checking env_logger v0.8.4
[INFO] [stderr]     Checking memmap2 v0.3.0
[INFO] [stderr]     Checking tempfile v3.2.0
[INFO] [stderr]    Compiling libunicorn-sys v0.9.1
[INFO] [stderr]    Compiling scroll_derive v0.10.5
[INFO] [stderr]    Compiling clap_derive v3.0.0-beta.2
[INFO] [stderr]    Compiling num-derive v0.3.3
[INFO] [stderr]     Checking unicorn v0.9.1
[INFO] [stderr]     Checking scroll v0.10.2
[INFO] [stderr]     Checking goblin v0.4.2
[INFO] [stderr]     Checking clap v3.0.0-beta.2
[INFO] [stderr]     Checking bad64 v0.3.0 (https://github.com/kawadakk/bad64.git?branch=portable-casting#1b4ee708)
[INFO] [stdout] error[E0554]: `#![feature]` may not be used on the beta release channel
[INFO] [stdout]   --> /opt/rustwide/cargo-home/git/checkouts/bad64-2879bc122feda069/1b4ee70/src/lib.rs:67:12
[INFO] [stdout]    |
[INFO] [stdout] 67 | #![feature(maybe_uninit_uninit_array, maybe_uninit_extra, maybe_uninit_slice)]
[INFO] [stdout]    |            ^^^^^^^^^^^^^^^^^^^^^^^^^
[INFO] [stdout] 
[INFO] [stdout] 
[INFO] [stdout] error[E0554]: `#![feature]` may not be used on the beta release channel
[INFO] [stdout]   --> /opt/rustwide/cargo-home/git/checkouts/bad64-2879bc122feda069/1b4ee70/src/lib.rs:67:39
[INFO] [stdout]    |
[INFO] [stdout] 67 | #![feature(maybe_uninit_uninit_array, maybe_uninit_extra, maybe_uninit_slice)]
[INFO] [stdout]    |                                       ^^^^^^^^^^^^^^^^^^
[INFO] [stdout] 
[INFO] [stdout] 
[INFO] [stdout] error[E0554]: `#![feature]` may not be used on the beta release channel
[INFO] [stdout]   --> /opt/rustwide/cargo-home/git/checkouts/bad64-2879bc122feda069/1b4ee70/src/lib.rs:67:59
[INFO] [stdout]    |
[INFO] [stdout] 67 | #![feature(maybe_uninit_uninit_array, maybe_uninit_extra, maybe_uninit_slice)]
[INFO] [stdout]    |                                                           ^^^^^^^^^^^^^^^^^^
[INFO] [stdout] 
[INFO] [stdout] 
[INFO] [stdout] error: aborting due to 3 previous errors
[INFO] [stdout] 
[INFO] [stdout] 
[INFO] [stdout] For more information about this error, try `rustc --explain E0554`.
[INFO] [stdout] 
[INFO] [stderr] error: could not compile `bad64` (lib) due to 4 previous errors
[INFO] running `Command { std: "docker" "inspect" "0358c9a99cbde0c67c92c856234a26db1d660c53c2a4e43d05d4580744f268e1", kill_on_drop: false }`
[INFO] running `Command { std: "docker" "rm" "-f" "0358c9a99cbde0c67c92c856234a26db1d660c53c2a4e43d05d4580744f268e1", kill_on_drop: false }`
[INFO] [stdout] 0358c9a99cbde0c67c92c856234a26db1d660c53c2a4e43d05d4580744f268e1
