[INFO] cloning repository https://github.com/kastrul/rust-rest
[INFO] running `Command { std: "git" "-c" "credential.helper=" "-c" "credential.helper=/workspace/cargo-home/bin/git-credential-null" "clone" "--bare" "https://github.com/kastrul/rust-rest" "/workspace/cache/git-repos/https%3A%2F%2Fgithub.com%2Fkastrul%2Frust-rest", kill_on_drop: false }`
[INFO] [stderr] Cloning into bare repository '/workspace/cache/git-repos/https%3A%2F%2Fgithub.com%2Fkastrul%2Frust-rest'...
[INFO] running `Command { std: "git" "rev-parse" "HEAD", kill_on_drop: false }`
[INFO] [stdout] fc07cbbbf0808211c655d82beca9596b2d246043
[INFO] documenting kastrul/rust-rest against beta-2023-04-20 for beta-1.70-rustdoc-1
[INFO] running `Command { std: "git" "clone" "/workspace/cache/git-repos/https%3A%2F%2Fgithub.com%2Fkastrul%2Frust-rest" "/workspace/builds/worker-3-tc2/source", kill_on_drop: false }`
[INFO] [stderr] Cloning into '/workspace/builds/worker-3-tc2/source'...
[INFO] [stderr] done.
[INFO] validating manifest of git repo https://github.com/kastrul/rust-rest on toolchain beta-2023-04-20
[INFO] running `Command { std: CARGO_HOME="/workspace/cargo-home" RUSTUP_HOME="/workspace/rustup-home" "/workspace/cargo-home/bin/cargo" "+beta-2023-04-20" "metadata" "--manifest-path" "Cargo.toml" "--no-deps", kill_on_drop: false }`
[INFO] started tweaking git repo https://github.com/kastrul/rust-rest
[INFO] finished tweaking git repo https://github.com/kastrul/rust-rest
[INFO] tweaked toml for git repo https://github.com/kastrul/rust-rest written to /workspace/builds/worker-3-tc2/source/Cargo.toml
[INFO] crate git repo https://github.com/kastrul/rust-rest already has a lockfile, it will not be regenerated
[INFO] running `Command { std: CARGO_HOME="/workspace/cargo-home" RUSTUP_HOME="/workspace/rustup-home" "/workspace/cargo-home/bin/cargo" "+beta-2023-04-20" "fetch" "--manifest-path" "Cargo.toml", kill_on_drop: false }`
[INFO] [stderr]     Updating crates.io index
[INFO] [stderr]  Downloading crates ...
[INFO] [stderr]   Downloaded actix-web-httpauth v0.6.0
[INFO] [stderr]   Downloaded pkcs1 v0.2.4
[INFO] [stderr]   Downloaded actix-tls v3.0.3
[INFO] [stderr]   Downloaded rsa v0.5.0
[INFO] running `Command { std: "docker" "create" "-v" "/var/lib/crater-agent-workspace/builds/worker-3-tc2/target:/opt/rustwide/target:rw,Z" "-v" "/var/lib/crater-agent-workspace/builds/worker-3-tc2/source:/opt/rustwide/workdir:ro,Z" "-v" "/var/lib/crater-agent-workspace/cargo-home:/opt/rustwide/cargo-home:ro,Z" "-v" "/var/lib/crater-agent-workspace/rustup-home:/opt/rustwide/rustup-home:ro,Z" "-e" "SOURCE_DIR=/opt/rustwide/workdir" "-e" "CARGO_TARGET_DIR=/opt/rustwide/target" "-e" "CARGO_HOME=/opt/rustwide/cargo-home" "-e" "RUSTUP_HOME=/opt/rustwide/rustup-home" "-w" "/opt/rustwide/workdir" "-m" "1610612736" "--user" "0:0" "--network" "none" "ghcr.io/rust-lang/crates-build-env/linux@sha256:5ff2268d62e97bff2cde7d5815dd6ed5b47097566f13b8d0ca110b04b60e07ed" "/opt/rustwide/cargo-home/bin/cargo" "+beta-2023-04-20" "metadata" "--no-deps" "--format-version=1", kill_on_drop: false }`
[INFO] [stdout] 9725c27163be733a5f940e428ab14650fafa00e1fd2303974105d63791f648b5
[INFO] running `Command { std: "docker" "start" "-a" "9725c27163be733a5f940e428ab14650fafa00e1fd2303974105d63791f648b5", kill_on_drop: false }`
[INFO] running `Command { std: "docker" "inspect" "9725c27163be733a5f940e428ab14650fafa00e1fd2303974105d63791f648b5", kill_on_drop: false }`
[INFO] running `Command { std: "docker" "rm" "-f" "9725c27163be733a5f940e428ab14650fafa00e1fd2303974105d63791f648b5", kill_on_drop: false }`
[INFO] [stdout] 9725c27163be733a5f940e428ab14650fafa00e1fd2303974105d63791f648b5
[INFO] running `Command { std: "docker" "create" "-v" "/var/lib/crater-agent-workspace/builds/worker-3-tc2/target:/opt/rustwide/target:rw,Z" "-v" "/var/lib/crater-agent-workspace/builds/worker-3-tc2/source:/opt/rustwide/workdir:ro,Z" "-v" "/var/lib/crater-agent-workspace/cargo-home:/opt/rustwide/cargo-home:ro,Z" "-v" "/var/lib/crater-agent-workspace/rustup-home:/opt/rustwide/rustup-home:ro,Z" "-e" "SOURCE_DIR=/opt/rustwide/workdir" "-e" "CARGO_TARGET_DIR=/opt/rustwide/target" "-e" "CARGO_INCREMENTAL=0" "-e" "RUST_BACKTRACE=full" "-e" "RUSTFLAGS=--cap-lints=warn" "-e" "RUSTDOCFLAGS=--cap-lints=warn" "-e" "CARGO_HOME=/opt/rustwide/cargo-home" "-e" "RUSTUP_HOME=/opt/rustwide/rustup-home" "-w" "/opt/rustwide/workdir" "-m" "1610612736" "--user" "0:0" "--network" "none" "ghcr.io/rust-lang/crates-build-env/linux@sha256:5ff2268d62e97bff2cde7d5815dd6ed5b47097566f13b8d0ca110b04b60e07ed" "/opt/rustwide/cargo-home/bin/cargo" "+beta-2023-04-20" "doc" "--frozen" "--no-deps" "--document-private-items" "--message-format=json", kill_on_drop: false }`
[INFO] [stdout] 9e349aa8032024b493fa27133a3ac07f98dabd54f703956ada04cf7134ca13a0
[INFO] running `Command { std: "docker" "start" "-a" "9e349aa8032024b493fa27133a3ac07f98dabd54f703956ada04cf7134ca13a0", kill_on_drop: false }`
[INFO] [stderr]    Compiling libc v0.2.121
[INFO] [stderr]     Checking cfg-if v1.0.0
[INFO] [stderr]    Compiling version_check v0.9.4
[INFO] [stderr]    Compiling memchr v2.4.1
[INFO] [stderr]    Compiling autocfg v1.1.0
[INFO] [stderr]    Compiling proc-macro2 v1.0.36
[INFO] [stderr]    Compiling unicode-xid v0.2.2
[INFO] [stderr]    Compiling syn v1.0.89
[INFO] [stderr]    Compiling typenum v1.15.0
[INFO] [stderr]    Compiling futures-core v0.3.21
[INFO] [stderr]     Checking once_cell v1.10.0
[INFO] [stderr]    Compiling log v0.4.16
[INFO] [stderr]     Checking pin-project-lite v0.2.8
[INFO] [stderr]     Checking smallvec v1.8.0
[INFO] [stderr]     Checking scopeguard v1.1.0
[INFO] [stderr]     Checking bytes v1.1.0
[INFO] [stderr]    Compiling parking_lot_core v0.9.1
[INFO] [stderr]    Compiling pkg-config v0.3.24
[INFO] [stderr]    Compiling serde_derive v1.0.136
[INFO] [stderr]     Checking lock_api v0.4.6
[INFO] [stderr]     Checking futures-sink v0.3.21
[INFO] [stderr]    Compiling futures-channel v0.3.21
[INFO] [stderr]    Compiling serde v1.0.136
[INFO] [stdout] error: linking with `cc` failed: exit status: 1
[INFO] [stdout]   |
[INFO] [stdout]   = note: LC_ALL="C" PATH="/opt/rustwide/rustup-home/toolchains/beta-2023-04-20-x86_64-unknown-linux-gnu/lib/rustlib/x86_64-unknown-linux-gnu/bin:/opt/rustwide/cargo-home/bin:/usr/local/sbin:/usr/local/bin:/usr/sbin:/usr/bin:/sbin:/bin" VSLANG="1033" "cc" "-m64" "/tmp/rustcKhFBaf/symbols.o" "/opt/rustwide/target/debug/build/libc-397432efde19b548/build_script_build-397432efde19b548.build_script_build.8966799a-cgu.0.rcgu.o" "/opt/rustwide/target/debug/build/libc-397432efde19b548/build_script_build-397432efde19b548.build_script_build.8966799a-cgu.1.rcgu.o" "/opt/rustwide/target/debug/build/libc-397432efde19b548/build_script_build-397432efde19b548.build_script_build.8966799a-cgu.10.rcgu.o" "/opt/rustwide/target/debug/build/libc-397432efde19b548/build_script_build-397432efde19b548.build_script_build.8966799a-cgu.11.rcgu.o" "/opt/rustwide/target/debug/build/libc-397432efde19b548/build_script_build-397432efde19b548.build_script_build.8966799a-cgu.12.rcgu.o" "/opt/rustwide/target/debug/build/libc-397432efde19b548/build_script_build-397432efde19b548.build_script_build.8966799a-cgu.13.rcgu.o" "/opt/rustwide/target/debug/build/libc-397432efde19b548/build_script_build-397432efde19b548.build_script_build.8966799a-cgu.14.rcgu.o" "/opt/rustwide/target/debug/build/libc-397432efde19b548/build_script_build-397432efde19b548.build_script_build.8966799a-cgu.15.rcgu.o" "/opt/rustwide/target/debug/build/libc-397432efde19b548/build_script_build-397432efde19b548.build_script_build.8966799a-cgu.2.rcgu.o" "/opt/rustwide/target/debug/build/libc-397432efde19b548/build_script_build-397432efde19b548.build_script_build.8966799a-cgu.3.rcgu.o" "/opt/rustwide/target/debug/build/libc-397432efde19b548/build_script_build-397432efde19b548.build_script_build.8966799a-cgu.4.rcgu.o" "/opt/rustwide/target/debug/build/libc-397432efde19b548/build_script_build-397432efde19b548.build_script_build.8966799a-cgu.5.rcgu.o" "/opt/rustwide/target/debug/build/libc-397432efde19b548/build_script_build-397432efde19b548.build_script_build.8966799a-cgu.6.rcgu.o" "/opt/rustwide/target/debug/build/libc-397432efde19b548/build_script_build-397432efde19b548.build_script_build.8966799a-cgu.7.rcgu.o" "/opt/rustwide/target/debug/build/libc-397432efde19b548/build_script_build-397432efde19b548.build_script_build.8966799a-cgu.8.rcgu.o" "/opt/rustwide/target/debug/build/libc-397432efde19b548/build_script_build-397432efde19b548.build_script_build.8966799a-cgu.9.rcgu.o" "/opt/rustwide/target/debug/build/libc-397432efde19b548/build_script_build-397432efde19b548.1cgimmqh0ya8ksha.rcgu.o" "-Wl,--as-needed" "-L" "/opt/rustwide/target/debug/deps" "-L" "/opt/rustwide/rustup-home/toolchains/beta-2023-04-20-x86_64-unknown-linux-gnu/lib/rustlib/x86_64-unknown-linux-gnu/lib" "-Wl,-Bstatic" "/opt/rustwide/rustup-home/toolchains/beta-2023-04-20-x86_64-unknown-linux-gnu/lib/rustlib/x86_64-unknown-linux-gnu/lib/libstd-0e29cc23c5e02021.rlib" "/opt/rustwide/rustup-home/toolchains/beta-2023-04-20-x86_64-unknown-linux-gnu/lib/rustlib/x86_64-unknown-linux-gnu/lib/libpanic_unwind-d903621768a861d9.rlib" "/opt/rustwide/rustup-home/toolchains/beta-2023-04-20-x86_64-unknown-linux-gnu/lib/rustlib/x86_64-unknown-linux-gnu/lib/libobject-6d0225e655f31c13.rlib" "/opt/rustwide/rustup-home/toolchains/beta-2023-04-20-x86_64-unknown-linux-gnu/lib/rustlib/x86_64-unknown-linux-gnu/lib/libmemchr-9dbaf4eac7eaa079.rlib" "/opt/rustwide/rustup-home/toolchains/beta-2023-04-20-x86_64-unknown-linux-gnu/lib/rustlib/x86_64-unknown-linux-gnu/lib/libaddr2line-27f05b3d42a66dd0.rlib" "/opt/rustwide/rustup-home/toolchains/beta-2023-04-20-x86_64-unknown-linux-gnu/lib/rustlib/x86_64-unknown-linux-gnu/lib/libgimli-4d73f1030321c9a2.rlib" "/opt/rustwide/rustup-home/toolchains/beta-2023-04-20-x86_64-unknown-linux-gnu/lib/rustlib/x86_64-unknown-linux-gnu/lib/librustc_demangle-2846c9e58abd0acb.rlib" "/opt/rustwide/rustup-home/toolchains/beta-2023-04-20-x86_64-unknown-linux-gnu/lib/rustlib/x86_64-unknown-linux-gnu/lib/libstd_detect-a53d0f50415947be.rlib" "/opt/rustwide/rustup-home/toolchains/beta-2023-04-20-x86_64-unknown-linux-gnu/lib/rustlib/x86_64-unknown-linux-gnu/lib/libhashbrown-d48e4b6abc25b9dc.rlib" "/opt/rustwide/rustup-home/toolchains/beta-2023-04-20-x86_64-unknown-linux-gnu/lib/rustlib/x86_64-unknown-linux-gnu/lib/libminiz_oxide-2991859439ef1207.rlib" "/opt/rustwide/rustup-home/toolchains/beta-2023-04-20-x86_64-unknown-linux-gnu/lib/rustlib/x86_64-unknown-linux-gnu/lib/libadler-8a687517e4221bae.rlib" "/opt/rustwide/rustup-home/toolchains/beta-2023-04-20-x86_64-unknown-linux-gnu/lib/rustlib/x86_64-unknown-linux-gnu/lib/librustc_std_workspace_alloc-e07b554f6a67f5b3.rlib" "/opt/rustwide/rustup-home/toolchains/beta-2023-04-20-x86_64-unknown-linux-gnu/lib/rustlib/x86_64-unknown-linux-gnu/lib/libunwind-b68238b7c3c619dd.rlib" "/opt/rustwide/rustup-home/toolchains/beta-2023-04-20-x86_64-unknown-linux-gnu/lib/rustlib/x86_64-unknown-linux-gnu/lib/libcfg_if-d5e213e896c017e4.rlib" "/opt/rustwide/rustup-home/toolchains/beta-2023-04-20-x86_64-unknown-linux-gnu/lib/rustlib/x86_64-unknown-linux-gnu/lib/liblibc-0211a3b2e61d8689.rlib" "/opt/rustwide/rustup-home/toolchains/beta-2023-04-20-x86_64-unknown-linux-gnu/lib/rustlib/x86_64-unknown-linux-gnu/lib/liballoc-b371f055239ba51f.rlib" "/opt/rustwide/rustup-home/toolchains/beta-2023-04-20-x86_64-unknown-linux-gnu/lib/rustlib/x86_64-unknown-linux-gnu/lib/librustc_std_workspace_core-e60518d2760eb01e.rlib" "/opt/rustwide/rustup-home/toolchains/beta-2023-04-20-x86_64-unknown-linux-gnu/lib/rustlib/x86_64-unknown-linux-gnu/lib/libcore-1ad943f92a4b1081.rlib" "/opt/rustwide/rustup-home/toolchains/beta-2023-04-20-x86_64-unknown-linux-gnu/lib/rustlib/x86_64-unknown-linux-gnu/lib/libcompiler_builtins-f0d6e4d0fc1e80b4.rlib" "-Wl,-Bdynamic" "-lgcc_s" "-lutil" "-lrt" "-lpthread" "-lm" "-ldl" "-lc" "-Wl,--eh-frame-hdr" "-Wl,-z,noexecstack" "-L" "/opt/rustwide/rustup-home/toolchains/beta-2023-04-20-x86_64-unknown-linux-gnu/lib/rustlib/x86_64-unknown-linux-gnu/lib" "-o" "/opt/rustwide/target/debug/build/libc-397432efde19b548/build_script_build-397432efde19b548" "-Wl,--gc-sections" "-pie" "-Wl,-z,relro,-z,now" "-nodefaultlibs"
[INFO] [stdout]   = note: /usr/bin/ld: final link failed: No space left on device
[INFO] [stdout]           collect2: error: ld returned 1 exit status
[INFO] [stdout]           
[INFO] [stdout] 
[INFO] [stdout] 
[INFO] [stdout] error: aborting due to previous error
[INFO] [stdout] 
[INFO] [stdout] 
[INFO] [stderr]    Compiling generic-array v0.14.5
[INFO] [stderr] error: could not compile `libc` (build script) due to 2 previous errors
[INFO] [stderr] warning: build failed, waiting for other jobs to finish...
[INFO] [stderr] LLVM ERROR: IO failure on output stream: No space left on device
[INFO] [stderr] LLVM ERROR: IO failure on output stream: No space left on device
[INFO] [stderr] LLVM ERROR: IO failure on output stream: No space left on device
[INFO] [stderr] error: could not parse/generate dep info at: /opt/rustwide/target/debug/deps/futures_core-d1730be2cbe00ddb.d
[INFO] [stderr] 
[INFO] [stderr] Caused by:
[INFO] [stderr]   failed to write `/opt/rustwide/target/debug/.fingerprint/futures-core-d1730be2cbe00ddb/dep-lib-futures-core`
[INFO] [stderr] 
[INFO] [stderr] Caused by:
[INFO] [stderr]   No space left on device (os error 28)
[INFO] [stderr] LLVM ERROR: IO failure on output stream: No space left on device
[INFO] [stderr] error: could not compile `autocfg` (lib)
[INFO] [stderr] error: could not compile `pkg-config` (lib)
[INFO] [stderr] error: could not compile `serde` (build script)
[INFO] [stderr] error: could not compile `typenum` (build script)
[INFO] [stdout] error: couldn't create a temp dir: No space left on device (os error 28) at path "/opt/rustwide/target/debug/deps/rmetaGF6b3p"
[INFO] [stdout] 
[INFO] [stdout] 
[INFO] [stdout] error: linking with `cc` failed: exit status: 1
[INFO] [stdout]   |
[INFO] [stdout]   = note: LC_ALL="C" PATH="/opt/rustwide/rustup-home/toolchains/beta-2023-04-20-x86_64-unknown-linux-gnu/lib/rustlib/x86_64-unknown-linux-gnu/bin:/opt/rustwide/cargo-home/bin:/usr/local/sbin:/usr/local/bin:/usr/sbin:/usr/bin:/sbin:/bin" VSLANG="1033" "cc" "-m64" "/tmp/rustc0VXsKo/symbols.o" "/opt/rustwide/target/debug/build/parking_lot_core-68eb040c2a32a6a9/build_script_build-68eb040c2a32a6a9.build_script_build.51b2c410-cgu.0.rcgu.o" "/opt/rustwide/target/debug/build/parking_lot_core-68eb040c2a32a6a9/build_script_build-68eb040c2a32a6a9.build_script_build.51b2c410-cgu.1.rcgu.o" "/opt/rustwide/target/debug/build/parking_lot_core-68eb040c2a32a6a9/build_script_build-68eb040c2a32a6a9.build_script_build.51b2c410-cgu.10.rcgu.o" "/opt/rustwide/target/debug/build/parking_lot_core-68eb040c2a32a6a9/build_script_build-68eb040c2a32a6a9.build_script_build.51b2c410-cgu.11.rcgu.o" "/opt/rustwide/target/debug/build/parking_lot_core-68eb040c2a32a6a9/build_script_build-68eb040c2a32a6a9.build_script_build.51b2c410-cgu.12.rcgu.o" "/opt/rustwide/target/debug/build/parking_lot_core-68eb040c2a32a6a9/build_script_build-68eb040c2a32a6a9.build_script_build.51b2c410-cgu.13.rcgu.o" "/opt/rustwide/target/debug/build/parking_lot_core-68eb040c2a32a6a9/build_script_build-68eb040c2a32a6a9.build_script_build.51b2c410-cgu.14.rcgu.o" "/opt/rustwide/target/debug/build/parking_lot_core-68eb040c2a32a6a9/build_script_build-68eb040c2a32a6a9.build_script_build.51b2c410-cgu.15.rcgu.o" "/opt/rustwide/target/debug/build/parking_lot_core-68eb040c2a32a6a9/build_script_build-68eb040c2a32a6a9.build_script_build.51b2c410-cgu.2.rcgu.o" "/opt/rustwide/target/debug/build/parking_lot_core-68eb040c2a32a6a9/build_script_build-68eb040c2a32a6a9.build_script_build.51b2c410-cgu.3.rcgu.o" "/opt/rustwide/target/debug/build/parking_lot_core-68eb040c2a32a6a9/build_script_build-68eb040c2a32a6a9.build_script_build.51b2c410-cgu.4.rcgu.o" "/opt/rustwide/target/debug/build/parking_lot_core-68eb040c2a32a6a9/build_script_build-68eb040c2a32a6a9.build_script_build.51b2c410-cgu.5.rcgu.o" "/opt/rustwide/target/debug/build/parking_lot_core-68eb040c2a32a6a9/build_script_build-68eb040c2a32a6a9.build_script_build.51b2c410-cgu.6.rcgu.o" "/opt/rustwide/target/debug/build/parking_lot_core-68eb040c2a32a6a9/build_script_build-68eb040c2a32a6a9.build_script_build.51b2c410-cgu.7.rcgu.o" "/opt/rustwide/target/debug/build/parking_lot_core-68eb040c2a32a6a9/build_script_build-68eb040c2a32a6a9.build_script_build.51b2c410-cgu.8.rcgu.o" "/opt/rustwide/target/debug/build/parking_lot_core-68eb040c2a32a6a9/build_script_build-68eb040c2a32a6a9.build_script_build.51b2c410-cgu.9.rcgu.o" "/opt/rustwide/target/debug/build/parking_lot_core-68eb040c2a32a6a9/build_script_build-68eb040c2a32a6a9.3zo3t8wzcm1shbzj.rcgu.o" "-Wl,--as-needed" "-L" "/opt/rustwide/target/debug/deps" "-L" "/opt/rustwide/rustup-home/toolchains/beta-2023-04-20-x86_64-unknown-linux-gnu/lib/rustlib/x86_64-unknown-linux-gnu/lib" "-Wl,-Bstatic" "/opt/rustwide/rustup-home/toolchains/beta-2023-04-20-x86_64-unknown-linux-gnu/lib/rustlib/x86_64-unknown-linux-gnu/lib/libstd-0e29cc23c5e02021.rlib" "/opt/rustwide/rustup-home/toolchains/beta-2023-04-20-x86_64-unknown-linux-gnu/lib/rustlib/x86_64-unknown-linux-gnu/lib/libpanic_unwind-d903621768a861d9.rlib" "/opt/rustwide/rustup-home/toolchains/beta-2023-04-20-x86_64-unknown-linux-gnu/lib/rustlib/x86_64-unknown-linux-gnu/lib/libobject-6d0225e655f31c13.rlib" "/opt/rustwide/rustup-home/toolchains/beta-2023-04-20-x86_64-unknown-linux-gnu/lib/rustlib/x86_64-unknown-linux-gnu/lib/libmemchr-9dbaf4eac7eaa079.rlib" "/opt/rustwide/rustup-home/toolchains/beta-2023-04-20-x86_64-unknown-linux-gnu/lib/rustlib/x86_64-unknown-linux-gnu/lib/libaddr2line-27f05b3d42a66dd0.rlib" "/opt/rustwide/rustup-home/toolchains/beta-2023-04-20-x86_64-unknown-linux-gnu/lib/rustlib/x86_64-unknown-linux-gnu/lib/libgimli-4d73f1030321c9a2.rlib" "/opt/rustwide/rustup-home/toolchains/beta-2023-04-20-x86_64-unknown-linux-gnu/lib/rustlib/x86_64-unknown-linux-gnu/lib/librustc_demangle-2846c9e58abd0acb.rlib" "/opt/rustwide/rustup-home/toolchains/beta-2023-04-20-x86_64-unknown-linux-gnu/lib/rustlib/x86_64-unknown-linux-gnu/lib/libstd_detect-a53d0f50415947be.rlib" "/opt/rustwide/rustup-home/toolchains/beta-2023-04-20-x86_64-unknown-linux-gnu/lib/rustlib/x86_64-unknown-linux-gnu/lib/libhashbrown-d48e4b6abc25b9dc.rlib" "/opt/rustwide/rustup-home/toolchains/beta-2023-04-20-x86_64-unknown-linux-gnu/lib/rustlib/x86_64-unknown-linux-gnu/lib/libminiz_oxide-2991859439ef1207.rlib" "/opt/rustwide/rustup-home/toolchains/beta-2023-04-20-x86_64-unknown-linux-gnu/lib/rustlib/x86_64-unknown-linux-gnu/lib/libadler-8a687517e4221bae.rlib" "/opt/rustwide/rustup-home/toolchains/beta-2023-04-20-x86_64-unknown-linux-gnu/lib/rustlib/x86_64-unknown-linux-gnu/lib/librustc_std_workspace_alloc-e07b554f6a67f5b3.rlib" "/opt/rustwide/rustup-home/toolchains/beta-2023-04-20-x86_64-unknown-linux-gnu/lib/rustlib/x86_64-unknown-linux-gnu/lib/libunwind-b68238b7c3c619dd.rlib" "/opt/rustwide/rustup-home/toolchains/beta-2023-04-20-x86_64-unknown-linux-gnu/lib/rustlib/x86_64-unknown-linux-gnu/lib/libcfg_if-d5e213e896c017e4.rlib" "/opt/rustwide/rustup-home/toolchains/beta-2023-04-20-x86_64-unknown-linux-gnu/lib/rustlib/x86_64-unknown-linux-gnu/lib/liblibc-0211a3b2e61d8689.rlib" "/opt/rustwide/rustup-home/toolchains/beta-2023-04-20-x86_64-unknown-linux-gnu/lib/rustlib/x86_64-unknown-linux-gnu/lib/liballoc-b371f055239ba51f.rlib" "/opt/rustwide/rustup-home/toolchains/beta-2023-04-20-x86_64-unknown-linux-gnu/lib/rustlib/x86_64-unknown-linux-gnu/lib/librustc_std_workspace_core-e60518d2760eb01e.rlib" "/opt/rustwide/rustup-home/toolchains/beta-2023-04-20-x86_64-unknown-linux-gnu/lib/rustlib/x86_64-unknown-linux-gnu/lib/libcore-1ad943f92a4b1081.rlib" "/opt/rustwide/rustup-home/toolchains/beta-2023-04-20-x86_64-unknown-linux-gnu/lib/rustlib/x86_64-unknown-linux-gnu/lib/libcompiler_builtins-f0d6e4d0fc1e80b4.rlib" "-Wl,-Bdynamic" "-lgcc_s" "-lutil" "-lrt" "-lpthread" "-lm" "-ldl" "-lc" "-Wl,--eh-frame-hdr" "-Wl,-z,noexecstack" "-L" "/opt/rustwide/rustup-home/toolchains/beta-2023-04-20-x86_64-unknown-linux-gnu/lib/rustlib/x86_64-unknown-linux-gnu/lib" "-o" "/opt/rustwide/target/debug/build/parking_lot_core-68eb040c2a32a6a9/build_script_build-68eb040c2a32a6a9" "-Wl,--gc-sections" "-pie" "-Wl,-z,relro,-z,now" "-nodefaultlibs"
[INFO] [stdout]   = note: /usr/bin/ld: final link failed: No space left on device
[INFO] [stdout]           collect2: error: ld returned 1 exit status
[INFO] [stdout]           
[INFO] [stdout] 
[INFO] [stdout] 
[INFO] [stderr] error: could not compile `parking_lot_core` (build script) due to previous error
[INFO] [stdout] error: linking with `cc` failed: exit status: 1
[INFO] [stdout]   |
[INFO] [stdout]   = note: LC_ALL="C" PATH="/opt/rustwide/rustup-home/toolchains/beta-2023-04-20-x86_64-unknown-linux-gnu/lib/rustlib/x86_64-unknown-linux-gnu/bin:/opt/rustwide/cargo-home/bin:/usr/local/sbin:/usr/local/bin:/usr/sbin:/usr/bin:/sbin:/bin" VSLANG="1033" "cc" "-m64" "/tmp/rustcyRvL18/symbols.o" "/opt/rustwide/target/debug/build/proc-macro2-dc1d9d2ab463e3e6/build_script_build-dc1d9d2ab463e3e6.build_script_build.6b4ac260-cgu.0.rcgu.o" "/opt/rustwide/target/debug/build/proc-macro2-dc1d9d2ab463e3e6/build_script_build-dc1d9d2ab463e3e6.build_script_build.6b4ac260-cgu.1.rcgu.o" "/opt/rustwide/target/debug/build/proc-macro2-dc1d9d2ab463e3e6/build_script_build-dc1d9d2ab463e3e6.build_script_build.6b4ac260-cgu.10.rcgu.o" "/opt/rustwide/target/debug/build/proc-macro2-dc1d9d2ab463e3e6/build_script_build-dc1d9d2ab463e3e6.build_script_build.6b4ac260-cgu.11.rcgu.o" "/opt/rustwide/target/debug/build/proc-macro2-dc1d9d2ab463e3e6/build_script_build-dc1d9d2ab463e3e6.build_script_build.6b4ac260-cgu.12.rcgu.o" "/opt/rustwide/target/debug/build/proc-macro2-dc1d9d2ab463e3e6/build_script_build-dc1d9d2ab463e3e6.build_script_build.6b4ac260-cgu.13.rcgu.o" "/opt/rustwide/target/debug/build/proc-macro2-dc1d9d2ab463e3e6/build_script_build-dc1d9d2ab463e3e6.build_script_build.6b4ac260-cgu.14.rcgu.o" "/opt/rustwide/target/debug/build/proc-macro2-dc1d9d2ab463e3e6/build_script_build-dc1d9d2ab463e3e6.build_script_build.6b4ac260-cgu.15.rcgu.o" "/opt/rustwide/target/debug/build/proc-macro2-dc1d9d2ab463e3e6/build_script_build-dc1d9d2ab463e3e6.build_script_build.6b4ac260-cgu.2.rcgu.o" "/opt/rustwide/target/debug/build/proc-macro2-dc1d9d2ab463e3e6/build_script_build-dc1d9d2ab463e3e6.build_script_build.6b4ac260-cgu.3.rcgu.o" "/opt/rustwide/target/debug/build/proc-macro2-dc1d9d2ab463e3e6/build_script_build-dc1d9d2ab463e3e6.build_script_build.6b4ac260-cgu.4.rcgu.o" "/opt/rustwide/target/debug/build/proc-macro2-dc1d9d2ab463e3e6/build_script_build-dc1d9d2ab463e3e6.build_script_build.6b4ac260-cgu.5.rcgu.o" "/opt/rustwide/target/debug/build/proc-macro2-dc1d9d2ab463e3e6/build_script_build-dc1d9d2ab463e3e6.build_script_build.6b4ac260-cgu.6.rcgu.o" "/opt/rustwide/target/debug/build/proc-macro2-dc1d9d2ab463e3e6/build_script_build-dc1d9d2ab463e3e6.build_script_build.6b4ac260-cgu.7.rcgu.o" "/opt/rustwide/target/debug/build/proc-macro2-dc1d9d2ab463e3e6/build_script_build-dc1d9d2ab463e3e6.build_script_build.6b4ac260-cgu.8.rcgu.o" "/opt/rustwide/target/debug/build/proc-macro2-dc1d9d2ab463e3e6/build_script_build-dc1d9d2ab463e3e6.build_script_build.6b4ac260-cgu.9.rcgu.o" "/opt/rustwide/target/debug/build/proc-macro2-dc1d9d2ab463e3e6/build_script_build-dc1d9d2ab463e3e6.56qsui4clc6z9vfz.rcgu.o" "-Wl,--as-needed" "-L" "/opt/rustwide/target/debug/deps" "-L" "/opt/rustwide/rustup-home/toolchains/beta-2023-04-20-x86_64-unknown-linux-gnu/lib/rustlib/x86_64-unknown-linux-gnu/lib" "-Wl,-Bstatic" "/opt/rustwide/rustup-home/toolchains/beta-2023-04-20-x86_64-unknown-linux-gnu/lib/rustlib/x86_64-unknown-linux-gnu/lib/libstd-0e29cc23c5e02021.rlib" "/opt/rustwide/rustup-home/toolchains/beta-2023-04-20-x86_64-unknown-linux-gnu/lib/rustlib/x86_64-unknown-linux-gnu/lib/libpanic_unwind-d903621768a861d9.rlib" "/opt/rustwide/rustup-home/toolchains/beta-2023-04-20-x86_64-unknown-linux-gnu/lib/rustlib/x86_64-unknown-linux-gnu/lib/libobject-6d0225e655f31c13.rlib" "/opt/rustwide/rustup-home/toolchains/beta-2023-04-20-x86_64-unknown-linux-gnu/lib/rustlib/x86_64-unknown-linux-gnu/lib/libmemchr-9dbaf4eac7eaa079.rlib" "/opt/rustwide/rustup-home/toolchains/beta-2023-04-20-x86_64-unknown-linux-gnu/lib/rustlib/x86_64-unknown-linux-gnu/lib/libaddr2line-27f05b3d42a66dd0.rlib" "/opt/rustwide/rustup-home/toolchains/beta-2023-04-20-x86_64-unknown-linux-gnu/lib/rustlib/x86_64-unknown-linux-gnu/lib/libgimli-4d73f1030321c9a2.rlib" "/opt/rustwide/rustup-home/toolchains/beta-2023-04-20-x86_64-unknown-linux-gnu/lib/rustlib/x86_64-unknown-linux-gnu/lib/librustc_demangle-2846c9e58abd0acb.rlib" "/opt/rustwide/rustup-home/toolchains/beta-2023-04-20-x86_64-unknown-linux-gnu/lib/rustlib/x86_64-unknown-linux-gnu/lib/libstd_detect-a53d0f50415947be.rlib" "/opt/rustwide/rustup-home/toolchains/beta-2023-04-20-x86_64-unknown-linux-gnu/lib/rustlib/x86_64-unknown-linux-gnu/lib/libhashbrown-d48e4b6abc25b9dc.rlib" "/opt/rustwide/rustup-home/toolchains/beta-2023-04-20-x86_64-unknown-linux-gnu/lib/rustlib/x86_64-unknown-linux-gnu/lib/libminiz_oxide-2991859439ef1207.rlib" "/opt/rustwide/rustup-home/toolchains/beta-2023-04-20-x86_64-unknown-linux-gnu/lib/rustlib/x86_64-unknown-linux-gnu/lib/libadler-8a687517e4221bae.rlib" "/opt/rustwide/rustup-home/toolchains/beta-2023-04-20-x86_64-unknown-linux-gnu/lib/rustlib/x86_64-unknown-linux-gnu/lib/librustc_std_workspace_alloc-e07b554f6a67f5b3.rlib" "/opt/rustwide/rustup-home/toolchains/beta-2023-04-20-x86_64-unknown-linux-gnu/lib/rustlib/x86_64-unknown-linux-gnu/lib/libunwind-b68238b7c3c619dd.rlib" "/opt/rustwide/rustup-home/toolchains/beta-2023-04-20-x86_64-unknown-linux-gnu/lib/rustlib/x86_64-unknown-linux-gnu/lib/libcfg_if-d5e213e896c017e4.rlib" "/opt/rustwide/rustup-home/toolchains/beta-2023-04-20-x86_64-unknown-linux-gnu/lib/rustlib/x86_64-unknown-linux-gnu/lib/liblibc-0211a3b2e61d8689.rlib" "/opt/rustwide/rustup-home/toolchains/beta-2023-04-20-x86_64-unknown-linux-gnu/lib/rustlib/x86_64-unknown-linux-gnu/lib/liballoc-b371f055239ba51f.rlib" "/opt/rustwide/rustup-home/toolchains/beta-2023-04-20-x86_64-unknown-linux-gnu/lib/rustlib/x86_64-unknown-linux-gnu/lib/librustc_std_workspace_core-e60518d2760eb01e.rlib" "/opt/rustwide/rustup-home/toolchains/beta-2023-04-20-x86_64-unknown-linux-gnu/lib/rustlib/x86_64-unknown-linux-gnu/lib/libcore-1ad943f92a4b1081.rlib" "/opt/rustwide/rustup-home/toolchains/beta-2023-04-20-x86_64-unknown-linux-gnu/lib/rustlib/x86_64-unknown-linux-gnu/lib/libcompiler_builtins-f0d6e4d0fc1e80b4.rlib" "-Wl,-Bdynamic" "-lgcc_s" "-lutil" "-lrt" "-lpthread" "-lm" "-ldl" "-lc" "-Wl,--eh-frame-hdr" "-Wl,-z,noexecstack" "-L" "/opt/rustwide/rustup-home/toolchains/beta-2023-04-20-x86_64-unknown-linux-gnu/lib/rustlib/x86_64-unknown-linux-gnu/lib" "-o" "/opt/rustwide/target/debug/build/proc-macro2-dc1d9d2ab463e3e6/build_script_build-dc1d9d2ab463e3e6" "-Wl,--gc-sections" "-pie" "-Wl,-z,relro,-z,now" "-nodefaultlibs"
[INFO] [stdout]   = note: /usr/bin/ld: final link failed: No space left on device
[INFO] [stdout]           collect2: error: ld returned 1 exit status
[INFO] [stdout]           
[INFO] [stdout] 
[INFO] [stdout] 
[INFO] [stdout] error: couldn't create a temp dir: No space left on device (os error 28) at path "/opt/rustwide/target/debug/build/log-67ca675c29db00de/rmetajBKTFL"
[INFO] [stdout] 
[INFO] [stdout] 
[INFO] [stderr] error: could not compile `log` (build script) due to previous error
[INFO] [stderr] error: could not compile `bytes` (lib) due to previous error
[INFO] [stderr] error: could not compile `proc-macro2` (build script) due to previous error
[INFO] [stdout] error: couldn't create a temp dir: No space left on device (os error 28) at path "/opt/rustwide/target/debug/build/generic-array-0479970955c2efdf/rmetaIOUqKA"
[INFO] [stdout] 
[INFO] [stdout] 
[INFO] [stderr] error: could not compile `generic-array` (build script) due to previous error
[INFO] [stdout] error: linking with `cc` failed: exit status: 1
[INFO] [stdout]   |
[INFO] [stdout]   = note: LC_ALL="C" PATH="/opt/rustwide/rustup-home/toolchains/beta-2023-04-20-x86_64-unknown-linux-gnu/lib/rustlib/x86_64-unknown-linux-gnu/bin:/opt/rustwide/cargo-home/bin:/usr/local/sbin:/usr/local/bin:/usr/sbin:/usr/bin:/sbin:/bin" VSLANG="1033" "cc" "-m64" "/tmp/rustc0sSrCT/symbols.o" "/opt/rustwide/target/debug/build/serde_derive-190a0245c5f794aa/build_script_build-190a0245c5f794aa.build_script_build.15a9d913-cgu.0.rcgu.o" "/opt/rustwide/target/debug/build/serde_derive-190a0245c5f794aa/build_script_build-190a0245c5f794aa.build_script_build.15a9d913-cgu.1.rcgu.o" "/opt/rustwide/target/debug/build/serde_derive-190a0245c5f794aa/build_script_build-190a0245c5f794aa.build_script_build.15a9d913-cgu.10.rcgu.o" "/opt/rustwide/target/debug/build/serde_derive-190a0245c5f794aa/build_script_build-190a0245c5f794aa.build_script_build.15a9d913-cgu.11.rcgu.o" "/opt/rustwide/target/debug/build/serde_derive-190a0245c5f794aa/build_script_build-190a0245c5f794aa.build_script_build.15a9d913-cgu.12.rcgu.o" "/opt/rustwide/target/debug/build/serde_derive-190a0245c5f794aa/build_script_build-190a0245c5f794aa.build_script_build.15a9d913-cgu.13.rcgu.o" "/opt/rustwide/target/debug/build/serde_derive-190a0245c5f794aa/build_script_build-190a0245c5f794aa.build_script_build.15a9d913-cgu.14.rcgu.o" "/opt/rustwide/target/debug/build/serde_derive-190a0245c5f794aa/build_script_build-190a0245c5f794aa.build_script_build.15a9d913-cgu.15.rcgu.o" "/opt/rustwide/target/debug/build/serde_derive-190a0245c5f794aa/build_script_build-190a0245c5f794aa.build_script_build.15a9d913-cgu.2.rcgu.o" "/opt/rustwide/target/debug/build/serde_derive-190a0245c5f794aa/build_script_build-190a0245c5f794aa.build_script_build.15a9d913-cgu.3.rcgu.o" "/opt/rustwide/target/debug/build/serde_derive-190a0245c5f794aa/build_script_build-190a0245c5f794aa.build_script_build.15a9d913-cgu.4.rcgu.o" "/opt/rustwide/target/debug/build/serde_derive-190a0245c5f794aa/build_script_build-190a0245c5f794aa.build_script_build.15a9d913-cgu.5.rcgu.o" "/opt/rustwide/target/debug/build/serde_derive-190a0245c5f794aa/build_script_build-190a0245c5f794aa.build_script_build.15a9d913-cgu.6.rcgu.o" "/opt/rustwide/target/debug/build/serde_derive-190a0245c5f794aa/build_script_build-190a0245c5f794aa.build_script_build.15a9d913-cgu.7.rcgu.o" "/opt/rustwide/target/debug/build/serde_derive-190a0245c5f794aa/build_script_build-190a0245c5f794aa.build_script_build.15a9d913-cgu.8.rcgu.o" "/opt/rustwide/target/debug/build/serde_derive-190a0245c5f794aa/build_script_build-190a0245c5f794aa.build_script_build.15a9d913-cgu.9.rcgu.o" "/opt/rustwide/target/debug/build/serde_derive-190a0245c5f794aa/build_script_build-190a0245c5f794aa.2jzp70aicqnc55wg.rcgu.o" "-Wl,--as-needed" "-L" "/opt/rustwide/target/debug/deps" "-L" "/opt/rustwide/rustup-home/toolchains/beta-2023-04-20-x86_64-unknown-linux-gnu/lib/rustlib/x86_64-unknown-linux-gnu/lib" "-Wl,-Bstatic" "/opt/rustwide/rustup-home/toolchains/beta-2023-04-20-x86_64-unknown-linux-gnu/lib/rustlib/x86_64-unknown-linux-gnu/lib/libstd-0e29cc23c5e02021.rlib" "/opt/rustwide/rustup-home/toolchains/beta-2023-04-20-x86_64-unknown-linux-gnu/lib/rustlib/x86_64-unknown-linux-gnu/lib/libpanic_unwind-d903621768a861d9.rlib" "/opt/rustwide/rustup-home/toolchains/beta-2023-04-20-x86_64-unknown-linux-gnu/lib/rustlib/x86_64-unknown-linux-gnu/lib/libobject-6d0225e655f31c13.rlib" "/opt/rustwide/rustup-home/toolchains/beta-2023-04-20-x86_64-unknown-linux-gnu/lib/rustlib/x86_64-unknown-linux-gnu/lib/libmemchr-9dbaf4eac7eaa079.rlib" "/opt/rustwide/rustup-home/toolchains/beta-2023-04-20-x86_64-unknown-linux-gnu/lib/rustlib/x86_64-unknown-linux-gnu/lib/libaddr2line-27f05b3d42a66dd0.rlib" "/opt/rustwide/rustup-home/toolchains/beta-2023-04-20-x86_64-unknown-linux-gnu/lib/rustlib/x86_64-unknown-linux-gnu/lib/libgimli-4d73f1030321c9a2.rlib" "/opt/rustwide/rustup-home/toolchains/beta-2023-04-20-x86_64-unknown-linux-gnu/lib/rustlib/x86_64-unknown-linux-gnu/lib/librustc_demangle-2846c9e58abd0acb.rlib" "/opt/rustwide/rustup-home/toolchains/beta-2023-04-20-x86_64-unknown-linux-gnu/lib/rustlib/x86_64-unknown-linux-gnu/lib/libstd_detect-a53d0f50415947be.rlib" "/opt/rustwide/rustup-home/toolchains/beta-2023-04-20-x86_64-unknown-linux-gnu/lib/rustlib/x86_64-unknown-linux-gnu/lib/libhashbrown-d48e4b6abc25b9dc.rlib" "/opt/rustwide/rustup-home/toolchains/beta-2023-04-20-x86_64-unknown-linux-gnu/lib/rustlib/x86_64-unknown-linux-gnu/lib/libminiz_oxide-2991859439ef1207.rlib" "/opt/rustwide/rustup-home/toolchains/beta-2023-04-20-x86_64-unknown-linux-gnu/lib/rustlib/x86_64-unknown-linux-gnu/lib/libadler-8a687517e4221bae.rlib" "/opt/rustwide/rustup-home/toolchains/beta-2023-04-20-x86_64-unknown-linux-gnu/lib/rustlib/x86_64-unknown-linux-gnu/lib/librustc_std_workspace_alloc-e07b554f6a67f5b3.rlib" "/opt/rustwide/rustup-home/toolchains/beta-2023-04-20-x86_64-unknown-linux-gnu/lib/rustlib/x86_64-unknown-linux-gnu/lib/libunwind-b68238b7c3c619dd.rlib" "/opt/rustwide/rustup-home/toolchains/beta-2023-04-20-x86_64-unknown-linux-gnu/lib/rustlib/x86_64-unknown-linux-gnu/lib/libcfg_if-d5e213e896c017e4.rlib" "/opt/rustwide/rustup-home/toolchains/beta-2023-04-20-x86_64-unknown-linux-gnu/lib/rustlib/x86_64-unknown-linux-gnu/lib/liblibc-0211a3b2e61d8689.rlib" "/opt/rustwide/rustup-home/toolchains/beta-2023-04-20-x86_64-unknown-linux-gnu/lib/rustlib/x86_64-unknown-linux-gnu/lib/liballoc-b371f055239ba51f.rlib" "/opt/rustwide/rustup-home/toolchains/beta-2023-04-20-x86_64-unknown-linux-gnu/lib/rustlib/x86_64-unknown-linux-gnu/lib/librustc_std_workspace_core-e60518d2760eb01e.rlib" "/opt/rustwide/rustup-home/toolchains/beta-2023-04-20-x86_64-unknown-linux-gnu/lib/rustlib/x86_64-unknown-linux-gnu/lib/libcore-1ad943f92a4b1081.rlib" "/opt/rustwide/rustup-home/toolchains/beta-2023-04-20-x86_64-unknown-linux-gnu/lib/rustlib/x86_64-unknown-linux-gnu/lib/libcompiler_builtins-f0d6e4d0fc1e80b4.rlib" "-Wl,-Bdynamic" "-lgcc_s" "-lutil" "-lrt" "-lpthread" "-lm" "-ldl" "-lc" "-Wl,--eh-frame-hdr" "-Wl,-z,noexecstack" "-L" "/opt/rustwide/rustup-home/toolchains/beta-2023-04-20-x86_64-unknown-linux-gnu/lib/rustlib/x86_64-unknown-linux-gnu/lib" "-o" "/opt/rustwide/target/debug/build/serde_derive-190a0245c5f794aa/build_script_build-190a0245c5f794aa" "-Wl,--gc-sections" "-pie" "-Wl,-z,relro,-z,now" "-nodefaultlibs"
[INFO] [stdout]   = note: /usr/bin/ld: final link failed: No space left on device
[INFO] [stdout]           collect2: error: ld returned 1 exit status
[INFO] [stdout]           
[INFO] [stdout] 
[INFO] [stdout] 
[INFO] [stderr] error: could not compile `serde_derive` (build script) due to previous error
[INFO] [stdout] error: couldn't create a temp dir: No space left on device (os error 28) at path "/opt/rustwide/target/debug/deps/rmetaANq6UP"
[INFO] [stdout] 
[INFO] [stdout] 
[INFO] [stdout] error: linking with `cc` failed: exit status: 1
[INFO] [stdout]   |
[INFO] [stdout]   = note: LC_ALL="C" PATH="/opt/rustwide/rustup-home/toolchains/beta-2023-04-20-x86_64-unknown-linux-gnu/lib/rustlib/x86_64-unknown-linux-gnu/bin:/opt/rustwide/cargo-home/bin:/usr/local/sbin:/usr/local/bin:/usr/sbin:/usr/bin:/sbin:/bin" VSLANG="1033" "cc" "-m64" "/tmp/rustcIopv83/symbols.o" "/opt/rustwide/target/debug/build/futures-channel-41f6b8c5f728239a/build_script_build-41f6b8c5f728239a.build_script_build.00a97ba0-cgu.0.rcgu.o" "/opt/rustwide/target/debug/build/futures-channel-41f6b8c5f728239a/build_script_build-41f6b8c5f728239a.build_script_build.00a97ba0-cgu.1.rcgu.o" "/opt/rustwide/target/debug/build/futures-channel-41f6b8c5f728239a/build_script_build-41f6b8c5f728239a.build_script_build.00a97ba0-cgu.10.rcgu.o" "/opt/rustwide/target/debug/build/futures-channel-41f6b8c5f728239a/build_script_build-41f6b8c5f728239a.build_script_build.00a97ba0-cgu.11.rcgu.o" "/opt/rustwide/target/debug/build/futures-channel-41f6b8c5f728239a/build_script_build-41f6b8c5f728239a.build_script_build.00a97ba0-cgu.12.rcgu.o" "/opt/rustwide/target/debug/build/futures-channel-41f6b8c5f728239a/build_script_build-41f6b8c5f728239a.build_script_build.00a97ba0-cgu.13.rcgu.o" "/opt/rustwide/target/debug/build/futures-channel-41f6b8c5f728239a/build_script_build-41f6b8c5f728239a.build_script_build.00a97ba0-cgu.14.rcgu.o" "/opt/rustwide/target/debug/build/futures-channel-41f6b8c5f728239a/build_script_build-41f6b8c5f728239a.build_script_build.00a97ba0-cgu.15.rcgu.o" "/opt/rustwide/target/debug/build/futures-channel-41f6b8c5f728239a/build_script_build-41f6b8c5f728239a.build_script_build.00a97ba0-cgu.2.rcgu.o" "/opt/rustwide/target/debug/build/futures-channel-41f6b8c5f728239a/build_script_build-41f6b8c5f728239a.build_script_build.00a97ba0-cgu.3.rcgu.o" "/opt/rustwide/target/debug/build/futures-channel-41f6b8c5f728239a/build_script_build-41f6b8c5f728239a.build_script_build.00a97ba0-cgu.4.rcgu.o" "/opt/rustwide/target/debug/build/futures-channel-41f6b8c5f728239a/build_script_build-41f6b8c5f728239a.build_script_build.00a97ba0-cgu.5.rcgu.o" "/opt/rustwide/target/debug/build/futures-channel-41f6b8c5f728239a/build_script_build-41f6b8c5f728239a.build_script_build.00a97ba0-cgu.6.rcgu.o" "/opt/rustwide/target/debug/build/futures-channel-41f6b8c5f728239a/build_script_build-41f6b8c5f728239a.build_script_build.00a97ba0-cgu.7.rcgu.o" "/opt/rustwide/target/debug/build/futures-channel-41f6b8c5f728239a/build_script_build-41f6b8c5f728239a.build_script_build.00a97ba0-cgu.8.rcgu.o" "/opt/rustwide/target/debug/build/futures-channel-41f6b8c5f728239a/build_script_build-41f6b8c5f728239a.build_script_build.00a97ba0-cgu.9.rcgu.o" "/opt/rustwide/target/debug/build/futures-channel-41f6b8c5f728239a/build_script_build-41f6b8c5f728239a.3pk9o6vkym2du5rm.rcgu.o" "-Wl,--as-needed" "-L" "/opt/rustwide/target/debug/deps" "-L" "/opt/rustwide/rustup-home/toolchains/beta-2023-04-20-x86_64-unknown-linux-gnu/lib/rustlib/x86_64-unknown-linux-gnu/lib" "-Wl,-Bstatic" "/opt/rustwide/rustup-home/toolchains/beta-2023-04-20-x86_64-unknown-linux-gnu/lib/rustlib/x86_64-unknown-linux-gnu/lib/libstd-0e29cc23c5e02021.rlib" "/opt/rustwide/rustup-home/toolchains/beta-2023-04-20-x86_64-unknown-linux-gnu/lib/rustlib/x86_64-unknown-linux-gnu/lib/libpanic_unwind-d903621768a861d9.rlib" "/opt/rustwide/rustup-home/toolchains/beta-2023-04-20-x86_64-unknown-linux-gnu/lib/rustlib/x86_64-unknown-linux-gnu/lib/libobject-6d0225e655f31c13.rlib" "/opt/rustwide/rustup-home/toolchains/beta-2023-04-20-x86_64-unknown-linux-gnu/lib/rustlib/x86_64-unknown-linux-gnu/lib/libmemchr-9dbaf4eac7eaa079.rlib" "/opt/rustwide/rustup-home/toolchains/beta-2023-04-20-x86_64-unknown-linux-gnu/lib/rustlib/x86_64-unknown-linux-gnu/lib/libaddr2line-27f05b3d42a66dd0.rlib" "/opt/rustwide/rustup-home/toolchains/beta-2023-04-20-x86_64-unknown-linux-gnu/lib/rustlib/x86_64-unknown-linux-gnu/lib/libgimli-4d73f1030321c9a2.rlib" "/opt/rustwide/rustup-home/toolchains/beta-2023-04-20-x86_64-unknown-linux-gnu/lib/rustlib/x86_64-unknown-linux-gnu/lib/librustc_demangle-2846c9e58abd0acb.rlib" "/opt/rustwide/rustup-home/toolchains/beta-2023-04-20-x86_64-unknown-linux-gnu/lib/rustlib/x86_64-unknown-linux-gnu/lib/libstd_detect-a53d0f50415947be.rlib" "/opt/rustwide/rustup-home/toolchains/beta-2023-04-20-x86_64-unknown-linux-gnu/lib/rustlib/x86_64-unknown-linux-gnu/lib/libhashbrown-d48e4b6abc25b9dc.rlib" "/opt/rustwide/rustup-home/toolchains/beta-2023-04-20-x86_64-unknown-linux-gnu/lib/rustlib/x86_64-unknown-linux-gnu/lib/libminiz_oxide-2991859439ef1207.rlib" "/opt/rustwide/rustup-home/toolchains/beta-2023-04-20-x86_64-unknown-linux-gnu/lib/rustlib/x86_64-unknown-linux-gnu/lib/libadler-8a687517e4221bae.rlib" "/opt/rustwide/rustup-home/toolchains/beta-2023-04-20-x86_64-unknown-linux-gnu/lib/rustlib/x86_64-unknown-linux-gnu/lib/librustc_std_workspace_alloc-e07b554f6a67f5b3.rlib" "/opt/rustwide/rustup-home/toolchains/beta-2023-04-20-x86_64-unknown-linux-gnu/lib/rustlib/x86_64-unknown-linux-gnu/lib/libunwind-b68238b7c3c619dd.rlib" "/opt/rustwide/rustup-home/toolchains/beta-2023-04-20-x86_64-unknown-linux-gnu/lib/rustlib/x86_64-unknown-linux-gnu/lib/libcfg_if-d5e213e896c017e4.rlib" "/opt/rustwide/rustup-home/toolchains/beta-2023-04-20-x86_64-unknown-linux-gnu/lib/rustlib/x86_64-unknown-linux-gnu/lib/liblibc-0211a3b2e61d8689.rlib" "/opt/rustwide/rustup-home/toolchains/beta-2023-04-20-x86_64-unknown-linux-gnu/lib/rustlib/x86_64-unknown-linux-gnu/lib/liballoc-b371f055239ba51f.rlib" "/opt/rustwide/rustup-home/toolchains/beta-2023-04-20-x86_64-unknown-linux-gnu/lib/rustlib/x86_64-unknown-linux-gnu/lib/librustc_std_workspace_core-e60518d2760eb01e.rlib" "/opt/rustwide/rustup-home/toolchains/beta-2023-04-20-x86_64-unknown-linux-gnu/lib/rustlib/x86_64-unknown-linux-gnu/lib/libcore-1ad943f92a4b1081.rlib" "/opt/rustwide/rustup-home/toolchains/beta-2023-04-20-x86_64-unknown-linux-gnu/lib/rustlib/x86_64-unknown-linux-gnu/lib/libcompiler_builtins-f0d6e4d0fc1e80b4.rlib" "-Wl,-Bdynamic" "-lgcc_s" "-lutil" "-lrt" "-lpthread" "-lm" "-ldl" "-lc" "-Wl,--eh-frame-hdr" "-Wl,-z,noexecstack" "-L" "/opt/rustwide/rustup-home/toolchains/beta-2023-04-20-x86_64-unknown-linux-gnu/lib/rustlib/x86_64-unknown-linux-gnu/lib" "-o" "/opt/rustwide/target/debug/build/futures-channel-41f6b8c5f728239a/build_script_build-41f6b8c5f728239a" "-Wl,--gc-sections" "-pie" "-Wl,-z,relro,-z,now" "-nodefaultlibs"
[INFO] [stdout]   = note: /usr/bin/ld: final link failed: No space left on device
[INFO] [stdout]           collect2: error: ld returned 1 exit status
[INFO] [stdout]           
[INFO] [stdout] 
[INFO] [stdout] 
[INFO] [stderr] error: could not compile `log` (lib) due to previous error
[INFO] [stderr] error: could not compile `futures-channel` (build script) due to previous error
[INFO] running `Command { std: "docker" "inspect" "9e349aa8032024b493fa27133a3ac07f98dabd54f703956ada04cf7134ca13a0", kill_on_drop: false }`
[INFO] running `Command { std: "docker" "rm" "-f" "9e349aa8032024b493fa27133a3ac07f98dabd54f703956ada04cf7134ca13a0", kill_on_drop: false }`
[INFO] [stdout] 9e349aa8032024b493fa27133a3ac07f98dabd54f703956ada04cf7134ca13a0
