[INFO] cloning repository https://github.com/kaa-it/test_hello
[INFO] running `Command { std: "git" "-c" "credential.helper=" "-c" "credential.helper=/workspace/cargo-home/bin/git-credential-null" "clone" "--bare" "https://github.com/kaa-it/test_hello" "/workspace/cache/git-repos/https%3A%2F%2Fgithub.com%2Fkaa-it%2Ftest_hello", kill_on_drop: false }`
[INFO] [stderr] Cloning into bare repository '/workspace/cache/git-repos/https%3A%2F%2Fgithub.com%2Fkaa-it%2Ftest_hello'...
[INFO] running `Command { std: "git" "rev-parse" "HEAD", kill_on_drop: false }`
[INFO] [stdout] 872b849f1cc72a479d63a600a58f1856b8eff50a
[INFO] documenting kaa-it/test_hello against beta-2023-04-20 for beta-1.70-rustdoc-1
[INFO] running `Command { std: "git" "clone" "/workspace/cache/git-repos/https%3A%2F%2Fgithub.com%2Fkaa-it%2Ftest_hello" "/workspace/builds/worker-1-tc2/source", kill_on_drop: false }`
[INFO] [stderr] Cloning into '/workspace/builds/worker-1-tc2/source'...
[INFO] [stderr] done.
[INFO] validating manifest of git repo https://github.com/kaa-it/test_hello on toolchain beta-2023-04-20
[INFO] running `Command { std: CARGO_HOME="/workspace/cargo-home" RUSTUP_HOME="/workspace/rustup-home" "/workspace/cargo-home/bin/cargo" "+beta-2023-04-20" "metadata" "--manifest-path" "Cargo.toml" "--no-deps", kill_on_drop: false }`
[INFO] started tweaking git repo https://github.com/kaa-it/test_hello
[INFO] finished tweaking git repo https://github.com/kaa-it/test_hello
[INFO] tweaked toml for git repo https://github.com/kaa-it/test_hello written to /workspace/builds/worker-1-tc2/source/Cargo.toml
[INFO] crate git repo https://github.com/kaa-it/test_hello already has a lockfile, it will not be regenerated
[INFO] running `Command { std: CARGO_HOME="/workspace/cargo-home" RUSTUP_HOME="/workspace/rustup-home" "/workspace/cargo-home/bin/cargo" "+beta-2023-04-20" "fetch" "--manifest-path" "Cargo.toml", kill_on_drop: false }`
[INFO] [stderr]     Updating crates.io index
[INFO] [stderr]  Downloading crates ...
[INFO] [stderr]   Downloaded criterion-stats v0.1.3
[INFO] [stderr]   Downloaded cast v0.1.0
[INFO] [stderr]   Downloaded criterion-plot v0.1.3
[INFO] [stderr]   Downloaded simplelog v0.4.4
[INFO] [stderr]   Downloaded criterion v0.1.2
[INFO] [stderr]   Downloaded afl v0.8.0
[INFO] running `Command { std: "docker" "create" "-v" "/var/lib/crater-agent-workspace/builds/worker-1-tc2/target:/opt/rustwide/target:rw,Z" "-v" "/var/lib/crater-agent-workspace/builds/worker-1-tc2/source:/opt/rustwide/workdir:ro,Z" "-v" "/var/lib/crater-agent-workspace/cargo-home:/opt/rustwide/cargo-home:ro,Z" "-v" "/var/lib/crater-agent-workspace/rustup-home:/opt/rustwide/rustup-home:ro,Z" "-e" "SOURCE_DIR=/opt/rustwide/workdir" "-e" "CARGO_TARGET_DIR=/opt/rustwide/target" "-e" "CARGO_HOME=/opt/rustwide/cargo-home" "-e" "RUSTUP_HOME=/opt/rustwide/rustup-home" "-w" "/opt/rustwide/workdir" "-m" "1610612736" "--user" "0:0" "--network" "none" "ghcr.io/rust-lang/crates-build-env/linux@sha256:5ff2268d62e97bff2cde7d5815dd6ed5b47097566f13b8d0ca110b04b60e07ed" "/opt/rustwide/cargo-home/bin/cargo" "+beta-2023-04-20" "metadata" "--no-deps" "--format-version=1", kill_on_drop: false }`
[INFO] [stdout] a3d0a9b29a84beaa887852a133e19bc06fa3efecbe87f1a43e7fee6d0a5b39fa
[INFO] running `Command { std: "docker" "start" "-a" "a3d0a9b29a84beaa887852a133e19bc06fa3efecbe87f1a43e7fee6d0a5b39fa", kill_on_drop: false }`
[INFO] running `Command { std: "docker" "inspect" "a3d0a9b29a84beaa887852a133e19bc06fa3efecbe87f1a43e7fee6d0a5b39fa", kill_on_drop: false }`
[INFO] running `Command { std: "docker" "rm" "-f" "a3d0a9b29a84beaa887852a133e19bc06fa3efecbe87f1a43e7fee6d0a5b39fa", kill_on_drop: false }`
[INFO] [stdout] a3d0a9b29a84beaa887852a133e19bc06fa3efecbe87f1a43e7fee6d0a5b39fa
[INFO] running `Command { std: "docker" "create" "-v" "/var/lib/crater-agent-workspace/builds/worker-1-tc2/target:/opt/rustwide/target:rw,Z" "-v" "/var/lib/crater-agent-workspace/builds/worker-1-tc2/source:/opt/rustwide/workdir:ro,Z" "-v" "/var/lib/crater-agent-workspace/cargo-home:/opt/rustwide/cargo-home:ro,Z" "-v" "/var/lib/crater-agent-workspace/rustup-home:/opt/rustwide/rustup-home:ro,Z" "-e" "SOURCE_DIR=/opt/rustwide/workdir" "-e" "CARGO_TARGET_DIR=/opt/rustwide/target" "-e" "CARGO_INCREMENTAL=0" "-e" "RUST_BACKTRACE=full" "-e" "RUSTFLAGS=--cap-lints=warn" "-e" "RUSTDOCFLAGS=--cap-lints=warn" "-e" "CARGO_HOME=/opt/rustwide/cargo-home" "-e" "RUSTUP_HOME=/opt/rustwide/rustup-home" "-w" "/opt/rustwide/workdir" "-m" "1610612736" "--user" "0:0" "--network" "none" "ghcr.io/rust-lang/crates-build-env/linux@sha256:5ff2268d62e97bff2cde7d5815dd6ed5b47097566f13b8d0ca110b04b60e07ed" "/opt/rustwide/cargo-home/bin/cargo" "+beta-2023-04-20" "doc" "--frozen" "--no-deps" "--document-private-items" "--message-format=json", kill_on_drop: false }`
[INFO] [stdout] 8823ff18fecb4982747cd021accbdc5f769328b877d20821c9bd27ea0519fa12
[INFO] running `Command { std: "docker" "start" "-a" "8823ff18fecb4982747cd021accbdc5f769328b877d20821c9bd27ea0519fa12", kill_on_drop: false }`
[INFO] [stderr]    Compiling libc v0.2.81
[INFO] [stderr]    Compiling semver-parser v0.7.0
[INFO] [stderr]    Compiling bitflags v1.2.1
[INFO] [stderr]     Checking unicode-width v0.1.8
[INFO] [stderr]    Compiling xdg v2.2.0
[INFO] [stderr]     Checking vec_map v0.8.2
[INFO] [stderr]     Checking strsim v0.8.0
[INFO] [stderr]     Checking ansi_term v0.11.0
[INFO] [stderr]     Checking cc v1.0.66
[INFO] [stderr]     Checking textwrap v0.11.0
[INFO] [stderr]     Checking semver v0.9.0
[INFO] [stderr]     Checking rustc_version v0.2.3
[INFO] [stderr]    Compiling afl v0.8.0
[INFO] [stderr]     Checking atty v0.2.14
[INFO] [stderr]     Checking rand v0.4.6
[INFO] [stderr]     Checking clap v2.33.3
[INFO] [stderr] error: failed to run custom build command for `afl v0.8.0`
[INFO] [stderr] note: To improve backtraces for build dependencies, set the CARGO_PROFILE_DEV_BUILD_OVERRIDE_DEBUG=true environment variable to enable debug information generation.
[INFO] [stderr] 
[INFO] [stderr] Caused by:
[INFO] [stderr]   process didn't exit successfully: `/opt/rustwide/target/debug/build/afl-24f2b9000cbeee5a/build-script-build` (exit status: 101)
[INFO] [stderr]   --- stdout
[INFO] [stderr]   rm -f afl-gcc afl-fuzz afl-showmap afl-tmin afl-gotcpu afl-analyze libradamsa.so afl-fuzz-document afl-as as afl-g++ afl-clang afl-clang++ *.o src/*.o *~ a.out core core.[1-9][0-9]* *.stackdump .test .test1 .test2 test-instr .test-instr0 .test-instr1 qemu_mode/qemu-3.1.1.tar.xz afl-qemu-trace afl-gcc-fast afl-gcc-pass.so afl-gcc-rt.o afl-g++-fast ld *.so *.8 test/unittests/*.o test/unittests/unit_maybe_alloc test/unittests/preallocable
[INFO] [stderr]   rm -rf out_dir qemu_mode/qemu-3.1.1 *.dSYM */*.dSYM
[INFO] [stderr]   make -C llvm_mode clean
[INFO] [stderr]   make[1]: Entering directory '/opt/rustwide/cargo-home/registry/src/index.crates.io-6f17d22bba15001f/afl-0.8.0/AFLplusplus/llvm_mode'
[INFO] [stderr]   [+] llvm_mode detected llvm 10+, enabling neverZero implementation and c++14
[INFO] [stderr]   [+] llvm_mode detected llvm < 11, afl-clang-lto LTO will not be build.
[INFO] [stderr]   Compile option AFL_TRACE_PC is deprecated, just set AFL_LLVM_INSTRUMENT=PCGUARD to activate when compiling targets 
[INFO] [stderr]   rm -f *.o *.so *~ a.out core core.[1-9][0-9]* .test2 test-instr .test-instr0 .test-instr1 *.dwo
[INFO] [stderr]   rm -f ../afl-clang-fast ../afl-llvm-pass.so ../afl-llvm-lto-whitelist.so ../afl-llvm-lto-instrumentation.so ../libLLVMInsTrim.so ../afl-llvm-rt.o ../afl-llvm-rt-32.o ../afl-llvm-rt-64.o ../compare-transform-pass.so ../split-compares-pass.so ../split-switches-pass.so ../cmplog-routines-pass.so ../cmplog-instructions-pass.so afl-common.o ../afl-clang-fast++ ../afl-clang-lto ../afl-clang-lto++ ../afl-clang*.8 ../ld ../afl-ld ../afl-llvm-rt*.o
[INFO] [stderr]   make[1]: Leaving directory '/opt/rustwide/cargo-home/registry/src/index.crates.io-6f17d22bba15001f/afl-0.8.0/AFLplusplus/llvm_mode'
[INFO] [stderr]   make -C gcc_plugin clean
[INFO] [stderr]   make[1]: Entering directory '/opt/rustwide/cargo-home/registry/src/index.crates.io-6f17d22bba15001f/afl-0.8.0/AFLplusplus/gcc_plugin'
[INFO] [stderr]   rm -f *.o *.so *~ a.out core core.[1-9][0-9]* test-instr .test-instr0 .test-instr1 .test2
[INFO] [stderr]   rm -f ../afl-gcc-fast ../afl-gcc-pass.so ../afl-gcc-rt.o afl-common.o ../afl-g++-fast ../afl-g*-fast.8
[INFO] [stderr]   make[1]: Leaving directory '/opt/rustwide/cargo-home/registry/src/index.crates.io-6f17d22bba15001f/afl-0.8.0/AFLplusplus/gcc_plugin'
[INFO] [stderr]   make -C libdislocator clean
[INFO] [stderr]   make[1]: Entering directory '/opt/rustwide/cargo-home/registry/src/index.crates.io-6f17d22bba15001f/afl-0.8.0/AFLplusplus/libdislocator'
[INFO] [stderr]   rm -f *.o *.so *~ a.out core core.[1-9][0-9]*
[INFO] [stderr]   rm -f ../libdislocator.so
[INFO] [stderr]   make[1]: Leaving directory '/opt/rustwide/cargo-home/registry/src/index.crates.io-6f17d22bba15001f/afl-0.8.0/AFLplusplus/libdislocator'
[INFO] [stderr]   make -C libtokencap clean
[INFO] [stderr]   make[1]: Entering directory '/opt/rustwide/cargo-home/registry/src/index.crates.io-6f17d22bba15001f/afl-0.8.0/AFLplusplus/libtokencap'
[INFO] [stderr]   rm -f *.o *.so *~ a.out core core.[1-9][0-9]*
[INFO] [stderr]   rm -f ../libtokencap.so
[INFO] [stderr]   make[1]: Leaving directory '/opt/rustwide/cargo-home/registry/src/index.crates.io-6f17d22bba15001f/afl-0.8.0/AFLplusplus/libtokencap'
[INFO] [stderr]   make -C examples/socket_fuzzing clean
[INFO] [stderr]   make[1]: Entering directory '/opt/rustwide/cargo-home/registry/src/index.crates.io-6f17d22bba15001f/afl-0.8.0/AFLplusplus/examples/socket_fuzzing'
[INFO] [stderr]   rm -f socketfuzz32.so socketfuzz64.so
[INFO] [stderr]   make[1]: Leaving directory '/opt/rustwide/cargo-home/registry/src/index.crates.io-6f17d22bba15001f/afl-0.8.0/AFLplusplus/examples/socket_fuzzing'
[INFO] [stderr]   make -C examples/argv_fuzzing clean
[INFO] [stderr]   make[1]: Entering directory '/opt/rustwide/cargo-home/registry/src/index.crates.io-6f17d22bba15001f/afl-0.8.0/AFLplusplus/examples/argv_fuzzing'
[INFO] [stderr]   rm -f argvfuzz32.so argvfuzz64.so
[INFO] [stderr]   make[1]: Leaving directory '/opt/rustwide/cargo-home/registry/src/index.crates.io-6f17d22bba15001f/afl-0.8.0/AFLplusplus/examples/argv_fuzzing'
[INFO] [stderr]   make -C qemu_mode/unsigaction clean
[INFO] [stderr]   make[1]: Entering directory '/opt/rustwide/cargo-home/registry/src/index.crates.io-6f17d22bba15001f/afl-0.8.0/AFLplusplus/qemu_mode/unsigaction'
[INFO] [stderr]   rm -f unsigaction32.so unsigaction64.so
[INFO] [stderr]   make[1]: Leaving directory '/opt/rustwide/cargo-home/registry/src/index.crates.io-6f17d22bba15001f/afl-0.8.0/AFLplusplus/qemu_mode/unsigaction'
[INFO] [stderr]   make -C qemu_mode/libcompcov clean
[INFO] [stderr]   make[1]: Entering directory '/opt/rustwide/cargo-home/registry/src/index.crates.io-6f17d22bba15001f/afl-0.8.0/AFLplusplus/qemu_mode/libcompcov'
[INFO] [stderr]   rm -f *.o *.so *~ a.out core core.[1-9][0-9]*
[INFO] [stderr]   rm -f ../../libcompcov.so compcovtest
[INFO] [stderr]   make[1]: Leaving directory '/opt/rustwide/cargo-home/registry/src/index.crates.io-6f17d22bba15001f/afl-0.8.0/AFLplusplus/qemu_mode/libcompcov'
[INFO] [stderr]   make -C src/third_party/libradamsa/ clean
[INFO] [stderr]   make[1]: Entering directory '/opt/rustwide/cargo-home/registry/src/index.crates.io-6f17d22bba15001f/afl-0.8.0/AFLplusplus/src/third_party/libradamsa'
[INFO] [stderr]   rm -f libradamsa.a libradamsa.so libradamsa-test
[INFO] [stderr]   make[1]: Leaving directory '/opt/rustwide/cargo-home/registry/src/index.crates.io-6f17d22bba15001f/afl-0.8.0/AFLplusplus/src/third_party/libradamsa'
[INFO] [stderr]   rm -rf unicorn_mode/unicornafl
[INFO] [stderr]   [*] Checking for the default compiler cc...
[INFO] [stderr]   [*] Checking for the ability to compile x86 code...
[INFO] [stderr] 
[INFO] [stderr]   Oops, looks like your compiler can't generate x86 code.
[INFO] [stderr] 
[INFO] [stderr]   Don't panic! You can use the LLVM or QEMU mode, but see docs/INSTALL first.
[INFO] [stderr]   (To ignore this error, set AFL_NO_X86=1 and try again.)
[INFO] [stderr] 
[INFO] [stderr] 
[INFO] [stderr]   --- stderr
[INFO] [stderr]   GNUmakefile:56: llvm_mode only supports llvm versions 3.8.0 up to 11
[INFO] [stderr]   GNUmakefile:96: we have trouble finding clang/clang++ - llvm-config is not helping us
[INFO] [stderr]   /usr/bin/ld: cannot open output file .test1: Read-only file system
[INFO] [stderr]   collect2: error: ld returned 1 exit status
[INFO] [stderr]   make: *** [GNUmakefile:241: test_x86] Error 1
[INFO] [stderr]   thread 'main' panicked at 'assertion failed: status.success()', /opt/rustwide/cargo-home/registry/src/index.crates.io-6f17d22bba15001f/afl-0.8.0/build.rs:32:5
[INFO] [stderr]   stack backtrace:
[INFO] [stderr]      0:     0x55e32465fe9a - std::backtrace_rs::backtrace::libunwind::trace::h2f05d0192276a8f6
[INFO] [stderr]                                  at /rustc/1b7dd2252b99671ce5d1cb9664c5f8636329436d/library/std/src/../../backtrace/src/backtrace/libunwind.rs:93:5
[INFO] [stderr]      1:     0x55e32465fe9a - std::backtrace_rs::backtrace::trace_unsynchronized::hedc23dff7a1af150
[INFO] [stderr]                                  at /rustc/1b7dd2252b99671ce5d1cb9664c5f8636329436d/library/std/src/../../backtrace/src/backtrace/mod.rs:66:5
[INFO] [stderr]      2:     0x55e32465fe9a - std::sys_common::backtrace::_print_fmt::h17541ef7592f3ce2
[INFO] [stderr]                                  at /rustc/1b7dd2252b99671ce5d1cb9664c5f8636329436d/library/std/src/sys_common/backtrace.rs:65:5
[INFO] [stderr]      3:     0x55e32465fe9a - <std::sys_common::backtrace::_print::DisplayBacktrace as core::fmt::Display>::fmt::h20f75df5ab0c0792
[INFO] [stderr]                                  at /rustc/1b7dd2252b99671ce5d1cb9664c5f8636329436d/library/std/src/sys_common/backtrace.rs:44:22
[INFO] [stderr]      4:     0x55e32467e06f - core::fmt::write::h78109e6f466b3af6
[INFO] [stderr]                                  at /rustc/1b7dd2252b99671ce5d1cb9664c5f8636329436d/library/core/src/fmt/mod.rs:1254:17
[INFO] [stderr]      5:     0x55e32465d595 - std::io::Write::write_fmt::hc59e1b02dd273c8a
[INFO] [stderr]                                  at /rustc/1b7dd2252b99671ce5d1cb9664c5f8636329436d/library/std/src/io/mod.rs:1698:15
[INFO] [stderr]      6:     0x55e32465fc65 - std::sys_common::backtrace::_print::h8dac57a9f8fbf9a5
[INFO] [stderr]                                  at /rustc/1b7dd2252b99671ce5d1cb9664c5f8636329436d/library/std/src/sys_common/backtrace.rs:47:5
[INFO] [stderr]      7:     0x55e32465fc65 - std::sys_common::backtrace::print::hf9ecbf41d1aa712f
[INFO] [stderr]                                  at /rustc/1b7dd2252b99671ce5d1cb9664c5f8636329436d/library/std/src/sys_common/backtrace.rs:34:9
[INFO] [stderr]      8:     0x55e32466138e - std::panicking::default_hook::{{closure}}::h04c07acfc84ca028
[INFO] [stderr]                                  at /rustc/1b7dd2252b99671ce5d1cb9664c5f8636329436d/library/std/src/panicking.rs:269:22
[INFO] [stderr]      9:     0x55e324661135 - std::panicking::default_hook::h01f6bb23e1eceb2c
[INFO] [stderr]                                  at /rustc/1b7dd2252b99671ce5d1cb9664c5f8636329436d/library/std/src/panicking.rs:288:9
[INFO] [stderr]     10:     0x55e3246618ee - std::panicking::rust_panic_with_hook::h2bb3722bbaf2f6df
[INFO] [stderr]                                  at /rustc/1b7dd2252b99671ce5d1cb9664c5f8636329436d/library/std/src/panicking.rs:691:13
[INFO] [stderr]     11:     0x55e3246617a2 - std::panicking::begin_panic_handler::{{closure}}::h91bc7f36a4be011b
[INFO] [stderr]                                  at /rustc/1b7dd2252b99671ce5d1cb9664c5f8636329436d/library/std/src/panicking.rs:580:13
[INFO] [stderr]     12:     0x55e324660306 - std::sys_common::backtrace::__rust_end_short_backtrace::h8b3d3717114f9e59
[INFO] [stderr]                                  at /rustc/1b7dd2252b99671ce5d1cb9664c5f8636329436d/library/std/src/sys_common/backtrace.rs:150:18
[INFO] [stderr]     13:     0x55e324661542 - rust_begin_unwind
[INFO] [stderr]                                  at /rustc/1b7dd2252b99671ce5d1cb9664c5f8636329436d/library/std/src/panicking.rs:578:5
[INFO] [stderr]     14:     0x55e324627043 - core::panicking::panic_fmt::hfd368e3fbdabea26
[INFO] [stderr]                                  at /rustc/1b7dd2252b99671ce5d1cb9664c5f8636329436d/library/core/src/panicking.rs:67:14
[INFO] [stderr]     15:     0x55e3246270dd - core::panicking::panic::h3f9042d09bd0bf2e
[INFO] [stderr]                                  at /rustc/1b7dd2252b99671ce5d1cb9664c5f8636329436d/library/core/src/panicking.rs:117:5
[INFO] [stderr]     16:     0x55e32462b749 - build_script_build::build_afl::h5789beb63d440967
[INFO] [stderr]     17:     0x55e32462b548 - build_script_build::main::hc2ec8a74bc0a06ba
[INFO] [stderr]     18:     0x55e3246284c3 - core::ops::function::FnOnce::call_once::hc8b897fd29b5f306
[INFO] [stderr]     19:     0x55e324628446 - std::sys_common::backtrace::__rust_begin_short_backtrace::h806dcfe353db8742
[INFO] [stderr]     20:     0x55e324628499 - std::rt::lang_start::{{closure}}::hdbb689894eb42bc1
[INFO] [stderr]     21:     0x55e32465adce - core::ops::function::impls::<impl core::ops::function::FnOnce<A> for &F>::call_once::h2eb19b8ce4148df4
[INFO] [stderr]                                  at /rustc/1b7dd2252b99671ce5d1cb9664c5f8636329436d/library/core/src/ops/function.rs:287:13
[INFO] [stderr]     22:     0x55e32465adce - std::panicking::try::do_call::h2e900feff5d504c5
[INFO] [stderr]                                  at /rustc/1b7dd2252b99671ce5d1cb9664c5f8636329436d/library/std/src/panicking.rs:485:40
[INFO] [stderr]     23:     0x55e32465adce - std::panicking::try::h8854836cb85aa9f2
[INFO] [stderr]                                  at /rustc/1b7dd2252b99671ce5d1cb9664c5f8636329436d/library/std/src/panicking.rs:449:19
[INFO] [stderr]     24:     0x55e32465adce - std::panic::catch_unwind::h706025dd4c48f64b
[INFO] [stderr]                                  at /rustc/1b7dd2252b99671ce5d1cb9664c5f8636329436d/library/std/src/panic.rs:140:14
[INFO] [stderr]     25:     0x55e32465adce - std::rt::lang_start_internal::{{closure}}::h7be5b97f4a07a91a
[INFO] [stderr]                                  at /rustc/1b7dd2252b99671ce5d1cb9664c5f8636329436d/library/std/src/rt.rs:148:48
[INFO] [stderr]     26:     0x55e32465adce - std::panicking::try::do_call::h59847e9d0a176965
[INFO] [stderr]                                  at /rustc/1b7dd2252b99671ce5d1cb9664c5f8636329436d/library/std/src/panicking.rs:485:40
[INFO] [stderr]     27:     0x55e32465adce - std::panicking::try::h399a918ba8522823
[INFO] [stderr]                                  at /rustc/1b7dd2252b99671ce5d1cb9664c5f8636329436d/library/std/src/panicking.rs:449:19
[INFO] [stderr]     28:     0x55e32465adce - std::panic::catch_unwind::hca7ca6c55b2a2e26
[INFO] [stderr]                                  at /rustc/1b7dd2252b99671ce5d1cb9664c5f8636329436d/library/std/src/panic.rs:140:14
[INFO] [stderr]     29:     0x55e32465adce - std::rt::lang_start_internal::h2c807a81560459eb
[INFO] [stderr]                                  at /rustc/1b7dd2252b99671ce5d1cb9664c5f8636329436d/library/std/src/rt.rs:148:20
[INFO] [stderr]     30:     0x55e324628477 - std::rt::lang_start::h4baf8cb4f96894c1
[INFO] [stderr]     31:     0x55e32462bb15 - main
[INFO] [stderr]     32:     0x7fb8b0c17d90 - <unknown>
[INFO] [stderr]     33:     0x7fb8b0c17e40 - __libc_start_main
[INFO] [stderr]     34:     0x55e324627665 - _start
[INFO] [stderr]     35:                0x0 - <unknown>
[INFO] [stderr] warning: build failed, waiting for other jobs to finish...
[INFO] running `Command { std: "docker" "inspect" "8823ff18fecb4982747cd021accbdc5f769328b877d20821c9bd27ea0519fa12", kill_on_drop: false }`
[INFO] running `Command { std: "docker" "rm" "-f" "8823ff18fecb4982747cd021accbdc5f769328b877d20821c9bd27ea0519fa12", kill_on_drop: false }`
[INFO] [stdout] 8823ff18fecb4982747cd021accbdc5f769328b877d20821c9bd27ea0519fa12
