[INFO] cloning repository https://github.com/jw3/fad
[INFO] running `Command { std: "git" "-c" "credential.helper=" "-c" "credential.helper=/workspace/cargo-home/bin/git-credential-null" "clone" "--bare" "https://github.com/jw3/fad" "/workspace/cache/git-repos/https%3A%2F%2Fgithub.com%2Fjw3%2Ffad", kill_on_drop: false }`
[INFO] [stderr] Cloning into bare repository '/workspace/cache/git-repos/https%3A%2F%2Fgithub.com%2Fjw3%2Ffad'...
[INFO] running `Command { std: "git" "rev-parse" "HEAD", kill_on_drop: false }`
[INFO] [stdout] 2f8c3ab95d7f1d27f1c7ce7314299d78a71b5bfe
[INFO] documenting jw3/fad against beta-2023-04-20 for beta-1.70-rustdoc-1
[INFO] running `Command { std: "git" "clone" "/workspace/cache/git-repos/https%3A%2F%2Fgithub.com%2Fjw3%2Ffad" "/workspace/builds/worker-4-tc2/source", kill_on_drop: false }`
[INFO] [stderr] Cloning into '/workspace/builds/worker-4-tc2/source'...
[INFO] [stderr] done.
[INFO] validating manifest of git repo https://github.com/jw3/fad on toolchain beta-2023-04-20
[INFO] running `Command { std: CARGO_HOME="/workspace/cargo-home" RUSTUP_HOME="/workspace/rustup-home" "/workspace/cargo-home/bin/cargo" "+beta-2023-04-20" "metadata" "--manifest-path" "Cargo.toml" "--no-deps", kill_on_drop: false }`
[INFO] started tweaking git repo https://github.com/jw3/fad
[INFO] finished tweaking git repo https://github.com/jw3/fad
[INFO] tweaked toml for git repo https://github.com/jw3/fad written to /workspace/builds/worker-4-tc2/source/Cargo.toml
[INFO] crate git repo https://github.com/jw3/fad already has a lockfile, it will not be regenerated
[INFO] running `Command { std: CARGO_HOME="/workspace/cargo-home" RUSTUP_HOME="/workspace/rustup-home" "/workspace/cargo-home/bin/cargo" "+beta-2023-04-20" "fetch" "--manifest-path" "Cargo.toml", kill_on_drop: false }`
[INFO] [stderr]  Downloading crates ...
[INFO] [stderr]   Downloaded sysinfo v0.22.3
[INFO] running `Command { std: "docker" "create" "-v" "/var/lib/crater-agent-workspace/builds/worker-4-tc2/target:/opt/rustwide/target:rw,Z" "-v" "/var/lib/crater-agent-workspace/builds/worker-4-tc2/source:/opt/rustwide/workdir:ro,Z" "-v" "/var/lib/crater-agent-workspace/cargo-home:/opt/rustwide/cargo-home:ro,Z" "-v" "/var/lib/crater-agent-workspace/rustup-home:/opt/rustwide/rustup-home:ro,Z" "-e" "SOURCE_DIR=/opt/rustwide/workdir" "-e" "CARGO_TARGET_DIR=/opt/rustwide/target" "-e" "CARGO_HOME=/opt/rustwide/cargo-home" "-e" "RUSTUP_HOME=/opt/rustwide/rustup-home" "-w" "/opt/rustwide/workdir" "-m" "1610612736" "--user" "0:0" "--network" "none" "ghcr.io/rust-lang/crates-build-env/linux@sha256:5ff2268d62e97bff2cde7d5815dd6ed5b47097566f13b8d0ca110b04b60e07ed" "/opt/rustwide/cargo-home/bin/cargo" "+beta-2023-04-20" "metadata" "--no-deps" "--format-version=1", kill_on_drop: false }`
[INFO] [stdout] 3758da45ad0f67983bfd1430dd1fab62a1bbc07a54687c028e4d2e2d26f6c0de
[INFO] running `Command { std: "docker" "start" "-a" "3758da45ad0f67983bfd1430dd1fab62a1bbc07a54687c028e4d2e2d26f6c0de", kill_on_drop: false }`
[INFO] running `Command { std: "docker" "inspect" "3758da45ad0f67983bfd1430dd1fab62a1bbc07a54687c028e4d2e2d26f6c0de", kill_on_drop: false }`
[INFO] running `Command { std: "docker" "rm" "-f" "3758da45ad0f67983bfd1430dd1fab62a1bbc07a54687c028e4d2e2d26f6c0de", kill_on_drop: false }`
[INFO] [stdout] 3758da45ad0f67983bfd1430dd1fab62a1bbc07a54687c028e4d2e2d26f6c0de
[INFO] running `Command { std: "docker" "create" "-v" "/var/lib/crater-agent-workspace/builds/worker-4-tc2/target:/opt/rustwide/target:rw,Z" "-v" "/var/lib/crater-agent-workspace/builds/worker-4-tc2/source:/opt/rustwide/workdir:ro,Z" "-v" "/var/lib/crater-agent-workspace/cargo-home:/opt/rustwide/cargo-home:ro,Z" "-v" "/var/lib/crater-agent-workspace/rustup-home:/opt/rustwide/rustup-home:ro,Z" "-e" "SOURCE_DIR=/opt/rustwide/workdir" "-e" "CARGO_TARGET_DIR=/opt/rustwide/target" "-e" "CARGO_INCREMENTAL=0" "-e" "RUST_BACKTRACE=full" "-e" "RUSTFLAGS=--cap-lints=warn" "-e" "RUSTDOCFLAGS=--cap-lints=warn" "-e" "CARGO_HOME=/opt/rustwide/cargo-home" "-e" "RUSTUP_HOME=/opt/rustwide/rustup-home" "-w" "/opt/rustwide/workdir" "-m" "1610612736" "--user" "0:0" "--network" "none" "ghcr.io/rust-lang/crates-build-env/linux@sha256:5ff2268d62e97bff2cde7d5815dd6ed5b47097566f13b8d0ca110b04b60e07ed" "/opt/rustwide/cargo-home/bin/cargo" "+beta-2023-04-20" "doc" "--frozen" "--no-deps" "--document-private-items" "--message-format=json", kill_on_drop: false }`
[INFO] [stdout] 47a986f1cec41dd100944de72d249226225982b1fcc7e982f209e6b175fbae71
[INFO] running `Command { std: "docker" "start" "-a" "47a986f1cec41dd100944de72d249226225982b1fcc7e982f209e6b175fbae71", kill_on_drop: false }`
[INFO] [stderr]    Compiling version_check v0.9.4
[INFO] [stderr]    Compiling proc-macro2 v1.0.36
[INFO] [stderr]    Compiling autocfg v1.0.1
[INFO] [stderr]    Compiling memchr v2.4.1
[INFO] [stderr]    Compiling unicode-xid v0.2.2
[INFO] [stderr]    Compiling libc v0.2.112
[INFO] [stderr]     Checking lazy_static v1.4.0
[INFO] [stderr]    Compiling syn v1.0.84
[INFO] [stderr]    Compiling glob v0.3.0
[INFO] [stderr]    Compiling cfg-if v1.0.0
[INFO] [stderr]    Compiling crossbeam-utils v0.8.5
[INFO] [stderr]    Compiling log v0.4.14
[INFO] [stderr]    Compiling regex-syntax v0.6.25
[INFO] [stderr]    Compiling minimal-lexical v0.2.1
[INFO] [stderr]    Compiling crossbeam-epoch v0.9.5
[INFO] [stderr]    Compiling unicode-width v0.1.9
[INFO] [stderr]    Compiling libloading v0.7.2
[INFO] [stderr]     Checking scopeguard v1.1.0
[INFO] [stderr]    Compiling textwrap v0.11.0
[INFO] [stderr]    Compiling rayon-core v1.9.1
[INFO] [stderr]    Compiling humantime v2.1.0
[INFO] [stderr] error: could not parse/generate dep info at: /opt/rustwide/target/debug/build/libc-3f1f3fc327ffb8d8/build_script_build-3f1f3fc327ffb8d8.d
[INFO] [stderr] 
[INFO] [stderr] Caused by:
[INFO] [stderr]   failed to write `/opt/rustwide/target/debug/.fingerprint/libc-3f1f3fc327ffb8d8/dep-build-script-build-script-build`
[INFO] [stderr] 
[INFO] [stderr] Caused by:
[INFO] [stderr]   No space left on device (os error 28)
[INFO] [stderr] warning: build failed, waiting for other jobs to finish...
[INFO] [stderr] LLVM ERROR: IO failure on output stream: No space left on device
[INFO] [stderr] LLVM ERROR: IO failure on output stream: No space left on device
[INFO] [stderr] error: could not compile `textwrap` (lib)
[INFO] [stdout] error: linking with `cc` failed: exit status: 1
[INFO] [stdout]   |
[INFO] [stdout]   = note: LC_ALL="C" PATH="/opt/rustwide/rustup-home/toolchains/beta-2023-04-20-x86_64-unknown-linux-gnu/lib/rustlib/x86_64-unknown-linux-gnu/bin:/opt/rustwide/cargo-home/bin:/usr/local/sbin:/usr/local/bin:/usr/sbin:/usr/bin:/sbin:/bin" VSLANG="1033" "cc" "-m64" "/tmp/rustc3SLtH1/symbols.o" "/opt/rustwide/target/debug/build/proc-macro2-dc1d9d2ab463e3e6/build_script_build-dc1d9d2ab463e3e6.build_script_build.6b4ac260-cgu.0.rcgu.o" "/opt/rustwide/target/debug/build/proc-macro2-dc1d9d2ab463e3e6/build_script_build-dc1d9d2ab463e3e6.build_script_build.6b4ac260-cgu.1.rcgu.o" "/opt/rustwide/target/debug/build/proc-macro2-dc1d9d2ab463e3e6/build_script_build-dc1d9d2ab463e3e6.build_script_build.6b4ac260-cgu.10.rcgu.o" "/opt/rustwide/target/debug/build/proc-macro2-dc1d9d2ab463e3e6/build_script_build-dc1d9d2ab463e3e6.build_script_build.6b4ac260-cgu.11.rcgu.o" "/opt/rustwide/target/debug/build/proc-macro2-dc1d9d2ab463e3e6/build_script_build-dc1d9d2ab463e3e6.build_script_build.6b4ac260-cgu.12.rcgu.o" "/opt/rustwide/target/debug/build/proc-macro2-dc1d9d2ab463e3e6/build_script_build-dc1d9d2ab463e3e6.build_script_build.6b4ac260-cgu.13.rcgu.o" "/opt/rustwide/target/debug/build/proc-macro2-dc1d9d2ab463e3e6/build_script_build-dc1d9d2ab463e3e6.build_script_build.6b4ac260-cgu.14.rcgu.o" "/opt/rustwide/target/debug/build/proc-macro2-dc1d9d2ab463e3e6/build_script_build-dc1d9d2ab463e3e6.build_script_build.6b4ac260-cgu.15.rcgu.o" "/opt/rustwide/target/debug/build/proc-macro2-dc1d9d2ab463e3e6/build_script_build-dc1d9d2ab463e3e6.build_script_build.6b4ac260-cgu.2.rcgu.o" "/opt/rustwide/target/debug/build/proc-macro2-dc1d9d2ab463e3e6/build_script_build-dc1d9d2ab463e3e6.build_script_build.6b4ac260-cgu.3.rcgu.o" "/opt/rustwide/target/debug/build/proc-macro2-dc1d9d2ab463e3e6/build_script_build-dc1d9d2ab463e3e6.build_script_build.6b4ac260-cgu.4.rcgu.o" "/opt/rustwide/target/debug/build/proc-macro2-dc1d9d2ab463e3e6/build_script_build-dc1d9d2ab463e3e6.build_script_build.6b4ac260-cgu.5.rcgu.o" "/opt/rustwide/target/debug/build/proc-macro2-dc1d9d2ab463e3e6/build_script_build-dc1d9d2ab463e3e6.build_script_build.6b4ac260-cgu.6.rcgu.o" "/opt/rustwide/target/debug/build/proc-macro2-dc1d9d2ab463e3e6/build_script_build-dc1d9d2ab463e3e6.build_script_build.6b4ac260-cgu.7.rcgu.o" "/opt/rustwide/target/debug/build/proc-macro2-dc1d9d2ab463e3e6/build_script_build-dc1d9d2ab463e3e6.build_script_build.6b4ac260-cgu.8.rcgu.o" "/opt/rustwide/target/debug/build/proc-macro2-dc1d9d2ab463e3e6/build_script_build-dc1d9d2ab463e3e6.build_script_build.6b4ac260-cgu.9.rcgu.o" "/opt/rustwide/target/debug/build/proc-macro2-dc1d9d2ab463e3e6/build_script_build-dc1d9d2ab463e3e6.56qsui4clc6z9vfz.rcgu.o" "-Wl,--as-needed" "-L" "/opt/rustwide/target/debug/deps" "-L" "/opt/rustwide/rustup-home/toolchains/beta-2023-04-20-x86_64-unknown-linux-gnu/lib/rustlib/x86_64-unknown-linux-gnu/lib" "-Wl,-Bstatic" "/opt/rustwide/rustup-home/toolchains/beta-2023-04-20-x86_64-unknown-linux-gnu/lib/rustlib/x86_64-unknown-linux-gnu/lib/libstd-0e29cc23c5e02021.rlib" "/opt/rustwide/rustup-home/toolchains/beta-2023-04-20-x86_64-unknown-linux-gnu/lib/rustlib/x86_64-unknown-linux-gnu/lib/libpanic_unwind-d903621768a861d9.rlib" "/opt/rustwide/rustup-home/toolchains/beta-2023-04-20-x86_64-unknown-linux-gnu/lib/rustlib/x86_64-unknown-linux-gnu/lib/libobject-6d0225e655f31c13.rlib" "/opt/rustwide/rustup-home/toolchains/beta-2023-04-20-x86_64-unknown-linux-gnu/lib/rustlib/x86_64-unknown-linux-gnu/lib/libmemchr-9dbaf4eac7eaa079.rlib" "/opt/rustwide/rustup-home/toolchains/beta-2023-04-20-x86_64-unknown-linux-gnu/lib/rustlib/x86_64-unknown-linux-gnu/lib/libaddr2line-27f05b3d42a66dd0.rlib" "/opt/rustwide/rustup-home/toolchains/beta-2023-04-20-x86_64-unknown-linux-gnu/lib/rustlib/x86_64-unknown-linux-gnu/lib/libgimli-4d73f1030321c9a2.rlib" "/opt/rustwide/rustup-home/toolchains/beta-2023-04-20-x86_64-unknown-linux-gnu/lib/rustlib/x86_64-unknown-linux-gnu/lib/librustc_demangle-2846c9e58abd0acb.rlib" "/opt/rustwide/rustup-home/toolchains/beta-2023-04-20-x86_64-unknown-linux-gnu/lib/rustlib/x86_64-unknown-linux-gnu/lib/libstd_detect-a53d0f50415947be.rlib" "/opt/rustwide/rustup-home/toolchains/beta-2023-04-20-x86_64-unknown-linux-gnu/lib/rustlib/x86_64-unknown-linux-gnu/lib/libhashbrown-d48e4b6abc25b9dc.rlib" "/opt/rustwide/rustup-home/toolchains/beta-2023-04-20-x86_64-unknown-linux-gnu/lib/rustlib/x86_64-unknown-linux-gnu/lib/libminiz_oxide-2991859439ef1207.rlib" "/opt/rustwide/rustup-home/toolchains/beta-2023-04-20-x86_64-unknown-linux-gnu/lib/rustlib/x86_64-unknown-linux-gnu/lib/libadler-8a687517e4221bae.rlib" "/opt/rustwide/rustup-home/toolchains/beta-2023-04-20-x86_64-unknown-linux-gnu/lib/rustlib/x86_64-unknown-linux-gnu/lib/librustc_std_workspace_alloc-e07b554f6a67f5b3.rlib" "/opt/rustwide/rustup-home/toolchains/beta-2023-04-20-x86_64-unknown-linux-gnu/lib/rustlib/x86_64-unknown-linux-gnu/lib/libunwind-b68238b7c3c619dd.rlib" "/opt/rustwide/rustup-home/toolchains/beta-2023-04-20-x86_64-unknown-linux-gnu/lib/rustlib/x86_64-unknown-linux-gnu/lib/libcfg_if-d5e213e896c017e4.rlib" "/opt/rustwide/rustup-home/toolchains/beta-2023-04-20-x86_64-unknown-linux-gnu/lib/rustlib/x86_64-unknown-linux-gnu/lib/liblibc-0211a3b2e61d8689.rlib" "/opt/rustwide/rustup-home/toolchains/beta-2023-04-20-x86_64-unknown-linux-gnu/lib/rustlib/x86_64-unknown-linux-gnu/lib/liballoc-b371f055239ba51f.rlib" "/opt/rustwide/rustup-home/toolchains/beta-2023-04-20-x86_64-unknown-linux-gnu/lib/rustlib/x86_64-unknown-linux-gnu/lib/librustc_std_workspace_core-e60518d2760eb01e.rlib" "/opt/rustwide/rustup-home/toolchains/beta-2023-04-20-x86_64-unknown-linux-gnu/lib/rustlib/x86_64-unknown-linux-gnu/lib/libcore-1ad943f92a4b1081.rlib" "/opt/rustwide/rustup-home/toolchains/beta-2023-04-20-x86_64-unknown-linux-gnu/lib/rustlib/x86_64-unknown-linux-gnu/lib/libcompiler_builtins-f0d6e4d0fc1e80b4.rlib" "-Wl,-Bdynamic" "-lgcc_s" "-lutil" "-lrt" "-lpthread" "-lm" "-ldl" "-lc" "-Wl,--eh-frame-hdr" "-Wl,-z,noexecstack" "-L" "/opt/rustwide/rustup-home/toolchains/beta-2023-04-20-x86_64-unknown-linux-gnu/lib/rustlib/x86_64-unknown-linux-gnu/lib" "-o" "/opt/rustwide/target/debug/build/proc-macro2-dc1d9d2ab463e3e6/build_script_build-dc1d9d2ab463e3e6" "-Wl,--gc-sections" "-pie" "-Wl,-z,relro,-z,now" "-nodefaultlibs"
[INFO] [stdout]   = note: /usr/bin/ld: final link failed: No space left on device
[INFO] [stdout]           collect2: error: ld returned 1 exit status
[INFO] [stdout]           
[INFO] [stdout] 
[INFO] [stdout] 
[INFO] [stdout] error: aborting due to previous error
[INFO] [stdout] 
[INFO] [stdout] 
[INFO] [stdout] error: linking with `cc` failed: exit status: 1
[INFO] [stdout]   |
[INFO] [stdout]   = note: LC_ALL="C" PATH="/opt/rustwide/rustup-home/toolchains/beta-2023-04-20-x86_64-unknown-linux-gnu/lib/rustlib/x86_64-unknown-linux-gnu/bin:/opt/rustwide/cargo-home/bin:/usr/local/sbin:/usr/local/bin:/usr/sbin:/usr/bin:/sbin:/bin" VSLANG="1033" "cc" "-m64" "/tmp/rustc7sEW7L/symbols.o" "/opt/rustwide/target/debug/build/libc-5e1c6cac7515bc3e/build_script_build-5e1c6cac7515bc3e.build_script_build.b0edf942-cgu.0.rcgu.o" "/opt/rustwide/target/debug/build/libc-5e1c6cac7515bc3e/build_script_build-5e1c6cac7515bc3e.build_script_build.b0edf942-cgu.1.rcgu.o" "/opt/rustwide/target/debug/build/libc-5e1c6cac7515bc3e/build_script_build-5e1c6cac7515bc3e.build_script_build.b0edf942-cgu.10.rcgu.o" "/opt/rustwide/target/debug/build/libc-5e1c6cac7515bc3e/build_script_build-5e1c6cac7515bc3e.build_script_build.b0edf942-cgu.11.rcgu.o" "/opt/rustwide/target/debug/build/libc-5e1c6cac7515bc3e/build_script_build-5e1c6cac7515bc3e.build_script_build.b0edf942-cgu.12.rcgu.o" "/opt/rustwide/target/debug/build/libc-5e1c6cac7515bc3e/build_script_build-5e1c6cac7515bc3e.build_script_build.b0edf942-cgu.13.rcgu.o" "/opt/rustwide/target/debug/build/libc-5e1c6cac7515bc3e/build_script_build-5e1c6cac7515bc3e.build_script_build.b0edf942-cgu.14.rcgu.o" "/opt/rustwide/target/debug/build/libc-5e1c6cac7515bc3e/build_script_build-5e1c6cac7515bc3e.build_script_build.b0edf942-cgu.15.rcgu.o" "/opt/rustwide/target/debug/build/libc-5e1c6cac7515bc3e/build_script_build-5e1c6cac7515bc3e.build_script_build.b0edf942-cgu.2.rcgu.o" "/opt/rustwide/target/debug/build/libc-5e1c6cac7515bc3e/build_script_build-5e1c6cac7515bc3e.build_script_build.b0edf942-cgu.3.rcgu.o" "/opt/rustwide/target/debug/build/libc-5e1c6cac7515bc3e/build_script_build-5e1c6cac7515bc3e.build_script_build.b0edf942-cgu.4.rcgu.o" "/opt/rustwide/target/debug/build/libc-5e1c6cac7515bc3e/build_script_build-5e1c6cac7515bc3e.build_script_build.b0edf942-cgu.5.rcgu.o" "/opt/rustwide/target/debug/build/libc-5e1c6cac7515bc3e/build_script_build-5e1c6cac7515bc3e.build_script_build.b0edf942-cgu.6.rcgu.o" "/opt/rustwide/target/debug/build/libc-5e1c6cac7515bc3e/build_script_build-5e1c6cac7515bc3e.build_script_build.b0edf942-cgu.7.rcgu.o" "/opt/rustwide/target/debug/build/libc-5e1c6cac7515bc3e/build_script_build-5e1c6cac7515bc3e.build_script_build.b0edf942-cgu.8.rcgu.o" "/opt/rustwide/target/debug/build/libc-5e1c6cac7515bc3e/build_script_build-5e1c6cac7515bc3e.build_script_build.b0edf942-cgu.9.rcgu.o" "/opt/rustwide/target/debug/build/libc-5e1c6cac7515bc3e/build_script_build-5e1c6cac7515bc3e.3hlo20fwo2gpoxa6.rcgu.o" "-Wl,--as-needed" "-L" "/opt/rustwide/target/debug/deps" "-L" "/opt/rustwide/rustup-home/toolchains/beta-2023-04-20-x86_64-unknown-linux-gnu/lib/rustlib/x86_64-unknown-linux-gnu/lib" "-Wl,-Bstatic" "/opt/rustwide/rustup-home/toolchains/beta-2023-04-20-x86_64-unknown-linux-gnu/lib/rustlib/x86_64-unknown-linux-gnu/lib/libstd-0e29cc23c5e02021.rlib" "/opt/rustwide/rustup-home/toolchains/beta-2023-04-20-x86_64-unknown-linux-gnu/lib/rustlib/x86_64-unknown-linux-gnu/lib/libpanic_unwind-d903621768a861d9.rlib" "/opt/rustwide/rustup-home/toolchains/beta-2023-04-20-x86_64-unknown-linux-gnu/lib/rustlib/x86_64-unknown-linux-gnu/lib/libobject-6d0225e655f31c13.rlib" "/opt/rustwide/rustup-home/toolchains/beta-2023-04-20-x86_64-unknown-linux-gnu/lib/rustlib/x86_64-unknown-linux-gnu/lib/libmemchr-9dbaf4eac7eaa079.rlib" "/opt/rustwide/rustup-home/toolchains/beta-2023-04-20-x86_64-unknown-linux-gnu/lib/rustlib/x86_64-unknown-linux-gnu/lib/libaddr2line-27f05b3d42a66dd0.rlib" "/opt/rustwide/rustup-home/toolchains/beta-2023-04-20-x86_64-unknown-linux-gnu/lib/rustlib/x86_64-unknown-linux-gnu/lib/libgimli-4d73f1030321c9a2.rlib" "/opt/rustwide/rustup-home/toolchains/beta-2023-04-20-x86_64-unknown-linux-gnu/lib/rustlib/x86_64-unknown-linux-gnu/lib/librustc_demangle-2846c9e58abd0acb.rlib" "/opt/rustwide/rustup-home/toolchains/beta-2023-04-20-x86_64-unknown-linux-gnu/lib/rustlib/x86_64-unknown-linux-gnu/lib/libstd_detect-a53d0f50415947be.rlib" "/opt/rustwide/rustup-home/toolchains/beta-2023-04-20-x86_64-unknown-linux-gnu/lib/rustlib/x86_64-unknown-linux-gnu/lib/libhashbrown-d48e4b6abc25b9dc.rlib" "/opt/rustwide/rustup-home/toolchains/beta-2023-04-20-x86_64-unknown-linux-gnu/lib/rustlib/x86_64-unknown-linux-gnu/lib/libminiz_oxide-2991859439ef1207.rlib" "/opt/rustwide/rustup-home/toolchains/beta-2023-04-20-x86_64-unknown-linux-gnu/lib/rustlib/x86_64-unknown-linux-gnu/lib/libadler-8a687517e4221bae.rlib" "/opt/rustwide/rustup-home/toolchains/beta-2023-04-20-x86_64-unknown-linux-gnu/lib/rustlib/x86_64-unknown-linux-gnu/lib/librustc_std_workspace_alloc-e07b554f6a67f5b3.rlib" "/opt/rustwide/rustup-home/toolchains/beta-2023-04-20-x86_64-unknown-linux-gnu/lib/rustlib/x86_64-unknown-linux-gnu/lib/libunwind-b68238b7c3c619dd.rlib" "/opt/rustwide/rustup-home/toolchains/beta-2023-04-20-x86_64-unknown-linux-gnu/lib/rustlib/x86_64-unknown-linux-gnu/lib/libcfg_if-d5e213e896c017e4.rlib" "/opt/rustwide/rustup-home/toolchains/beta-2023-04-20-x86_64-unknown-linux-gnu/lib/rustlib/x86_64-unknown-linux-gnu/lib/liblibc-0211a3b2e61d8689.rlib" "/opt/rustwide/rustup-home/toolchains/beta-2023-04-20-x86_64-unknown-linux-gnu/lib/rustlib/x86_64-unknown-linux-gnu/lib/liballoc-b371f055239ba51f.rlib" "/opt/rustwide/rustup-home/toolchains/beta-2023-04-20-x86_64-unknown-linux-gnu/lib/rustlib/x86_64-unknown-linux-gnu/lib/librustc_std_workspace_core-e60518d2760eb01e.rlib" "/opt/rustwide/rustup-home/toolchains/beta-2023-04-20-x86_64-unknown-linux-gnu/lib/rustlib/x86_64-unknown-linux-gnu/lib/libcore-1ad943f92a4b1081.rlib" "/opt/rustwide/rustup-home/toolchains/beta-2023-04-20-x86_64-unknown-linux-gnu/lib/rustlib/x86_64-unknown-linux-gnu/lib/libcompiler_builtins-f0d6e4d0fc1e80b4.rlib" "-Wl,-Bdynamic" "-lgcc_s" "-lutil" "-lrt" "-lpthread" "-lm" "-ldl" "-lc" "-Wl,--eh-frame-hdr" "-Wl,-z,noexecstack" "-L" "/opt/rustwide/rustup-home/toolchains/beta-2023-04-20-x86_64-unknown-linux-gnu/lib/rustlib/x86_64-unknown-linux-gnu/lib" "-o" "/opt/rustwide/target/debug/build/libc-5e1c6cac7515bc3e/build_script_build-5e1c6cac7515bc3e" "-Wl,--gc-sections" "-pie" "-Wl,-z,relro,-z,now" "-nodefaultlibs"
[INFO] [stdout]   = note: /usr/bin/ld: final link failed: No space left on device
[INFO] [stdout]           collect2: error: ld returned 1 exit status
[INFO] [stdout]           
[INFO] [stdout] 
[INFO] [stdout] 
[INFO] [stdout] error: linking with `cc` failed: exit status: 1
[INFO] [stdout]   |
[INFO] [stdout]   = note: LC_ALL="C" PATH="/opt/rustwide/rustup-home/toolchains/beta-2023-04-20-x86_64-unknown-linux-gnu/lib/rustlib/x86_64-unknown-linux-gnu/bin:/opt/rustwide/cargo-home/bin:/usr/local/sbin:/usr/local/bin:/usr/sbin:/usr/bin:/sbin:/bin" VSLANG="1033" "cc" "-m64" "/tmp/rustcL2X5O5/symbols.o" "/opt/rustwide/target/debug/build/syn-e01ce206da2069b2/build_script_build-e01ce206da2069b2.build_script_build.d333c657-cgu.0.rcgu.o" "/opt/rustwide/target/debug/build/syn-e01ce206da2069b2/build_script_build-e01ce206da2069b2.build_script_build.d333c657-cgu.1.rcgu.o" "/opt/rustwide/target/debug/build/syn-e01ce206da2069b2/build_script_build-e01ce206da2069b2.build_script_build.d333c657-cgu.10.rcgu.o" "/opt/rustwide/target/debug/build/syn-e01ce206da2069b2/build_script_build-e01ce206da2069b2.build_script_build.d333c657-cgu.11.rcgu.o" "/opt/rustwide/target/debug/build/syn-e01ce206da2069b2/build_script_build-e01ce206da2069b2.build_script_build.d333c657-cgu.12.rcgu.o" "/opt/rustwide/target/debug/build/syn-e01ce206da2069b2/build_script_build-e01ce206da2069b2.build_script_build.d333c657-cgu.13.rcgu.o" "/opt/rustwide/target/debug/build/syn-e01ce206da2069b2/build_script_build-e01ce206da2069b2.build_script_build.d333c657-cgu.14.rcgu.o" "/opt/rustwide/target/debug/build/syn-e01ce206da2069b2/build_script_build-e01ce206da2069b2.build_script_build.d333c657-cgu.15.rcgu.o" "/opt/rustwide/target/debug/build/syn-e01ce206da2069b2/build_script_build-e01ce206da2069b2.build_script_build.d333c657-cgu.2.rcgu.o" "/opt/rustwide/target/debug/build/syn-e01ce206da2069b2/build_script_build-e01ce206da2069b2.build_script_build.d333c657-cgu.3.rcgu.o" "/opt/rustwide/target/debug/build/syn-e01ce206da2069b2/build_script_build-e01ce206da2069b2.build_script_build.d333c657-cgu.4.rcgu.o" "/opt/rustwide/target/debug/build/syn-e01ce206da2069b2/build_script_build-e01ce206da2069b2.build_script_build.d333c657-cgu.5.rcgu.o" "/opt/rustwide/target/debug/build/syn-e01ce206da2069b2/build_script_build-e01ce206da2069b2.build_script_build.d333c657-cgu.6.rcgu.o" "/opt/rustwide/target/debug/build/syn-e01ce206da2069b2/build_script_build-e01ce206da2069b2.build_script_build.d333c657-cgu.7.rcgu.o" "/opt/rustwide/target/debug/build/syn-e01ce206da2069b2/build_script_build-e01ce206da2069b2.build_script_build.d333c657-cgu.8.rcgu.o" "/opt/rustwide/target/debug/build/syn-e01ce206da2069b2/build_script_build-e01ce206da2069b2.build_script_build.d333c657-cgu.9.rcgu.o" "/opt/rustwide/target/debug/build/syn-e01ce206da2069b2/build_script_build-e01ce206da2069b2.6jtaomyu87w405f.rcgu.o" "-Wl,--as-needed" "-L" "/opt/rustwide/target/debug/deps" "-L" "/opt/rustwide/rustup-home/toolchains/beta-2023-04-20-x86_64-unknown-linux-gnu/lib/rustlib/x86_64-unknown-linux-gnu/lib" "-Wl,-Bstatic" "/opt/rustwide/rustup-home/toolchains/beta-2023-04-20-x86_64-unknown-linux-gnu/lib/rustlib/x86_64-unknown-linux-gnu/lib/libstd-0e29cc23c5e02021.rlib" "/opt/rustwide/rustup-home/toolchains/beta-2023-04-20-x86_64-unknown-linux-gnu/lib/rustlib/x86_64-unknown-linux-gnu/lib/libpanic_unwind-d903621768a861d9.rlib" "/opt/rustwide/rustup-home/toolchains/beta-2023-04-20-x86_64-unknown-linux-gnu/lib/rustlib/x86_64-unknown-linux-gnu/lib/libobject-6d0225e655f31c13.rlib" "/opt/rustwide/rustup-home/toolchains/beta-2023-04-20-x86_64-unknown-linux-gnu/lib/rustlib/x86_64-unknown-linux-gnu/lib/libmemchr-9dbaf4eac7eaa079.rlib" "/opt/rustwide/rustup-home/toolchains/beta-2023-04-20-x86_64-unknown-linux-gnu/lib/rustlib/x86_64-unknown-linux-gnu/lib/libaddr2line-27f05b3d42a66dd0.rlib" "/opt/rustwide/rustup-home/toolchains/beta-2023-04-20-x86_64-unknown-linux-gnu/lib/rustlib/x86_64-unknown-linux-gnu/lib/libgimli-4d73f1030321c9a2.rlib" "/opt/rustwide/rustup-home/toolchains/beta-2023-04-20-x86_64-unknown-linux-gnu/lib/rustlib/x86_64-unknown-linux-gnu/lib/librustc_demangle-2846c9e58abd0acb.rlib" "/opt/rustwide/rustup-home/toolchains/beta-2023-04-20-x86_64-unknown-linux-gnu/lib/rustlib/x86_64-unknown-linux-gnu/lib/libstd_detect-a53d0f50415947be.rlib" "/opt/rustwide/rustup-home/toolchains/beta-2023-04-20-x86_64-unknown-linux-gnu/lib/rustlib/x86_64-unknown-linux-gnu/lib/libhashbrown-d48e4b6abc25b9dc.rlib" "/opt/rustwide/rustup-home/toolchains/beta-2023-04-20-x86_64-unknown-linux-gnu/lib/rustlib/x86_64-unknown-linux-gnu/lib/libminiz_oxide-2991859439ef1207.rlib" "/opt/rustwide/rustup-home/toolchains/beta-2023-04-20-x86_64-unknown-linux-gnu/lib/rustlib/x86_64-unknown-linux-gnu/lib/libadler-8a687517e4221bae.rlib" "/opt/rustwide/rustup-home/toolchains/beta-2023-04-20-x86_64-unknown-linux-gnu/lib/rustlib/x86_64-unknown-linux-gnu/lib/librustc_std_workspace_alloc-e07b554f6a67f5b3.rlib" "/opt/rustwide/rustup-home/toolchains/beta-2023-04-20-x86_64-unknown-linux-gnu/lib/rustlib/x86_64-unknown-linux-gnu/lib/libunwind-b68238b7c3c619dd.rlib" "/opt/rustwide/rustup-home/toolchains/beta-2023-04-20-x86_64-unknown-linux-gnu/lib/rustlib/x86_64-unknown-linux-gnu/lib/libcfg_if-d5e213e896c017e4.rlib" "/opt/rustwide/rustup-home/toolchains/beta-2023-04-20-x86_64-unknown-linux-gnu/lib/rustlib/x86_64-unknown-linux-gnu/lib/liblibc-0211a3b2e61d8689.rlib" "/opt/rustwide/rustup-home/toolchains/beta-2023-04-20-x86_64-unknown-linux-gnu/lib/rustlib/x86_64-unknown-linux-gnu/lib/liballoc-b371f055239ba51f.rlib" "/opt/rustwide/rustup-home/toolchains/beta-2023-04-20-x86_64-unknown-linux-gnu/lib/rustlib/x86_64-unknown-linux-gnu/lib/librustc_std_workspace_core-e60518d2760eb01e.rlib" "/opt/rustwide/rustup-home/toolchains/beta-2023-04-20-x86_64-unknown-linux-gnu/lib/rustlib/x86_64-unknown-linux-gnu/lib/libcore-1ad943f92a4b1081.rlib" "/opt/rustwide/rustup-home/toolchains/beta-2023-04-20-x86_64-unknown-linux-gnu/lib/rustlib/x86_64-unknown-linux-gnu/lib/libcompiler_builtins-f0d6e4d0fc1e80b4.rlib" "-Wl,-Bdynamic" "-lgcc_s" "-lutil" "-lrt" "-lpthread" "-lm" "-ldl" "-lc" "-Wl,--eh-frame-hdr" "-Wl,-z,noexecstack" "-L" "/opt/rustwide/rustup-home/toolchains/beta-2023-04-20-x86_64-unknown-linux-gnu/lib/rustlib/x86_64-unknown-linux-gnu/lib" "-o" "/opt/rustwide/target/debug/build/syn-e01ce206da2069b2/build_script_build-e01ce206da2069b2" "-Wl,--gc-sections" "-pie" "-Wl,-z,relro,-z,now" "-nodefaultlibs"
[INFO] [stdout]   = note: /usr/bin/ld: final link failed: No space left on device
[INFO] [stdout]           collect2: error: ld returned 1 exit status
[INFO] [stdout]           
[INFO] [stdout] 
[INFO] [stdout] 
[INFO] [stdout] error: aborting due to previous error
[INFO] [stdout] 
[INFO] [stdout] 
[INFO] [stdout] error: aborting due to previous error
[INFO] [stdout] 
[INFO] [stdout] 
[INFO] [stdout] error: couldn't create a temp dir: No space left on device (os error 28) at path "/tmp/rustcj7mlLf"
[INFO] [stdout] 
[INFO] [stdout] 
[INFO] [stderr] error: could not compile `proc-macro2` (build script) due to 2 previous errors
[INFO] [stderr] error: could not compile `libc` (build script) due to 2 previous errors
[INFO] [stdout] error: aborting due to previous error
[INFO] [stdout] 
[INFO] [stdout] 
[INFO] [stderr] error: could not compile `syn` (build script) due to 2 previous errors
[INFO] [stderr] error: could not compile `version_check` (lib)
[INFO] [stderr] error: could not compile `libloading` (lib) due to 2 previous errors
[INFO] [stderr] LLVM ERROR: IO failure on output stream: No space left on device
[INFO] [stdout] error: couldn't create a temp dir: No space left on device (os error 28) at path "/opt/rustwide/target/debug/deps/rmetaQWKBEk"
[INFO] [stdout] 
[INFO] [stdout] 
[INFO] [stderr] error: could not compile `glob` (lib)
[INFO] [stderr] error: could not compile `log` (lib) due to previous error
[INFO] [stdout] error: error writing dependencies to `/opt/rustwide/target/debug/deps/memchr-de11439d0b7bf419.d`: No space left on device (os error 28)
[INFO] [stdout] 
[INFO] [stdout] 
[INFO] [stderr] error: could not compile `memchr` (lib) due to previous error
[INFO] [stdout] error: couldn't create a temp dir: No space left on device (os error 28) at path "/opt/rustwide/target/debug/deps/rmetafcGtrk"
[INFO] [stdout] 
[INFO] [stdout] 
[INFO] [stderr] error: could not compile `humantime` (lib) due to previous error
[INFO] [stdout] error: couldn't create a temp dir: No space left on device (os error 28) at path "/opt/rustwide/target/debug/deps/rmetaXECZ13"
[INFO] [stdout] 
[INFO] [stdout] 
[INFO] [stderr] error: could not compile `crossbeam-utils` (lib) due to previous error
[INFO] [stdout] error: couldn't create a temp dir: No space left on device (os error 28) at path "/opt/rustwide/target/debug/deps/rmetaRiDFaS"
[INFO] [stdout] 
[INFO] [stdout] 
[INFO] [stderr] error: could not compile `regex-syntax` (lib) due to previous error
[INFO] running `Command { std: "docker" "inspect" "47a986f1cec41dd100944de72d249226225982b1fcc7e982f209e6b175fbae71", kill_on_drop: false }`
[INFO] running `Command { std: "docker" "rm" "-f" "47a986f1cec41dd100944de72d249226225982b1fcc7e982f209e6b175fbae71", kill_on_drop: false }`
[INFO] [stdout] 47a986f1cec41dd100944de72d249226225982b1fcc7e982f209e6b175fbae71
