[INFO] cloning repository https://github.com/jutuon/xlib-sys
[INFO] running `Command { std: "git" "-c" "credential.helper=" "-c" "credential.helper=/workspace/cargo-home/bin/git-credential-null" "clone" "--bare" "https://github.com/jutuon/xlib-sys" "/workspace/cache/git-repos/https%3A%2F%2Fgithub.com%2Fjutuon%2Fxlib-sys", kill_on_drop: false }`
[INFO] [stderr] Cloning into bare repository '/workspace/cache/git-repos/https%3A%2F%2Fgithub.com%2Fjutuon%2Fxlib-sys'...
[INFO] running `Command { std: "git" "rev-parse" "HEAD", kill_on_drop: false }`
[INFO] [stdout] 4e41217eddc49009662df3c4f5d253f7ad9d60b3
[INFO] documenting jutuon/xlib-sys against 1.69.0 for beta-1.70-rustdoc-1
[INFO] running `Command { std: "git" "clone" "/workspace/cache/git-repos/https%3A%2F%2Fgithub.com%2Fjutuon%2Fxlib-sys" "/workspace/builds/worker-3-tc1/source", kill_on_drop: false }`
[INFO] [stderr] Cloning into '/workspace/builds/worker-3-tc1/source'...
[INFO] [stderr] done.
[INFO] validating manifest of git repo https://github.com/jutuon/xlib-sys on toolchain 1.69.0
[INFO] running `Command { std: CARGO_HOME="/workspace/cargo-home" RUSTUP_HOME="/workspace/rustup-home" "/workspace/cargo-home/bin/cargo" "+1.69.0" "metadata" "--manifest-path" "Cargo.toml" "--no-deps", kill_on_drop: false }`
[INFO] started tweaking git repo https://github.com/jutuon/xlib-sys
[INFO] finished tweaking git repo https://github.com/jutuon/xlib-sys
[INFO] tweaked toml for git repo https://github.com/jutuon/xlib-sys written to /workspace/builds/worker-3-tc1/source/Cargo.toml
[INFO] crate git repo https://github.com/jutuon/xlib-sys already has a lockfile, it will not be regenerated
[INFO] running `Command { std: CARGO_HOME="/workspace/cargo-home" RUSTUP_HOME="/workspace/rustup-home" "/workspace/cargo-home/bin/cargo" "+1.69.0" "fetch" "--manifest-path" "Cargo.toml", kill_on_drop: false }`
[INFO] [stderr]  Downloading crates ...
[INFO] [stderr]   Downloaded libloading v0.5.1
[INFO] running `Command { std: "docker" "create" "-v" "/var/lib/crater-agent-workspace/builds/worker-3-tc1/target:/opt/rustwide/target:rw,Z" "-v" "/var/lib/crater-agent-workspace/builds/worker-3-tc1/source:/opt/rustwide/workdir:ro,Z" "-v" "/var/lib/crater-agent-workspace/cargo-home:/opt/rustwide/cargo-home:ro,Z" "-v" "/var/lib/crater-agent-workspace/rustup-home:/opt/rustwide/rustup-home:ro,Z" "-e" "SOURCE_DIR=/opt/rustwide/workdir" "-e" "CARGO_TARGET_DIR=/opt/rustwide/target" "-e" "CARGO_HOME=/opt/rustwide/cargo-home" "-e" "RUSTUP_HOME=/opt/rustwide/rustup-home" "-w" "/opt/rustwide/workdir" "-m" "1610612736" "--user" "0:0" "--network" "none" "ghcr.io/rust-lang/crates-build-env/linux@sha256:5ff2268d62e97bff2cde7d5815dd6ed5b47097566f13b8d0ca110b04b60e07ed" "/opt/rustwide/cargo-home/bin/cargo" "+1.69.0" "metadata" "--no-deps" "--format-version=1", kill_on_drop: false }`
[INFO] [stdout] f83f7f44216a7ac9330d0fd9953c0008ff57fef08cee45d8b7a89f95b65eadb5
[INFO] running `Command { std: "docker" "start" "-a" "f83f7f44216a7ac9330d0fd9953c0008ff57fef08cee45d8b7a89f95b65eadb5", kill_on_drop: false }`
[INFO] running `Command { std: "docker" "inspect" "f83f7f44216a7ac9330d0fd9953c0008ff57fef08cee45d8b7a89f95b65eadb5", kill_on_drop: false }`
[INFO] running `Command { std: "docker" "rm" "-f" "f83f7f44216a7ac9330d0fd9953c0008ff57fef08cee45d8b7a89f95b65eadb5", kill_on_drop: false }`
[INFO] [stdout] f83f7f44216a7ac9330d0fd9953c0008ff57fef08cee45d8b7a89f95b65eadb5
[INFO] running `Command { std: "docker" "create" "-v" "/var/lib/crater-agent-workspace/builds/worker-3-tc1/target:/opt/rustwide/target:rw,Z" "-v" "/var/lib/crater-agent-workspace/builds/worker-3-tc1/source:/opt/rustwide/workdir:ro,Z" "-v" "/var/lib/crater-agent-workspace/cargo-home:/opt/rustwide/cargo-home:ro,Z" "-v" "/var/lib/crater-agent-workspace/rustup-home:/opt/rustwide/rustup-home:ro,Z" "-e" "SOURCE_DIR=/opt/rustwide/workdir" "-e" "CARGO_TARGET_DIR=/opt/rustwide/target" "-e" "CARGO_INCREMENTAL=0" "-e" "RUST_BACKTRACE=full" "-e" "RUSTFLAGS=--cap-lints=warn" "-e" "RUSTDOCFLAGS=--cap-lints=warn" "-e" "CARGO_HOME=/opt/rustwide/cargo-home" "-e" "RUSTUP_HOME=/opt/rustwide/rustup-home" "-w" "/opt/rustwide/workdir" "-m" "1610612736" "--user" "0:0" "--network" "none" "ghcr.io/rust-lang/crates-build-env/linux@sha256:5ff2268d62e97bff2cde7d5815dd6ed5b47097566f13b8d0ca110b04b60e07ed" "/opt/rustwide/cargo-home/bin/cargo" "+1.69.0" "doc" "--frozen" "--no-deps" "--document-private-items" "--message-format=json", kill_on_drop: false }`
[INFO] [stdout] 7bf9f0e8942b43c88535931657ab111efb22c20b8934522a79311e8e3b2d9c59
[INFO] running `Command { std: "docker" "start" "-a" "7bf9f0e8942b43c88535931657ab111efb22c20b8934522a79311e8e3b2d9c59", kill_on_drop: false }`
[INFO] [stderr]    Compiling cc v1.0.37
[INFO] [stderr]    Compiling libc v0.2.58
[INFO] [stderr]    Compiling memchr v2.2.0
[INFO] [stderr]    Compiling glob v0.2.11
[INFO] [stderr]    Compiling byteorder v1.3.2
[INFO] [stderr]     Checking rustc-demangle v0.1.15
[INFO] [stderr]     Checking ucd-util v0.1.3
[INFO] [stderr]    Compiling proc-macro2 v0.4.30
[INFO] [stderr]    Compiling regex v1.1.7
[INFO] [stderr]    Compiling bitflags v1.1.0
[INFO] [stderr]     Checking utf8-ranges v1.0.3
[INFO] [stderr]     Checking quick-error v1.2.2
[INFO] [stderr]     Checking unicode-xid v0.1.0
[INFO] [stderr]    Compiling nom v4.2.3
[INFO] [stderr]     Checking log v0.4.6
[INFO] [stderr]     Checking humantime v1.2.0
[INFO] [stderr]    Compiling bindgen v0.50.0
[INFO] [stderr]     Checking regex-syntax v0.6.7
[INFO] [stderr]     Checking termcolor v1.0.5
[INFO] [stderr]     Checking shlex v0.1.1
[INFO] [stderr]     Checking peeking_take_while v0.1.2
[INFO] [stderr]  Documenting xlib-sys v0.1.0 (/opt/rustwide/workdir/xlib-sys)
[INFO] [stdout] error[E0583]: file not found for module `xlib`
[INFO] [stdout]  --> xlib-sys/src/generated_bindings.rs:1:1
[INFO] [stdout]   |
[INFO] [stdout] 1 | pub mod xlib;
[INFO] [stdout]   | ^^^^^^^^^^^^^
[INFO] [stdout]   |
[INFO] [stdout]   = help: to create the module `xlib`, create file "xlib-sys/src/generated_bindings/xlib.rs" or "xlib-sys/src/generated_bindings/xlib/mod.rs"
[INFO] [stdout] 
[INFO] [stdout] 
[INFO] [stdout] error[E0583]: file not found for module `xlib_functions`
[INFO] [stdout]  --> xlib-sys/src/generated_bindings.rs:2:1
[INFO] [stdout]   |
[INFO] [stdout] 2 | pub mod xlib_functions;
[INFO] [stdout]   | ^^^^^^^^^^^^^^^^^^^^^^^
[INFO] [stdout]   |
[INFO] [stdout]   = help: to create the module `xlib_functions`, create file "xlib-sys/src/generated_bindings/xlib_functions.rs" or "xlib-sys/src/generated_bindings/xlib_functions/mod.rs"
[INFO] [stdout] 
[INFO] [stdout] 
[INFO] [stdout] error[E0583]: file not found for module `xfixes`
[INFO] [stdout]  --> xlib-sys/src/generated_bindings.rs:3:1
[INFO] [stdout]   |
[INFO] [stdout] 3 | pub mod xfixes;
[INFO] [stdout]   | ^^^^^^^^^^^^^^^
[INFO] [stdout]   |
[INFO] [stdout]   = help: to create the module `xfixes`, create file "xlib-sys/src/generated_bindings/xfixes.rs" or "xlib-sys/src/generated_bindings/xfixes/mod.rs"
[INFO] [stdout] 
[INFO] [stdout] 
[INFO] [stdout] error[E0583]: file not found for module `xfixes_functions`
[INFO] [stdout]  --> xlib-sys/src/generated_bindings.rs:4:1
[INFO] [stdout]   |
[INFO] [stdout] 4 | pub mod xfixes_functions;
[INFO] [stdout]   | ^^^^^^^^^^^^^^^^^^^^^^^^^
[INFO] [stdout]   |
[INFO] [stdout]   = help: to create the module `xfixes_functions`, create file "xlib-sys/src/generated_bindings/xfixes_functions.rs" or "xlib-sys/src/generated_bindings/xfixes_functions/mod.rs"
[INFO] [stdout] 
[INFO] [stdout] 
[INFO] [stdout] error: aborting due to 4 previous errors
[INFO] [stdout] 
[INFO] [stdout] 
[INFO] [stdout] For more information about this error, try `rustc --explain E0583`.
[INFO] [stdout] 
[INFO] [stderr] error: could not document `xlib-sys`
[INFO] [stderr] 
[INFO] [stderr] Caused by:
[INFO] [stderr]   process didn't exit successfully: `rustdoc --edition=2018 --crate-type lib --crate-name xlib_sys xlib-sys/src/lib.rs -o /opt/rustwide/target/doc --error-format=json --json=diagnostic-rendered-ansi,artifacts,future-incompat --document-private-items -C metadata=1322ab746692b750 -L dependency=/opt/rustwide/target/debug/deps --cap-lints=warn --crate-version 0.1.0` (exit status: 1)
[INFO] [stderr] warning: build failed, waiting for other jobs to finish...
[INFO] running `Command { std: "docker" "inspect" "7bf9f0e8942b43c88535931657ab111efb22c20b8934522a79311e8e3b2d9c59", kill_on_drop: false }`
[INFO] running `Command { std: "docker" "rm" "-f" "7bf9f0e8942b43c88535931657ab111efb22c20b8934522a79311e8e3b2d9c59", kill_on_drop: false }`
[INFO] [stdout] 7bf9f0e8942b43c88535931657ab111efb22c20b8934522a79311e8e3b2d9c59
