[INFO] cloning repository https://github.com/justisGipson/rest_executor
[INFO] running `Command { std: "git" "-c" "credential.helper=" "-c" "credential.helper=/workspace/cargo-home/bin/git-credential-null" "clone" "--bare" "https://github.com/justisGipson/rest_executor" "/workspace/cache/git-repos/https%3A%2F%2Fgithub.com%2FjustisGipson%2Frest_executor", kill_on_drop: false }`
[INFO] [stderr] Cloning into bare repository '/workspace/cache/git-repos/https%3A%2F%2Fgithub.com%2FjustisGipson%2Frest_executor'...
[INFO] running `Command { std: "git" "rev-parse" "HEAD", kill_on_drop: false }`
[INFO] [stdout] ca73accba0e53002c961bf27ef43b7d1c703c086
[INFO] documenting justisGipson/rest_executor against beta-2023-04-20 for beta-1.70-rustdoc-1
[INFO] running `Command { std: "git" "clone" "/workspace/cache/git-repos/https%3A%2F%2Fgithub.com%2FjustisGipson%2Frest_executor" "/workspace/builds/worker-4-tc2/source", kill_on_drop: false }`
[INFO] [stderr] Cloning into '/workspace/builds/worker-4-tc2/source'...
[INFO] [stderr] done.
[INFO] validating manifest of git repo https://github.com/justisGipson/rest_executor on toolchain beta-2023-04-20
[INFO] running `Command { std: CARGO_HOME="/workspace/cargo-home" RUSTUP_HOME="/workspace/rustup-home" "/workspace/cargo-home/bin/cargo" "+beta-2023-04-20" "metadata" "--manifest-path" "Cargo.toml" "--no-deps", kill_on_drop: false }`
[INFO] started tweaking git repo https://github.com/justisGipson/rest_executor
[INFO] finished tweaking git repo https://github.com/justisGipson/rest_executor
[INFO] tweaked toml for git repo https://github.com/justisGipson/rest_executor written to /workspace/builds/worker-4-tc2/source/Cargo.toml
[INFO] crate git repo https://github.com/justisGipson/rest_executor already has a lockfile, it will not be regenerated
[INFO] running `Command { std: CARGO_HOME="/workspace/cargo-home" RUSTUP_HOME="/workspace/rustup-home" "/workspace/cargo-home/bin/cargo" "+beta-2023-04-20" "fetch" "--manifest-path" "Cargo.toml", kill_on_drop: false }`
[INFO] [stderr]     Updating crates.io index
[INFO] [stderr]  Downloading crates ...
[INFO] [stderr]   Downloaded pam-sys v0.5.6
[INFO] [stderr]   Downloaded pam v0.7.0
[INFO] running `Command { std: "docker" "create" "-v" "/var/lib/crater-agent-workspace/builds/worker-4-tc2/target:/opt/rustwide/target:rw,Z" "-v" "/var/lib/crater-agent-workspace/builds/worker-4-tc2/source:/opt/rustwide/workdir:ro,Z" "-v" "/var/lib/crater-agent-workspace/cargo-home:/opt/rustwide/cargo-home:ro,Z" "-v" "/var/lib/crater-agent-workspace/rustup-home:/opt/rustwide/rustup-home:ro,Z" "-e" "SOURCE_DIR=/opt/rustwide/workdir" "-e" "CARGO_TARGET_DIR=/opt/rustwide/target" "-e" "CARGO_HOME=/opt/rustwide/cargo-home" "-e" "RUSTUP_HOME=/opt/rustwide/rustup-home" "-w" "/opt/rustwide/workdir" "-m" "1610612736" "--user" "0:0" "--network" "none" "ghcr.io/rust-lang/crates-build-env/linux@sha256:5ff2268d62e97bff2cde7d5815dd6ed5b47097566f13b8d0ca110b04b60e07ed" "/opt/rustwide/cargo-home/bin/cargo" "+beta-2023-04-20" "metadata" "--no-deps" "--format-version=1", kill_on_drop: false }`
[INFO] [stdout] ff7724f98574887007832261c178ae449c11429e0088b9a985c6a95adea4b1e6
[INFO] running `Command { std: "docker" "start" "-a" "ff7724f98574887007832261c178ae449c11429e0088b9a985c6a95adea4b1e6", kill_on_drop: false }`
[INFO] running `Command { std: "docker" "inspect" "ff7724f98574887007832261c178ae449c11429e0088b9a985c6a95adea4b1e6", kill_on_drop: false }`
[INFO] running `Command { std: "docker" "rm" "-f" "ff7724f98574887007832261c178ae449c11429e0088b9a985c6a95adea4b1e6", kill_on_drop: false }`
[INFO] [stdout] ff7724f98574887007832261c178ae449c11429e0088b9a985c6a95adea4b1e6
[INFO] running `Command { std: "docker" "create" "-v" "/var/lib/crater-agent-workspace/builds/worker-4-tc2/target:/opt/rustwide/target:rw,Z" "-v" "/var/lib/crater-agent-workspace/builds/worker-4-tc2/source:/opt/rustwide/workdir:ro,Z" "-v" "/var/lib/crater-agent-workspace/cargo-home:/opt/rustwide/cargo-home:ro,Z" "-v" "/var/lib/crater-agent-workspace/rustup-home:/opt/rustwide/rustup-home:ro,Z" "-e" "SOURCE_DIR=/opt/rustwide/workdir" "-e" "CARGO_TARGET_DIR=/opt/rustwide/target" "-e" "CARGO_INCREMENTAL=0" "-e" "RUST_BACKTRACE=full" "-e" "RUSTFLAGS=--cap-lints=warn" "-e" "RUSTDOCFLAGS=--cap-lints=warn" "-e" "CARGO_HOME=/opt/rustwide/cargo-home" "-e" "RUSTUP_HOME=/opt/rustwide/rustup-home" "-w" "/opt/rustwide/workdir" "-m" "1610612736" "--user" "0:0" "--network" "none" "ghcr.io/rust-lang/crates-build-env/linux@sha256:5ff2268d62e97bff2cde7d5815dd6ed5b47097566f13b8d0ca110b04b60e07ed" "/opt/rustwide/cargo-home/bin/cargo" "+beta-2023-04-20" "doc" "--frozen" "--no-deps" "--document-private-items" "--message-format=json", kill_on_drop: false }`
[INFO] [stdout] 8699917de7313af388b2b65362a7619d1ce038ada9b4eb8a98754b5ec59ecb46
[INFO] running `Command { std: "docker" "start" "-a" "8699917de7313af388b2b65362a7619d1ce038ada9b4eb8a98754b5ec59ecb46", kill_on_drop: false }`
[INFO] [stderr]    Compiling libc v0.2.98
[INFO] [stderr]    Compiling proc-macro2 v1.0.27
[INFO] [stderr]    Compiling unicode-xid v0.2.2
[INFO] [stderr]    Compiling syn v1.0.73
[INFO] [stderr]    Compiling autocfg v1.0.1
[INFO] [stderr]     Checking cfg-if v1.0.0
[INFO] [stderr]    Compiling memchr v2.4.0
[INFO] [stderr]    Compiling log v0.4.14
[INFO] [stderr]    Compiling futures-core v0.3.15
[INFO] [stderr]     Checking lazy_static v1.4.0
[INFO] [stderr]     Checking slab v0.4.3
[INFO] [stderr]     Checking futures-sink v0.3.15
[INFO] [stderr]     Checking cfg-if v0.1.10
[INFO] [stderr]    Compiling futures-channel v0.3.15
[INFO] [stderr]    Compiling proc-macro-hack v0.5.19
[INFO] [stderr]    Compiling proc-macro-nested v0.1.7
[INFO] [stderr]    Compiling futures-task v0.3.15
[INFO] [stderr]     Checking pin-project-lite v0.2.7
[INFO] [stderr]     Checking pin-project-lite v0.1.12
[INFO] [stderr]     Checking bytes v0.5.6
[INFO] [stderr]     Checking pin-utils v0.1.0
[INFO] [stderr]     Checking futures-io v0.3.15
[INFO] [stderr]     Checking smallvec v1.6.1
[INFO] [stderr]    Compiling pin-project-internal v0.4.28
[INFO] [stderr]    Compiling cc v1.0.69
[INFO] [stdout] error: linking with `cc` failed: exit status: 1
[INFO] [stdout]   |
[INFO] [stdout]   = note: LC_ALL="C" PATH="/opt/rustwide/rustup-home/toolchains/beta-2023-04-20-x86_64-unknown-linux-gnu/lib/rustlib/x86_64-unknown-linux-gnu/bin:/opt/rustwide/cargo-home/bin:/usr/local/sbin:/usr/local/bin:/usr/sbin:/usr/bin:/sbin:/bin" VSLANG="1033" "cc" "-m64" "/tmp/rustcqvPuTP/symbols.o" "/opt/rustwide/target/debug/build/futures-channel-e89e75afff5ab97b/build_script_build-e89e75afff5ab97b.build_script_build.12f8e7d8-cgu.0.rcgu.o" "/opt/rustwide/target/debug/build/futures-channel-e89e75afff5ab97b/build_script_build-e89e75afff5ab97b.build_script_build.12f8e7d8-cgu.1.rcgu.o" "/opt/rustwide/target/debug/build/futures-channel-e89e75afff5ab97b/build_script_build-e89e75afff5ab97b.build_script_build.12f8e7d8-cgu.10.rcgu.o" "/opt/rustwide/target/debug/build/futures-channel-e89e75afff5ab97b/build_script_build-e89e75afff5ab97b.build_script_build.12f8e7d8-cgu.11.rcgu.o" "/opt/rustwide/target/debug/build/futures-channel-e89e75afff5ab97b/build_script_build-e89e75afff5ab97b.build_script_build.12f8e7d8-cgu.12.rcgu.o" "/opt/rustwide/target/debug/build/futures-channel-e89e75afff5ab97b/build_script_build-e89e75afff5ab97b.build_script_build.12f8e7d8-cgu.13.rcgu.o" "/opt/rustwide/target/debug/build/futures-channel-e89e75afff5ab97b/build_script_build-e89e75afff5ab97b.build_script_build.12f8e7d8-cgu.14.rcgu.o" "/opt/rustwide/target/debug/build/futures-channel-e89e75afff5ab97b/build_script_build-e89e75afff5ab97b.build_script_build.12f8e7d8-cgu.15.rcgu.o" "/opt/rustwide/target/debug/build/futures-channel-e89e75afff5ab97b/build_script_build-e89e75afff5ab97b.build_script_build.12f8e7d8-cgu.2.rcgu.o" "/opt/rustwide/target/debug/build/futures-channel-e89e75afff5ab97b/build_script_build-e89e75afff5ab97b.build_script_build.12f8e7d8-cgu.3.rcgu.o" "/opt/rustwide/target/debug/build/futures-channel-e89e75afff5ab97b/build_script_build-e89e75afff5ab97b.build_script_build.12f8e7d8-cgu.4.rcgu.o" "/opt/rustwide/target/debug/build/futures-channel-e89e75afff5ab97b/build_script_build-e89e75afff5ab97b.build_script_build.12f8e7d8-cgu.5.rcgu.o" "/opt/rustwide/target/debug/build/futures-channel-e89e75afff5ab97b/build_script_build-e89e75afff5ab97b.build_script_build.12f8e7d8-cgu.6.rcgu.o" "/opt/rustwide/target/debug/build/futures-channel-e89e75afff5ab97b/build_script_build-e89e75afff5ab97b.build_script_build.12f8e7d8-cgu.7.rcgu.o" "/opt/rustwide/target/debug/build/futures-channel-e89e75afff5ab97b/build_script_build-e89e75afff5ab97b.build_script_build.12f8e7d8-cgu.8.rcgu.o" "/opt/rustwide/target/debug/build/futures-channel-e89e75afff5ab97b/build_script_build-e89e75afff5ab97b.build_script_build.12f8e7d8-cgu.9.rcgu.o" "/opt/rustwide/target/debug/build/futures-channel-e89e75afff5ab97b/build_script_build-e89e75afff5ab97b.552v4t6yod6mun4n.rcgu.o" "-Wl,--as-needed" "-L" "/opt/rustwide/target/debug/deps" "-L" "/opt/rustwide/rustup-home/toolchains/beta-2023-04-20-x86_64-unknown-linux-gnu/lib/rustlib/x86_64-unknown-linux-gnu/lib" "-Wl,-Bstatic" "/opt/rustwide/rustup-home/toolchains/beta-2023-04-20-x86_64-unknown-linux-gnu/lib/rustlib/x86_64-unknown-linux-gnu/lib/libstd-0e29cc23c5e02021.rlib" "/opt/rustwide/rustup-home/toolchains/beta-2023-04-20-x86_64-unknown-linux-gnu/lib/rustlib/x86_64-unknown-linux-gnu/lib/libpanic_unwind-d903621768a861d9.rlib" "/opt/rustwide/rustup-home/toolchains/beta-2023-04-20-x86_64-unknown-linux-gnu/lib/rustlib/x86_64-unknown-linux-gnu/lib/libobject-6d0225e655f31c13.rlib" "/opt/rustwide/rustup-home/toolchains/beta-2023-04-20-x86_64-unknown-linux-gnu/lib/rustlib/x86_64-unknown-linux-gnu/lib/libmemchr-9dbaf4eac7eaa079.rlib" "/opt/rustwide/rustup-home/toolchains/beta-2023-04-20-x86_64-unknown-linux-gnu/lib/rustlib/x86_64-unknown-linux-gnu/lib/libaddr2line-27f05b3d42a66dd0.rlib" "/opt/rustwide/rustup-home/toolchains/beta-2023-04-20-x86_64-unknown-linux-gnu/lib/rustlib/x86_64-unknown-linux-gnu/lib/libgimli-4d73f1030321c9a2.rlib" "/opt/rustwide/rustup-home/toolchains/beta-2023-04-20-x86_64-unknown-linux-gnu/lib/rustlib/x86_64-unknown-linux-gnu/lib/librustc_demangle-2846c9e58abd0acb.rlib" "/opt/rustwide/rustup-home/toolchains/beta-2023-04-20-x86_64-unknown-linux-gnu/lib/rustlib/x86_64-unknown-linux-gnu/lib/libstd_detect-a53d0f50415947be.rlib" "/opt/rustwide/rustup-home/toolchains/beta-2023-04-20-x86_64-unknown-linux-gnu/lib/rustlib/x86_64-unknown-linux-gnu/lib/libhashbrown-d48e4b6abc25b9dc.rlib" "/opt/rustwide/rustup-home/toolchains/beta-2023-04-20-x86_64-unknown-linux-gnu/lib/rustlib/x86_64-unknown-linux-gnu/lib/libminiz_oxide-2991859439ef1207.rlib" "/opt/rustwide/rustup-home/toolchains/beta-2023-04-20-x86_64-unknown-linux-gnu/lib/rustlib/x86_64-unknown-linux-gnu/lib/libadler-8a687517e4221bae.rlib" "/opt/rustwide/rustup-home/toolchains/beta-2023-04-20-x86_64-unknown-linux-gnu/lib/rustlib/x86_64-unknown-linux-gnu/lib/librustc_std_workspace_alloc-e07b554f6a67f5b3.rlib" "/opt/rustwide/rustup-home/toolchains/beta-2023-04-20-x86_64-unknown-linux-gnu/lib/rustlib/x86_64-unknown-linux-gnu/lib/libunwind-b68238b7c3c619dd.rlib" "/opt/rustwide/rustup-home/toolchains/beta-2023-04-20-x86_64-unknown-linux-gnu/lib/rustlib/x86_64-unknown-linux-gnu/lib/libcfg_if-d5e213e896c017e4.rlib" "/opt/rustwide/rustup-home/toolchains/beta-2023-04-20-x86_64-unknown-linux-gnu/lib/rustlib/x86_64-unknown-linux-gnu/lib/liblibc-0211a3b2e61d8689.rlib" "/opt/rustwide/rustup-home/toolchains/beta-2023-04-20-x86_64-unknown-linux-gnu/lib/rustlib/x86_64-unknown-linux-gnu/lib/liballoc-b371f055239ba51f.rlib" "/opt/rustwide/rustup-home/toolchains/beta-2023-04-20-x86_64-unknown-linux-gnu/lib/rustlib/x86_64-unknown-linux-gnu/lib/librustc_std_workspace_core-e60518d2760eb01e.rlib" "/opt/rustwide/rustup-home/toolchains/beta-2023-04-20-x86_64-unknown-linux-gnu/lib/rustlib/x86_64-unknown-linux-gnu/lib/libcore-1ad943f92a4b1081.rlib" "/opt/rustwide/rustup-home/toolchains/beta-2023-04-20-x86_64-unknown-linux-gnu/lib/rustlib/x86_64-unknown-linux-gnu/lib/libcompiler_builtins-f0d6e4d0fc1e80b4.rlib" "-Wl,-Bdynamic" "-lgcc_s" "-lutil" "-lrt" "-lpthread" "-lm" "-ldl" "-lc" "-Wl,--eh-frame-hdr" "-Wl,-z,noexecstack" "-L" "/opt/rustwide/rustup-home/toolchains/beta-2023-04-20-x86_64-unknown-linux-gnu/lib/rustlib/x86_64-unknown-linux-gnu/lib" "-o" "/opt/rustwide/target/debug/build/futures-channel-e89e75afff5ab97b/build_script_build-e89e75afff5ab97b" "-Wl,--gc-sections" "-pie" "-Wl,-z,relro,-z,now" "-nodefaultlibs"
[INFO] [stdout]   = note: /usr/bin/ld: final link failed: No space left on device
[INFO] [stdout]           collect2: error: ld returned 1 exit status
[INFO] [stdout]           
[INFO] [stdout] 
[INFO] [stdout] 
[INFO] [stdout] error: aborting due to previous error
[INFO] [stdout] 
[INFO] [stdout] 
[INFO] [stdout] error: linking with `cc` failed: exit status: 1
[INFO] [stdout]   |
[INFO] [stdout]   = note: LC_ALL="C" PATH="/opt/rustwide/rustup-home/toolchains/beta-2023-04-20-x86_64-unknown-linux-gnu/lib/rustlib/x86_64-unknown-linux-gnu/bin:/opt/rustwide/cargo-home/bin:/usr/local/sbin:/usr/local/bin:/usr/sbin:/usr/bin:/sbin:/bin" VSLANG="1033" "cc" "-m64" "/tmp/rustclEdmvS/symbols.o" "/opt/rustwide/target/debug/build/log-3fc63c88c0e7e122/build_script_build-3fc63c88c0e7e122.build_script_build.d79292b2-cgu.0.rcgu.o" "/opt/rustwide/target/debug/build/log-3fc63c88c0e7e122/build_script_build-3fc63c88c0e7e122.build_script_build.d79292b2-cgu.1.rcgu.o" "/opt/rustwide/target/debug/build/log-3fc63c88c0e7e122/build_script_build-3fc63c88c0e7e122.build_script_build.d79292b2-cgu.10.rcgu.o" "/opt/rustwide/target/debug/build/log-3fc63c88c0e7e122/build_script_build-3fc63c88c0e7e122.build_script_build.d79292b2-cgu.11.rcgu.o" "/opt/rustwide/target/debug/build/log-3fc63c88c0e7e122/build_script_build-3fc63c88c0e7e122.build_script_build.d79292b2-cgu.12.rcgu.o" "/opt/rustwide/target/debug/build/log-3fc63c88c0e7e122/build_script_build-3fc63c88c0e7e122.build_script_build.d79292b2-cgu.13.rcgu.o" "/opt/rustwide/target/debug/build/log-3fc63c88c0e7e122/build_script_build-3fc63c88c0e7e122.build_script_build.d79292b2-cgu.14.rcgu.o" "/opt/rustwide/target/debug/build/log-3fc63c88c0e7e122/build_script_build-3fc63c88c0e7e122.build_script_build.d79292b2-cgu.15.rcgu.o" "/opt/rustwide/target/debug/build/log-3fc63c88c0e7e122/build_script_build-3fc63c88c0e7e122.build_script_build.d79292b2-cgu.2.rcgu.o" "/opt/rustwide/target/debug/build/log-3fc63c88c0e7e122/build_script_build-3fc63c88c0e7e122.build_script_build.d79292b2-cgu.3.rcgu.o" "/opt/rustwide/target/debug/build/log-3fc63c88c0e7e122/build_script_build-3fc63c88c0e7e122.build_script_build.d79292b2-cgu.4.rcgu.o" "/opt/rustwide/target/debug/build/log-3fc63c88c0e7e122/build_script_build-3fc63c88c0e7e122.build_script_build.d79292b2-cgu.5.rcgu.o" "/opt/rustwide/target/debug/build/log-3fc63c88c0e7e122/build_script_build-3fc63c88c0e7e122.build_script_build.d79292b2-cgu.6.rcgu.o" "/opt/rustwide/target/debug/build/log-3fc63c88c0e7e122/build_script_build-3fc63c88c0e7e122.build_script_build.d79292b2-cgu.7.rcgu.o" "/opt/rustwide/target/debug/build/log-3fc63c88c0e7e122/build_script_build-3fc63c88c0e7e122.build_script_build.d79292b2-cgu.8.rcgu.o" "/opt/rustwide/target/debug/build/log-3fc63c88c0e7e122/build_script_build-3fc63c88c0e7e122.build_script_build.d79292b2-cgu.9.rcgu.o" "/opt/rustwide/target/debug/build/log-3fc63c88c0e7e122/build_script_build-3fc63c88c0e7e122.1mo20nxj5c4cbldr.rcgu.o" "-Wl,--as-needed" "-L" "/opt/rustwide/target/debug/deps" "-L" "/opt/rustwide/rustup-home/toolchains/beta-2023-04-20-x86_64-unknown-linux-gnu/lib/rustlib/x86_64-unknown-linux-gnu/lib" "-Wl,-Bstatic" "/opt/rustwide/rustup-home/toolchains/beta-2023-04-20-x86_64-unknown-linux-gnu/lib/rustlib/x86_64-unknown-linux-gnu/lib/libstd-0e29cc23c5e02021.rlib" "/opt/rustwide/rustup-home/toolchains/beta-2023-04-20-x86_64-unknown-linux-gnu/lib/rustlib/x86_64-unknown-linux-gnu/lib/libpanic_unwind-d903621768a861d9.rlib" "/opt/rustwide/rustup-home/toolchains/beta-2023-04-20-x86_64-unknown-linux-gnu/lib/rustlib/x86_64-unknown-linux-gnu/lib/libobject-6d0225e655f31c13.rlib" "/opt/rustwide/rustup-home/toolchains/beta-2023-04-20-x86_64-unknown-linux-gnu/lib/rustlib/x86_64-unknown-linux-gnu/lib/libmemchr-9dbaf4eac7eaa079.rlib" "/opt/rustwide/rustup-home/toolchains/beta-2023-04-20-x86_64-unknown-linux-gnu/lib/rustlib/x86_64-unknown-linux-gnu/lib/libaddr2line-27f05b3d42a66dd0.rlib" "/opt/rustwide/rustup-home/toolchains/beta-2023-04-20-x86_64-unknown-linux-gnu/lib/rustlib/x86_64-unknown-linux-gnu/lib/libgimli-4d73f1030321c9a2.rlib" "/opt/rustwide/rustup-home/toolchains/beta-2023-04-20-x86_64-unknown-linux-gnu/lib/rustlib/x86_64-unknown-linux-gnu/lib/librustc_demangle-2846c9e58abd0acb.rlib" "/opt/rustwide/rustup-home/toolchains/beta-2023-04-20-x86_64-unknown-linux-gnu/lib/rustlib/x86_64-unknown-linux-gnu/lib/libstd_detect-a53d0f50415947be.rlib" "/opt/rustwide/rustup-home/toolchains/beta-2023-04-20-x86_64-unknown-linux-gnu/lib/rustlib/x86_64-unknown-linux-gnu/lib/libhashbrown-d48e4b6abc25b9dc.rlib" "/opt/rustwide/rustup-home/toolchains/beta-2023-04-20-x86_64-unknown-linux-gnu/lib/rustlib/x86_64-unknown-linux-gnu/lib/libminiz_oxide-2991859439ef1207.rlib" "/opt/rustwide/rustup-home/toolchains/beta-2023-04-20-x86_64-unknown-linux-gnu/lib/rustlib/x86_64-unknown-linux-gnu/lib/libadler-8a687517e4221bae.rlib" "/opt/rustwide/rustup-home/toolchains/beta-2023-04-20-x86_64-unknown-linux-gnu/lib/rustlib/x86_64-unknown-linux-gnu/lib/librustc_std_workspace_alloc-e07b554f6a67f5b3.rlib" "/opt/rustwide/rustup-home/toolchains/beta-2023-04-20-x86_64-unknown-linux-gnu/lib/rustlib/x86_64-unknown-linux-gnu/lib/libunwind-b68238b7c3c619dd.rlib" "/opt/rustwide/rustup-home/toolchains/beta-2023-04-20-x86_64-unknown-linux-gnu/lib/rustlib/x86_64-unknown-linux-gnu/lib/libcfg_if-d5e213e896c017e4.rlib" "/opt/rustwide/rustup-home/toolchains/beta-2023-04-20-x86_64-unknown-linux-gnu/lib/rustlib/x86_64-unknown-linux-gnu/lib/liblibc-0211a3b2e61d8689.rlib" "/opt/rustwide/rustup-home/toolchains/beta-2023-04-20-x86_64-unknown-linux-gnu/lib/rustlib/x86_64-unknown-linux-gnu/lib/liballoc-b371f055239ba51f.rlib" "/opt/rustwide/rustup-home/toolchains/beta-2023-04-20-x86_64-unknown-linux-gnu/lib/rustlib/x86_64-unknown-linux-gnu/lib/librustc_std_workspace_core-e60518d2760eb01e.rlib" "/opt/rustwide/rustup-home/toolchains/beta-2023-04-20-x86_64-unknown-linux-gnu/lib/rustlib/x86_64-unknown-linux-gnu/lib/libcore-1ad943f92a4b1081.rlib" "/opt/rustwide/rustup-home/toolchains/beta-2023-04-20-x86_64-unknown-linux-gnu/lib/rustlib/x86_64-unknown-linux-gnu/lib/libcompiler_builtins-f0d6e4d0fc1e80b4.rlib" "-Wl,-Bdynamic" "-lgcc_s" "-lutil" "-lrt" "-lpthread" "-lm" "-ldl" "-lc" "-Wl,--eh-frame-hdr" "-Wl,-z,noexecstack" "-L" "/opt/rustwide/rustup-home/toolchains/beta-2023-04-20-x86_64-unknown-linux-gnu/lib/rustlib/x86_64-unknown-linux-gnu/lib" "-o" "/opt/rustwide/target/debug/build/log-3fc63c88c0e7e122/build_script_build-3fc63c88c0e7e122" "-Wl,--gc-sections" "-pie" "-Wl,-z,relro,-z,now" "-nodefaultlibs"
[INFO] [stdout]   = note: /usr/bin/ld: final link failed: No space left on device
[INFO] [stdout]           collect2: error: ld returned 1 exit status
[INFO] [stdout]           
[INFO] [stdout] 
[INFO] [stdout] 
[INFO] [stdout] error: aborting due to previous error
[INFO] [stdout] 
[INFO] [stdout] 
[INFO] [stdout] error: linking with `cc` failed: exit status: 1
[INFO] [stdout]   |
[INFO] [stdout]   = note: LC_ALL="C" PATH="/opt/rustwide/rustup-home/toolchains/beta-2023-04-20-x86_64-unknown-linux-gnu/lib/rustlib/x86_64-unknown-linux-gnu/bin:/opt/rustwide/cargo-home/bin:/usr/local/sbin:/usr/local/bin:/usr/sbin:/usr/bin:/sbin:/bin" VSLANG="1033" "cc" "-m64" "/tmp/rustce5bAV0/symbols.o" "/opt/rustwide/target/debug/build/futures-core-ecc021a66ed30b24/build_script_build-ecc021a66ed30b24.build_script_build.145a4f43-cgu.0.rcgu.o" "/opt/rustwide/target/debug/build/futures-core-ecc021a66ed30b24/build_script_build-ecc021a66ed30b24.build_script_build.145a4f43-cgu.1.rcgu.o" "/opt/rustwide/target/debug/build/futures-core-ecc021a66ed30b24/build_script_build-ecc021a66ed30b24.build_script_build.145a4f43-cgu.10.rcgu.o" "/opt/rustwide/target/debug/build/futures-core-ecc021a66ed30b24/build_script_build-ecc021a66ed30b24.build_script_build.145a4f43-cgu.11.rcgu.o" "/opt/rustwide/target/debug/build/futures-core-ecc021a66ed30b24/build_script_build-ecc021a66ed30b24.build_script_build.145a4f43-cgu.12.rcgu.o" "/opt/rustwide/target/debug/build/futures-core-ecc021a66ed30b24/build_script_build-ecc021a66ed30b24.build_script_build.145a4f43-cgu.13.rcgu.o" "/opt/rustwide/target/debug/build/futures-core-ecc021a66ed30b24/build_script_build-ecc021a66ed30b24.build_script_build.145a4f43-cgu.14.rcgu.o" "/opt/rustwide/target/debug/build/futures-core-ecc021a66ed30b24/build_script_build-ecc021a66ed30b24.build_script_build.145a4f43-cgu.15.rcgu.o" "/opt/rustwide/target/debug/build/futures-core-ecc021a66ed30b24/build_script_build-ecc021a66ed30b24.build_script_build.145a4f43-cgu.2.rcgu.o" "/opt/rustwide/target/debug/build/futures-core-ecc021a66ed30b24/build_script_build-ecc021a66ed30b24.build_script_build.145a4f43-cgu.3.rcgu.o" "/opt/rustwide/target/debug/build/futures-core-ecc021a66ed30b24/build_script_build-ecc021a66ed30b24.build_script_build.145a4f43-cgu.4.rcgu.o" "/opt/rustwide/target/debug/build/futures-core-ecc021a66ed30b24/build_script_build-ecc021a66ed30b24.build_script_build.145a4f43-cgu.5.rcgu.o" "/opt/rustwide/target/debug/build/futures-core-ecc021a66ed30b24/build_script_build-ecc021a66ed30b24.build_script_build.145a4f43-cgu.6.rcgu.o" "/opt/rustwide/target/debug/build/futures-core-ecc021a66ed30b24/build_script_build-ecc021a66ed30b24.build_script_build.145a4f43-cgu.7.rcgu.o" "/opt/rustwide/target/debug/build/futures-core-ecc021a66ed30b24/build_script_build-ecc021a66ed30b24.build_script_build.145a4f43-cgu.8.rcgu.o" "/opt/rustwide/target/debug/build/futures-core-ecc021a66ed30b24/build_script_build-ecc021a66ed30b24.build_script_build.145a4f43-cgu.9.rcgu.o" "/opt/rustwide/target/debug/build/futures-core-ecc021a66ed30b24/build_script_build-ecc021a66ed30b24.3qxw3ohy9cejwhu7.rcgu.o" "-Wl,--as-needed" "-L" "/opt/rustwide/target/debug/deps" "-L" "/opt/rustwide/rustup-home/toolchains/beta-2023-04-20-x86_64-unknown-linux-gnu/lib/rustlib/x86_64-unknown-linux-gnu/lib" "-Wl,-Bstatic" "/opt/rustwide/rustup-home/toolchains/beta-2023-04-20-x86_64-unknown-linux-gnu/lib/rustlib/x86_64-unknown-linux-gnu/lib/libstd-0e29cc23c5e02021.rlib" "/opt/rustwide/rustup-home/toolchains/beta-2023-04-20-x86_64-unknown-linux-gnu/lib/rustlib/x86_64-unknown-linux-gnu/lib/libpanic_unwind-d903621768a861d9.rlib" "/opt/rustwide/rustup-home/toolchains/beta-2023-04-20-x86_64-unknown-linux-gnu/lib/rustlib/x86_64-unknown-linux-gnu/lib/libobject-6d0225e655f31c13.rlib" "/opt/rustwide/rustup-home/toolchains/beta-2023-04-20-x86_64-unknown-linux-gnu/lib/rustlib/x86_64-unknown-linux-gnu/lib/libmemchr-9dbaf4eac7eaa079.rlib" "/opt/rustwide/rustup-home/toolchains/beta-2023-04-20-x86_64-unknown-linux-gnu/lib/rustlib/x86_64-unknown-linux-gnu/lib/libaddr2line-27f05b3d42a66dd0.rlib" "/opt/rustwide/rustup-home/toolchains/beta-2023-04-20-x86_64-unknown-linux-gnu/lib/rustlib/x86_64-unknown-linux-gnu/lib/libgimli-4d73f1030321c9a2.rlib" "/opt/rustwide/rustup-home/toolchains/beta-2023-04-20-x86_64-unknown-linux-gnu/lib/rustlib/x86_64-unknown-linux-gnu/lib/librustc_demangle-2846c9e58abd0acb.rlib" "/opt/rustwide/rustup-home/toolchains/beta-2023-04-20-x86_64-unknown-linux-gnu/lib/rustlib/x86_64-unknown-linux-gnu/lib/libstd_detect-a53d0f50415947be.rlib" "/opt/rustwide/rustup-home/toolchains/beta-2023-04-20-x86_64-unknown-linux-gnu/lib/rustlib/x86_64-unknown-linux-gnu/lib/libhashbrown-d48e4b6abc25b9dc.rlib" "/opt/rustwide/rustup-home/toolchains/beta-2023-04-20-x86_64-unknown-linux-gnu/lib/rustlib/x86_64-unknown-linux-gnu/lib/libminiz_oxide-2991859439ef1207.rlib" "/opt/rustwide/rustup-home/toolchains/beta-2023-04-20-x86_64-unknown-linux-gnu/lib/rustlib/x86_64-unknown-linux-gnu/lib/libadler-8a687517e4221bae.rlib" "/opt/rustwide/rustup-home/toolchains/beta-2023-04-20-x86_64-unknown-linux-gnu/lib/rustlib/x86_64-unknown-linux-gnu/lib/librustc_std_workspace_alloc-e07b554f6a67f5b3.rlib" "/opt/rustwide/rustup-home/toolchains/beta-2023-04-20-x86_64-unknown-linux-gnu/lib/rustlib/x86_64-unknown-linux-gnu/lib/libunwind-b68238b7c3c619dd.rlib" "/opt/rustwide/rustup-home/toolchains/beta-2023-04-20-x86_64-unknown-linux-gnu/lib/rustlib/x86_64-unknown-linux-gnu/lib/libcfg_if-d5e213e896c017e4.rlib" "/opt/rustwide/rustup-home/toolchains/beta-2023-04-20-x86_64-unknown-linux-gnu/lib/rustlib/x86_64-unknown-linux-gnu/lib/liblibc-0211a3b2e61d8689.rlib" "/opt/rustwide/rustup-home/toolchains/beta-2023-04-20-x86_64-unknown-linux-gnu/lib/rustlib/x86_64-unknown-linux-gnu/lib/liballoc-b371f055239ba51f.rlib" "/opt/rustwide/rustup-home/toolchains/beta-2023-04-20-x86_64-unknown-linux-gnu/lib/rustlib/x86_64-unknown-linux-gnu/lib/librustc_std_workspace_core-e60518d2760eb01e.rlib" "/opt/rustwide/rustup-home/toolchains/beta-2023-04-20-x86_64-unknown-linux-gnu/lib/rustlib/x86_64-unknown-linux-gnu/lib/libcore-1ad943f92a4b1081.rlib" "/opt/rustwide/rustup-home/toolchains/beta-2023-04-20-x86_64-unknown-linux-gnu/lib/rustlib/x86_64-unknown-linux-gnu/lib/libcompiler_builtins-f0d6e4d0fc1e80b4.rlib" "-Wl,-Bdynamic" "-lgcc_s" "-lutil" "-lrt" "-lpthread" "-lm" "-ldl" "-lc" "-Wl,--eh-frame-hdr" "-Wl,-z,noexecstack" "-L" "/opt/rustwide/rustup-home/toolchains/beta-2023-04-20-x86_64-unknown-linux-gnu/lib/rustlib/x86_64-unknown-linux-gnu/lib" "-o" "/opt/rustwide/target/debug/build/futures-core-ecc021a66ed30b24/build_script_build-ecc021a66ed30b24" "-Wl,--gc-sections" "-pie" "-Wl,-z,relro,-z,now" "-nodefaultlibs"
[INFO] [stdout]   = note: /usr/bin/ld: final link failed: No space left on device
[INFO] [stdout]           collect2: error: ld returned 1 exit status
[INFO] [stdout]           
[INFO] [stdout] 
[INFO] [stdout] 
[INFO] [stdout] error: aborting due to previous error
[INFO] [stdout] 
[INFO] [stdout] 
[INFO] [stderr] error: could not compile `futures-channel` (build script) due to 2 previous errors
[INFO] [stderr] warning: build failed, waiting for other jobs to finish...
[INFO] [stderr] error: could not compile `futures-core` (build script) due to 2 previous errors
[INFO] [stderr] error: could not compile `log` (build script) due to 2 previous errors
[INFO] [stderr] error: could not parse/generate dep info at: /opt/rustwide/target/debug/deps/futures_io-f371f4be84b2109b.d
[INFO] [stderr] 
[INFO] [stderr] Caused by:
[INFO] [stderr]   failed to write `/opt/rustwide/target/debug/.fingerprint/futures-io-f371f4be84b2109b/dep-lib-futures-io`
[INFO] [stderr] 
[INFO] [stderr] Caused by:
[INFO] [stderr]   No space left on device (os error 28)
[INFO] [stderr] LLVM ERROR: IO failure on output stream: No space left on device
[INFO] [stderr] error: could not compile `autocfg` (lib)
[INFO] [stderr] LLVM ERROR: IO failure on output stream: No space left on device
[INFO] [stderr] error: could not compile `pin-project-internal` (build script)
[INFO] [stdout] error: linking with `cc` failed: exit status: 1
[INFO] [stdout]   |
[INFO] [stdout]   = note: LC_ALL="C" PATH="/opt/rustwide/rustup-home/toolchains/beta-2023-04-20-x86_64-unknown-linux-gnu/lib/rustlib/x86_64-unknown-linux-gnu/bin:/opt/rustwide/cargo-home/bin:/usr/local/sbin:/usr/local/bin:/usr/sbin:/usr/bin:/sbin:/bin" VSLANG="1033" "cc" "-m64" "/tmp/rustc31tRyE/symbols.o" "/opt/rustwide/target/debug/build/futures-task-7c0bd7c08c9796b6/build_script_build-7c0bd7c08c9796b6.build_script_build.8604a5e4-cgu.0.rcgu.o" "/opt/rustwide/target/debug/build/futures-task-7c0bd7c08c9796b6/build_script_build-7c0bd7c08c9796b6.build_script_build.8604a5e4-cgu.1.rcgu.o" "/opt/rustwide/target/debug/build/futures-task-7c0bd7c08c9796b6/build_script_build-7c0bd7c08c9796b6.build_script_build.8604a5e4-cgu.10.rcgu.o" "/opt/rustwide/target/debug/build/futures-task-7c0bd7c08c9796b6/build_script_build-7c0bd7c08c9796b6.build_script_build.8604a5e4-cgu.11.rcgu.o" "/opt/rustwide/target/debug/build/futures-task-7c0bd7c08c9796b6/build_script_build-7c0bd7c08c9796b6.build_script_build.8604a5e4-cgu.12.rcgu.o" "/opt/rustwide/target/debug/build/futures-task-7c0bd7c08c9796b6/build_script_build-7c0bd7c08c9796b6.build_script_build.8604a5e4-cgu.13.rcgu.o" "/opt/rustwide/target/debug/build/futures-task-7c0bd7c08c9796b6/build_script_build-7c0bd7c08c9796b6.build_script_build.8604a5e4-cgu.14.rcgu.o" "/opt/rustwide/target/debug/build/futures-task-7c0bd7c08c9796b6/build_script_build-7c0bd7c08c9796b6.build_script_build.8604a5e4-cgu.15.rcgu.o" "/opt/rustwide/target/debug/build/futures-task-7c0bd7c08c9796b6/build_script_build-7c0bd7c08c9796b6.build_script_build.8604a5e4-cgu.2.rcgu.o" "/opt/rustwide/target/debug/build/futures-task-7c0bd7c08c9796b6/build_script_build-7c0bd7c08c9796b6.build_script_build.8604a5e4-cgu.3.rcgu.o" "/opt/rustwide/target/debug/build/futures-task-7c0bd7c08c9796b6/build_script_build-7c0bd7c08c9796b6.build_script_build.8604a5e4-cgu.4.rcgu.o" "/opt/rustwide/target/debug/build/futures-task-7c0bd7c08c9796b6/build_script_build-7c0bd7c08c9796b6.build_script_build.8604a5e4-cgu.5.rcgu.o" "/opt/rustwide/target/debug/build/futures-task-7c0bd7c08c9796b6/build_script_build-7c0bd7c08c9796b6.build_script_build.8604a5e4-cgu.6.rcgu.o" "/opt/rustwide/target/debug/build/futures-task-7c0bd7c08c9796b6/build_script_build-7c0bd7c08c9796b6.build_script_build.8604a5e4-cgu.7.rcgu.o" "/opt/rustwide/target/debug/build/futures-task-7c0bd7c08c9796b6/build_script_build-7c0bd7c08c9796b6.build_script_build.8604a5e4-cgu.8.rcgu.o" "/opt/rustwide/target/debug/build/futures-task-7c0bd7c08c9796b6/build_script_build-7c0bd7c08c9796b6.build_script_build.8604a5e4-cgu.9.rcgu.o" "/opt/rustwide/target/debug/build/futures-task-7c0bd7c08c9796b6/build_script_build-7c0bd7c08c9796b6.1osugd0z2k9pzs56.rcgu.o" "-Wl,--as-needed" "-L" "/opt/rustwide/target/debug/deps" "-L" "/opt/rustwide/rustup-home/toolchains/beta-2023-04-20-x86_64-unknown-linux-gnu/lib/rustlib/x86_64-unknown-linux-gnu/lib" "-Wl,-Bstatic" "/opt/rustwide/rustup-home/toolchains/beta-2023-04-20-x86_64-unknown-linux-gnu/lib/rustlib/x86_64-unknown-linux-gnu/lib/libstd-0e29cc23c5e02021.rlib" "/opt/rustwide/rustup-home/toolchains/beta-2023-04-20-x86_64-unknown-linux-gnu/lib/rustlib/x86_64-unknown-linux-gnu/lib/libpanic_unwind-d903621768a861d9.rlib" "/opt/rustwide/rustup-home/toolchains/beta-2023-04-20-x86_64-unknown-linux-gnu/lib/rustlib/x86_64-unknown-linux-gnu/lib/libobject-6d0225e655f31c13.rlib" "/opt/rustwide/rustup-home/toolchains/beta-2023-04-20-x86_64-unknown-linux-gnu/lib/rustlib/x86_64-unknown-linux-gnu/lib/libmemchr-9dbaf4eac7eaa079.rlib" "/opt/rustwide/rustup-home/toolchains/beta-2023-04-20-x86_64-unknown-linux-gnu/lib/rustlib/x86_64-unknown-linux-gnu/lib/libaddr2line-27f05b3d42a66dd0.rlib" "/opt/rustwide/rustup-home/toolchains/beta-2023-04-20-x86_64-unknown-linux-gnu/lib/rustlib/x86_64-unknown-linux-gnu/lib/libgimli-4d73f1030321c9a2.rlib" "/opt/rustwide/rustup-home/toolchains/beta-2023-04-20-x86_64-unknown-linux-gnu/lib/rustlib/x86_64-unknown-linux-gnu/lib/librustc_demangle-2846c9e58abd0acb.rlib" "/opt/rustwide/rustup-home/toolchains/beta-2023-04-20-x86_64-unknown-linux-gnu/lib/rustlib/x86_64-unknown-linux-gnu/lib/libstd_detect-a53d0f50415947be.rlib" "/opt/rustwide/rustup-home/toolchains/beta-2023-04-20-x86_64-unknown-linux-gnu/lib/rustlib/x86_64-unknown-linux-gnu/lib/libhashbrown-d48e4b6abc25b9dc.rlib" "/opt/rustwide/rustup-home/toolchains/beta-2023-04-20-x86_64-unknown-linux-gnu/lib/rustlib/x86_64-unknown-linux-gnu/lib/libminiz_oxide-2991859439ef1207.rlib" "/opt/rustwide/rustup-home/toolchains/beta-2023-04-20-x86_64-unknown-linux-gnu/lib/rustlib/x86_64-unknown-linux-gnu/lib/libadler-8a687517e4221bae.rlib" "/opt/rustwide/rustup-home/toolchains/beta-2023-04-20-x86_64-unknown-linux-gnu/lib/rustlib/x86_64-unknown-linux-gnu/lib/librustc_std_workspace_alloc-e07b554f6a67f5b3.rlib" "/opt/rustwide/rustup-home/toolchains/beta-2023-04-20-x86_64-unknown-linux-gnu/lib/rustlib/x86_64-unknown-linux-gnu/lib/libunwind-b68238b7c3c619dd.rlib" "/opt/rustwide/rustup-home/toolchains/beta-2023-04-20-x86_64-unknown-linux-gnu/lib/rustlib/x86_64-unknown-linux-gnu/lib/libcfg_if-d5e213e896c017e4.rlib" "/opt/rustwide/rustup-home/toolchains/beta-2023-04-20-x86_64-unknown-linux-gnu/lib/rustlib/x86_64-unknown-linux-gnu/lib/liblibc-0211a3b2e61d8689.rlib" "/opt/rustwide/rustup-home/toolchains/beta-2023-04-20-x86_64-unknown-linux-gnu/lib/rustlib/x86_64-unknown-linux-gnu/lib/liballoc-b371f055239ba51f.rlib" "/opt/rustwide/rustup-home/toolchains/beta-2023-04-20-x86_64-unknown-linux-gnu/lib/rustlib/x86_64-unknown-linux-gnu/lib/librustc_std_workspace_core-e60518d2760eb01e.rlib" "/opt/rustwide/rustup-home/toolchains/beta-2023-04-20-x86_64-unknown-linux-gnu/lib/rustlib/x86_64-unknown-linux-gnu/lib/libcore-1ad943f92a4b1081.rlib" "/opt/rustwide/rustup-home/toolchains/beta-2023-04-20-x86_64-unknown-linux-gnu/lib/rustlib/x86_64-unknown-linux-gnu/lib/libcompiler_builtins-f0d6e4d0fc1e80b4.rlib" "-Wl,-Bdynamic" "-lgcc_s" "-lutil" "-lrt" "-lpthread" "-lm" "-ldl" "-lc" "-Wl,--eh-frame-hdr" "-Wl,-z,noexecstack" "-L" "/opt/rustwide/rustup-home/toolchains/beta-2023-04-20-x86_64-unknown-linux-gnu/lib/rustlib/x86_64-unknown-linux-gnu/lib" "-o" "/opt/rustwide/target/debug/build/futures-task-7c0bd7c08c9796b6/build_script_build-7c0bd7c08c9796b6" "-Wl,--gc-sections" "-pie" "-Wl,-z,relro,-z,now" "-nodefaultlibs"
[INFO] [stdout]   = note: /usr/bin/ld: final link failed: No space left on device
[INFO] [stdout]           collect2: error: ld returned 1 exit status
[INFO] [stdout]           
[INFO] [stdout] 
[INFO] [stdout] 
[INFO] [stderr] error: could not compile `futures-task` (build script) due to previous error
[INFO] [stdout] error: linking with `cc` failed: exit status: 1
[INFO] [stdout]   |
[INFO] [stdout]   = note: LC_ALL="C" PATH="/opt/rustwide/rustup-home/toolchains/beta-2023-04-20-x86_64-unknown-linux-gnu/lib/rustlib/x86_64-unknown-linux-gnu/bin:/opt/rustwide/cargo-home/bin:/usr/local/sbin:/usr/local/bin:/usr/sbin:/usr/bin:/sbin:/bin" VSLANG="1033" "cc" "-m64" "/tmp/rustcdP85xA/symbols.o" "/opt/rustwide/target/debug/build/memchr-78d000c6bfe1543b/build_script_build-78d000c6bfe1543b.build_script_build.da963596-cgu.0.rcgu.o" "/opt/rustwide/target/debug/build/memchr-78d000c6bfe1543b/build_script_build-78d000c6bfe1543b.build_script_build.da963596-cgu.1.rcgu.o" "/opt/rustwide/target/debug/build/memchr-78d000c6bfe1543b/build_script_build-78d000c6bfe1543b.build_script_build.da963596-cgu.10.rcgu.o" "/opt/rustwide/target/debug/build/memchr-78d000c6bfe1543b/build_script_build-78d000c6bfe1543b.build_script_build.da963596-cgu.11.rcgu.o" "/opt/rustwide/target/debug/build/memchr-78d000c6bfe1543b/build_script_build-78d000c6bfe1543b.build_script_build.da963596-cgu.12.rcgu.o" "/opt/rustwide/target/debug/build/memchr-78d000c6bfe1543b/build_script_build-78d000c6bfe1543b.build_script_build.da963596-cgu.13.rcgu.o" "/opt/rustwide/target/debug/build/memchr-78d000c6bfe1543b/build_script_build-78d000c6bfe1543b.build_script_build.da963596-cgu.14.rcgu.o" "/opt/rustwide/target/debug/build/memchr-78d000c6bfe1543b/build_script_build-78d000c6bfe1543b.build_script_build.da963596-cgu.15.rcgu.o" "/opt/rustwide/target/debug/build/memchr-78d000c6bfe1543b/build_script_build-78d000c6bfe1543b.build_script_build.da963596-cgu.2.rcgu.o" "/opt/rustwide/target/debug/build/memchr-78d000c6bfe1543b/build_script_build-78d000c6bfe1543b.build_script_build.da963596-cgu.3.rcgu.o" "/opt/rustwide/target/debug/build/memchr-78d000c6bfe1543b/build_script_build-78d000c6bfe1543b.build_script_build.da963596-cgu.4.rcgu.o" "/opt/rustwide/target/debug/build/memchr-78d000c6bfe1543b/build_script_build-78d000c6bfe1543b.build_script_build.da963596-cgu.5.rcgu.o" "/opt/rustwide/target/debug/build/memchr-78d000c6bfe1543b/build_script_build-78d000c6bfe1543b.build_script_build.da963596-cgu.6.rcgu.o" "/opt/rustwide/target/debug/build/memchr-78d000c6bfe1543b/build_script_build-78d000c6bfe1543b.build_script_build.da963596-cgu.7.rcgu.o" "/opt/rustwide/target/debug/build/memchr-78d000c6bfe1543b/build_script_build-78d000c6bfe1543b.build_script_build.da963596-cgu.8.rcgu.o" "/opt/rustwide/target/debug/build/memchr-78d000c6bfe1543b/build_script_build-78d000c6bfe1543b.build_script_build.da963596-cgu.9.rcgu.o" "/opt/rustwide/target/debug/build/memchr-78d000c6bfe1543b/build_script_build-78d000c6bfe1543b.4osmy17ni3upxdrk.rcgu.o" "-Wl,--as-needed" "-L" "/opt/rustwide/target/debug/deps" "-L" "/opt/rustwide/rustup-home/toolchains/beta-2023-04-20-x86_64-unknown-linux-gnu/lib/rustlib/x86_64-unknown-linux-gnu/lib" "-Wl,-Bstatic" "/opt/rustwide/rustup-home/toolchains/beta-2023-04-20-x86_64-unknown-linux-gnu/lib/rustlib/x86_64-unknown-linux-gnu/lib/libstd-0e29cc23c5e02021.rlib" "/opt/rustwide/rustup-home/toolchains/beta-2023-04-20-x86_64-unknown-linux-gnu/lib/rustlib/x86_64-unknown-linux-gnu/lib/libpanic_unwind-d903621768a861d9.rlib" "/opt/rustwide/rustup-home/toolchains/beta-2023-04-20-x86_64-unknown-linux-gnu/lib/rustlib/x86_64-unknown-linux-gnu/lib/libobject-6d0225e655f31c13.rlib" "/opt/rustwide/rustup-home/toolchains/beta-2023-04-20-x86_64-unknown-linux-gnu/lib/rustlib/x86_64-unknown-linux-gnu/lib/libmemchr-9dbaf4eac7eaa079.rlib" "/opt/rustwide/rustup-home/toolchains/beta-2023-04-20-x86_64-unknown-linux-gnu/lib/rustlib/x86_64-unknown-linux-gnu/lib/libaddr2line-27f05b3d42a66dd0.rlib" "/opt/rustwide/rustup-home/toolchains/beta-2023-04-20-x86_64-unknown-linux-gnu/lib/rustlib/x86_64-unknown-linux-gnu/lib/libgimli-4d73f1030321c9a2.rlib" "/opt/rustwide/rustup-home/toolchains/beta-2023-04-20-x86_64-unknown-linux-gnu/lib/rustlib/x86_64-unknown-linux-gnu/lib/librustc_demangle-2846c9e58abd0acb.rlib" "/opt/rustwide/rustup-home/toolchains/beta-2023-04-20-x86_64-unknown-linux-gnu/lib/rustlib/x86_64-unknown-linux-gnu/lib/libstd_detect-a53d0f50415947be.rlib" "/opt/rustwide/rustup-home/toolchains/beta-2023-04-20-x86_64-unknown-linux-gnu/lib/rustlib/x86_64-unknown-linux-gnu/lib/libhashbrown-d48e4b6abc25b9dc.rlib" "/opt/rustwide/rustup-home/toolchains/beta-2023-04-20-x86_64-unknown-linux-gnu/lib/rustlib/x86_64-unknown-linux-gnu/lib/libminiz_oxide-2991859439ef1207.rlib" "/opt/rustwide/rustup-home/toolchains/beta-2023-04-20-x86_64-unknown-linux-gnu/lib/rustlib/x86_64-unknown-linux-gnu/lib/libadler-8a687517e4221bae.rlib" "/opt/rustwide/rustup-home/toolchains/beta-2023-04-20-x86_64-unknown-linux-gnu/lib/rustlib/x86_64-unknown-linux-gnu/lib/librustc_std_workspace_alloc-e07b554f6a67f5b3.rlib" "/opt/rustwide/rustup-home/toolchains/beta-2023-04-20-x86_64-unknown-linux-gnu/lib/rustlib/x86_64-unknown-linux-gnu/lib/libunwind-b68238b7c3c619dd.rlib" "/opt/rustwide/rustup-home/toolchains/beta-2023-04-20-x86_64-unknown-linux-gnu/lib/rustlib/x86_64-unknown-linux-gnu/lib/libcfg_if-d5e213e896c017e4.rlib" "/opt/rustwide/rustup-home/toolchains/beta-2023-04-20-x86_64-unknown-linux-gnu/lib/rustlib/x86_64-unknown-linux-gnu/lib/liblibc-0211a3b2e61d8689.rlib" "/opt/rustwide/rustup-home/toolchains/beta-2023-04-20-x86_64-unknown-linux-gnu/lib/rustlib/x86_64-unknown-linux-gnu/lib/liballoc-b371f055239ba51f.rlib" "/opt/rustwide/rustup-home/toolchains/beta-2023-04-20-x86_64-unknown-linux-gnu/lib/rustlib/x86_64-unknown-linux-gnu/lib/librustc_std_workspace_core-e60518d2760eb01e.rlib" "/opt/rustwide/rustup-home/toolchains/beta-2023-04-20-x86_64-unknown-linux-gnu/lib/rustlib/x86_64-unknown-linux-gnu/lib/libcore-1ad943f92a4b1081.rlib" "/opt/rustwide/rustup-home/toolchains/beta-2023-04-20-x86_64-unknown-linux-gnu/lib/rustlib/x86_64-unknown-linux-gnu/lib/libcompiler_builtins-f0d6e4d0fc1e80b4.rlib" "-Wl,-Bdynamic" "-lgcc_s" "-lutil" "-lrt" "-lpthread" "-lm" "-ldl" "-lc" "-Wl,--eh-frame-hdr" "-Wl,-z,noexecstack" "-L" "/opt/rustwide/rustup-home/toolchains/beta-2023-04-20-x86_64-unknown-linux-gnu/lib/rustlib/x86_64-unknown-linux-gnu/lib" "-o" "/opt/rustwide/target/debug/build/memchr-78d000c6bfe1543b/build_script_build-78d000c6bfe1543b" "-Wl,--gc-sections" "-pie" "-Wl,-z,relro,-z,now" "-nodefaultlibs"
[INFO] [stdout]   = note: /usr/bin/ld: final link failed: No space left on device
[INFO] [stdout]           collect2: error: ld returned 1 exit status
[INFO] [stdout]           
[INFO] [stdout] 
[INFO] [stdout] 
[INFO] [stdout] error: aborting due to previous error
[INFO] [stdout] 
[INFO] [stdout] 
[INFO] [stdout] error: linking with `cc` failed: exit status: 1
[INFO] [stdout]   |
[INFO] [stdout]   = note: LC_ALL="C" PATH="/opt/rustwide/rustup-home/toolchains/beta-2023-04-20-x86_64-unknown-linux-gnu/lib/rustlib/x86_64-unknown-linux-gnu/bin:/opt/rustwide/cargo-home/bin:/usr/local/sbin:/usr/local/bin:/usr/sbin:/usr/bin:/sbin:/bin" VSLANG="1033" "cc" "-m64" "/tmp/rustcBJbHwO/symbols.o" "/opt/rustwide/target/debug/build/proc-macro-hack-219d0e575d8defd3/build_script_build-219d0e575d8defd3.build_script_build.8a22e764-cgu.0.rcgu.o" "/opt/rustwide/target/debug/build/proc-macro-hack-219d0e575d8defd3/build_script_build-219d0e575d8defd3.build_script_build.8a22e764-cgu.1.rcgu.o" "/opt/rustwide/target/debug/build/proc-macro-hack-219d0e575d8defd3/build_script_build-219d0e575d8defd3.build_script_build.8a22e764-cgu.10.rcgu.o" "/opt/rustwide/target/debug/build/proc-macro-hack-219d0e575d8defd3/build_script_build-219d0e575d8defd3.build_script_build.8a22e764-cgu.11.rcgu.o" "/opt/rustwide/target/debug/build/proc-macro-hack-219d0e575d8defd3/build_script_build-219d0e575d8defd3.build_script_build.8a22e764-cgu.12.rcgu.o" "/opt/rustwide/target/debug/build/proc-macro-hack-219d0e575d8defd3/build_script_build-219d0e575d8defd3.build_script_build.8a22e764-cgu.13.rcgu.o" "/opt/rustwide/target/debug/build/proc-macro-hack-219d0e575d8defd3/build_script_build-219d0e575d8defd3.build_script_build.8a22e764-cgu.14.rcgu.o" "/opt/rustwide/target/debug/build/proc-macro-hack-219d0e575d8defd3/build_script_build-219d0e575d8defd3.build_script_build.8a22e764-cgu.15.rcgu.o" "/opt/rustwide/target/debug/build/proc-macro-hack-219d0e575d8defd3/build_script_build-219d0e575d8defd3.build_script_build.8a22e764-cgu.2.rcgu.o" "/opt/rustwide/target/debug/build/proc-macro-hack-219d0e575d8defd3/build_script_build-219d0e575d8defd3.build_script_build.8a22e764-cgu.3.rcgu.o" "/opt/rustwide/target/debug/build/proc-macro-hack-219d0e575d8defd3/build_script_build-219d0e575d8defd3.build_script_build.8a22e764-cgu.4.rcgu.o" "/opt/rustwide/target/debug/build/proc-macro-hack-219d0e575d8defd3/build_script_build-219d0e575d8defd3.build_script_build.8a22e764-cgu.5.rcgu.o" "/opt/rustwide/target/debug/build/proc-macro-hack-219d0e575d8defd3/build_script_build-219d0e575d8defd3.build_script_build.8a22e764-cgu.6.rcgu.o" "/opt/rustwide/target/debug/build/proc-macro-hack-219d0e575d8defd3/build_script_build-219d0e575d8defd3.build_script_build.8a22e764-cgu.7.rcgu.o" "/opt/rustwide/target/debug/build/proc-macro-hack-219d0e575d8defd3/build_script_build-219d0e575d8defd3.build_script_build.8a22e764-cgu.8.rcgu.o" "/opt/rustwide/target/debug/build/proc-macro-hack-219d0e575d8defd3/build_script_build-219d0e575d8defd3.build_script_build.8a22e764-cgu.9.rcgu.o" "/opt/rustwide/target/debug/build/proc-macro-hack-219d0e575d8defd3/build_script_build-219d0e575d8defd3.4gjow84gh07jm388.rcgu.o" "-Wl,--as-needed" "-L" "/opt/rustwide/target/debug/deps" "-L" "/opt/rustwide/rustup-home/toolchains/beta-2023-04-20-x86_64-unknown-linux-gnu/lib/rustlib/x86_64-unknown-linux-gnu/lib" "-Wl,-Bstatic" "/opt/rustwide/rustup-home/toolchains/beta-2023-04-20-x86_64-unknown-linux-gnu/lib/rustlib/x86_64-unknown-linux-gnu/lib/libstd-0e29cc23c5e02021.rlib" "/opt/rustwide/rustup-home/toolchains/beta-2023-04-20-x86_64-unknown-linux-gnu/lib/rustlib/x86_64-unknown-linux-gnu/lib/libpanic_unwind-d903621768a861d9.rlib" "/opt/rustwide/rustup-home/toolchains/beta-2023-04-20-x86_64-unknown-linux-gnu/lib/rustlib/x86_64-unknown-linux-gnu/lib/libobject-6d0225e655f31c13.rlib" "/opt/rustwide/rustup-home/toolchains/beta-2023-04-20-x86_64-unknown-linux-gnu/lib/rustlib/x86_64-unknown-linux-gnu/lib/libmemchr-9dbaf4eac7eaa079.rlib" "/opt/rustwide/rustup-home/toolchains/beta-2023-04-20-x86_64-unknown-linux-gnu/lib/rustlib/x86_64-unknown-linux-gnu/lib/libaddr2line-27f05b3d42a66dd0.rlib" "/opt/rustwide/rustup-home/toolchains/beta-2023-04-20-x86_64-unknown-linux-gnu/lib/rustlib/x86_64-unknown-linux-gnu/lib/libgimli-4d73f1030321c9a2.rlib" "/opt/rustwide/rustup-home/toolchains/beta-2023-04-20-x86_64-unknown-linux-gnu/lib/rustlib/x86_64-unknown-linux-gnu/lib/librustc_demangle-2846c9e58abd0acb.rlib" "/opt/rustwide/rustup-home/toolchains/beta-2023-04-20-x86_64-unknown-linux-gnu/lib/rustlib/x86_64-unknown-linux-gnu/lib/libstd_detect-a53d0f50415947be.rlib" "/opt/rustwide/rustup-home/toolchains/beta-2023-04-20-x86_64-unknown-linux-gnu/lib/rustlib/x86_64-unknown-linux-gnu/lib/libhashbrown-d48e4b6abc25b9dc.rlib" "/opt/rustwide/rustup-home/toolchains/beta-2023-04-20-x86_64-unknown-linux-gnu/lib/rustlib/x86_64-unknown-linux-gnu/lib/libminiz_oxide-2991859439ef1207.rlib" "/opt/rustwide/rustup-home/toolchains/beta-2023-04-20-x86_64-unknown-linux-gnu/lib/rustlib/x86_64-unknown-linux-gnu/lib/libadler-8a687517e4221bae.rlib" "/opt/rustwide/rustup-home/toolchains/beta-2023-04-20-x86_64-unknown-linux-gnu/lib/rustlib/x86_64-unknown-linux-gnu/lib/librustc_std_workspace_alloc-e07b554f6a67f5b3.rlib" "/opt/rustwide/rustup-home/toolchains/beta-2023-04-20-x86_64-unknown-linux-gnu/lib/rustlib/x86_64-unknown-linux-gnu/lib/libunwind-b68238b7c3c619dd.rlib" "/opt/rustwide/rustup-home/toolchains/beta-2023-04-20-x86_64-unknown-linux-gnu/lib/rustlib/x86_64-unknown-linux-gnu/lib/libcfg_if-d5e213e896c017e4.rlib" "/opt/rustwide/rustup-home/toolchains/beta-2023-04-20-x86_64-unknown-linux-gnu/lib/rustlib/x86_64-unknown-linux-gnu/lib/liblibc-0211a3b2e61d8689.rlib" "/opt/rustwide/rustup-home/toolchains/beta-2023-04-20-x86_64-unknown-linux-gnu/lib/rustlib/x86_64-unknown-linux-gnu/lib/liballoc-b371f055239ba51f.rlib" "/opt/rustwide/rustup-home/toolchains/beta-2023-04-20-x86_64-unknown-linux-gnu/lib/rustlib/x86_64-unknown-linux-gnu/lib/librustc_std_workspace_core-e60518d2760eb01e.rlib" "/opt/rustwide/rustup-home/toolchains/beta-2023-04-20-x86_64-unknown-linux-gnu/lib/rustlib/x86_64-unknown-linux-gnu/lib/libcore-1ad943f92a4b1081.rlib" "/opt/rustwide/rustup-home/toolchains/beta-2023-04-20-x86_64-unknown-linux-gnu/lib/rustlib/x86_64-unknown-linux-gnu/lib/libcompiler_builtins-f0d6e4d0fc1e80b4.rlib" "-Wl,-Bdynamic" "-lgcc_s" "-lutil" "-lrt" "-lpthread" "-lm" "-ldl" "-lc" "-Wl,--eh-frame-hdr" "-Wl,-z,noexecstack" "-L" "/opt/rustwide/rustup-home/toolchains/beta-2023-04-20-x86_64-unknown-linux-gnu/lib/rustlib/x86_64-unknown-linux-gnu/lib" "-o" "/opt/rustwide/target/debug/build/proc-macro-hack-219d0e575d8defd3/build_script_build-219d0e575d8defd3" "-Wl,--gc-sections" "-pie" "-Wl,-z,relro,-z,now" "-nodefaultlibs"
[INFO] [stdout]   = note: /usr/bin/ld: final link failed: No space left on device
[INFO] [stdout]           collect2: error: ld returned 1 exit status
[INFO] [stdout]           
[INFO] [stdout] 
[INFO] [stdout] 
[INFO] [stderr] error: could not compile `memchr` (build script) due to 2 previous errors
[INFO] [stderr] error: could not compile `proc-macro-hack` (build script) due to previous error
[INFO] [stdout] error: linking with `cc` failed: exit status: 1
[INFO] [stdout]   |
[INFO] [stdout]   = note: LC_ALL="C" PATH="/opt/rustwide/rustup-home/toolchains/beta-2023-04-20-x86_64-unknown-linux-gnu/lib/rustlib/x86_64-unknown-linux-gnu/bin:/opt/rustwide/cargo-home/bin:/usr/local/sbin:/usr/local/bin:/usr/sbin:/usr/bin:/sbin:/bin" VSLANG="1033" "cc" "-m64" "/tmp/rustcnxmIai/symbols.o" "/opt/rustwide/target/debug/build/libc-68f3b6195bcea406/build_script_build-68f3b6195bcea406.build_script_build.b1d17066-cgu.0.rcgu.o" "/opt/rustwide/target/debug/build/libc-68f3b6195bcea406/build_script_build-68f3b6195bcea406.build_script_build.b1d17066-cgu.1.rcgu.o" "/opt/rustwide/target/debug/build/libc-68f3b6195bcea406/build_script_build-68f3b6195bcea406.build_script_build.b1d17066-cgu.10.rcgu.o" "/opt/rustwide/target/debug/build/libc-68f3b6195bcea406/build_script_build-68f3b6195bcea406.build_script_build.b1d17066-cgu.11.rcgu.o" "/opt/rustwide/target/debug/build/libc-68f3b6195bcea406/build_script_build-68f3b6195bcea406.build_script_build.b1d17066-cgu.12.rcgu.o" "/opt/rustwide/target/debug/build/libc-68f3b6195bcea406/build_script_build-68f3b6195bcea406.build_script_build.b1d17066-cgu.13.rcgu.o" "/opt/rustwide/target/debug/build/libc-68f3b6195bcea406/build_script_build-68f3b6195bcea406.build_script_build.b1d17066-cgu.14.rcgu.o" "/opt/rustwide/target/debug/build/libc-68f3b6195bcea406/build_script_build-68f3b6195bcea406.build_script_build.b1d17066-cgu.15.rcgu.o" "/opt/rustwide/target/debug/build/libc-68f3b6195bcea406/build_script_build-68f3b6195bcea406.build_script_build.b1d17066-cgu.2.rcgu.o" "/opt/rustwide/target/debug/build/libc-68f3b6195bcea406/build_script_build-68f3b6195bcea406.build_script_build.b1d17066-cgu.3.rcgu.o" "/opt/rustwide/target/debug/build/libc-68f3b6195bcea406/build_script_build-68f3b6195bcea406.build_script_build.b1d17066-cgu.4.rcgu.o" "/opt/rustwide/target/debug/build/libc-68f3b6195bcea406/build_script_build-68f3b6195bcea406.build_script_build.b1d17066-cgu.5.rcgu.o" "/opt/rustwide/target/debug/build/libc-68f3b6195bcea406/build_script_build-68f3b6195bcea406.build_script_build.b1d17066-cgu.6.rcgu.o" "/opt/rustwide/target/debug/build/libc-68f3b6195bcea406/build_script_build-68f3b6195bcea406.build_script_build.b1d17066-cgu.7.rcgu.o" "/opt/rustwide/target/debug/build/libc-68f3b6195bcea406/build_script_build-68f3b6195bcea406.build_script_build.b1d17066-cgu.8.rcgu.o" "/opt/rustwide/target/debug/build/libc-68f3b6195bcea406/build_script_build-68f3b6195bcea406.build_script_build.b1d17066-cgu.9.rcgu.o" "/opt/rustwide/target/debug/build/libc-68f3b6195bcea406/build_script_build-68f3b6195bcea406.4nmf8mxcjibur0np.rcgu.o" "-Wl,--as-needed" "-L" "/opt/rustwide/target/debug/deps" "-L" "/opt/rustwide/rustup-home/toolchains/beta-2023-04-20-x86_64-unknown-linux-gnu/lib/rustlib/x86_64-unknown-linux-gnu/lib" "-Wl,-Bstatic" "/opt/rustwide/rustup-home/toolchains/beta-2023-04-20-x86_64-unknown-linux-gnu/lib/rustlib/x86_64-unknown-linux-gnu/lib/libstd-0e29cc23c5e02021.rlib" "/opt/rustwide/rustup-home/toolchains/beta-2023-04-20-x86_64-unknown-linux-gnu/lib/rustlib/x86_64-unknown-linux-gnu/lib/libpanic_unwind-d903621768a861d9.rlib" "/opt/rustwide/rustup-home/toolchains/beta-2023-04-20-x86_64-unknown-linux-gnu/lib/rustlib/x86_64-unknown-linux-gnu/lib/libobject-6d0225e655f31c13.rlib" "/opt/rustwide/rustup-home/toolchains/beta-2023-04-20-x86_64-unknown-linux-gnu/lib/rustlib/x86_64-unknown-linux-gnu/lib/libmemchr-9dbaf4eac7eaa079.rlib" "/opt/rustwide/rustup-home/toolchains/beta-2023-04-20-x86_64-unknown-linux-gnu/lib/rustlib/x86_64-unknown-linux-gnu/lib/libaddr2line-27f05b3d42a66dd0.rlib" "/opt/rustwide/rustup-home/toolchains/beta-2023-04-20-x86_64-unknown-linux-gnu/lib/rustlib/x86_64-unknown-linux-gnu/lib/libgimli-4d73f1030321c9a2.rlib" "/opt/rustwide/rustup-home/toolchains/beta-2023-04-20-x86_64-unknown-linux-gnu/lib/rustlib/x86_64-unknown-linux-gnu/lib/librustc_demangle-2846c9e58abd0acb.rlib" "/opt/rustwide/rustup-home/toolchains/beta-2023-04-20-x86_64-unknown-linux-gnu/lib/rustlib/x86_64-unknown-linux-gnu/lib/libstd_detect-a53d0f50415947be.rlib" "/opt/rustwide/rustup-home/toolchains/beta-2023-04-20-x86_64-unknown-linux-gnu/lib/rustlib/x86_64-unknown-linux-gnu/lib/libhashbrown-d48e4b6abc25b9dc.rlib" "/opt/rustwide/rustup-home/toolchains/beta-2023-04-20-x86_64-unknown-linux-gnu/lib/rustlib/x86_64-unknown-linux-gnu/lib/libminiz_oxide-2991859439ef1207.rlib" "/opt/rustwide/rustup-home/toolchains/beta-2023-04-20-x86_64-unknown-linux-gnu/lib/rustlib/x86_64-unknown-linux-gnu/lib/libadler-8a687517e4221bae.rlib" "/opt/rustwide/rustup-home/toolchains/beta-2023-04-20-x86_64-unknown-linux-gnu/lib/rustlib/x86_64-unknown-linux-gnu/lib/librustc_std_workspace_alloc-e07b554f6a67f5b3.rlib" "/opt/rustwide/rustup-home/toolchains/beta-2023-04-20-x86_64-unknown-linux-gnu/lib/rustlib/x86_64-unknown-linux-gnu/lib/libunwind-b68238b7c3c619dd.rlib" "/opt/rustwide/rustup-home/toolchains/beta-2023-04-20-x86_64-unknown-linux-gnu/lib/rustlib/x86_64-unknown-linux-gnu/lib/libcfg_if-d5e213e896c017e4.rlib" "/opt/rustwide/rustup-home/toolchains/beta-2023-04-20-x86_64-unknown-linux-gnu/lib/rustlib/x86_64-unknown-linux-gnu/lib/liblibc-0211a3b2e61d8689.rlib" "/opt/rustwide/rustup-home/toolchains/beta-2023-04-20-x86_64-unknown-linux-gnu/lib/rustlib/x86_64-unknown-linux-gnu/lib/liballoc-b371f055239ba51f.rlib" "/opt/rustwide/rustup-home/toolchains/beta-2023-04-20-x86_64-unknown-linux-gnu/lib/rustlib/x86_64-unknown-linux-gnu/lib/librustc_std_workspace_core-e60518d2760eb01e.rlib" "/opt/rustwide/rustup-home/toolchains/beta-2023-04-20-x86_64-unknown-linux-gnu/lib/rustlib/x86_64-unknown-linux-gnu/lib/libcore-1ad943f92a4b1081.rlib" "/opt/rustwide/rustup-home/toolchains/beta-2023-04-20-x86_64-unknown-linux-gnu/lib/rustlib/x86_64-unknown-linux-gnu/lib/libcompiler_builtins-f0d6e4d0fc1e80b4.rlib" "-Wl,-Bdynamic" "-lgcc_s" "-lutil" "-lrt" "-lpthread" "-lm" "-ldl" "-lc" "-Wl,--eh-frame-hdr" "-Wl,-z,noexecstack" "-L" "/opt/rustwide/rustup-home/toolchains/beta-2023-04-20-x86_64-unknown-linux-gnu/lib/rustlib/x86_64-unknown-linux-gnu/lib" "-o" "/opt/rustwide/target/debug/build/libc-68f3b6195bcea406/build_script_build-68f3b6195bcea406" "-Wl,--gc-sections" "-pie" "-Wl,-z,relro,-z,now" "-nodefaultlibs"
[INFO] [stdout]   = note: /usr/bin/ld: final link failed: No space left on device
[INFO] [stdout]           collect2: error: ld returned 1 exit status
[INFO] [stdout]           
[INFO] [stdout] 
[INFO] [stdout] 
[INFO] [stdout] error: linking with `cc` failed: exit status: 1
[INFO] [stdout]   |
[INFO] [stdout]   = note: LC_ALL="C" PATH="/opt/rustwide/rustup-home/toolchains/beta-2023-04-20-x86_64-unknown-linux-gnu/lib/rustlib/x86_64-unknown-linux-gnu/bin:/opt/rustwide/cargo-home/bin:/usr/local/sbin:/usr/local/bin:/usr/sbin:/usr/bin:/sbin:/bin" VSLANG="1033" "cc" "-m64" "/tmp/rustcZOJkYD/symbols.o" "/opt/rustwide/target/debug/build/syn-18f7b0e5426adfaa/build_script_build-18f7b0e5426adfaa.build_script_build.ea29a0e9-cgu.0.rcgu.o" "/opt/rustwide/target/debug/build/syn-18f7b0e5426adfaa/build_script_build-18f7b0e5426adfaa.build_script_build.ea29a0e9-cgu.1.rcgu.o" "/opt/rustwide/target/debug/build/syn-18f7b0e5426adfaa/build_script_build-18f7b0e5426adfaa.build_script_build.ea29a0e9-cgu.10.rcgu.o" "/opt/rustwide/target/debug/build/syn-18f7b0e5426adfaa/build_script_build-18f7b0e5426adfaa.build_script_build.ea29a0e9-cgu.11.rcgu.o" "/opt/rustwide/target/debug/build/syn-18f7b0e5426adfaa/build_script_build-18f7b0e5426adfaa.build_script_build.ea29a0e9-cgu.12.rcgu.o" "/opt/rustwide/target/debug/build/syn-18f7b0e5426adfaa/build_script_build-18f7b0e5426adfaa.build_script_build.ea29a0e9-cgu.13.rcgu.o" "/opt/rustwide/target/debug/build/syn-18f7b0e5426adfaa/build_script_build-18f7b0e5426adfaa.build_script_build.ea29a0e9-cgu.14.rcgu.o" "/opt/rustwide/target/debug/build/syn-18f7b0e5426adfaa/build_script_build-18f7b0e5426adfaa.build_script_build.ea29a0e9-cgu.15.rcgu.o" "/opt/rustwide/target/debug/build/syn-18f7b0e5426adfaa/build_script_build-18f7b0e5426adfaa.build_script_build.ea29a0e9-cgu.2.rcgu.o" "/opt/rustwide/target/debug/build/syn-18f7b0e5426adfaa/build_script_build-18f7b0e5426adfaa.build_script_build.ea29a0e9-cgu.3.rcgu.o" "/opt/rustwide/target/debug/build/syn-18f7b0e5426adfaa/build_script_build-18f7b0e5426adfaa.build_script_build.ea29a0e9-cgu.4.rcgu.o" "/opt/rustwide/target/debug/build/syn-18f7b0e5426adfaa/build_script_build-18f7b0e5426adfaa.build_script_build.ea29a0e9-cgu.5.rcgu.o" "/opt/rustwide/target/debug/build/syn-18f7b0e5426adfaa/build_script_build-18f7b0e5426adfaa.build_script_build.ea29a0e9-cgu.6.rcgu.o" "/opt/rustwide/target/debug/build/syn-18f7b0e5426adfaa/build_script_build-18f7b0e5426adfaa.build_script_build.ea29a0e9-cgu.7.rcgu.o" "/opt/rustwide/target/debug/build/syn-18f7b0e5426adfaa/build_script_build-18f7b0e5426adfaa.build_script_build.ea29a0e9-cgu.8.rcgu.o" "/opt/rustwide/target/debug/build/syn-18f7b0e5426adfaa/build_script_build-18f7b0e5426adfaa.build_script_build.ea29a0e9-cgu.9.rcgu.o" "/opt/rustwide/target/debug/build/syn-18f7b0e5426adfaa/build_script_build-18f7b0e5426adfaa.4ka07a5n6mtr348d.rcgu.o" "-Wl,--as-needed" "-L" "/opt/rustwide/target/debug/deps" "-L" "/opt/rustwide/rustup-home/toolchains/beta-2023-04-20-x86_64-unknown-linux-gnu/lib/rustlib/x86_64-unknown-linux-gnu/lib" "-Wl,-Bstatic" "/opt/rustwide/rustup-home/toolchains/beta-2023-04-20-x86_64-unknown-linux-gnu/lib/rustlib/x86_64-unknown-linux-gnu/lib/libstd-0e29cc23c5e02021.rlib" "/opt/rustwide/rustup-home/toolchains/beta-2023-04-20-x86_64-unknown-linux-gnu/lib/rustlib/x86_64-unknown-linux-gnu/lib/libpanic_unwind-d903621768a861d9.rlib" "/opt/rustwide/rustup-home/toolchains/beta-2023-04-20-x86_64-unknown-linux-gnu/lib/rustlib/x86_64-unknown-linux-gnu/lib/libobject-6d0225e655f31c13.rlib" "/opt/rustwide/rustup-home/toolchains/beta-2023-04-20-x86_64-unknown-linux-gnu/lib/rustlib/x86_64-unknown-linux-gnu/lib/libmemchr-9dbaf4eac7eaa079.rlib" "/opt/rustwide/rustup-home/toolchains/beta-2023-04-20-x86_64-unknown-linux-gnu/lib/rustlib/x86_64-unknown-linux-gnu/lib/libaddr2line-27f05b3d42a66dd0.rlib" "/opt/rustwide/rustup-home/toolchains/beta-2023-04-20-x86_64-unknown-linux-gnu/lib/rustlib/x86_64-unknown-linux-gnu/lib/libgimli-4d73f1030321c9a2.rlib" "/opt/rustwide/rustup-home/toolchains/beta-2023-04-20-x86_64-unknown-linux-gnu/lib/rustlib/x86_64-unknown-linux-gnu/lib/librustc_demangle-2846c9e58abd0acb.rlib" "/opt/rustwide/rustup-home/toolchains/beta-2023-04-20-x86_64-unknown-linux-gnu/lib/rustlib/x86_64-unknown-linux-gnu/lib/libstd_detect-a53d0f50415947be.rlib" "/opt/rustwide/rustup-home/toolchains/beta-2023-04-20-x86_64-unknown-linux-gnu/lib/rustlib/x86_64-unknown-linux-gnu/lib/libhashbrown-d48e4b6abc25b9dc.rlib" "/opt/rustwide/rustup-home/toolchains/beta-2023-04-20-x86_64-unknown-linux-gnu/lib/rustlib/x86_64-unknown-linux-gnu/lib/libminiz_oxide-2991859439ef1207.rlib" "/opt/rustwide/rustup-home/toolchains/beta-2023-04-20-x86_64-unknown-linux-gnu/lib/rustlib/x86_64-unknown-linux-gnu/lib/libadler-8a687517e4221bae.rlib" "/opt/rustwide/rustup-home/toolchains/beta-2023-04-20-x86_64-unknown-linux-gnu/lib/rustlib/x86_64-unknown-linux-gnu/lib/librustc_std_workspace_alloc-e07b554f6a67f5b3.rlib" "/opt/rustwide/rustup-home/toolchains/beta-2023-04-20-x86_64-unknown-linux-gnu/lib/rustlib/x86_64-unknown-linux-gnu/lib/libunwind-b68238b7c3c619dd.rlib" "/opt/rustwide/rustup-home/toolchains/beta-2023-04-20-x86_64-unknown-linux-gnu/lib/rustlib/x86_64-unknown-linux-gnu/lib/libcfg_if-d5e213e896c017e4.rlib" "/opt/rustwide/rustup-home/toolchains/beta-2023-04-20-x86_64-unknown-linux-gnu/lib/rustlib/x86_64-unknown-linux-gnu/lib/liblibc-0211a3b2e61d8689.rlib" "/opt/rustwide/rustup-home/toolchains/beta-2023-04-20-x86_64-unknown-linux-gnu/lib/rustlib/x86_64-unknown-linux-gnu/lib/liballoc-b371f055239ba51f.rlib" "/opt/rustwide/rustup-home/toolchains/beta-2023-04-20-x86_64-unknown-linux-gnu/lib/rustlib/x86_64-unknown-linux-gnu/lib/librustc_std_workspace_core-e60518d2760eb01e.rlib" "/opt/rustwide/rustup-home/toolchains/beta-2023-04-20-x86_64-unknown-linux-gnu/lib/rustlib/x86_64-unknown-linux-gnu/lib/libcore-1ad943f92a4b1081.rlib" "/opt/rustwide/rustup-home/toolchains/beta-2023-04-20-x86_64-unknown-linux-gnu/lib/rustlib/x86_64-unknown-linux-gnu/lib/libcompiler_builtins-f0d6e4d0fc1e80b4.rlib" "-Wl,-Bdynamic" "-lgcc_s" "-lutil" "-lrt" "-lpthread" "-lm" "-ldl" "-lc" "-Wl,--eh-frame-hdr" "-Wl,-z,noexecstack" "-L" "/opt/rustwide/rustup-home/toolchains/beta-2023-04-20-x86_64-unknown-linux-gnu/lib/rustlib/x86_64-unknown-linux-gnu/lib" "-o" "/opt/rustwide/target/debug/build/syn-18f7b0e5426adfaa/build_script_build-18f7b0e5426adfaa" "-Wl,--gc-sections" "-pie" "-Wl,-z,relro,-z,now" "-nodefaultlibs"
[INFO] [stdout]   = note: /usr/bin/ld: final link failed: No space left on device
[INFO] [stdout]           collect2: error: ld returned 1 exit status
[INFO] [stdout]           
[INFO] [stdout] 
[INFO] [stdout] 
[INFO] [stdout] error: aborting due to previous error
[INFO] [stdout] 
[INFO] [stdout] 
[INFO] [stdout] error: linking with `cc` failed: exit status: 1
[INFO] [stdout]   |
[INFO] [stdout]   = note: LC_ALL="C" PATH="/opt/rustwide/rustup-home/toolchains/beta-2023-04-20-x86_64-unknown-linux-gnu/lib/rustlib/x86_64-unknown-linux-gnu/bin:/opt/rustwide/cargo-home/bin:/usr/local/sbin:/usr/local/bin:/usr/sbin:/usr/bin:/sbin:/bin" VSLANG="1033" "cc" "-m64" "/tmp/rustcvyZf2w/symbols.o" "/opt/rustwide/target/debug/build/proc-macro-nested-d8f70fca671c196b/build_script_build-d8f70fca671c196b.build_script_build.75c9109b-cgu.0.rcgu.o" "/opt/rustwide/target/debug/build/proc-macro-nested-d8f70fca671c196b/build_script_build-d8f70fca671c196b.build_script_build.75c9109b-cgu.1.rcgu.o" "/opt/rustwide/target/debug/build/proc-macro-nested-d8f70fca671c196b/build_script_build-d8f70fca671c196b.build_script_build.75c9109b-cgu.10.rcgu.o" "/opt/rustwide/target/debug/build/proc-macro-nested-d8f70fca671c196b/build_script_build-d8f70fca671c196b.build_script_build.75c9109b-cgu.11.rcgu.o" "/opt/rustwide/target/debug/build/proc-macro-nested-d8f70fca671c196b/build_script_build-d8f70fca671c196b.build_script_build.75c9109b-cgu.12.rcgu.o" "/opt/rustwide/target/debug/build/proc-macro-nested-d8f70fca671c196b/build_script_build-d8f70fca671c196b.build_script_build.75c9109b-cgu.13.rcgu.o" "/opt/rustwide/target/debug/build/proc-macro-nested-d8f70fca671c196b/build_script_build-d8f70fca671c196b.build_script_build.75c9109b-cgu.14.rcgu.o" "/opt/rustwide/target/debug/build/proc-macro-nested-d8f70fca671c196b/build_script_build-d8f70fca671c196b.build_script_build.75c9109b-cgu.15.rcgu.o" "/opt/rustwide/target/debug/build/proc-macro-nested-d8f70fca671c196b/build_script_build-d8f70fca671c196b.build_script_build.75c9109b-cgu.2.rcgu.o" "/opt/rustwide/target/debug/build/proc-macro-nested-d8f70fca671c196b/build_script_build-d8f70fca671c196b.build_script_build.75c9109b-cgu.3.rcgu.o" "/opt/rustwide/target/debug/build/proc-macro-nested-d8f70fca671c196b/build_script_build-d8f70fca671c196b.build_script_build.75c9109b-cgu.4.rcgu.o" "/opt/rustwide/target/debug/build/proc-macro-nested-d8f70fca671c196b/build_script_build-d8f70fca671c196b.build_script_build.75c9109b-cgu.5.rcgu.o" "/opt/rustwide/target/debug/build/proc-macro-nested-d8f70fca671c196b/build_script_build-d8f70fca671c196b.build_script_build.75c9109b-cgu.6.rcgu.o" "/opt/rustwide/target/debug/build/proc-macro-nested-d8f70fca671c196b/build_script_build-d8f70fca671c196b.build_script_build.75c9109b-cgu.7.rcgu.o" "/opt/rustwide/target/debug/build/proc-macro-nested-d8f70fca671c196b/build_script_build-d8f70fca671c196b.build_script_build.75c9109b-cgu.8.rcgu.o" "/opt/rustwide/target/debug/build/proc-macro-nested-d8f70fca671c196b/build_script_build-d8f70fca671c196b.build_script_build.75c9109b-cgu.9.rcgu.o" "/opt/rustwide/target/debug/build/proc-macro-nested-d8f70fca671c196b/build_script_build-d8f70fca671c196b.23n9cqem908g0cfe.rcgu.o" "-Wl,--as-needed" "-L" "/opt/rustwide/target/debug/deps" "-L" "/opt/rustwide/rustup-home/toolchains/beta-2023-04-20-x86_64-unknown-linux-gnu/lib/rustlib/x86_64-unknown-linux-gnu/lib" "-Wl,-Bstatic" "/opt/rustwide/rustup-home/toolchains/beta-2023-04-20-x86_64-unknown-linux-gnu/lib/rustlib/x86_64-unknown-linux-gnu/lib/libstd-0e29cc23c5e02021.rlib" "/opt/rustwide/rustup-home/toolchains/beta-2023-04-20-x86_64-unknown-linux-gnu/lib/rustlib/x86_64-unknown-linux-gnu/lib/libpanic_unwind-d903621768a861d9.rlib" "/opt/rustwide/rustup-home/toolchains/beta-2023-04-20-x86_64-unknown-linux-gnu/lib/rustlib/x86_64-unknown-linux-gnu/lib/libobject-6d0225e655f31c13.rlib" "/opt/rustwide/rustup-home/toolchains/beta-2023-04-20-x86_64-unknown-linux-gnu/lib/rustlib/x86_64-unknown-linux-gnu/lib/libmemchr-9dbaf4eac7eaa079.rlib" "/opt/rustwide/rustup-home/toolchains/beta-2023-04-20-x86_64-unknown-linux-gnu/lib/rustlib/x86_64-unknown-linux-gnu/lib/libaddr2line-27f05b3d42a66dd0.rlib" "/opt/rustwide/rustup-home/toolchains/beta-2023-04-20-x86_64-unknown-linux-gnu/lib/rustlib/x86_64-unknown-linux-gnu/lib/libgimli-4d73f1030321c9a2.rlib" "/opt/rustwide/rustup-home/toolchains/beta-2023-04-20-x86_64-unknown-linux-gnu/lib/rustlib/x86_64-unknown-linux-gnu/lib/librustc_demangle-2846c9e58abd0acb.rlib" "/opt/rustwide/rustup-home/toolchains/beta-2023-04-20-x86_64-unknown-linux-gnu/lib/rustlib/x86_64-unknown-linux-gnu/lib/libstd_detect-a53d0f50415947be.rlib" "/opt/rustwide/rustup-home/toolchains/beta-2023-04-20-x86_64-unknown-linux-gnu/lib/rustlib/x86_64-unknown-linux-gnu/lib/libhashbrown-d48e4b6abc25b9dc.rlib" "/opt/rustwide/rustup-home/toolchains/beta-2023-04-20-x86_64-unknown-linux-gnu/lib/rustlib/x86_64-unknown-linux-gnu/lib/libminiz_oxide-2991859439ef1207.rlib" "/opt/rustwide/rustup-home/toolchains/beta-2023-04-20-x86_64-unknown-linux-gnu/lib/rustlib/x86_64-unknown-linux-gnu/lib/libadler-8a687517e4221bae.rlib" "/opt/rustwide/rustup-home/toolchains/beta-2023-04-20-x86_64-unknown-linux-gnu/lib/rustlib/x86_64-unknown-linux-gnu/lib/librustc_std_workspace_alloc-e07b554f6a67f5b3.rlib" "/opt/rustwide/rustup-home/toolchains/beta-2023-04-20-x86_64-unknown-linux-gnu/lib/rustlib/x86_64-unknown-linux-gnu/lib/libunwind-b68238b7c3c619dd.rlib" "/opt/rustwide/rustup-home/toolchains/beta-2023-04-20-x86_64-unknown-linux-gnu/lib/rustlib/x86_64-unknown-linux-gnu/lib/libcfg_if-d5e213e896c017e4.rlib" "/opt/rustwide/rustup-home/toolchains/beta-2023-04-20-x86_64-unknown-linux-gnu/lib/rustlib/x86_64-unknown-linux-gnu/lib/liblibc-0211a3b2e61d8689.rlib" "/opt/rustwide/rustup-home/toolchains/beta-2023-04-20-x86_64-unknown-linux-gnu/lib/rustlib/x86_64-unknown-linux-gnu/lib/liballoc-b371f055239ba51f.rlib" "/opt/rustwide/rustup-home/toolchains/beta-2023-04-20-x86_64-unknown-linux-gnu/lib/rustlib/x86_64-unknown-linux-gnu/lib/librustc_std_workspace_core-e60518d2760eb01e.rlib" "/opt/rustwide/rustup-home/toolchains/beta-2023-04-20-x86_64-unknown-linux-gnu/lib/rustlib/x86_64-unknown-linux-gnu/lib/libcore-1ad943f92a4b1081.rlib" "/opt/rustwide/rustup-home/toolchains/beta-2023-04-20-x86_64-unknown-linux-gnu/lib/rustlib/x86_64-unknown-linux-gnu/lib/libcompiler_builtins-f0d6e4d0fc1e80b4.rlib" "-Wl,-Bdynamic" "-lgcc_s" "-lutil" "-lrt" "-lpthread" "-lm" "-ldl" "-lc" "-Wl,--eh-frame-hdr" "-Wl,-z,noexecstack" "-L" "/opt/rustwide/rustup-home/toolchains/beta-2023-04-20-x86_64-unknown-linux-gnu/lib/rustlib/x86_64-unknown-linux-gnu/lib" "-o" "/opt/rustwide/target/debug/build/proc-macro-nested-d8f70fca671c196b/build_script_build-d8f70fca671c196b" "-Wl,--gc-sections" "-pie" "-Wl,-z,relro,-z,now" "-nodefaultlibs"
[INFO] [stdout]   = note: /usr/bin/ld: final link failed: No space left on device
[INFO] [stdout]           collect2: error: ld returned 1 exit status
[INFO] [stdout]           
[INFO] [stdout] 
[INFO] [stdout] 
[INFO] [stderr] error: could not compile `libc` (build script) due to 2 previous errors
[INFO] [stderr] error: could not compile `proc-macro-nested` (build script) due to previous error
[INFO] [stderr] error: could not compile `syn` (build script) due to previous error
[INFO] [stdout] error: linking with `cc` failed: exit status: 1
[INFO] [stdout]   |
[INFO] [stdout]   = note: LC_ALL="C" PATH="/opt/rustwide/rustup-home/toolchains/beta-2023-04-20-x86_64-unknown-linux-gnu/lib/rustlib/x86_64-unknown-linux-gnu/bin:/opt/rustwide/cargo-home/bin:/usr/local/sbin:/usr/local/bin:/usr/sbin:/usr/bin:/sbin:/bin" VSLANG="1033" "cc" "-m64" "/tmp/rustcAGASrV/symbols.o" "/opt/rustwide/target/debug/build/proc-macro2-48661196ca6bcff2/build_script_build-48661196ca6bcff2.build_script_build.3b0ff689-cgu.0.rcgu.o" "/opt/rustwide/target/debug/build/proc-macro2-48661196ca6bcff2/build_script_build-48661196ca6bcff2.build_script_build.3b0ff689-cgu.1.rcgu.o" "/opt/rustwide/target/debug/build/proc-macro2-48661196ca6bcff2/build_script_build-48661196ca6bcff2.build_script_build.3b0ff689-cgu.10.rcgu.o" "/opt/rustwide/target/debug/build/proc-macro2-48661196ca6bcff2/build_script_build-48661196ca6bcff2.build_script_build.3b0ff689-cgu.11.rcgu.o" "/opt/rustwide/target/debug/build/proc-macro2-48661196ca6bcff2/build_script_build-48661196ca6bcff2.build_script_build.3b0ff689-cgu.12.rcgu.o" "/opt/rustwide/target/debug/build/proc-macro2-48661196ca6bcff2/build_script_build-48661196ca6bcff2.build_script_build.3b0ff689-cgu.13.rcgu.o" "/opt/rustwide/target/debug/build/proc-macro2-48661196ca6bcff2/build_script_build-48661196ca6bcff2.build_script_build.3b0ff689-cgu.14.rcgu.o" "/opt/rustwide/target/debug/build/proc-macro2-48661196ca6bcff2/build_script_build-48661196ca6bcff2.build_script_build.3b0ff689-cgu.15.rcgu.o" "/opt/rustwide/target/debug/build/proc-macro2-48661196ca6bcff2/build_script_build-48661196ca6bcff2.build_script_build.3b0ff689-cgu.2.rcgu.o" "/opt/rustwide/target/debug/build/proc-macro2-48661196ca6bcff2/build_script_build-48661196ca6bcff2.build_script_build.3b0ff689-cgu.3.rcgu.o" "/opt/rustwide/target/debug/build/proc-macro2-48661196ca6bcff2/build_script_build-48661196ca6bcff2.build_script_build.3b0ff689-cgu.4.rcgu.o" "/opt/rustwide/target/debug/build/proc-macro2-48661196ca6bcff2/build_script_build-48661196ca6bcff2.build_script_build.3b0ff689-cgu.5.rcgu.o" "/opt/rustwide/target/debug/build/proc-macro2-48661196ca6bcff2/build_script_build-48661196ca6bcff2.build_script_build.3b0ff689-cgu.6.rcgu.o" "/opt/rustwide/target/debug/build/proc-macro2-48661196ca6bcff2/build_script_build-48661196ca6bcff2.build_script_build.3b0ff689-cgu.7.rcgu.o" "/opt/rustwide/target/debug/build/proc-macro2-48661196ca6bcff2/build_script_build-48661196ca6bcff2.build_script_build.3b0ff689-cgu.8.rcgu.o" "/opt/rustwide/target/debug/build/proc-macro2-48661196ca6bcff2/build_script_build-48661196ca6bcff2.build_script_build.3b0ff689-cgu.9.rcgu.o" "/opt/rustwide/target/debug/build/proc-macro2-48661196ca6bcff2/build_script_build-48661196ca6bcff2.1jkiphmvf6ogdyof.rcgu.o" "-Wl,--as-needed" "-L" "/opt/rustwide/target/debug/deps" "-L" "/opt/rustwide/rustup-home/toolchains/beta-2023-04-20-x86_64-unknown-linux-gnu/lib/rustlib/x86_64-unknown-linux-gnu/lib" "-Wl,-Bstatic" "/opt/rustwide/rustup-home/toolchains/beta-2023-04-20-x86_64-unknown-linux-gnu/lib/rustlib/x86_64-unknown-linux-gnu/lib/libstd-0e29cc23c5e02021.rlib" "/opt/rustwide/rustup-home/toolchains/beta-2023-04-20-x86_64-unknown-linux-gnu/lib/rustlib/x86_64-unknown-linux-gnu/lib/libpanic_unwind-d903621768a861d9.rlib" "/opt/rustwide/rustup-home/toolchains/beta-2023-04-20-x86_64-unknown-linux-gnu/lib/rustlib/x86_64-unknown-linux-gnu/lib/libobject-6d0225e655f31c13.rlib" "/opt/rustwide/rustup-home/toolchains/beta-2023-04-20-x86_64-unknown-linux-gnu/lib/rustlib/x86_64-unknown-linux-gnu/lib/libmemchr-9dbaf4eac7eaa079.rlib" "/opt/rustwide/rustup-home/toolchains/beta-2023-04-20-x86_64-unknown-linux-gnu/lib/rustlib/x86_64-unknown-linux-gnu/lib/libaddr2line-27f05b3d42a66dd0.rlib" "/opt/rustwide/rustup-home/toolchains/beta-2023-04-20-x86_64-unknown-linux-gnu/lib/rustlib/x86_64-unknown-linux-gnu/lib/libgimli-4d73f1030321c9a2.rlib" "/opt/rustwide/rustup-home/toolchains/beta-2023-04-20-x86_64-unknown-linux-gnu/lib/rustlib/x86_64-unknown-linux-gnu/lib/librustc_demangle-2846c9e58abd0acb.rlib" "/opt/rustwide/rustup-home/toolchains/beta-2023-04-20-x86_64-unknown-linux-gnu/lib/rustlib/x86_64-unknown-linux-gnu/lib/libstd_detect-a53d0f50415947be.rlib" "/opt/rustwide/rustup-home/toolchains/beta-2023-04-20-x86_64-unknown-linux-gnu/lib/rustlib/x86_64-unknown-linux-gnu/lib/libhashbrown-d48e4b6abc25b9dc.rlib" "/opt/rustwide/rustup-home/toolchains/beta-2023-04-20-x86_64-unknown-linux-gnu/lib/rustlib/x86_64-unknown-linux-gnu/lib/libminiz_oxide-2991859439ef1207.rlib" "/opt/rustwide/rustup-home/toolchains/beta-2023-04-20-x86_64-unknown-linux-gnu/lib/rustlib/x86_64-unknown-linux-gnu/lib/libadler-8a687517e4221bae.rlib" "/opt/rustwide/rustup-home/toolchains/beta-2023-04-20-x86_64-unknown-linux-gnu/lib/rustlib/x86_64-unknown-linux-gnu/lib/librustc_std_workspace_alloc-e07b554f6a67f5b3.rlib" "/opt/rustwide/rustup-home/toolchains/beta-2023-04-20-x86_64-unknown-linux-gnu/lib/rustlib/x86_64-unknown-linux-gnu/lib/libunwind-b68238b7c3c619dd.rlib" "/opt/rustwide/rustup-home/toolchains/beta-2023-04-20-x86_64-unknown-linux-gnu/lib/rustlib/x86_64-unknown-linux-gnu/lib/libcfg_if-d5e213e896c017e4.rlib" "/opt/rustwide/rustup-home/toolchains/beta-2023-04-20-x86_64-unknown-linux-gnu/lib/rustlib/x86_64-unknown-linux-gnu/lib/liblibc-0211a3b2e61d8689.rlib" "/opt/rustwide/rustup-home/toolchains/beta-2023-04-20-x86_64-unknown-linux-gnu/lib/rustlib/x86_64-unknown-linux-gnu/lib/liballoc-b371f055239ba51f.rlib" "/opt/rustwide/rustup-home/toolchains/beta-2023-04-20-x86_64-unknown-linux-gnu/lib/rustlib/x86_64-unknown-linux-gnu/lib/librustc_std_workspace_core-e60518d2760eb01e.rlib" "/opt/rustwide/rustup-home/toolchains/beta-2023-04-20-x86_64-unknown-linux-gnu/lib/rustlib/x86_64-unknown-linux-gnu/lib/libcore-1ad943f92a4b1081.rlib" "/opt/rustwide/rustup-home/toolchains/beta-2023-04-20-x86_64-unknown-linux-gnu/lib/rustlib/x86_64-unknown-linux-gnu/lib/libcompiler_builtins-f0d6e4d0fc1e80b4.rlib" "-Wl,-Bdynamic" "-lgcc_s" "-lutil" "-lrt" "-lpthread" "-lm" "-ldl" "-lc" "-Wl,--eh-frame-hdr" "-Wl,-z,noexecstack" "-L" "/opt/rustwide/rustup-home/toolchains/beta-2023-04-20-x86_64-unknown-linux-gnu/lib/rustlib/x86_64-unknown-linux-gnu/lib" "-o" "/opt/rustwide/target/debug/build/proc-macro2-48661196ca6bcff2/build_script_build-48661196ca6bcff2" "-Wl,--gc-sections" "-pie" "-Wl,-z,relro,-z,now" "-nodefaultlibs"
[INFO] [stdout]   = note: /usr/bin/ld: final link failed: No space left on device
[INFO] [stdout]           collect2: error: ld returned 1 exit status
[INFO] [stdout]           
[INFO] [stdout] 
[INFO] [stdout] 
[INFO] [stderr] error: could not compile `proc-macro2` (build script) due to previous error
[INFO] [stdout] error: couldn't create a temp dir: No space left on device (os error 28) at path "/opt/rustwide/target/debug/deps/rmetaaecFeT"
[INFO] [stdout] 
[INFO] [stdout] 
[INFO] [stderr] error: could not compile `smallvec` (lib) due to previous error
[INFO] [stdout] error: couldn't create a temp dir: No space left on device (os error 28) at path "/opt/rustwide/target/debug/deps/rmetatlEtZ7"
[INFO] [stdout] 
[INFO] [stdout] 
[INFO] [stderr] error: could not compile `bytes` (lib) due to previous error
[INFO] [stdout] error: couldn't create a temp dir: No space left on device (os error 28) at path "/opt/rustwide/target/debug/deps/rmetaMt4Xuh"
[INFO] [stdout] 
[INFO] [stdout] 
[INFO] [stderr] error: could not compile `cc` (lib) due to previous error
[INFO] running `Command { std: "docker" "inspect" "8699917de7313af388b2b65362a7619d1ce038ada9b4eb8a98754b5ec59ecb46", kill_on_drop: false }`
[INFO] running `Command { std: "docker" "rm" "-f" "8699917de7313af388b2b65362a7619d1ce038ada9b4eb8a98754b5ec59ecb46", kill_on_drop: false }`
[INFO] [stdout] 8699917de7313af388b2b65362a7619d1ce038ada9b4eb8a98754b5ec59ecb46
