[INFO] cloning repository https://github.com/justinmichaud/rust-nes-emulator2
[INFO] running `Command { std: "git" "-c" "credential.helper=" "-c" "credential.helper=/workspace/cargo-home/bin/git-credential-null" "clone" "--bare" "https://github.com/justinmichaud/rust-nes-emulator2" "/workspace/cache/git-repos/https%3A%2F%2Fgithub.com%2Fjustinmichaud%2Frust-nes-emulator2", kill_on_drop: false }`
[INFO] [stderr] Cloning into bare repository '/workspace/cache/git-repos/https%3A%2F%2Fgithub.com%2Fjustinmichaud%2Frust-nes-emulator2'...
[INFO] running `Command { std: "git" "rev-parse" "HEAD", kill_on_drop: false }`
[INFO] [stdout] 0ceb16734ef7ba50da58e9bff4bd34be38420921
[INFO] documenting justinmichaud/rust-nes-emulator2 against 1.69.0 for beta-1.70-rustdoc-1
[INFO] running `Command { std: "git" "clone" "/workspace/cache/git-repos/https%3A%2F%2Fgithub.com%2Fjustinmichaud%2Frust-nes-emulator2" "/workspace/builds/worker-7-tc1/source", kill_on_drop: false }`
[INFO] [stderr] Cloning into '/workspace/builds/worker-7-tc1/source'...
[INFO] [stderr] done.
[INFO] validating manifest of git repo https://github.com/justinmichaud/rust-nes-emulator2 on toolchain 1.69.0
[INFO] running `Command { std: CARGO_HOME="/workspace/cargo-home" RUSTUP_HOME="/workspace/rustup-home" "/workspace/cargo-home/bin/cargo" "+1.69.0" "metadata" "--manifest-path" "Cargo.toml" "--no-deps", kill_on_drop: false }`
[INFO] removed /workspace/builds/worker-7-tc1/source/rust-toolchain
[INFO] started tweaking git repo https://github.com/justinmichaud/rust-nes-emulator2
[INFO] finished tweaking git repo https://github.com/justinmichaud/rust-nes-emulator2
[INFO] tweaked toml for git repo https://github.com/justinmichaud/rust-nes-emulator2 written to /workspace/builds/worker-7-tc1/source/Cargo.toml
[INFO] crate git repo https://github.com/justinmichaud/rust-nes-emulator2 already has a lockfile, it will not be regenerated
[INFO] running `Command { std: CARGO_HOME="/workspace/cargo-home" RUSTUP_HOME="/workspace/rustup-home" "/workspace/cargo-home/bin/cargo" "+1.69.0" "fetch" "--manifest-path" "Cargo.toml", kill_on_drop: false }`
[INFO] [stderr]     Updating git repository `https://github.com/PistonDevelopers/sdl2_window`
[INFO] [stderr]  Downloading crates ...
[INFO] [stderr]   Downloaded vecmath v0.3.0
[INFO] [stderr]   Downloaded objekt v0.1.1
[INFO] [stderr]   Downloaded phf_macros v0.7.22
[INFO] [stderr]   Downloaded rayon v0.8.1
[INFO] [stderr]   Downloaded num-rational v0.1.38
[INFO] [stderr]   Downloaded objc v0.2.3
[INFO] [stderr]   Downloaded deflate v0.7.11
[INFO] [stderr]   Downloaded piston2d-opengl_graphics v0.53.0
[INFO] [stderr]   Downloaded rand v0.5.3
[INFO] running `Command { std: "docker" "create" "-v" "/var/lib/crater-agent-workspace/builds/worker-7-tc1/target:/opt/rustwide/target:rw,Z" "-v" "/var/lib/crater-agent-workspace/builds/worker-7-tc1/source:/opt/rustwide/workdir:ro,Z" "-v" "/var/lib/crater-agent-workspace/cargo-home:/opt/rustwide/cargo-home:ro,Z" "-v" "/var/lib/crater-agent-workspace/rustup-home:/opt/rustwide/rustup-home:ro,Z" "-e" "SOURCE_DIR=/opt/rustwide/workdir" "-e" "CARGO_TARGET_DIR=/opt/rustwide/target" "-e" "CARGO_HOME=/opt/rustwide/cargo-home" "-e" "RUSTUP_HOME=/opt/rustwide/rustup-home" "-w" "/opt/rustwide/workdir" "-m" "1610612736" "--user" "0:0" "--network" "none" "ghcr.io/rust-lang/crates-build-env/linux@sha256:5ff2268d62e97bff2cde7d5815dd6ed5b47097566f13b8d0ca110b04b60e07ed" "/opt/rustwide/cargo-home/bin/cargo" "+1.69.0" "metadata" "--no-deps" "--format-version=1", kill_on_drop: false }`
[INFO] [stdout] f59ab8a5b43fdfb6d726ab0e400b657da4cde3a7c5a7c469efb94d067e63bddf
[INFO] running `Command { std: "docker" "start" "-a" "f59ab8a5b43fdfb6d726ab0e400b657da4cde3a7c5a7c469efb94d067e63bddf", kill_on_drop: false }`
[INFO] running `Command { std: "docker" "inspect" "f59ab8a5b43fdfb6d726ab0e400b657da4cde3a7c5a7c469efb94d067e63bddf", kill_on_drop: false }`
[INFO] running `Command { std: "docker" "rm" "-f" "f59ab8a5b43fdfb6d726ab0e400b657da4cde3a7c5a7c469efb94d067e63bddf", kill_on_drop: false }`
[INFO] [stdout] f59ab8a5b43fdfb6d726ab0e400b657da4cde3a7c5a7c469efb94d067e63bddf
[INFO] running `Command { std: "docker" "create" "-v" "/var/lib/crater-agent-workspace/builds/worker-7-tc1/target:/opt/rustwide/target:rw,Z" "-v" "/var/lib/crater-agent-workspace/builds/worker-7-tc1/source:/opt/rustwide/workdir:ro,Z" "-v" "/var/lib/crater-agent-workspace/cargo-home:/opt/rustwide/cargo-home:ro,Z" "-v" "/var/lib/crater-agent-workspace/rustup-home:/opt/rustwide/rustup-home:ro,Z" "-e" "SOURCE_DIR=/opt/rustwide/workdir" "-e" "CARGO_TARGET_DIR=/opt/rustwide/target" "-e" "CARGO_INCREMENTAL=0" "-e" "RUST_BACKTRACE=full" "-e" "RUSTFLAGS=--cap-lints=warn" "-e" "RUSTDOCFLAGS=--cap-lints=warn" "-e" "CARGO_HOME=/opt/rustwide/cargo-home" "-e" "RUSTUP_HOME=/opt/rustwide/rustup-home" "-w" "/opt/rustwide/workdir" "-m" "1610612736" "--user" "0:0" "--network" "none" "ghcr.io/rust-lang/crates-build-env/linux@sha256:5ff2268d62e97bff2cde7d5815dd6ed5b47097566f13b8d0ca110b04b60e07ed" "/opt/rustwide/cargo-home/bin/cargo" "+1.69.0" "doc" "--frozen" "--no-deps" "--document-private-items" "--message-format=json", kill_on_drop: false }`
[INFO] [stdout] 5dd302a7688362db213bba7a8821352b14f84986e6f053cbfa332227cd89d326
[INFO] running `Command { std: "docker" "start" "-a" "5dd302a7688362db213bba7a8821352b14f84986e6f053cbfa332227cd89d326", kill_on_drop: false }`
[INFO] [stderr]     Checking libc v0.2.42
[INFO] [stderr]    Compiling bitflags v1.0.3
[INFO] [stderr]    Compiling cfg-if v0.1.4
[INFO] [stderr]    Compiling khronos_api v2.2.0
[INFO] [stderr]    Compiling unicode-xid v0.1.0
[INFO] [stderr]     Checking num-traits v0.1.39
[INFO] [stderr]    Compiling cc v1.0.17
[INFO] [stderr]     Checking lazy_static v1.0.1
[INFO] [stderr]     Checking piston-float v0.3.0
[INFO] [stderr]     Checking byteorder v1.2.3
[INFO] [stderr]     Checking lazy_static v0.2.8
[INFO] [stderr]    Compiling num-traits v0.2.5
[INFO] [stderr]    Compiling rayon-core v1.2.1
[INFO] [stderr]     Checking scopeguard v0.3.2
[INFO] [stderr]    Compiling serde v1.0.70
[INFO] [stderr]    Compiling xml-rs v0.7.0
[INFO] [stderr]    Compiling log v0.4.3
[INFO] [stderr]     Checking either v1.1.0
[INFO] [stderr]    Compiling proc-macro2 v0.4.6
[INFO] [stderr]     Checking piston-viewport v0.3.0
[INFO] [stderr]     Checking shader_version v0.3.0
[INFO] [stderr]     Checking token_store v0.1.2
[INFO] [stderr]    Compiling quote v0.3.15
[INFO] [stderr]     Checking coco v0.1.1
[INFO] [stderr]     Checking futures v0.1.14
[INFO] [stderr]    Compiling unicode-xid v0.0.4
[INFO] [stderr]     Checking adler32 v1.0.3
[INFO] [stderr]    Compiling pkg-config v0.3.11
[INFO] [stderr]    Compiling itertools v0.5.10
[INFO] [stderr]     Checking void v1.0.2
[INFO] [stderr]     Checking deflate v0.7.11
[INFO] [stderr]     Checking num-integer v0.1.34
[INFO] [stderr]    Compiling syn v0.10.8
[INFO] [stderr]     Checking unreachable v0.1.1
[INFO] [stderr]    Compiling quote v0.6.3
[INFO] [stderr]     Checking rand v0.3.15
[INFO] [stderr]     Checking num_cpus v1.6.2
[INFO] [stderr]     Checking memmap v0.6.2
[INFO] [stderr]     Checking rand v0.4.2
[INFO] [stderr]    Compiling syn v0.14.4
[INFO] [stderr]     Checking num-iter v0.1.33
[INFO] [stderr]     Checking inflate v0.4.3
[INFO] [stderr]     Checking draw_state v0.8.0
[INFO] [stderr]     Checking lzw v0.10.0
[INFO] [stderr]    Compiling gl_generator v0.9.0
[INFO] [stderr]    Compiling wayland-scanner v0.12.5
[INFO] [stderr]     Checking remove_dir_all v0.5.1
[INFO] [stderr]     Checking nodrop v0.1.12
[INFO] [stderr]    Compiling x11-dl v2.18.3
[INFO] [stderr]     Checking color_quant v1.0.0
[INFO] [stderr]     Checking png v0.12.0
[INFO] [stderr]     Checking arrayvec v0.4.7
[INFO] [stderr]     Checking num-rational v0.1.38
[INFO] [stderr]     Checking ordered-float v0.5.0
[INFO] [stderr]     Checking gif v0.10.0
[INFO] [stderr]    Compiling libloading v0.5.0
[INFO] [stderr]     Checking tempfile v3.0.2
[INFO] [stderr]     Checking stb_truetype v0.2.2
[INFO] [stderr]     Checking piston-texture v0.6.0
[INFO] [stderr]     Checking scoped_threadpool v0.1.7
[INFO] [stderr]     Checking shared_library v0.1.9
[INFO] [stderr]     Checking vecmath v0.3.0
[INFO] [stderr]    Compiling sdl2-sys v0.31.0
[INFO] [stderr]     Checking fnv v1.0.5
[INFO] [stderr]    Compiling wayland-client v0.12.5
[INFO] [stderr]    Compiling wayland-protocols v0.12.5
[INFO] [stderr]     Checking rusttype v0.4.3
[INFO] [stderr]     Checking read_color v1.0.0
[INFO] [stderr]     Checking percent-encoding v1.0.1
[INFO] [stderr]     Checking interpolation v0.1.0
[INFO] [stderr]     Checking rayon v0.8.1
[INFO] [stderr]     Checking osmesa-sys v0.1.2
[INFO] [stderr]    Compiling siphasher v0.2.2
[INFO] [stderr]     Checking dlib v0.4.1
[INFO] [stderr]     Checking piston-shaders_graphics2d v0.3.1
[INFO] [stderr]     Checking num v0.1.39
[INFO] [stderr]     Checking piston2d-graphics v0.26.0
[INFO] [stderr]     Checking wayland-sys v0.12.5
[INFO] [stderr]     Checking bitflags v0.7.0
[INFO] [stderr]    Compiling gl v0.10.0
[INFO] [stderr]    Compiling glutin v0.14.0
[INFO] [stderr]    Compiling gfx_gl v0.5.0
[INFO] [stderr]    Compiling phf_shared v0.7.22
[INFO] [stderr]     Checking rand_core v0.2.1
[INFO] [stderr]     Checking phf v0.7.22
[INFO] [stderr]     Checking objekt v0.1.1
[INFO] [stderr]     Checking rand v0.5.3
[INFO] [stderr]     Checking sdl2 v0.31.0
[INFO] [stderr]     Checking jpeg-decoder v0.1.13
[INFO] [stderr]    Compiling serde_derive v1.0.70
[INFO] [stderr]    Compiling num-derive v0.2.2
[INFO] [stderr]    Compiling phf_generator v0.7.22
[INFO] [stderr]    Compiling phf_macros v0.7.22
[INFO] [stderr]    Compiling derivative v1.0.0
[INFO] [stdout] error[E0557]: feature has been removed
[INFO] [stdout]   --> /opt/rustwide/cargo-home/registry/src/github.com-1ecc6299db9ec823/phf_macros-0.7.22/src/lib.rs:34:12
[INFO] [stdout]    |
[INFO] [stdout] 34 | #![feature(plugin_registrar, quote, rustc_private)]
[INFO] [stdout]    |            ^^^^^^^^^^^^^^^^ feature has been removed
[INFO] [stdout]    |
[INFO] [stdout]    = note: a __rustc_plugin_registrar symbol must now be defined instead
[INFO] [stdout] 
[INFO] [stdout] 
[INFO] [stdout] error[E0557]: feature has been removed
[INFO] [stdout]   --> /opt/rustwide/cargo-home/registry/src/github.com-1ecc6299db9ec823/phf_macros-0.7.22/src/lib.rs:34:30
[INFO] [stdout]    |
[INFO] [stdout] 34 | #![feature(plugin_registrar, quote, rustc_private)]
[INFO] [stdout]    |                              ^^^^^ feature has been removed
[INFO] [stdout] 
[INFO] [stdout] 
[INFO] [stdout] error[E0463]: can't find crate for `syntax`
[INFO] [stdout]   --> /opt/rustwide/cargo-home/registry/src/github.com-1ecc6299db9ec823/phf_macros-0.7.22/src/lib.rs:37:1
[INFO] [stdout]    |
[INFO] [stdout] 37 | extern crate syntax;
[INFO] [stdout]    | ^^^^^^^^^^^^^^^^^^^^ can't find crate
[INFO] [stdout] 
[INFO] [stdout] 
[INFO] [stdout] error[E0463]: can't find crate for `rustc_plugin`
[INFO] [stdout]   --> /opt/rustwide/cargo-home/registry/src/github.com-1ecc6299db9ec823/phf_macros-0.7.22/src/lib.rs:40:1
[INFO] [stdout]    |
[INFO] [stdout] 40 | extern crate rustc_plugin;
[INFO] [stdout]    | ^^^^^^^^^^^^^^^^^^^^^^^^^^ can't find crate
[INFO] [stdout]    |
[INFO] [stdout]    = help: maybe you need to install the missing components with: `rustup component add rust-src rustc-dev llvm-tools-preview`
[INFO] [stdout] 
[INFO] [stdout] 
[INFO] [stderr]     Checking wayland-kbd v0.13.1
[INFO] [stdout] error: cannot find macro `quote_expr` in this scope
[INFO] [stdout]   --> /opt/rustwide/cargo-home/registry/src/github.com-1ecc6299db9ec823/phf_macros-0.7.22/src/util.rs:93:39
[INFO] [stdout]    |
[INFO] [stdout] 93 |                      .map(|&(d1, d2)| quote_expr!(&*cx, ($d1, $d2)))
[INFO] [stdout]    |                                       ^^^^^^^^^^
[INFO] [stdout] 
[INFO] [stdout] 
[INFO] [stdout] error: cannot find macro `quote_expr` in this scope
[INFO] [stdout]    --> /opt/rustwide/cargo-home/registry/src/github.com-1ecc6299db9ec823/phf_macros-0.7.22/src/util.rs:101:28
[INFO] [stdout]     |
[INFO] [stdout] 101 | ...                   quote_expr!(&*cx, ($key, $value))
[INFO] [stdout]     |                       ^^^^^^^^^^
[INFO] [stdout] 
[INFO] [stdout] 
[INFO] [stdout] error: cannot find macro `quote_expr` in this scope
[INFO] [stdout]    --> /opt/rustwide/cargo-home/registry/src/github.com-1ecc6299db9ec823/phf_macros-0.7.22/src/util.rs:107:20
[INFO] [stdout]     |
[INFO] [stdout] 107 |     MacEager::expr(quote_expr!(cx, ::phf::Map {
[INFO] [stdout]     |                    ^^^^^^^^^^
[INFO] [stdout] 
[INFO] [stdout] 
[INFO] [stdout] error: cannot find macro `quote_expr` in this scope
[INFO] [stdout]    --> /opt/rustwide/cargo-home/registry/src/github.com-1ecc6299db9ec823/phf_macros-0.7.22/src/util.rs:120:20
[INFO] [stdout]     |
[INFO] [stdout] 120 |     MacEager::expr(quote_expr!(cx, ::phf::Set { map: $map }))
[INFO] [stdout]     |                    ^^^^^^^^^^
[INFO] [stdout] 
[INFO] [stdout] 
[INFO] [stdout] error: cannot find macro `quote_expr` in this scope
[INFO] [stdout]    --> /opt/rustwide/cargo-home/registry/src/github.com-1ecc6299db9ec823/phf_macros-0.7.22/src/util.rs:130:39
[INFO] [stdout]     |
[INFO] [stdout] 130 |                      .map(|&(d1, d2)| quote_expr!(&*cx, ($d1, $d2)))
[INFO] [stdout]     |                                       ^^^^^^^^^^
[INFO] [stdout] 
[INFO] [stdout] 
[INFO] [stdout] error: cannot find macro `quote_expr` in this scope
[INFO] [stdout]    --> /opt/rustwide/cargo-home/registry/src/github.com-1ecc6299db9ec823/phf_macros-0.7.22/src/util.rs:134:44
[INFO] [stdout]     |
[INFO] [stdout] 134 |     let idxs = state.map.iter().map(|&idx| quote_expr!(&*cx, $idx)).collect();
[INFO] [stdout]     |                                            ^^^^^^^^^^
[INFO] [stdout] 
[INFO] [stdout] 
[INFO] [stdout] error: cannot find macro `quote_expr` in this scope
[INFO] [stdout]    --> /opt/rustwide/cargo-home/registry/src/github.com-1ecc6299db9ec823/phf_macros-0.7.22/src/util.rs:139:30
[INFO] [stdout]     |
[INFO] [stdout] 139 | ...                   quote_expr!(&*cx, ($key, $value))
[INFO] [stdout]     |                       ^^^^^^^^^^
[INFO] [stdout] 
[INFO] [stdout] 
[INFO] [stdout] error: cannot find macro `quote_expr` in this scope
[INFO] [stdout]    --> /opt/rustwide/cargo-home/registry/src/github.com-1ecc6299db9ec823/phf_macros-0.7.22/src/util.rs:145:20
[INFO] [stdout]     |
[INFO] [stdout] 145 |     MacEager::expr(quote_expr!(cx, ::phf::OrderedMap {
[INFO] [stdout]     |                    ^^^^^^^^^^
[INFO] [stdout] 
[INFO] [stdout] 
[INFO] [stdout] error: cannot find macro `quote_expr` in this scope
[INFO] [stdout]    --> /opt/rustwide/cargo-home/registry/src/github.com-1ecc6299db9ec823/phf_macros-0.7.22/src/util.rs:159:20
[INFO] [stdout]     |
[INFO] [stdout] 159 |     MacEager::expr(quote_expr!(cx, ::phf::OrderedSet { map: $map }))
[INFO] [stdout]     |                    ^^^^^^^^^^
[INFO] [stdout] 
[INFO] [stdout] 
[INFO] [stdout] error: cannot find attribute `plugin_registrar` in this scope
[INFO] [stdout]   --> /opt/rustwide/cargo-home/registry/src/github.com-1ecc6299db9ec823/phf_macros-0.7.22/src/lib.rs:74:3
[INFO] [stdout]    |
[INFO] [stdout] 74 | #[plugin_registrar]
[INFO] [stdout]    |   ^^^^^^^^^^^^^^^^
[INFO] [stdout] 
[INFO] [stdout] 
[INFO] [stdout] error: cannot find macro `panictry` in this scope
[INFO] [stdout]    --> /opt/rustwide/cargo-home/registry/src/github.com-1ecc6299db9ec823/phf_macros-0.7.22/src/lib.rs:172:43
[INFO] [stdout]     |
[INFO] [stdout] 172 |         let key = cx.expander().fold_expr(panictry!(parser.parse_expr()));
[INFO] [stdout]     |                                           ^^^^^^^^
[INFO] [stdout] 
[INFO] [stdout] 
[INFO] [stdout] error: cannot find macro `panictry` in this scope
[INFO] [stdout]    --> /opt/rustwide/cargo-home/registry/src/github.com-1ecc6299db9ec823/phf_macros-0.7.22/src/lib.rs:184:21
[INFO] [stdout]     |
[INFO] [stdout] 184 |         let value = panictry!(parser.parse_expr());
[INFO] [stdout]     |                     ^^^^^^^^
[INFO] [stdout] 
[INFO] [stdout] 
[INFO] [stdout] error: cannot find macro `quote_expr` in this scope
[INFO] [stdout]    --> /opt/rustwide/cargo-home/registry/src/github.com-1ecc6299db9ec823/phf_macros-0.7.22/src/lib.rs:208:17
[INFO] [stdout]     |
[INFO] [stdout] 208 |     let value = quote_expr!(&*cx, ());
[INFO] [stdout]     |                 ^^^^^^^^^^
[INFO] [stdout] 
[INFO] [stdout] 
[INFO] [stdout] error: cannot find macro `panictry` in this scope
[INFO] [stdout]    --> /opt/rustwide/cargo-home/registry/src/github.com-1ecc6299db9ec823/phf_macros-0.7.22/src/lib.rs:212:43
[INFO] [stdout]     |
[INFO] [stdout] 212 |         let key = cx.expander().fold_expr(panictry!(parser.parse_expr()));
[INFO] [stdout]     |                                           ^^^^^^^^
[INFO] [stdout] 
[INFO] [stdout] 
[INFO] [stdout] error[E0554]: `#![feature]` may not be used on the stable release channel
[INFO] [stdout]   --> /opt/rustwide/cargo-home/registry/src/github.com-1ecc6299db9ec823/phf_macros-0.7.22/src/lib.rs:34:1
[INFO] [stdout]    |
[INFO] [stdout] 34 | #![feature(plugin_registrar, quote, rustc_private)]
[INFO] [stdout]    | ^^^^^^^^^^^^^^^^^^^^^^^^^^^^^^^^^^^^^^^^^^^^^^^^^^^
[INFO] [stdout] 
[INFO] [stdout] 
[INFO] [stdout] error: aborting due to 19 previous errors
[INFO] [stdout] 
[INFO] [stdout] 
[INFO] [stdout] Some errors have detailed explanations: E0463, E0554, E0557.
[INFO] [stdout] 
[INFO] [stdout] For more information about an error, try `rustc --explain E0463`.
[INFO] [stdout] 
[INFO] [stderr] error: could not compile `phf_macros` due to 20 previous errors
[INFO] [stderr] warning: build failed, waiting for other jobs to finish...
[INFO] running `Command { std: "docker" "inspect" "5dd302a7688362db213bba7a8821352b14f84986e6f053cbfa332227cd89d326", kill_on_drop: false }`
[INFO] running `Command { std: "docker" "rm" "-f" "5dd302a7688362db213bba7a8821352b14f84986e6f053cbfa332227cd89d326", kill_on_drop: false }`
[INFO] [stdout] 5dd302a7688362db213bba7a8821352b14f84986e6f053cbfa332227cd89d326
