[INFO] cloning repository https://github.com/jungbin-kwon/MeiliSearch
[INFO] running `Command { std: "git" "-c" "credential.helper=" "-c" "credential.helper=/workspace/cargo-home/bin/git-credential-null" "clone" "--bare" "https://github.com/jungbin-kwon/MeiliSearch" "/workspace/cache/git-repos/https%3A%2F%2Fgithub.com%2Fjungbin-kwon%2FMeiliSearch", kill_on_drop: false }`
[INFO] [stderr] Cloning into bare repository '/workspace/cache/git-repos/https%3A%2F%2Fgithub.com%2Fjungbin-kwon%2FMeiliSearch'...
[INFO] running `Command { std: "git" "rev-parse" "HEAD", kill_on_drop: false }`
[INFO] [stdout] 36e85261ecbaf6a38bbdef8afb724542e08ad908
[INFO] documenting jungbin-kwon/MeiliSearch against 1.69.0 for beta-1.70-rustdoc-1
[INFO] running `Command { std: "git" "clone" "/workspace/cache/git-repos/https%3A%2F%2Fgithub.com%2Fjungbin-kwon%2FMeiliSearch" "/workspace/builds/worker-6-tc1/source", kill_on_drop: false }`
[INFO] [stderr] Cloning into '/workspace/builds/worker-6-tc1/source'...
[INFO] [stderr] done.
[INFO] validating manifest of git repo https://github.com/jungbin-kwon/MeiliSearch on toolchain 1.69.0
[INFO] running `Command { std: CARGO_HOME="/workspace/cargo-home" RUSTUP_HOME="/workspace/rustup-home" "/workspace/cargo-home/bin/cargo" "+1.69.0" "metadata" "--manifest-path" "Cargo.toml" "--no-deps", kill_on_drop: false }`
[INFO] started tweaking git repo https://github.com/jungbin-kwon/MeiliSearch
[INFO] finished tweaking git repo https://github.com/jungbin-kwon/MeiliSearch
[INFO] tweaked toml for git repo https://github.com/jungbin-kwon/MeiliSearch written to /workspace/builds/worker-6-tc1/source/Cargo.toml
[INFO] crate git repo https://github.com/jungbin-kwon/MeiliSearch already has a lockfile, it will not be regenerated
[INFO] running `Command { std: CARGO_HOME="/workspace/cargo-home" RUSTUP_HOME="/workspace/rustup-home" "/workspace/cargo-home/bin/cargo" "+1.69.0" "fetch" "--manifest-path" "Cargo.toml", kill_on_drop: false }`
[INFO] [stderr]     Updating git repository `https://github.com/pest-parser/pest.git`
[INFO] [stderr]     Updating git repository `https://github.com/MarinPostma/actix-extras.git`
[INFO] [stderr]     Updating git repository `https://github.com/MarinPostma/actix-web-static-files.git`
[INFO] [stderr]     Updating git repository `https://github.com/Kerollmops/heed`
[INFO] [stderr]     Updating git repository `https://github.com/meilisearch/tokenizer.git`
[INFO] [stderr]     Updating git repository `https://github.com/meilisearch/milli.git`
[INFO] [stderr]     Updating git repository `https://github.com/meilisearch/lmdb-rs`
[INFO] [stderr]     Updating git submodule `https://github.com/meilisearch/lmdb`
[INFO] [stderr]  Downloading crates ...
[INFO] [stderr]   Downloaded human_format v1.0.3
[INFO] [stderr]   Downloaded concat-arrays v0.1.2
[INFO] [stderr]   Downloaded actix-service v2.0.0
[INFO] [stderr]   Downloaded utf8-width v0.1.5
[INFO] [stderr]   Downloaded change-detection v1.2.0
[INFO] [stderr]   Downloaded path-slash v0.1.4
[INFO] [stderr]   Downloaded whoami v1.1.4
[INFO] [stderr]   Downloaded git2 v0.13.22
[INFO] [stderr]   Downloaded tikv-jemallocator v0.4.1
[INFO] [stderr]   Downloaded phf_shared v0.9.0
[INFO] [stderr]   Downloaded geoutils v0.4.1
[INFO] [stderr]   Downloaded byte-unit v4.0.12
[INFO] [stderr]   Downloaded path-matchers v1.0.2
[INFO] [stderr]   Downloaded grenad v0.3.1
[INFO] [stderr]   Downloaded actix-server v2.0.0-beta.5
[INFO] [stderr]   Downloaded whatlang v0.12.0
[INFO] [stderr]   Downloaded actix-web v4.0.0-beta.9
[INFO] [stderr]   Downloaded phf_generator v0.9.1
[INFO] [stderr]   Downloaded cargo_toml v0.9.2
[INFO] [stderr]   Downloaded actix-web-codegen v0.5.0-beta.4
[INFO] [stderr]   Downloaded actix-http v3.0.0-beta.10
[INFO] [stderr]   Downloaded vergen v5.1.15
[INFO] [stderr]   Downloaded rstar v0.9.1
[INFO] [stderr]   Downloaded phf v0.9.0
[INFO] [stderr]   Downloaded tikv-jemalloc-sys v0.4.2+5.2.1-patched.2
[INFO] [stderr]   Downloaded logging_timer_proc_macros v1.0.0
[INFO] [stderr]   Downloaded logging_timer v1.0.0
[INFO] [stderr]   Downloaded cedarwood v0.4.5
[INFO] [stderr]   Downloaded roaring v0.6.7
[INFO] [stderr]   Downloaded sysinfo v0.20.4
[INFO] [stderr]   Downloaded libgit2-sys v0.12.23+1.2.0
[INFO] [stderr]   Downloaded phf_codegen v0.9.0
[INFO] [stderr]   Downloaded obkv v0.2.0
[INFO] [stderr]   Downloaded character_converter v1.0.0
[INFO] [stderr]   Downloaded jieba-rs v0.6.5
[INFO] running `Command { std: "docker" "create" "-v" "/var/lib/crater-agent-workspace/builds/worker-6-tc1/target:/opt/rustwide/target:rw,Z" "-v" "/var/lib/crater-agent-workspace/builds/worker-6-tc1/source:/opt/rustwide/workdir:ro,Z" "-v" "/var/lib/crater-agent-workspace/cargo-home:/opt/rustwide/cargo-home:ro,Z" "-v" "/var/lib/crater-agent-workspace/rustup-home:/opt/rustwide/rustup-home:ro,Z" "-e" "SOURCE_DIR=/opt/rustwide/workdir" "-e" "CARGO_TARGET_DIR=/opt/rustwide/target" "-e" "CARGO_HOME=/opt/rustwide/cargo-home" "-e" "RUSTUP_HOME=/opt/rustwide/rustup-home" "-w" "/opt/rustwide/workdir" "-m" "1610612736" "--user" "0:0" "--network" "none" "ghcr.io/rust-lang/crates-build-env/linux@sha256:5ff2268d62e97bff2cde7d5815dd6ed5b47097566f13b8d0ca110b04b60e07ed" "/opt/rustwide/cargo-home/bin/cargo" "+1.69.0" "metadata" "--no-deps" "--format-version=1", kill_on_drop: false }`
[INFO] [stdout] 5faab81dd9376536eb3c7cf3d1aee45f64a6250106b7798cc5fc61180616c79a
[INFO] running `Command { std: "docker" "start" "-a" "5faab81dd9376536eb3c7cf3d1aee45f64a6250106b7798cc5fc61180616c79a", kill_on_drop: false }`
[INFO] running `Command { std: "docker" "inspect" "5faab81dd9376536eb3c7cf3d1aee45f64a6250106b7798cc5fc61180616c79a", kill_on_drop: false }`
[INFO] running `Command { std: "docker" "rm" "-f" "5faab81dd9376536eb3c7cf3d1aee45f64a6250106b7798cc5fc61180616c79a", kill_on_drop: false }`
[INFO] [stdout] 5faab81dd9376536eb3c7cf3d1aee45f64a6250106b7798cc5fc61180616c79a
[INFO] running `Command { std: "docker" "create" "-v" "/var/lib/crater-agent-workspace/builds/worker-6-tc1/target:/opt/rustwide/target:rw,Z" "-v" "/var/lib/crater-agent-workspace/builds/worker-6-tc1/source:/opt/rustwide/workdir:ro,Z" "-v" "/var/lib/crater-agent-workspace/cargo-home:/opt/rustwide/cargo-home:ro,Z" "-v" "/var/lib/crater-agent-workspace/rustup-home:/opt/rustwide/rustup-home:ro,Z" "-e" "SOURCE_DIR=/opt/rustwide/workdir" "-e" "CARGO_TARGET_DIR=/opt/rustwide/target" "-e" "CARGO_INCREMENTAL=0" "-e" "RUST_BACKTRACE=full" "-e" "RUSTFLAGS=--cap-lints=warn" "-e" "RUSTDOCFLAGS=--cap-lints=warn" "-e" "CARGO_HOME=/opt/rustwide/cargo-home" "-e" "RUSTUP_HOME=/opt/rustwide/rustup-home" "-w" "/opt/rustwide/workdir" "-m" "1610612736" "--user" "0:0" "--network" "none" "ghcr.io/rust-lang/crates-build-env/linux@sha256:5ff2268d62e97bff2cde7d5815dd6ed5b47097566f13b8d0ca110b04b60e07ed" "/opt/rustwide/cargo-home/bin/cargo" "+1.69.0" "doc" "--frozen" "--no-deps" "--document-private-items" "--message-format=json", kill_on_drop: false }`
[INFO] [stdout] 39f65e61c1d3e11bdc6caab020a4a47d59f558ea5b4c923579fe105a4beb3bbd
[INFO] running `Command { std: "docker" "start" "-a" "39f65e61c1d3e11bdc6caab020a4a47d59f558ea5b4c923579fe105a4beb3bbd", kill_on_drop: false }`
[INFO] [stderr]    Compiling libc v0.2.103
[INFO] [stderr]    Compiling proc-macro2 v1.0.29
[INFO] [stderr]    Compiling unicode-xid v0.2.2
[INFO] [stderr]    Compiling autocfg v1.0.1
[INFO] [stderr]    Compiling syn v1.0.77
[INFO] [stderr]    Compiling version_check v0.9.3
[INFO] [stderr]    Compiling memchr v2.4.1
[INFO] [stderr]     Checking cfg-if v1.0.0
[INFO] [stderr]    Compiling futures-core v0.3.17
[INFO] [stderr]    Compiling serde_derive v1.0.130
[INFO] [stderr]    Compiling serde v1.0.130
[INFO] [stderr]    Compiling parking_lot_core v0.8.5
[INFO] [stderr]    Compiling proc-macro-hack v0.5.19
[INFO] [stderr]    Compiling log v0.4.14
[INFO] [stderr]    Compiling futures-task v0.3.17
[INFO] [stderr]    Compiling typenum v1.14.0
[INFO] [stderr]    Compiling proc-macro-nested v0.1.7
[INFO] [stderr]    Compiling quote v1.0.9
[INFO] [stderr]    Compiling jobserver v0.1.24
[INFO] [stderr]    Compiling futures-macro v0.3.17
[INFO] [stderr]     Checking lazy_static v1.4.0
[INFO] [stderr]     Checking once_cell v1.8.0
[INFO] [stderr]    Compiling cc v1.0.70
[INFO] [stderr]    Compiling generic-array v0.14.4
[INFO] [stderr]     Checking scopeguard v1.1.0
[INFO] [stderr]    Compiling futures-channel v0.3.17
[INFO] [stderr]     Checking smallvec v1.7.0
[INFO] [stderr]    Compiling bytes v1.1.0
[INFO] [stderr]     Checking pin-project-lite v0.2.7
[INFO] [stderr]     Checking num_cpus v1.13.0
[INFO] [stderr]    Compiling standback v0.2.17
[INFO] [stderr]    Compiling httparse v1.5.1
[INFO] [stderr]    Compiling ryu v1.0.5
[INFO] [stderr]    Compiling itoa v0.4.8
[INFO] [stderr]    Compiling getrandom v0.2.3
[INFO] [stderr]     Checking instant v0.1.11
[INFO] [stderr]    Compiling pkg-config v0.3.20
[INFO] [stderr]     Checking lock_api v0.4.5
[INFO] [stderr]    Compiling tokio v1.12.0
[INFO] [stderr]    Compiling ring v0.16.20
[INFO] [stderr]    Compiling fnv v1.0.7
[INFO] [stderr]    Compiling paste v1.0.5
[INFO] [stderr]     Checking parking_lot v0.11.2
[INFO] [stderr]    Compiling http v0.2.5
[INFO] [stderr]    Compiling rand_core v0.6.3
[INFO] [stderr]     Checking mio v0.7.13
[INFO] [stderr]     Checking signal-hook-registry v1.4.0
[INFO] [stderr]    Compiling const_fn v0.4.8
[INFO] [stderr]    Compiling encoding_rs v0.8.28
[INFO] [stderr]    Compiling ppv-lite86 v0.2.10
[INFO] [stderr]     Checking futures-sink v0.3.17
[INFO] [stderr]    Compiling rand_chacha v0.3.1
[INFO] [stderr]    Compiling miniz_oxide v0.4.4
[INFO] [stderr]    Compiling time v0.2.27
[INFO] [stderr]     Checking hashbrown v0.11.2
[INFO] [stderr]    Compiling rand v0.8.4
[INFO] [stderr]    Compiling indexmap v1.7.0
[INFO] [stderr]    Compiling ahash v0.7.4
[INFO] [stderr]    Compiling convert_case v0.4.0
[INFO] [stderr]    Compiling futures-util v0.3.17
[INFO] [stderr]     Checking spin v0.5.2
[INFO] [stderr]     Checking slab v0.4.4
[INFO] [stderr]    Compiling crc32fast v1.2.1
[INFO] [stderr]     Checking untrusted v0.7.1
[INFO] [stderr]     Checking futures-io v0.3.17
[INFO] [stderr]     Checking pin-utils v0.1.0
[INFO] [stderr]    Compiling aho-corasick v0.7.18
[INFO] [stderr]    Compiling regex-syntax v0.6.25
[INFO] [stderr]    Compiling bytestring v1.0.0
[INFO] [stderr]     Checking webpki v0.21.4
[INFO] [stderr]    Compiling tinyvec_macros v0.1.0
[INFO] [stderr]    Compiling percent-encoding v2.1.0
[INFO] [stderr]     Checking byteorder v1.4.3
[INFO] [stderr]    Compiling matches v0.1.9
[INFO] [stderr]    Compiling tracing-core v0.1.20
[INFO] [stderr]    Compiling tinyvec v1.5.0
[INFO] [stderr]     Checking sct v0.6.1
[INFO] [stderr]    Compiling zstd-sys v1.5.0+zstd.1.4.9
[INFO] [stderr]    Compiling num-integer v0.1.44
[INFO] [stderr]    Compiling unicase v2.6.0
[INFO] [stderr]    Compiling regex v1.5.4
[INFO] [stderr]    Compiling tokio-util v0.6.8
[INFO] [stderr]    Compiling actix-macros v0.2.1
[INFO] [stderr]    Compiling time-macros-impl v0.1.2
[INFO] [stderr]    Compiling tokio-macros v1.3.0
[INFO] [stderr]    Compiling derive_more v0.99.16
[INFO] [stderr]    Compiling pin-project-internal v1.0.8
[INFO] [stderr]     Checking adler v1.0.2
[INFO] [stderr]     Checking base64 v0.13.0
[INFO] [stderr]    Compiling firestorm v0.4.6
[INFO] [stderr]     Checking rustls v0.19.1
[INFO] [stderr]    Compiling unicode-normalization v0.1.19
[INFO] [stderr]     Checking tracing v0.1.28
[INFO] [stderr]    Compiling form_urlencoded v1.0.1
[INFO] [stderr]    Compiling bitflags v1.3.2
[INFO] [stderr]     Checking local-waker v0.1.1
[INFO] [stderr]    Compiling unicode-bidi v0.3.6
[INFO] [stderr]    Compiling h2 v0.3.4
[INFO] [stderr]     Checking tokio-rustls v0.22.0
[INFO] [stderr]    Compiling idna v0.2.3
[INFO] [stderr]    Compiling brotli-sys v0.3.2
[INFO] [stderr]    Compiling proc-macro-error-attr v1.0.4
[INFO] [stderr]    Compiling zstd-safe v3.1.0+zstd.1.4.9
[INFO] [stderr]    Compiling serde_json v1.0.68
[INFO] [stderr]    Compiling crossbeam-utils v0.8.5
[INFO] [stderr]    Compiling url v2.2.2
[INFO] [stderr]    Compiling actix-utils v3.0.0
[INFO] [stderr]     Checking actix-rt v2.2.0
[INFO] [stderr]     Checking time-macros v0.1.1
[INFO] [stderr]     Checking webpki-roots v0.21.1
[INFO] [stderr]     Checking block-buffer v0.9.0
[INFO] [stderr]     Checking digest v0.9.0
[INFO] [stderr]    Compiling actix-service v2.0.0
[INFO] [stderr]    Compiling socket2 v0.4.2
[INFO] [stderr]    Compiling memoffset v0.6.4
[INFO] [stderr]    Compiling proc-macro-error v1.0.4
[INFO] [stderr]     Checking opaque-debug v0.3.0
[INFO] [stderr]    Compiling siphasher v0.3.7
[INFO] [stderr]     Checking cpufeatures v0.2.1
[INFO] [stderr]     Checking mime v0.3.16
[INFO] [stderr]    Compiling phf_shared v0.9.0
[INFO] [stderr]     Checking flate2 v1.0.22
[INFO] [stderr]    Compiling mime_guess v2.0.3
[INFO] [stderr]    Compiling actix-router v0.5.0-beta.2
[INFO] [stderr]     Checking actix-codec v0.4.0
[INFO] [stderr]    Compiling num-traits v0.2.14
[INFO] [stderr]    Compiling proc-macro2 v0.4.30
[INFO] [stderr]    Compiling actix-web-codegen v0.5.0-beta.4
[INFO] [stderr]     Checking either v1.6.1
[INFO] [stderr]    Compiling crossbeam-epoch v0.9.5
[INFO] [stderr]    Compiling sha-1 v0.9.8
[INFO] [stderr]    Compiling actix-tls v3.0.0-beta.5
[INFO] [stderr]    Compiling serde_urlencoded v0.7.0
[INFO] [stderr]    Compiling phf_generator v0.9.1
[INFO] [stderr]    Compiling local-channel v0.1.2
[INFO] [stderr]     Checking pin-project v1.0.8
[INFO] [stderr]    Compiling thiserror-impl v1.0.29
[INFO] [stderr]    Compiling libz-sys v1.1.3
[INFO] [stderr]    Compiling language-tags v0.3.2
[INFO] [stderr]    Compiling glob v0.3.0
[INFO] [stderr]    Compiling unicode-xid v0.1.0
[INFO] [stderr]    Compiling rayon-core v1.9.1
[INFO] [stderr]    Compiling phf_codegen v0.9.0
[INFO] [stderr]    Compiling path-matchers v1.0.2
[INFO] [stderr]    Compiling actix-http v3.0.0-beta.10
[INFO] [stderr]     Checking bincode v1.3.3
[INFO] [stderr]    Compiling actix-server v2.0.0-beta.5
[INFO] [stderr]    Compiling synstructure v0.12.5
[INFO] [stderr]    Compiling time v0.1.44
[INFO] [stderr]    Compiling hashbrown v0.7.2
[INFO] [stderr]    Compiling cookie v0.15.1
[INFO] [stderr]    Compiling syn v0.15.44
[INFO] [stderr]    Compiling path-slash v0.1.4
[INFO] [stderr]     Checking cfg-if v0.1.10
[INFO] [stderr]    Compiling fst v0.4.7
[INFO] [stderr]    Compiling ucd-trie v0.1.3
[INFO] [stderr]    Compiling rustversion v1.0.5
[INFO] [stderr]    Compiling zerocopy-derive v0.2.0
[INFO] [stderr]    Compiling pest v2.1.3 (https://github.com/pest-parser/pest.git?rev=51fd1d49f1041f7839975664ef71fe15c7dcaf67#51fd1d49)
[INFO] [stderr]     Checking crossbeam-utils v0.6.6
[INFO] [stderr]    Compiling change-detection v1.2.0
[INFO] [stderr]     Checking crossbeam-deque v0.8.1
[INFO] [stderr]    Compiling quote v0.6.13
[INFO] [stderr]    Compiling jieba-rs v0.6.5
[INFO] [stderr]    Compiling actix-web v4.0.0-beta.9
[INFO] [stderr]     Checking crossbeam-channel v0.5.1
[INFO] [stderr]    Compiling futures v0.3.17
[INFO] [stderr]    Compiling bytemuck_derive v1.0.1
[INFO] [stderr]     Checking generic-array v0.13.3
[INFO] [stderr]     Checking generic-array v0.12.4
[INFO] [stderr]    Compiling bzip2-sys v0.1.11+1.0.8
[INFO] [stderr]    Compiling libgit2-sys v0.12.23+1.2.0
[INFO] [stderr]    Compiling lmdb-rkv-sys v0.15.0 (https://github.com/meilisearch/lmdb-rs#d0b50d02)
[INFO] [stderr]    Compiling rayon v1.5.1
[INFO] [stderr]    Compiling heapless v0.6.1
[INFO] [stderr]    Compiling maplit v1.0.2
[INFO] [stderr]     Checking ahash v0.3.8
[INFO] [stderr]    Compiling try-lock v0.2.3
[INFO] [stderr]     Checking stable_deref_trait v1.2.0
[INFO] [stderr]     Checking as-slice v0.1.5
[INFO] [stderr]    Compiling want v0.3.0
[INFO] [stderr]    Compiling pest_meta v2.1.3
[INFO] [stderr]     Checking bytemuck v1.7.2
[INFO] [stderr]     Checking zerocopy v0.3.0
[INFO] [stderr]    Compiling chrono v0.4.19
[INFO] [stderr]     Checking crossbeam-queue v0.1.2
[INFO] [stderr]     Checking phf v0.9.0
[INFO] [stderr]     Checking fxhash v0.2.1
[INFO] [stderr]     Checking hash32 v0.1.1
[INFO] [stderr]    Compiling actix-web-static-files v3.0.5 (https://github.com/MarinPostma/actix-web-static-files.git?rev=39d8006#39d8006a)
[INFO] [stderr]    Compiling http-body v0.4.3
[INFO] [stderr]    Compiling backtrace v0.3.61
[INFO] [stderr]     Checking cedarwood v0.4.5
[INFO] [stderr]     Checking atty v0.2.14
[INFO] [stderr]     Checking remove_dir_all v0.5.3
[INFO] [stderr]     Checking gimli v0.25.0
[INFO] [stderr]    Compiling anyhow v1.0.44
[INFO] [stderr]    Compiling httpdate v1.0.1
[INFO] [stderr]     Checking unicode-width v0.1.9
[INFO] [stderr]     Checking regex-automata v0.1.10
[INFO] [stderr]    Compiling tower-service v0.3.1
[INFO] [stderr]    Compiling unicode-segmentation v1.8.0
[INFO] [stderr]     Checking heed-traits v0.7.0 (https://github.com/Kerollmops/heed?tag=v0.12.1#fc017cf3)
[INFO] [stderr]    Compiling hyper v0.14.13
[INFO] [stderr]     Checking bstr v0.2.17
[INFO] [stderr]     Checking heed-types v0.7.2 (https://github.com/Kerollmops/heed?tag=v0.12.1#fc017cf3)
[INFO] [stderr]     Checking textwrap v0.11.0
[INFO] [stderr]    Compiling heck v0.3.3
[INFO] [stderr]     Checking tempfile v3.2.0
[INFO] [stderr]    Compiling vergen v5.1.15
[INFO] [stderr]     Checking synchronoise v1.0.0
[INFO] [stderr]    Compiling pest_generator v2.1.3
[INFO] [stderr]     Checking addr2line v0.16.0
[INFO] [stderr]     Checking whatlang v0.12.0
[INFO] [stderr]    Compiling thiserror v1.0.29
[INFO] [stderr]     Checking character_converter v1.0.0
[INFO] [stderr]     Checking futures-executor v0.3.17
[INFO] [stderr]    Compiling enum-iterator-derive v0.7.0
[INFO] [stderr]     Checking page_size v0.4.2
[INFO] [stderr]    Compiling logging_timer_proc_macros v1.0.0
[INFO] [stderr]     Checking object v0.26.2
[INFO] [stderr]     Checking rustc-demangle v0.1.21
[INFO] [stderr]    Compiling fs_extra v1.2.0
[INFO] [stderr]     Checking strsim v0.8.0
[INFO] [stderr]     Checking pdqselect v0.1.0
[INFO] [stderr]    Compiling async-trait v0.1.51
[INFO] [stderr]     Checking ansi_term v0.11.0
[INFO] [stderr]     Checking vec_map v0.8.2
[INFO] [stderr]     Checking slice-group-by v0.2.6
[INFO] [stderr]    Compiling sysinfo v0.20.4
[INFO] [stderr]     Checking retain_mut v0.1.4
[INFO] [stderr]     Checking cow-utils v0.1.2
[INFO] [stderr]     Checking deunicode v1.3.1
[INFO] [stderr]     Checking roaring v0.6.7
[INFO] [stderr]     Checking clap v2.33.3
[INFO] [stderr]     Checking logging_timer v1.0.0
[INFO] [stderr]     Checking meilisearch-tokenizer v0.2.5 (https://github.com/meilisearch/tokenizer.git?tag=v0.2.5#c0b5cf74)
[INFO] [stderr]    Compiling tikv-jemalloc-sys v0.4.2+5.2.1-patched.2
[INFO] [stderr]     Checking rstar v0.9.1
[INFO] [stderr]    Compiling enum-iterator v0.7.0
[INFO] [stderr]    Compiling hyper-rustls v0.22.1
[INFO] [stderr]    Compiling pest_derive v2.1.0
[INFO] [stderr]     Checking grenad v0.3.1
[INFO] [stderr]    Compiling structopt-derive v0.4.16
[INFO] [stderr]     Checking levenshtein_automata v0.2.1
[INFO] [stderr]     Checking ordered-float v2.8.0
[INFO] [stderr]    Compiling getset v0.1.1
[INFO] [stderr]     Checking itertools v0.10.1
[INFO] [stderr]    Compiling toml v0.5.8
[INFO] [stderr]     Checking bimap v0.6.1
[INFO] [stderr]     Checking uuid v0.8.2
[INFO] [stderr]     Checking smallstr v0.2.0
[INFO] [stderr]    Compiling concat-arrays v0.1.2
[INFO] [stderr]    Compiling async-stream-impl v0.3.2
[INFO] [stderr]     Checking xattr v0.2.2
[INFO] [stderr]     Checking memmap v0.7.0
[INFO] [stderr]     Checking filetime v0.2.15
[INFO] [stderr]     Checking csv-core v0.1.10
[INFO] [stderr]     Checking obkv v0.2.0
[INFO] [stderr]     Checking geoutils v0.4.1
[INFO] [stderr]     Checking same-file v1.0.6
[INFO] [stderr]     Checking utf8-width v0.1.5
[INFO] [stderr]     Checking human_format v1.0.3
[INFO] [stderr]    Compiling ipnet v2.3.1
[INFO] [stderr]     Checking linked-hash-map v0.5.4
[INFO] [stderr]     Checking structopt v0.3.23
[INFO] [stderr]     Checking async-stream v0.3.2
[INFO] [stderr]     Checking walkdir v2.3.2
[INFO] [stderr]     Checking byte-unit v4.0.12
[INFO] [stderr]    Compiling cargo_toml v0.9.2
[INFO] [stderr]    Compiling reqwest v0.11.4
[INFO] [stderr]     Checking csv v1.1.6
[INFO] [stderr]     Checking tar v0.4.37
[INFO] [stderr]    Compiling derivative v2.2.0
[INFO] [stderr]    Compiling hex v0.4.3
[INFO] [stderr]    Compiling whoami v1.1.4
[INFO] [stderr]     Checking arc-swap v1.4.0
[INFO] [stderr]     Checking termcolor v1.1.2
[INFO] [stderr]     Checking humantime v2.1.0
[INFO] [stderr]     Checking env_logger v0.9.0
[INFO] [stderr]     Checking sha2 v0.9.8
[INFO] [stderr]     Checking tokio-stream v0.1.7
[INFO] [stderr]     Checking heed v0.12.1 (https://github.com/Kerollmops/heed?tag=v0.12.1#fc017cf3)
[INFO] [stderr]     Checking milli v0.17.2 (https://github.com/meilisearch/milli.git?tag=v0.17.3#1e8acaa2)
[INFO] [stderr]    Compiling bzip2 v0.4.3
[INFO] [stderr]    Compiling zip v0.5.13
[INFO] [stderr]     Checking brotli2 v0.3.2
[INFO] [stderr]    Compiling git2 v0.13.22
[INFO] [stderr]    Compiling meilisearch-http v0.23.1 (/opt/rustwide/workdir/meilisearch-http)
[INFO] [stderr] error: failed to run custom build command for `meilisearch-http v0.23.1 (/opt/rustwide/workdir/meilisearch-http)`
[INFO] [stderr] note: To improve backtraces for build dependencies, set the CARGO_PROFILE_DEV_BUILD_OVERRIDE_DEBUG=true environment variable to enable debug information generation.
[INFO] [stderr] 
[INFO] [stderr] Caused by:
[INFO] [stderr]   process didn't exit successfully: `/opt/rustwide/target/debug/build/meilisearch-http-45cd77efc8f6ee29/build-script-build` (exit status: 101)
[INFO] [stderr]   --- stdout
[INFO] [stderr]   cargo:rustc-env=VERGEN_GIT_BRANCH=master
[INFO] [stderr]   cargo:rustc-env=VERGEN_GIT_COMMIT_TIMESTAMP=2021-10-25T23:55:06+00:00
[INFO] [stderr]   cargo:rustc-env=VERGEN_GIT_SEMVER=0.23.1
[INFO] [stderr]   cargo:rustc-env=VERGEN_GIT_SHA=36e85261ecbaf6a38bbdef8afb724542e08ad908
[INFO] [stderr]   cargo:rerun-if-changed=/opt/rustwide/workdir/.git/HEAD
[INFO] [stderr]   cargo:rerun-if-changed=/opt/rustwide/workdir/.git/refs/heads/master
[INFO] [stderr] 
[INFO] [stderr]   --- stderr
[INFO] [stderr]   thread 'main' panicked at 'Could not load the mini-dashboard assets: error sending request for url (https://github.com/meilisearch/mini-dashboard/releases/download/v0.1.4/build.zip): error trying to connect: dns error: failed to lookup address information: Temporary failure in name resolution
[INFO] [stderr] 
[INFO] [stderr]   Caused by:
[INFO] [stderr]       0: error trying to connect: dns error: failed to lookup address information: Temporary failure in name resolution
[INFO] [stderr]       1: dns error: failed to lookup address information: Temporary failure in name resolution
[INFO] [stderr]       2: failed to lookup address information: Temporary failure in name resolution', meilisearch-http/build.rs:9:44
[INFO] [stderr]   stack backtrace:
[INFO] [stderr]      0:     0x55dfd378dfaa - std::backtrace_rs::backtrace::libunwind::trace::ha9053a9a07ca49cb
[INFO] [stderr]                                  at /rustc/84c898d65adf2f39a5a98507f1fe0ce10a2b8dbc/library/std/src/../../backtrace/src/backtrace/libunwind.rs:93:5
[INFO] [stderr]      1:     0x55dfd378dfaa - std::backtrace_rs::backtrace::trace_unsynchronized::h9c2852a457ad564e
[INFO] [stderr]                                  at /rustc/84c898d65adf2f39a5a98507f1fe0ce10a2b8dbc/library/std/src/../../backtrace/src/backtrace/mod.rs:66:5
[INFO] [stderr]      2:     0x55dfd378dfaa - std::sys_common::backtrace::_print_fmt::h457936fbfaa0070f
[INFO] [stderr]                                  at /rustc/84c898d65adf2f39a5a98507f1fe0ce10a2b8dbc/library/std/src/sys_common/backtrace.rs:65:5
[INFO] [stderr]      3:     0x55dfd378dfaa - <std::sys_common::backtrace::_print::DisplayBacktrace as core::fmt::Display>::fmt::h5779d7bf7f70cb0c
[INFO] [stderr]                                  at /rustc/84c898d65adf2f39a5a98507f1fe0ce10a2b8dbc/library/std/src/sys_common/backtrace.rs:44:22
[INFO] [stderr]      4:     0x55dfd37b19ee - core::fmt::write::h5a4baaff1bcd3eb5
[INFO] [stderr]                                  at /rustc/84c898d65adf2f39a5a98507f1fe0ce10a2b8dbc/library/core/src/fmt/mod.rs:1232:17
[INFO] [stderr]      5:     0x55dfd378b115 - std::io::Write::write_fmt::h4bc1f301cb9e9cce
[INFO] [stderr]                                  at /rustc/84c898d65adf2f39a5a98507f1fe0ce10a2b8dbc/library/std/src/io/mod.rs:1684:15
[INFO] [stderr]      6:     0x55dfd378dd75 - std::sys_common::backtrace::_print::h5fcdc36060f177e8
[INFO] [stderr]                                  at /rustc/84c898d65adf2f39a5a98507f1fe0ce10a2b8dbc/library/std/src/sys_common/backtrace.rs:47:5
[INFO] [stderr]      7:     0x55dfd378dd75 - std::sys_common::backtrace::print::h54ca9458b876c8bf
[INFO] [stderr]                                  at /rustc/84c898d65adf2f39a5a98507f1fe0ce10a2b8dbc/library/std/src/sys_common/backtrace.rs:34:9
[INFO] [stderr]      8:     0x55dfd378f52f - std::panicking::default_hook::{{closure}}::hbe471161c7664ed6
[INFO] [stderr]                                  at /rustc/84c898d65adf2f39a5a98507f1fe0ce10a2b8dbc/library/std/src/panicking.rs:271:22
[INFO] [stderr]      9:     0x55dfd378f26b - std::panicking::default_hook::ha3500da57aa4ac4f
[INFO] [stderr]                                  at /rustc/84c898d65adf2f39a5a98507f1fe0ce10a2b8dbc/library/std/src/panicking.rs:290:9
[INFO] [stderr]     10:     0x55dfd378fad8 - std::panicking::rust_panic_with_hook::h50c09d000dc561d2
[INFO] [stderr]                                  at /rustc/84c898d65adf2f39a5a98507f1fe0ce10a2b8dbc/library/std/src/panicking.rs:692:13
[INFO] [stderr]     11:     0x55dfd378f9d9 - std::panicking::begin_panic_handler::{{closure}}::h9e2b2176e00e0d9c
[INFO] [stderr]                                  at /rustc/84c898d65adf2f39a5a98507f1fe0ce10a2b8dbc/library/std/src/panicking.rs:583:13
[INFO] [stderr]     12:     0x55dfd378e416 - std::sys_common::backtrace::__rust_end_short_backtrace::h5739b8e512c09d02
[INFO] [stderr]                                  at /rustc/84c898d65adf2f39a5a98507f1fe0ce10a2b8dbc/library/std/src/sys_common/backtrace.rs:150:18
[INFO] [stderr]     13:     0x55dfd378f6e2 - rust_begin_unwind
[INFO] [stderr]                                  at /rustc/84c898d65adf2f39a5a98507f1fe0ce10a2b8dbc/library/std/src/panicking.rs:579:5
[INFO] [stderr]     14:     0x55dfd2fbc273 - core::panicking::panic_fmt::hf33a1475b4dc5c3e
[INFO] [stderr]                                  at /rustc/84c898d65adf2f39a5a98507f1fe0ce10a2b8dbc/library/core/src/panicking.rs:64:14
[INFO] [stderr]     15:     0x55dfd2fbc723 - core::result::unwrap_failed::hdff5465d74574b44
[INFO] [stderr]                                  at /rustc/84c898d65adf2f39a5a98507f1fe0ce10a2b8dbc/library/core/src/result.rs:1750:5
[INFO] [stderr]     16:     0x55dfd2fc1b33 - core::result::Result<T,E>::expect::h7b00664d0547b7fd
[INFO] [stderr]     17:     0x55dfd2fc3759 - build_script_build::main::hf16923f6d2803da0
[INFO] [stderr]     18:     0x55dfd2fcc0a3 - core::ops::function::FnOnce::call_once::h22877ddef0d87321
[INFO] [stderr]     19:     0x55dfd2fcbe69 - std::sys_common::backtrace::__rust_begin_short_backtrace::h0fb5e0aff563d467
[INFO] [stderr]     20:     0x55dfd2fc2cf9 - std::rt::lang_start::{{closure}}::h03980a15346f91d6
[INFO] [stderr]     21:     0x55dfd3786f5c - core::ops::function::impls::<impl core::ops::function::FnOnce<A> for &F>::call_once::hd6efcd3bec896f2c
[INFO] [stderr]                                  at /rustc/84c898d65adf2f39a5a98507f1fe0ce10a2b8dbc/library/core/src/ops/function.rs:287:13
[INFO] [stderr]     22:     0x55dfd3786f5c - std::panicking::try::do_call::hce04e543bb1f4cbb
[INFO] [stderr]                                  at /rustc/84c898d65adf2f39a5a98507f1fe0ce10a2b8dbc/library/std/src/panicking.rs:487:40
[INFO] [stderr]     23:     0x55dfd3786f5c - std::panicking::try::h3342dd4e1f680968
[INFO] [stderr]                                  at /rustc/84c898d65adf2f39a5a98507f1fe0ce10a2b8dbc/library/std/src/panicking.rs:451:19
[INFO] [stderr]     24:     0x55dfd3786f5c - std::panic::catch_unwind::h148ce1e59ac0cee7
[INFO] [stderr]                                  at /rustc/84c898d65adf2f39a5a98507f1fe0ce10a2b8dbc/library/std/src/panic.rs:140:14
[INFO] [stderr]     25:     0x55dfd3786f5c - std::rt::lang_start_internal::{{closure}}::h25f9dda2057a67fe
[INFO] [stderr]                                  at /rustc/84c898d65adf2f39a5a98507f1fe0ce10a2b8dbc/library/std/src/rt.rs:148:48
[INFO] [stderr]     26:     0x55dfd3786f5c - std::panicking::try::do_call::h7caaaeaf9401650b
[INFO] [stderr]                                  at /rustc/84c898d65adf2f39a5a98507f1fe0ce10a2b8dbc/library/std/src/panicking.rs:487:40
[INFO] [stderr]     27:     0x55dfd3786f5c - std::panicking::try::he7d15285746cbbc2
[INFO] [stderr]                                  at /rustc/84c898d65adf2f39a5a98507f1fe0ce10a2b8dbc/library/std/src/panicking.rs:451:19
[INFO] [stderr]     28:     0x55dfd3786f5c - std::panic::catch_unwind::h89fb4f50c0301fe0
[INFO] [stderr]                                  at /rustc/84c898d65adf2f39a5a98507f1fe0ce10a2b8dbc/library/std/src/panic.rs:140:14
[INFO] [stderr]     29:     0x55dfd3786f5c - std::rt::lang_start_internal::h078acd489417d3c1
[INFO] [stderr]                                  at /rustc/84c898d65adf2f39a5a98507f1fe0ce10a2b8dbc/library/std/src/rt.rs:148:20
[INFO] [stderr]     30:     0x55dfd2fc2cd7 - std::rt::lang_start::h74d8acfaf78d2e66
[INFO] [stderr]     31:     0x55dfd2fc3785 - main
[INFO] [stderr]     32:     0x7fd415ec2d90 - <unknown>
[INFO] [stderr]     33:     0x7fd415ec2e40 - __libc_start_main
[INFO] [stderr]     34:     0x55dfd2fbc905 - _start
[INFO] [stderr]     35:                0x0 - <unknown>
[INFO] [stderr] warning: build failed, waiting for other jobs to finish...
[INFO] running `Command { std: "docker" "inspect" "39f65e61c1d3e11bdc6caab020a4a47d59f558ea5b4c923579fe105a4beb3bbd", kill_on_drop: false }`
[INFO] running `Command { std: "docker" "rm" "-f" "39f65e61c1d3e11bdc6caab020a4a47d59f558ea5b4c923579fe105a4beb3bbd", kill_on_drop: false }`
[INFO] [stdout] 39f65e61c1d3e11bdc6caab020a4a47d59f558ea5b4c923579fe105a4beb3bbd
