[INFO] cloning repository https://github.com/july2993/zergling
[INFO] running `Command { std: "git" "-c" "credential.helper=" "-c" "credential.helper=/workspace/cargo-home/bin/git-credential-null" "clone" "--bare" "https://github.com/july2993/zergling" "/workspace/cache/git-repos/https%3A%2F%2Fgithub.com%2Fjuly2993%2Fzergling", kill_on_drop: false }`
[INFO] [stderr] Cloning into bare repository '/workspace/cache/git-repos/https%3A%2F%2Fgithub.com%2Fjuly2993%2Fzergling'...
[INFO] running `Command { std: "git" "rev-parse" "HEAD", kill_on_drop: false }`
[INFO] [stdout] f20431365e31932f00734be0ba71e7d890675a59
[INFO] documenting july2993/zergling against beta-2023-04-20 for beta-1.70-rustdoc-1
[INFO] running `Command { std: "git" "clone" "/workspace/cache/git-repos/https%3A%2F%2Fgithub.com%2Fjuly2993%2Fzergling" "/workspace/builds/worker-2-tc2/source", kill_on_drop: false }`
[INFO] [stderr] Cloning into '/workspace/builds/worker-2-tc2/source'...
[INFO] [stderr] done.
[INFO] validating manifest of git repo https://github.com/july2993/zergling on toolchain beta-2023-04-20
[INFO] running `Command { std: CARGO_HOME="/workspace/cargo-home" RUSTUP_HOME="/workspace/rustup-home" "/workspace/cargo-home/bin/cargo" "+beta-2023-04-20" "metadata" "--manifest-path" "Cargo.toml" "--no-deps", kill_on_drop: false }`
[INFO] started tweaking git repo https://github.com/july2993/zergling
[INFO] finished tweaking git repo https://github.com/july2993/zergling
[INFO] tweaked toml for git repo https://github.com/july2993/zergling written to /workspace/builds/worker-2-tc2/source/Cargo.toml
[INFO] crate git repo https://github.com/july2993/zergling already has a lockfile, it will not be regenerated
[INFO] running `Command { std: CARGO_HOME="/workspace/cargo-home" RUSTUP_HOME="/workspace/rustup-home" "/workspace/cargo-home/bin/cargo" "+beta-2023-04-20" "fetch" "--manifest-path" "Cargo.toml", kill_on_drop: false }`
[INFO] [stderr]     Updating crates.io index
[INFO] [stderr]  Downloading crates ...
[INFO] [stderr]   Downloaded urlencoded v0.5.0
[INFO] [stderr]   Downloaded mime_guess v1.8.2
[INFO] [stderr]   Downloaded buf_redux v0.6.1
[INFO] [stderr]   Downloaded grpc v0.2.1
[INFO] [stderr]   Downloaded if_chain v0.1.2
[INFO] [stderr]   Downloaded getopts v0.2.15
[INFO] [stderr]   Downloaded httpbis v0.4.1
[INFO] [stderr]   Downloaded tokio-tls-api v0.1.11
[INFO] [stderr]   Downloaded router v0.5.1
[INFO] [stderr]   Downloaded itertools v0.6.5
[INFO] [stderr]   Downloaded pulldown-cmark v0.0.15
[INFO] [stderr]   Downloaded cargo_metadata v0.2.3
[INFO] [stderr]   Downloaded clippy_lints v0.0.174
[INFO] [stderr]   Downloaded clippy v0.0.174
[INFO] [stderr]   Downloaded tls-api-stub v0.1.11
[INFO] [stderr]   Downloaded lru v0.1.4
[INFO] [stderr]   Downloaded protobuf v1.4.2
[INFO] [stderr]   Downloaded grpcio v0.1.2
[INFO] [stderr]   Downloaded prometheus v0.3.3
[INFO] [stderr]   Downloaded tls-api v0.1.11
[INFO] [stderr]   Downloaded safemem v0.1.1
[INFO] [stderr]   Downloaded tiny_http v0.5.8
[INFO] [stderr]   Downloaded procinfo v0.3.1
[INFO] [stderr]   Downloaded iron v0.5.1
[INFO] [stderr]   Downloaded grpcio-sys v0.1.2
[INFO] [stderr]   Downloaded signal v0.4.1
[INFO] [stderr]   Downloaded persistent v0.3.0
[INFO] [stderr]   Downloaded bodyparser v0.5.0
[INFO] [stderr]   Downloaded multipart v0.13.3
[INFO] running `Command { std: "docker" "create" "-v" "/var/lib/crater-agent-workspace/builds/worker-2-tc2/target:/opt/rustwide/target:rw,Z" "-v" "/var/lib/crater-agent-workspace/builds/worker-2-tc2/source:/opt/rustwide/workdir:ro,Z" "-v" "/var/lib/crater-agent-workspace/cargo-home:/opt/rustwide/cargo-home:ro,Z" "-v" "/var/lib/crater-agent-workspace/rustup-home:/opt/rustwide/rustup-home:ro,Z" "-e" "SOURCE_DIR=/opt/rustwide/workdir" "-e" "CARGO_TARGET_DIR=/opt/rustwide/target" "-e" "CARGO_HOME=/opt/rustwide/cargo-home" "-e" "RUSTUP_HOME=/opt/rustwide/rustup-home" "-w" "/opt/rustwide/workdir" "-m" "1610612736" "--user" "0:0" "--network" "none" "ghcr.io/rust-lang/crates-build-env/linux@sha256:5ff2268d62e97bff2cde7d5815dd6ed5b47097566f13b8d0ca110b04b60e07ed" "/opt/rustwide/cargo-home/bin/cargo" "+beta-2023-04-20" "metadata" "--no-deps" "--format-version=1", kill_on_drop: false }`
[INFO] [stdout] b12f7b669ae1c3cf6d248ca0a1af5df4e1d96bc80d6e2b94e905270ead03db7c
[INFO] running `Command { std: "docker" "start" "-a" "b12f7b669ae1c3cf6d248ca0a1af5df4e1d96bc80d6e2b94e905270ead03db7c", kill_on_drop: false }`
[INFO] running `Command { std: "docker" "inspect" "b12f7b669ae1c3cf6d248ca0a1af5df4e1d96bc80d6e2b94e905270ead03db7c", kill_on_drop: false }`
[INFO] running `Command { std: "docker" "rm" "-f" "b12f7b669ae1c3cf6d248ca0a1af5df4e1d96bc80d6e2b94e905270ead03db7c", kill_on_drop: false }`
[INFO] [stdout] b12f7b669ae1c3cf6d248ca0a1af5df4e1d96bc80d6e2b94e905270ead03db7c
[INFO] running `Command { std: "docker" "create" "-v" "/var/lib/crater-agent-workspace/builds/worker-2-tc2/target:/opt/rustwide/target:rw,Z" "-v" "/var/lib/crater-agent-workspace/builds/worker-2-tc2/source:/opt/rustwide/workdir:ro,Z" "-v" "/var/lib/crater-agent-workspace/cargo-home:/opt/rustwide/cargo-home:ro,Z" "-v" "/var/lib/crater-agent-workspace/rustup-home:/opt/rustwide/rustup-home:ro,Z" "-e" "SOURCE_DIR=/opt/rustwide/workdir" "-e" "CARGO_TARGET_DIR=/opt/rustwide/target" "-e" "CARGO_INCREMENTAL=0" "-e" "RUST_BACKTRACE=full" "-e" "RUSTFLAGS=--cap-lints=warn" "-e" "RUSTDOCFLAGS=--cap-lints=warn" "-e" "CARGO_HOME=/opt/rustwide/cargo-home" "-e" "RUSTUP_HOME=/opt/rustwide/rustup-home" "-w" "/opt/rustwide/workdir" "-m" "1610612736" "--user" "0:0" "--network" "none" "ghcr.io/rust-lang/crates-build-env/linux@sha256:5ff2268d62e97bff2cde7d5815dd6ed5b47097566f13b8d0ca110b04b60e07ed" "/opt/rustwide/cargo-home/bin/cargo" "+beta-2023-04-20" "doc" "--frozen" "--no-deps" "--document-private-items" "--message-format=json", kill_on_drop: false }`
[INFO] [stdout] 71187079c58f68a86a205ba9c7c0628d1aab7c9b34e6d266fd5a4990cb587f84
[INFO] running `Command { std: "docker" "start" "-a" "71187079c58f68a86a205ba9c7c0628d1aab7c9b34e6d266fd5a4990cb587f84", kill_on_drop: false }`
[INFO] [stderr]     Checking libc v0.2.33
[INFO] [stderr]    Compiling version_check v0.1.3
[INFO] [stderr]     Checking log v0.3.8
[INFO] [stderr]     Checking byteorder v1.1.0
[INFO] [stderr]     Checking matches v0.1.6
[INFO] [stderr]     Checking unicode-normalization v0.1.5
[INFO] [stderr]     Checking futures v0.1.17
[INFO] [stderr]     Checking rustc-serialize v0.3.24
[INFO] [stderr]     Checking percent-encoding v1.0.1
[INFO] [stderr]     Checking traitobject v0.1.0
[INFO] [stderr]     Checking num-traits v0.1.40
[INFO] [stderr]     Checking safemem v0.2.0
[INFO] [stderr]     Checking cfg-if v0.1.2
[INFO] [stderr]     Checking typeable v0.1.2
[INFO] [stderr]     Checking language-tags v0.2.2
[INFO] [stderr]     Checking lazy_static v0.2.11
[INFO] [stderr]     Checking unicode-bidi v0.3.4
[INFO] [stderr]     Checking httparse v1.2.3
[INFO] [stderr]     Checking void v1.0.2
[INFO] [stderr]     Checking slab v0.3.0
[INFO] [stderr]     Checking unsafe-any v0.4.2
[INFO] [stderr]     Checking lazycell v0.5.1
[INFO] [stderr]     Checking mime v0.2.6
[INFO] [stderr]     Checking base64 v0.6.0
[INFO] [stderr]     Checking typemap v0.3.3
[INFO] [stderr]    Compiling siphasher v0.2.2
[INFO] [stderr]     Checking error v0.1.9
[INFO] [stderr]     Checking scoped-tls v0.1.0
[INFO] [stderr]     Checking slab v0.4.0
[INFO] [stderr]     Checking modifier v0.1.0
[INFO] [stderr]    Compiling cc v1.0.3
[INFO] [stderr]    Compiling unicase v1.4.2
[INFO] [stderr]    Compiling semver v0.1.20
[INFO] [stderr]    Compiling unicase v2.1.0
[INFO] [stderr]     Checking tls-api v0.1.11
[INFO] [stderr]     Checking plugin v0.2.6
[INFO] [stderr]    Compiling build_const v0.2.0
[INFO] [stderr]     Checking num-integer v0.1.35
[INFO] [stderr]    Compiling pkg-config v0.3.9
[INFO] [stderr]    Compiling unicode-xid v0.0.4
[INFO] [stderr]     Checking time v0.1.38
[INFO] [stderr]     Checking num_cpus v1.7.0
[INFO] [stderr]     Checking iovec v0.1.1
[INFO] [stderr]     Checking rand v0.3.18
[INFO] [stderr]     Checking net2 v0.2.31
[INFO] [stderr]     Checking num-iter v0.1.34
[INFO] [stderr]    Compiling rustc_version v0.1.7
[INFO] [stderr]     Checking idna v0.1.4
[INFO] [stderr]     Checking bytes v0.4.5
[INFO] [stderr]    Compiling cmake v0.1.28
[INFO] [stderr]     Checking num v0.1.40
[INFO] [stderr]    Compiling crc v1.6.0
[INFO] [stderr]     Checking mio v0.6.11
[INFO] [stderr]    Compiling synom v0.11.3
[INFO] [stderr]     Checking memchr v1.0.2
[INFO] [stderr]    Compiling procinfo v0.3.1
[INFO] [stderr]     Checking unreachable v1.0.0
[INFO] [stderr]     Checking protobuf v1.4.2
[INFO] [stderr]     Checking phf_shared v0.7.21
[INFO] [stderr]     Checking hpack v0.2.0
[INFO] [stderr]     Checking bitflags v0.9.1
[INFO] [stderr]    Compiling quote v0.3.15
[INFO] [stderr]     Checking serde v0.8.23
[INFO] [stderr]     Checking tokio-io v0.1.4
[INFO] [stderr]     Checking futures-cpupool v0.1.7
[INFO] [stderr]     Checking dtoa v0.2.2
[INFO] [stderr]     Checking itoa v0.1.1
[INFO] [stderr]    Compiling grpcio-sys v0.1.2
[INFO] [stderr]    Compiling phf_generator v0.7.21
[INFO] [stderr]     Checking phf v0.7.21
[INFO] [stderr]     Checking solicit v0.4.4
[INFO] [stderr]    Compiling syn v0.11.11
[INFO] [stderr]     Checking tokio-timer v0.1.2
[INFO] [stderr]    Compiling phf_codegen v0.7.21
[INFO] [stderr]     Checking tokio-service v0.1.0
[INFO] [stderr]     Checking thread_local v0.3.4
[INFO] [stderr]     Checking aho-corasick v0.6.3
[INFO] [stderr]     Checking chrono v0.2.25
[INFO] [stderr]     Checking tokio-core v0.1.10
[INFO] [stderr]     Checking tls-api-stub v0.1.11
[INFO] [stderr]     Checking memchr v0.1.11
[INFO] [stderr]    Compiling mime_guess v1.8.2
[INFO] [stderr]     Checking memchr v2.0.0
[INFO] [stderr]     Checking conduit-mime-types v0.7.3
[INFO] [stderr]     Checking uuid v0.1.18
[INFO] [stderr]     Checking unicode-width v0.1.4
[INFO] [stderr]     Checking smallvec v0.2.1
[INFO] [stderr]     Checking regex-syntax v0.4.1
[INFO] [stderr]     Checking traitobject v0.0.1
[INFO] [stderr]     Checking byteorder v0.5.3
[INFO] [stderr]     Checking utf8-ranges v1.0.0
[INFO] [stderr]     Checking safemem v0.1.1
[INFO] [stderr]     Checking url v0.2.38
[INFO] [stderr]     Checking take v0.1.0
[INFO] [stderr]     Checking serde v1.0.21
[INFO] [stderr]     Checking ascii v0.7.1
[INFO] [stderr]     Checking nom v1.2.4
[INFO] [stderr]     Checking tokio-tls-api v0.1.11
[INFO] [stderr]     Checking chunked_transfer v0.3.1
[INFO] [stderr]     Checking tokio-proto v0.1.1
[INFO] [stderr]     Checking buf_redux v0.6.1
[INFO] [stderr]     Checking url v1.6.0
[INFO] [stderr]     Checking httpbis v0.4.1
[INFO] [stderr]     Checking textwrap v0.9.0
[INFO] [stderr]     Checking twoway v0.1.7
[INFO] [stderr]     Checking mime v0.3.5
[INFO] [stderr]     Checking tiny_http v0.5.8
[INFO] [stderr]     Checking nix v0.9.0
[INFO] [stderr]     Checking relay v0.1.0
[INFO] [stderr]     Checking tempdir v0.3.5
[INFO] [stderr]    Compiling serde_derive_internals v0.17.0
[INFO] [stderr] error: failed to run custom build command for `mime_guess v1.8.2`
[INFO] [stderr] note: To improve backtraces for build dependencies, set the CARGO_PROFILE_DEV_BUILD_OVERRIDE_DEBUG=true environment variable to enable debug information generation.
[INFO] [stderr] 
[INFO] [stderr] Caused by:
[INFO] [stderr]   process didn't exit successfully: `/opt/rustwide/target/debug/build/mime_guess-ffb719e4b5679b0d/build-script-gen_mime_types` (exit status: 101)
[INFO] [stderr]   --- stderr
[INFO] [stderr]   thread 'main' panicked at 'called `Result::unwrap()` on an `Err` value: Os { code: 30, kind: ReadOnlyFilesystem, message: "Read-only file system" }', /opt/rustwide/cargo-home/registry/src/index.crates.io-6f17d22bba15001f/mime_guess-1.8.2/src/gen_mime_types.rs:22:67
[INFO] [stderr]   stack backtrace:
[INFO] [stderr]      0:     0x559feb561ada - std::backtrace_rs::backtrace::libunwind::trace::h2f05d0192276a8f6
[INFO] [stderr]                                  at /rustc/1b7dd2252b99671ce5d1cb9664c5f8636329436d/library/std/src/../../backtrace/src/backtrace/libunwind.rs:93:5
[INFO] [stderr]      1:     0x559feb561ada - std::backtrace_rs::backtrace::trace_unsynchronized::hedc23dff7a1af150
[INFO] [stderr]                                  at /rustc/1b7dd2252b99671ce5d1cb9664c5f8636329436d/library/std/src/../../backtrace/src/backtrace/mod.rs:66:5
[INFO] [stderr]      2:     0x559feb561ada - std::sys_common::backtrace::_print_fmt::h17541ef7592f3ce2
[INFO] [stderr]                                  at /rustc/1b7dd2252b99671ce5d1cb9664c5f8636329436d/library/std/src/sys_common/backtrace.rs:65:5
[INFO] [stderr]      3:     0x559feb561ada - <std::sys_common::backtrace::_print::DisplayBacktrace as core::fmt::Display>::fmt::h20f75df5ab0c0792
[INFO] [stderr]                                  at /rustc/1b7dd2252b99671ce5d1cb9664c5f8636329436d/library/std/src/sys_common/backtrace.rs:44:22
[INFO] [stderr]      4:     0x559feb57c49f - core::fmt::write::h78109e6f466b3af6
[INFO] [stderr]                                  at /rustc/1b7dd2252b99671ce5d1cb9664c5f8636329436d/library/core/src/fmt/mod.rs:1254:17
[INFO] [stderr]      5:     0x559feb55f8c5 - std::io::Write::write_fmt::hc59e1b02dd273c8a
[INFO] [stderr]                                  at /rustc/1b7dd2252b99671ce5d1cb9664c5f8636329436d/library/std/src/io/mod.rs:1698:15
[INFO] [stderr]      6:     0x559feb5618a5 - std::sys_common::backtrace::_print::h8dac57a9f8fbf9a5
[INFO] [stderr]                                  at /rustc/1b7dd2252b99671ce5d1cb9664c5f8636329436d/library/std/src/sys_common/backtrace.rs:47:5
[INFO] [stderr]      7:     0x559feb5618a5 - std::sys_common::backtrace::print::hf9ecbf41d1aa712f
[INFO] [stderr]                                  at /rustc/1b7dd2252b99671ce5d1cb9664c5f8636329436d/library/std/src/sys_common/backtrace.rs:34:9
[INFO] [stderr]      8:     0x559feb562e2e - std::panicking::default_hook::{{closure}}::h04c07acfc84ca028
[INFO] [stderr]                                  at /rustc/1b7dd2252b99671ce5d1cb9664c5f8636329436d/library/std/src/panicking.rs:269:22
[INFO] [stderr]      9:     0x559feb562bd5 - std::panicking::default_hook::h01f6bb23e1eceb2c
[INFO] [stderr]                                  at /rustc/1b7dd2252b99671ce5d1cb9664c5f8636329436d/library/std/src/panicking.rs:288:9
[INFO] [stderr]     10:     0x559feb56338e - std::panicking::rust_panic_with_hook::h2bb3722bbaf2f6df
[INFO] [stderr]                                  at /rustc/1b7dd2252b99671ce5d1cb9664c5f8636329436d/library/std/src/panicking.rs:691:13
[INFO] [stderr]     11:     0x559feb563289 - std::panicking::begin_panic_handler::{{closure}}::h91bc7f36a4be011b
[INFO] [stderr]                                  at /rustc/1b7dd2252b99671ce5d1cb9664c5f8636329436d/library/std/src/panicking.rs:582:13
[INFO] [stderr]     12:     0x559feb561f46 - std::sys_common::backtrace::__rust_end_short_backtrace::h8b3d3717114f9e59
[INFO] [stderr]                                  at /rustc/1b7dd2252b99671ce5d1cb9664c5f8636329436d/library/std/src/sys_common/backtrace.rs:150:18
[INFO] [stderr]     13:     0x559feb562fe2 - rust_begin_unwind
[INFO] [stderr]                                  at /rustc/1b7dd2252b99671ce5d1cb9664c5f8636329436d/library/std/src/panicking.rs:578:5
[INFO] [stderr]     14:     0x559feb51cf73 - core::panicking::panic_fmt::hfd368e3fbdabea26
[INFO] [stderr]                                  at /rustc/1b7dd2252b99671ce5d1cb9664c5f8636329436d/library/core/src/panicking.rs:67:14
[INFO] [stderr]     15:     0x559feb51d363 - core::result::unwrap_failed::he54eb4b2f125b26f
[INFO] [stderr]                                  at /rustc/1b7dd2252b99671ce5d1cb9664c5f8636329436d/library/core/src/result.rs:1687:5
[INFO] [stderr]     16:     0x559feb544514 - core::result::Result<T,E>::unwrap::he2ac8d2f395a2777
[INFO] [stderr]     17:     0x559feb540290 - build_script_gen_mime_types::main::h4afdfcde58c3c015
[INFO] [stderr]     18:     0x559feb531913 - core::ops::function::FnOnce::call_once::hb4520b288f80c3d1
[INFO] [stderr]     19:     0x559feb52fc26 - std::sys_common::backtrace::__rust_begin_short_backtrace::hdd943921ec34ceb5
[INFO] [stderr]     20:     0x559feb53e309 - std::rt::lang_start::{{closure}}::h0b2d835801173173
[INFO] [stderr]     21:     0x559feb55d9ee - core::ops::function::impls::<impl core::ops::function::FnOnce<A> for &F>::call_once::h2eb19b8ce4148df4
[INFO] [stderr]                                  at /rustc/1b7dd2252b99671ce5d1cb9664c5f8636329436d/library/core/src/ops/function.rs:287:13
[INFO] [stderr]     22:     0x559feb55d9ee - std::panicking::try::do_call::h2e900feff5d504c5
[INFO] [stderr]                                  at /rustc/1b7dd2252b99671ce5d1cb9664c5f8636329436d/library/std/src/panicking.rs:485:40
[INFO] [stderr]     23:     0x559feb55d9ee - std::panicking::try::h8854836cb85aa9f2
[INFO] [stderr]                                  at /rustc/1b7dd2252b99671ce5d1cb9664c5f8636329436d/library/std/src/panicking.rs:449:19
[INFO] [stderr]     24:     0x559feb55d9ee - std::panic::catch_unwind::h706025dd4c48f64b
[INFO] [stderr]                                  at /rustc/1b7dd2252b99671ce5d1cb9664c5f8636329436d/library/std/src/panic.rs:140:14
[INFO] [stderr]     25:     0x559feb55d9ee - std::rt::lang_start_internal::{{closure}}::h7be5b97f4a07a91a
[INFO] [stderr]                                  at /rustc/1b7dd2252b99671ce5d1cb9664c5f8636329436d/library/std/src/rt.rs:148:48
[INFO] [stderr]     26:     0x559feb55d9ee - std::panicking::try::do_call::h59847e9d0a176965
[INFO] [stderr]                                  at /rustc/1b7dd2252b99671ce5d1cb9664c5f8636329436d/library/std/src/panicking.rs:485:40
[INFO] [stderr]     27:     0x559feb55d9ee - std::panicking::try::h399a918ba8522823
[INFO] [stderr]                                  at /rustc/1b7dd2252b99671ce5d1cb9664c5f8636329436d/library/std/src/panicking.rs:449:19
[INFO] [stderr]     28:     0x559feb55d9ee - std::panic::catch_unwind::hca7ca6c55b2a2e26
[INFO] [stderr]                                  at /rustc/1b7dd2252b99671ce5d1cb9664c5f8636329436d/library/std/src/panic.rs:140:14
[INFO] [stderr]     29:     0x559feb55d9ee - std::rt::lang_start_internal::h2c807a81560459eb
[INFO] [stderr]                                  at /rustc/1b7dd2252b99671ce5d1cb9664c5f8636329436d/library/std/src/rt.rs:148:20
[INFO] [stderr]     30:     0x559feb53e2e7 - std::rt::lang_start::h809a76e6895f0ba1
[INFO] [stderr]     31:     0x559feb541365 - main
[INFO] [stderr]     32:     0x7f3c75cfad90 - <unknown>
[INFO] [stderr]     33:     0x7f3c75cfae40 - __libc_start_main
[INFO] [stderr]     34:     0x559feb51d4f5 - _start
[INFO] [stderr]     35:                0x0 - <unknown>
[INFO] [stderr] warning: build failed, waiting for other jobs to finish...
[INFO] [stdout] error[E0713]: borrow may still be in use when destructor runs
[INFO] [stdout]    --> /opt/rustwide/cargo-home/registry/src/index.crates.io-6f17d22bba15001f/url-1.6.0/src/form_urlencoded.rs:261:40
[INFO] [stdout]     |
[INFO] [stdout] 259 | impl<'a> Target for ::UrlQuery<'a> {
[INFO] [stdout]     |      -- lifetime `'a` defined here
[INFO] [stdout] 260 |     fn as_mut_string(&mut self) -> &mut String { &mut self.url.serialization }
[INFO] [stdout] 261 |     fn finish(self) -> &'a mut ::Url { self.url }
[INFO] [stdout]     |                                        ^^^^^^^^ - here, drop of `self` needs exclusive access to `*self.url`, because the type `UrlQuery<'_>` implements the `Drop` trait
[INFO] [stdout]     |                                        |
[INFO] [stdout]     |                                        returning this value requires that `*self.url` is borrowed for `'a`
[INFO] [stdout] 
[INFO] [stdout] 
[INFO] [stdout] error: aborting due to previous error
[INFO] [stdout] 
[INFO] [stdout] 
[INFO] [stdout] For more information about this error, try `rustc --explain E0713`.
[INFO] [stdout] 
[INFO] [stderr] error: could not compile `url` (lib) due to 2 previous errors
[INFO] [stderr] error: failed to run custom build command for `grpcio-sys v0.1.2`
[INFO] [stderr] note: To improve backtraces for build dependencies, set the CARGO_PROFILE_DEV_BUILD_OVERRIDE_DEBUG=true environment variable to enable debug information generation.
[INFO] [stderr] 
[INFO] [stderr] Caused by:
[INFO] [stderr]   process didn't exit successfully: `/opt/rustwide/target/debug/build/grpcio-sys-811b6a64bd4b8014/build-script-build` (exit status: 101)
[INFO] [stderr]   --- stdout
[INFO] [stderr]   cargo:rerun-if-env-changed=GRPCIO_SYS_USE_PKG_CONFIG
[INFO] [stderr]   running: cd "/opt/rustwide/target/debug/build/grpcio-sys-f2112f459e76490b/out/build" && CMAKE_PREFIX_PATH="" "cmake" "/opt/rustwide/cargo-home/registry/src/index.crates.io-6f17d22bba15001f/grpcio-sys-0.1.2/grpc" "-DCMAKE_INSTALL_PREFIX=/opt/rustwide/target/debug/build/grpcio-sys-f2112f459e76490b/out" "-DCMAKE_C_FLAGS= -ffunction-sections -fdata-sections -fPIC -m64" "-DCMAKE_C_COMPILER=/usr/bin/cc" "-DCMAKE_CXX_FLAGS= -ffunction-sections -fdata-sections -fPIC -m64" "-DCMAKE_CXX_COMPILER=/usr/bin/c++" "-DCMAKE_BUILD_TYPE=Debug"
[INFO] [stderr]   -- The C compiler identification is GNU 11.3.0
[INFO] [stderr]   -- The CXX compiler identification is GNU 11.3.0
[INFO] [stderr]   -- Detecting C compiler ABI info
[INFO] [stderr]   -- Detecting C compiler ABI info - done
[INFO] [stderr]   -- Check for working C compiler: /usr/bin/cc - skipped
[INFO] [stderr]   -- Detecting C compile features
[INFO] [stderr]   -- Detecting C compile features - done
[INFO] [stderr]   -- Detecting CXX compiler ABI info
[INFO] [stderr]   -- Detecting CXX compiler ABI info - done
[INFO] [stderr]   -- Check for working CXX compiler: /usr/bin/c++ - skipped
[INFO] [stderr]   -- Detecting CXX compile features
[INFO] [stderr]   -- Detecting CXX compile features - done
[INFO] [stderr]   -- Looking for sys/types.h
[INFO] [stderr]   -- Looking for sys/types.h - found
[INFO] [stderr]   -- Looking for stdint.h
[INFO] [stderr]   -- Looking for stdint.h - found
[INFO] [stderr]   -- Looking for stddef.h
[INFO] [stderr]   -- Looking for stddef.h - found
[INFO] [stderr]   -- Check size of off64_t
[INFO] [stderr]   -- Check size of off64_t - done
[INFO] [stderr]   -- Looking for fseeko
[INFO] [stderr]   -- Looking for fseeko - found
[INFO] [stderr]   -- Looking for unistd.h
[INFO] [stderr]   -- Looking for unistd.h - found
[INFO] [stderr]   -- Renaming
[INFO] [stderr]   --     /opt/rustwide/cargo-home/registry/src/index.crates.io-6f17d22bba15001f/grpcio-sys-0.1.2/grpc/third_party/zlib/zconf.h
[INFO] [stderr]   -- to 'zconf.h.included' because this file is included with zlib
[INFO] [stderr]   -- but CMake generates it automatically in the build directory.
[INFO] [stderr]   -- Found Perl: /usr/bin/perl (found version "5.34.0") 
[INFO] [stderr]   -- The ASM compiler identification is GNU
[INFO] [stderr]   -- Found assembler: /usr/bin/cc
[INFO] [stderr]   -- Configuring incomplete, errors occurred!
[INFO] [stderr]   See also "/opt/rustwide/target/debug/build/grpcio-sys-f2112f459e76490b/out/build/CMakeFiles/CMakeOutput.log".
[INFO] [stderr] 
[INFO] [stderr]   --- stderr
[INFO] [stderr]   CMake Deprecation Warning at CMakeLists.txt:24 (cmake_minimum_required):
[INFO] [stderr]     Compatibility with CMake < 2.8.12 will be removed from a future version of
[INFO] [stderr]     CMake.
[INFO] [stderr] 
[INFO] [stderr]     Update the VERSION argument <min> value or use a ...<max> suffix to tell
[INFO] [stderr]     CMake that the project does not need compatibility with older versions.
[INFO] [stderr] 
[INFO] [stderr] 
[INFO] [stderr]   CMake Deprecation Warning at third_party/zlib/CMakeLists.txt:1 (cmake_minimum_required):
[INFO] [stderr]     Compatibility with CMake < 2.8.12 will be removed from a future version of
[INFO] [stderr]     CMake.
[INFO] [stderr] 
[INFO] [stderr]     Update the VERSION argument <min> value or use a ...<max> suffix to tell
[INFO] [stderr]     CMake that the project does not need compatibility with older versions.
[INFO] [stderr] 
[INFO] [stderr] 
[INFO] [stderr]   CMake Error at third_party/zlib/CMakeLists.txt:77 (file):
[INFO] [stderr]     file RENAME failed to rename
[INFO] [stderr] 
[INFO] [stderr]       /opt/rustwide/cargo-home/registry/src/index.crates.io-6f17d22bba15001f/grpcio-sys-0.1.2/grpc/third_party/zlib/zconf.h
[INFO] [stderr] 
[INFO] [stderr]     to
[INFO] [stderr] 
[INFO] [stderr]       /opt/rustwide/cargo-home/registry/src/index.crates.io-6f17d22bba15001f/grpcio-sys-0.1.2/grpc/third_party/zlib/zconf.h.included
[INFO] [stderr] 
[INFO] [stderr]     because: Read-only file system
[INFO] [stderr] 
[INFO] [stderr] 
[INFO] [stderr] 
[INFO] [stderr]   CMake Warning at CMakeLists.txt:120 (message):
[INFO] [stderr]     gRPC_INSTALL will be forced to FALSE because gRPC_ZLIB_PROVIDER is "module"
[INFO] [stderr] 
[INFO] [stderr] 
[INFO] [stderr]   CMake Warning at CMakeLists.txt:196 (message):
[INFO] [stderr]     gRPC_PROTOBUF_PROVIDER is "module" but PROTOBUF_ROOT_DIR is wrong
[INFO] [stderr] 
[INFO] [stderr] 
[INFO] [stderr]   CMake Deprecation Warning at third_party/boringssl/CMakeLists.txt:1 (cmake_minimum_required):
[INFO] [stderr]     Compatibility with CMake < 2.8.12 will be removed from a future version of
[INFO] [stderr]     CMake.
[INFO] [stderr] 
[INFO] [stderr]     Update the VERSION argument <min> value or use a ...<max> suffix to tell
[INFO] [stderr]     CMake that the project does not need compatibility with older versions.
[INFO] [stderr] 
[INFO] [stderr] 
[INFO] [stderr]   CMake Warning at CMakeLists.txt:265 (message):
[INFO] [stderr]     gRPC_GFLAGS_PROVIDER is "module" but GFLAGS_ROOT_DIR is wrong
[INFO] [stderr] 
[INFO] [stderr] 
[INFO] [stderr]   CMake Warning at CMakeLists.txt:285 (message):
[INFO] [stderr]     gRPC_BENCHMARK_PROVIDER is "module" but BENCHMARK_ROOT_DIR is wrong
[INFO] [stderr] 
[INFO] [stderr] 
[INFO] [stderr]   thread 'main' panicked at '
[INFO] [stderr]   command did not execute successfully, got: exit status: 1
[INFO] [stderr] 
[INFO] [stderr]   build script failed, must exit now', /opt/rustwide/cargo-home/registry/src/index.crates.io-6f17d22bba15001f/cmake-0.1.28/src/lib.rs:631:5
[INFO] [stderr]   stack backtrace:
[INFO] [stderr]      0:     0x56480c2a664a - std::backtrace_rs::backtrace::libunwind::trace::h2f05d0192276a8f6
[INFO] [stderr]                                  at /rustc/1b7dd2252b99671ce5d1cb9664c5f8636329436d/library/std/src/../../backtrace/src/backtrace/libunwind.rs:93:5
[INFO] [stderr]      1:     0x56480c2a664a - std::backtrace_rs::backtrace::trace_unsynchronized::hedc23dff7a1af150
[INFO] [stderr]                                  at /rustc/1b7dd2252b99671ce5d1cb9664c5f8636329436d/library/std/src/../../backtrace/src/backtrace/mod.rs:66:5
[INFO] [stderr]      2:     0x56480c2a664a - std::sys_common::backtrace::_print_fmt::h17541ef7592f3ce2
[INFO] [stderr]                                  at /rustc/1b7dd2252b99671ce5d1cb9664c5f8636329436d/library/std/src/sys_common/backtrace.rs:65:5
[INFO] [stderr]      3:     0x56480c2a664a - <std::sys_common::backtrace::_print::DisplayBacktrace as core::fmt::Display>::fmt::h20f75df5ab0c0792
[INFO] [stderr]                                  at /rustc/1b7dd2252b99671ce5d1cb9664c5f8636329436d/library/std/src/sys_common/backtrace.rs:44:22
[INFO] [stderr]      4:     0x56480c2c72df - core::fmt::write::h78109e6f466b3af6
[INFO] [stderr]                                  at /rustc/1b7dd2252b99671ce5d1cb9664c5f8636329436d/library/core/src/fmt/mod.rs:1254:17
[INFO] [stderr]      5:     0x56480c2a3065 - std::io::Write::write_fmt::hc59e1b02dd273c8a
[INFO] [stderr]                                  at /rustc/1b7dd2252b99671ce5d1cb9664c5f8636329436d/library/std/src/io/mod.rs:1698:15
[INFO] [stderr]      6:     0x56480c2a6415 - std::sys_common::backtrace::_print::h8dac57a9f8fbf9a5
[INFO] [stderr]                                  at /rustc/1b7dd2252b99671ce5d1cb9664c5f8636329436d/library/std/src/sys_common/backtrace.rs:47:5
[INFO] [stderr]      7:     0x56480c2a6415 - std::sys_common::backtrace::print::hf9ecbf41d1aa712f
[INFO] [stderr]                                  at /rustc/1b7dd2252b99671ce5d1cb9664c5f8636329436d/library/std/src/sys_common/backtrace.rs:34:9
[INFO] [stderr]      8:     0x56480c2a7cde - std::panicking::default_hook::{{closure}}::h04c07acfc84ca028
[INFO] [stderr]                                  at /rustc/1b7dd2252b99671ce5d1cb9664c5f8636329436d/library/std/src/panicking.rs:269:22
[INFO] [stderr]      9:     0x56480c2a7a85 - std::panicking::default_hook::h01f6bb23e1eceb2c
[INFO] [stderr]                                  at /rustc/1b7dd2252b99671ce5d1cb9664c5f8636329436d/library/std/src/panicking.rs:288:9
[INFO] [stderr]     10:     0x56480c2a823e - std::panicking::rust_panic_with_hook::h2bb3722bbaf2f6df
[INFO] [stderr]                                  at /rustc/1b7dd2252b99671ce5d1cb9664c5f8636329436d/library/std/src/panicking.rs:691:13
[INFO] [stderr]     11:     0x56480c2a8139 - std::panicking::begin_panic_handler::{{closure}}::h91bc7f36a4be011b
[INFO] [stderr]                                  at /rustc/1b7dd2252b99671ce5d1cb9664c5f8636329436d/library/std/src/panicking.rs:582:13
[INFO] [stderr]     12:     0x56480c2a6ab6 - std::sys_common::backtrace::__rust_end_short_backtrace::h8b3d3717114f9e59
[INFO] [stderr]                                  at /rustc/1b7dd2252b99671ce5d1cb9664c5f8636329436d/library/std/src/sys_common/backtrace.rs:150:18
[INFO] [stderr]     13:     0x56480c2a7e92 - rust_begin_unwind
[INFO] [stderr]                                  at /rustc/1b7dd2252b99671ce5d1cb9664c5f8636329436d/library/std/src/panicking.rs:578:5
[INFO] [stderr]     14:     0x56480c235a33 - core::panicking::panic_fmt::hfd368e3fbdabea26
[INFO] [stderr]                                  at /rustc/1b7dd2252b99671ce5d1cb9664c5f8636329436d/library/core/src/panicking.rs:67:14
[INFO] [stderr]     15:     0x56480c251ebf - cmake::fail::ha7c2dc0a3b7ed6e5
[INFO] [stderr]     16:     0x56480c251923 - cmake::run::hc9b73f6a96f535bf
[INFO] [stderr]     17:     0x56480c24eb5f - cmake::Config::build::h174394dd815c44c1
[INFO] [stderr]     18:     0x56480c2385d6 - build_script_build::build_grpc::h5d0e97c5d28935c2
[INFO] [stderr]     19:     0x56480c239502 - build_script_build::main::h3629204b543e1a31
[INFO] [stderr]     20:     0x56480c236d83 - core::ops::function::FnOnce::call_once::h0c73c591a55c1ed5
[INFO] [stderr]     21:     0x56480c2379c6 - std::sys_common::backtrace::__rust_begin_short_backtrace::h94f7da232986d018
[INFO] [stderr]     22:     0x56480c237a19 - std::rt::lang_start::{{closure}}::h2c7259162f8cb55e
[INFO] [stderr]     23:     0x56480c29f78e - core::ops::function::impls::<impl core::ops::function::FnOnce<A> for &F>::call_once::h2eb19b8ce4148df4
[INFO] [stderr]                                  at /rustc/1b7dd2252b99671ce5d1cb9664c5f8636329436d/library/core/src/ops/function.rs:287:13
[INFO] [stderr]     24:     0x56480c29f78e - std::panicking::try::do_call::h2e900feff5d504c5
[INFO] [stderr]                                  at /rustc/1b7dd2252b99671ce5d1cb9664c5f8636329436d/library/std/src/panicking.rs:485:40
[INFO] [stderr]     25:     0x56480c29f78e - std::panicking::try::h8854836cb85aa9f2
[INFO] [stderr]                                  at /rustc/1b7dd2252b99671ce5d1cb9664c5f8636329436d/library/std/src/panicking.rs:449:19
[INFO] [stderr]     26:     0x56480c29f78e - std::panic::catch_unwind::h706025dd4c48f64b
[INFO] [stderr]                                  at /rustc/1b7dd2252b99671ce5d1cb9664c5f8636329436d/library/std/src/panic.rs:140:14
[INFO] [stderr]     27:     0x56480c29f78e - std::rt::lang_start_internal::{{closure}}::h7be5b97f4a07a91a
[INFO] [stderr]                                  at /rustc/1b7dd2252b99671ce5d1cb9664c5f8636329436d/library/std/src/rt.rs:148:48
[INFO] [stderr]     28:     0x56480c29f78e - std::panicking::try::do_call::h59847e9d0a176965
[INFO] [stderr]                                  at /rustc/1b7dd2252b99671ce5d1cb9664c5f8636329436d/library/std/src/panicking.rs:485:40
[INFO] [stderr]     29:     0x56480c29f78e - std::panicking::try::h399a918ba8522823
[INFO] [stderr]                                  at /rustc/1b7dd2252b99671ce5d1cb9664c5f8636329436d/library/std/src/panicking.rs:449:19
[INFO] [stderr]     30:     0x56480c29f78e - std::panic::catch_unwind::hca7ca6c55b2a2e26
[INFO] [stderr]                                  at /rustc/1b7dd2252b99671ce5d1cb9664c5f8636329436d/library/std/src/panic.rs:140:14
[INFO] [stderr]     31:     0x56480c29f78e - std::rt::lang_start_internal::h2c807a81560459eb
[INFO] [stderr]                                  at /rustc/1b7dd2252b99671ce5d1cb9664c5f8636329436d/library/std/src/rt.rs:148:20
[INFO] [stderr]     32:     0x56480c2379f7 - std::rt::lang_start::h9b42a81e1a55e9b9
[INFO] [stderr]     33:     0x56480c239665 - main
[INFO] [stderr]     34:     0x7f94eedc8d90 - <unknown>
[INFO] [stderr]     35:     0x7f94eedc8e40 - __libc_start_main
[INFO] [stderr]     36:     0x56480c2360a5 - _start
[INFO] [stderr]     37:                0x0 - <unknown>
[INFO] running `Command { std: "docker" "inspect" "71187079c58f68a86a205ba9c7c0628d1aab7c9b34e6d266fd5a4990cb587f84", kill_on_drop: false }`
[INFO] running `Command { std: "docker" "rm" "-f" "71187079c58f68a86a205ba9c7c0628d1aab7c9b34e6d266fd5a4990cb587f84", kill_on_drop: false }`
[INFO] [stdout] 71187079c58f68a86a205ba9c7c0628d1aab7c9b34e6d266fd5a4990cb587f84
