[INFO] cloning repository https://github.com/jpadkins/networks2_simulator
[INFO] running `Command { std: "git" "-c" "credential.helper=" "-c" "credential.helper=/workspace/cargo-home/bin/git-credential-null" "clone" "--bare" "https://github.com/jpadkins/networks2_simulator" "/workspace/cache/git-repos/https%3A%2F%2Fgithub.com%2Fjpadkins%2Fnetworks2_simulator", kill_on_drop: false }`
[INFO] [stderr] Cloning into bare repository '/workspace/cache/git-repos/https%3A%2F%2Fgithub.com%2Fjpadkins%2Fnetworks2_simulator'...
[INFO] running `Command { std: "git" "rev-parse" "HEAD", kill_on_drop: false }`
[INFO] [stdout] d1e11ab88798f600e3487f8aceb1a6020a161f1a
[INFO] documenting jpadkins/networks2_simulator against 1.69.0 for beta-1.70-rustdoc-1
[INFO] running `Command { std: "git" "clone" "/workspace/cache/git-repos/https%3A%2F%2Fgithub.com%2Fjpadkins%2Fnetworks2_simulator" "/workspace/builds/worker-7-tc1/source", kill_on_drop: false }`
[INFO] [stderr] Cloning into '/workspace/builds/worker-7-tc1/source'...
[INFO] [stderr] done.
[INFO] validating manifest of git repo https://github.com/jpadkins/networks2_simulator on toolchain 1.69.0
[INFO] running `Command { std: CARGO_HOME="/workspace/cargo-home" RUSTUP_HOME="/workspace/rustup-home" "/workspace/cargo-home/bin/cargo" "+1.69.0" "metadata" "--manifest-path" "Cargo.toml" "--no-deps", kill_on_drop: false }`
[INFO] started tweaking git repo https://github.com/jpadkins/networks2_simulator
[INFO] finished tweaking git repo https://github.com/jpadkins/networks2_simulator
[INFO] tweaked toml for git repo https://github.com/jpadkins/networks2_simulator written to /workspace/builds/worker-7-tc1/source/Cargo.toml
[INFO] crate git repo https://github.com/jpadkins/networks2_simulator already has a lockfile, it will not be regenerated
[INFO] running `Command { std: CARGO_HOME="/workspace/cargo-home" RUSTUP_HOME="/workspace/rustup-home" "/workspace/cargo-home/bin/cargo" "+1.69.0" "fetch" "--manifest-path" "Cargo.toml", kill_on_drop: false }`
[INFO] [stderr]  Downloading crates ...
[INFO] [stderr]   Downloaded png v0.4.2
[INFO] [stderr]   Downloaded num-complex v0.1.32
[INFO] [stderr]   Downloaded gcc v0.3.27
[INFO] [stderr]   Downloaded libc v0.2.10
[INFO] [stderr]   Downloaded num_cpus v0.2.11
[INFO] [stderr]   Downloaded byteorder v0.5.1
[INFO] [stderr]   Downloaded flate2 v0.2.13
[INFO] [stderr]   Downloaded inflate v0.1.0
[INFO] [stderr]   Downloaded image v0.9.0
[INFO] running `Command { std: "docker" "create" "-v" "/var/lib/crater-agent-workspace/builds/worker-7-tc1/target:/opt/rustwide/target:rw,Z" "-v" "/var/lib/crater-agent-workspace/builds/worker-7-tc1/source:/opt/rustwide/workdir:ro,Z" "-v" "/var/lib/crater-agent-workspace/cargo-home:/opt/rustwide/cargo-home:ro,Z" "-v" "/var/lib/crater-agent-workspace/rustup-home:/opt/rustwide/rustup-home:ro,Z" "-e" "SOURCE_DIR=/opt/rustwide/workdir" "-e" "CARGO_TARGET_DIR=/opt/rustwide/target" "-e" "CARGO_HOME=/opt/rustwide/cargo-home" "-e" "RUSTUP_HOME=/opt/rustwide/rustup-home" "-w" "/opt/rustwide/workdir" "-m" "1610612736" "--user" "0:0" "--network" "none" "ghcr.io/rust-lang/crates-build-env/linux@sha256:5ff2268d62e97bff2cde7d5815dd6ed5b47097566f13b8d0ca110b04b60e07ed" "/opt/rustwide/cargo-home/bin/cargo" "+1.69.0" "metadata" "--no-deps" "--format-version=1", kill_on_drop: false }`
[INFO] [stdout] 1264cdb265ac651284dfeaf8b4d44e5ed63e35e18b53bc13b9d27a005bbd6b81
[INFO] running `Command { std: "docker" "start" "-a" "1264cdb265ac651284dfeaf8b4d44e5ed63e35e18b53bc13b9d27a005bbd6b81", kill_on_drop: false }`
[INFO] running `Command { std: "docker" "inspect" "1264cdb265ac651284dfeaf8b4d44e5ed63e35e18b53bc13b9d27a005bbd6b81", kill_on_drop: false }`
[INFO] running `Command { std: "docker" "rm" "-f" "1264cdb265ac651284dfeaf8b4d44e5ed63e35e18b53bc13b9d27a005bbd6b81", kill_on_drop: false }`
[INFO] [stdout] 1264cdb265ac651284dfeaf8b4d44e5ed63e35e18b53bc13b9d27a005bbd6b81
[INFO] running `Command { std: "docker" "create" "-v" "/var/lib/crater-agent-workspace/builds/worker-7-tc1/target:/opt/rustwide/target:rw,Z" "-v" "/var/lib/crater-agent-workspace/builds/worker-7-tc1/source:/opt/rustwide/workdir:ro,Z" "-v" "/var/lib/crater-agent-workspace/cargo-home:/opt/rustwide/cargo-home:ro,Z" "-v" "/var/lib/crater-agent-workspace/rustup-home:/opt/rustwide/rustup-home:ro,Z" "-e" "SOURCE_DIR=/opt/rustwide/workdir" "-e" "CARGO_TARGET_DIR=/opt/rustwide/target" "-e" "CARGO_INCREMENTAL=0" "-e" "RUST_BACKTRACE=full" "-e" "RUSTFLAGS=--cap-lints=warn" "-e" "RUSTDOCFLAGS=--cap-lints=warn" "-e" "CARGO_HOME=/opt/rustwide/cargo-home" "-e" "RUSTUP_HOME=/opt/rustwide/rustup-home" "-w" "/opt/rustwide/workdir" "-m" "1610612736" "--user" "0:0" "--network" "none" "ghcr.io/rust-lang/crates-build-env/linux@sha256:5ff2268d62e97bff2cde7d5815dd6ed5b47097566f13b8d0ca110b04b60e07ed" "/opt/rustwide/cargo-home/bin/cargo" "+1.69.0" "doc" "--frozen" "--no-deps" "--document-private-items" "--message-format=json", kill_on_drop: false }`
[INFO] [stdout] 5a23aecca38164bc7a49c51724fdbc4999ab50926b2d952428af9806570967bf
[INFO] running `Command { std: "docker" "start" "-a" "5a23aecca38164bc7a49c51724fdbc4999ab50926b2d952428af9806570967bf", kill_on_drop: false }`
[INFO] [stderr]     Checking libc v0.2.10
[INFO] [stderr]     Checking num-traits v0.1.32
[INFO] [stderr]     Checking rustc-serialize v0.3.19
[INFO] [stderr]    Compiling gcc v0.3.27
[INFO] [stderr]     Checking log v0.3.6
[INFO] [stderr]     Checking byteorder v0.5.1
[INFO] [stderr]     Checking inflate v0.1.0
[INFO] [stderr]     Checking bitflags v0.3.3
[INFO] [stderr]     Checking gif v0.8.0
[INFO] [stdout] error[E0642]: patterns aren't allowed in functions without bodies
[INFO] [stdout]    --> /opt/rustwide/cargo-home/registry/src/github.com-1ecc6299db9ec823/rustc-serialize-0.3.19/src/serialize.rs:147:45
[INFO] [stdout]     |
[INFO] [stdout] 147 | ...                   &f_name: &str,
[INFO] [stdout]     |                       ^^^^^^^ pattern not allowed in function without body
[INFO] [stdout] 
[INFO] [stdout] 
[INFO] [stderr]     Checking rand v0.3.14
[INFO] [stderr]     Checking num_cpus v0.2.11
[INFO] [stderr]    Compiling miniz-sys v0.1.7
[INFO] [stderr]     Checking num-integer v0.1.32
[INFO] [stderr]     Checking num-iter v0.1.32
[INFO] [stderr]     Checking deque v0.3.1
[INFO] [stderr]     Checking rayon v0.3.1
[INFO] [stdout] error[E0277]: the size for values of type `Self` cannot be known at compilation time
[INFO] [stdout]   --> /opt/rustwide/cargo-home/registry/src/github.com-1ecc6299db9ec823/rayon-0.3.1/src/par_iter/internal.rs:25:40
[INFO] [stdout]    |
[INFO] [stdout] 25 |     fn split_at(self, index: usize) -> (Self, Self);
[INFO] [stdout]    |                                        ^^^^^^^^^^^^ doesn't have a size known at compile-time
[INFO] [stdout]    |
[INFO] [stdout]    = note: only the last element of a tuple may have a dynamically sized type
[INFO] [stdout] help: consider further restricting `Self`
[INFO] [stdout]    |
[INFO] [stdout] 25 |     fn split_at(self, index: usize) -> (Self, Self) where Self: Sized;
[INFO] [stdout]    |                                                     +++++++++++++++++
[INFO] [stdout] 
[INFO] [stdout] 
[INFO] [stdout] error[E0277]: the size for values of type `Self` cannot be known at compilation time
[INFO] [stdout]   --> /opt/rustwide/cargo-home/registry/src/github.com-1ecc6299db9ec823/rayon-0.3.1/src/par_iter/internal.rs:42:40
[INFO] [stdout]    |
[INFO] [stdout] 42 |     fn split_at(self, index: usize) -> (Self, Self, Self::Reducer);
[INFO] [stdout]    |                                        ^^^^^^^^^^^^^^^^^^^^^^^^^^^ doesn't have a size known at compile-time
[INFO] [stdout]    |
[INFO] [stdout]    = note: only the last element of a tuple may have a dynamically sized type
[INFO] [stdout] help: consider further restricting `Self`
[INFO] [stdout]    |
[INFO] [stdout] 42 |     fn split_at(self, index: usize) -> (Self, Self, Self::Reducer) where Self: Sized;
[INFO] [stdout]    |                                                                    +++++++++++++++++
[INFO] [stdout] 
[INFO] [stdout] 
[INFO] [stdout] error: aborting due to 2 previous errors
[INFO] [stdout] 
[INFO] [stdout] 
[INFO] [stdout] For more information about this error, try `rustc --explain E0277`.
[INFO] [stdout] 
[INFO] [stderr] error: could not compile `rayon` due to 3 previous errors
[INFO] [stderr] warning: build failed, waiting for other jobs to finish...
[INFO] [stdout] error: aborting due to previous error
[INFO] [stdout] 
[INFO] [stdout] 
[INFO] [stdout] For more information about this error, try `rustc --explain E0642`.
[INFO] [stdout] 
[INFO] [stderr] error: could not compile `rustc-serialize` due to 2 previous errors; 1 warning emitted
[INFO] running `Command { std: "docker" "inspect" "5a23aecca38164bc7a49c51724fdbc4999ab50926b2d952428af9806570967bf", kill_on_drop: false }`
[INFO] running `Command { std: "docker" "rm" "-f" "5a23aecca38164bc7a49c51724fdbc4999ab50926b2d952428af9806570967bf", kill_on_drop: false }`
[INFO] [stdout] 5a23aecca38164bc7a49c51724fdbc4999ab50926b2d952428af9806570967bf
