[INFO] cloning repository https://github.com/joshuabach/clevo-fan
[INFO] running `Command { std: "git" "-c" "credential.helper=" "-c" "credential.helper=/workspace/cargo-home/bin/git-credential-null" "clone" "--bare" "https://github.com/joshuabach/clevo-fan" "/workspace/cache/git-repos/https%3A%2F%2Fgithub.com%2Fjoshuabach%2Fclevo-fan", kill_on_drop: false }`
[INFO] [stderr] Cloning into bare repository '/workspace/cache/git-repos/https%3A%2F%2Fgithub.com%2Fjoshuabach%2Fclevo-fan'...
[INFO] running `Command { std: "git" "rev-parse" "HEAD", kill_on_drop: false }`
[INFO] [stdout] 16cc1c914b17cbfe45b4d74a4c79f6e24f2fe7ed
[INFO] documenting joshuabach/clevo-fan against beta-2023-04-20 for beta-1.70-rustdoc-1
[INFO] running `Command { std: "git" "clone" "/workspace/cache/git-repos/https%3A%2F%2Fgithub.com%2Fjoshuabach%2Fclevo-fan" "/workspace/builds/worker-2-tc2/source", kill_on_drop: false }`
[INFO] [stderr] Cloning into '/workspace/builds/worker-2-tc2/source'...
[INFO] [stderr] done.
[INFO] validating manifest of git repo https://github.com/joshuabach/clevo-fan on toolchain beta-2023-04-20
[INFO] running `Command { std: CARGO_HOME="/workspace/cargo-home" RUSTUP_HOME="/workspace/rustup-home" "/workspace/cargo-home/bin/cargo" "+beta-2023-04-20" "metadata" "--manifest-path" "Cargo.toml" "--no-deps", kill_on_drop: false }`
[INFO] started tweaking git repo https://github.com/joshuabach/clevo-fan
[INFO] finished tweaking git repo https://github.com/joshuabach/clevo-fan
[INFO] tweaked toml for git repo https://github.com/joshuabach/clevo-fan written to /workspace/builds/worker-2-tc2/source/Cargo.toml
[INFO] crate git repo https://github.com/joshuabach/clevo-fan already has a lockfile, it will not be regenerated
[INFO] running `Command { std: CARGO_HOME="/workspace/cargo-home" RUSTUP_HOME="/workspace/rustup-home" "/workspace/cargo-home/bin/cargo" "+beta-2023-04-20" "fetch" "--manifest-path" "Cargo.toml", kill_on_drop: false }`
[INFO] [stderr]     Updating crates.io index
[INFO] [stderr]  Downloading crates ...
[INFO] [stderr]   Downloaded derive_more v0.99.5
[INFO] [stderr]   Downloaded nc v0.4.10
[INFO] running `Command { std: "docker" "create" "-v" "/var/lib/crater-agent-workspace/builds/worker-2-tc2/target:/opt/rustwide/target:rw,Z" "-v" "/var/lib/crater-agent-workspace/builds/worker-2-tc2/source:/opt/rustwide/workdir:ro,Z" "-v" "/var/lib/crater-agent-workspace/cargo-home:/opt/rustwide/cargo-home:ro,Z" "-v" "/var/lib/crater-agent-workspace/rustup-home:/opt/rustwide/rustup-home:ro,Z" "-e" "SOURCE_DIR=/opt/rustwide/workdir" "-e" "CARGO_TARGET_DIR=/opt/rustwide/target" "-e" "CARGO_HOME=/opt/rustwide/cargo-home" "-e" "RUSTUP_HOME=/opt/rustwide/rustup-home" "-w" "/opt/rustwide/workdir" "-m" "1610612736" "--user" "0:0" "--network" "none" "ghcr.io/rust-lang/crates-build-env/linux@sha256:5ff2268d62e97bff2cde7d5815dd6ed5b47097566f13b8d0ca110b04b60e07ed" "/opt/rustwide/cargo-home/bin/cargo" "+beta-2023-04-20" "metadata" "--no-deps" "--format-version=1", kill_on_drop: false }`
[INFO] [stdout] e06675d1a59242841ffd4c903546de448e72fdc42b885255a4997242bc92d89b
[INFO] running `Command { std: "docker" "start" "-a" "e06675d1a59242841ffd4c903546de448e72fdc42b885255a4997242bc92d89b", kill_on_drop: false }`
[INFO] running `Command { std: "docker" "inspect" "e06675d1a59242841ffd4c903546de448e72fdc42b885255a4997242bc92d89b", kill_on_drop: false }`
[INFO] running `Command { std: "docker" "rm" "-f" "e06675d1a59242841ffd4c903546de448e72fdc42b885255a4997242bc92d89b", kill_on_drop: false }`
[INFO] [stdout] e06675d1a59242841ffd4c903546de448e72fdc42b885255a4997242bc92d89b
[INFO] running `Command { std: "docker" "create" "-v" "/var/lib/crater-agent-workspace/builds/worker-2-tc2/target:/opt/rustwide/target:rw,Z" "-v" "/var/lib/crater-agent-workspace/builds/worker-2-tc2/source:/opt/rustwide/workdir:ro,Z" "-v" "/var/lib/crater-agent-workspace/cargo-home:/opt/rustwide/cargo-home:ro,Z" "-v" "/var/lib/crater-agent-workspace/rustup-home:/opt/rustwide/rustup-home:ro,Z" "-e" "SOURCE_DIR=/opt/rustwide/workdir" "-e" "CARGO_TARGET_DIR=/opt/rustwide/target" "-e" "CARGO_INCREMENTAL=0" "-e" "RUST_BACKTRACE=full" "-e" "RUSTFLAGS=--cap-lints=warn" "-e" "RUSTDOCFLAGS=--cap-lints=warn" "-e" "CARGO_HOME=/opt/rustwide/cargo-home" "-e" "RUSTUP_HOME=/opt/rustwide/rustup-home" "-w" "/opt/rustwide/workdir" "-m" "1610612736" "--user" "0:0" "--network" "none" "ghcr.io/rust-lang/crates-build-env/linux@sha256:5ff2268d62e97bff2cde7d5815dd6ed5b47097566f13b8d0ca110b04b60e07ed" "/opt/rustwide/cargo-home/bin/cargo" "+beta-2023-04-20" "doc" "--frozen" "--no-deps" "--document-private-items" "--message-format=json", kill_on_drop: false }`
[INFO] [stdout] 5ac0ba6d3faa2933f3a8e0393a022be883e16a9a352136a2938a75dde0f6a6b5
[INFO] running `Command { std: "docker" "start" "-a" "5ac0ba6d3faa2933f3a8e0393a022be883e16a9a352136a2938a75dde0f6a6b5", kill_on_drop: false }`
[INFO] [stderr]    Compiling proc-macro2 v1.0.12
[INFO] [stderr]    Compiling syn v1.0.18
[INFO] [stderr]    Compiling version_check v0.9.1
[INFO] [stderr]    Compiling libc v0.2.69
[INFO] [stderr]    Compiling bitflags v1.2.1
[INFO] [stderr]     Checking unicode-width v0.1.7
[INFO] [stderr]    Compiling unicode-segmentation v1.6.0
[INFO] [stderr]     Checking vec_map v0.8.1
[INFO] [stderr]     Checking ansi_term v0.11.0
[INFO] [stderr]    Compiling nc v0.4.10
[INFO] [stderr]     Checking strsim v0.8.0
[INFO] [stderr]     Checking lazy_static v1.4.0
[INFO] [stderr]     Checking cpuio v0.2.0
[INFO] [stderr]     Checking textwrap v0.11.0
[INFO] [stdout] error[E0557]: feature has been removed
[INFO] [stdout]  --> /opt/rustwide/cargo-home/registry/src/index.crates.io-6f17d22bba15001f/cpuio-0.2.0/src/lib.rs:4:17
[INFO] [stdout]   |
[INFO] [stdout] 4 | #![feature(asm, const_fn, no_std)]
[INFO] [stdout]   |                 ^^^^^^^^ feature has been removed
[INFO] [stdout]   |
[INFO] [stdout]   = note: split into finer-grained feature gates
[INFO] [stdout] 
[INFO] [stdout] 
[INFO] [stdout] error: cannot find macro `asm` in this scope
[INFO] [stdout]  --> /opt/rustwide/cargo-home/registry/src/index.crates.io-6f17d22bba15001f/cpuio-0.2.0/src/x86.rs:8:5
[INFO] [stdout]   |
[INFO] [stdout] 8 |     asm!("inb %dx, %al" : "={al}"(result) : "{dx}"(port) :: "volatile");
[INFO] [stdout]   |     ^^^
[INFO] [stdout]   |
[INFO] [stdout]   = help: consider importing this macro:
[INFO] [stdout]           core::arch::asm
[INFO] [stdout] 
[INFO] [stdout] 
[INFO] [stdout] error: cannot find macro `asm` in this scope
[INFO] [stdout]   --> /opt/rustwide/cargo-home/registry/src/index.crates.io-6f17d22bba15001f/cpuio-0.2.0/src/x86.rs:14:5
[INFO] [stdout]    |
[INFO] [stdout] 14 |     asm!("outb %al, %dx" :: "{dx}"(port), "{al}"(value) :: "volatile");
[INFO] [stdout]    |     ^^^
[INFO] [stdout]    |
[INFO] [stdout]    = help: consider importing this macro:
[INFO] [stdout]            core::arch::asm
[INFO] [stdout] 
[INFO] [stdout] 
[INFO] [stdout] error: cannot find macro `asm` in this scope
[INFO] [stdout]   --> /opt/rustwide/cargo-home/registry/src/index.crates.io-6f17d22bba15001f/cpuio-0.2.0/src/x86.rs:20:5
[INFO] [stdout]    |
[INFO] [stdout] 20 |     asm!("inw %dx, %ax" : "={ax}"(result) : "{dx}"(port) :: "volatile");
[INFO] [stdout]    |     ^^^
[INFO] [stdout]    |
[INFO] [stdout]    = help: consider importing this macro:
[INFO] [stdout]            core::arch::asm
[INFO] [stdout] 
[INFO] [stdout] 
[INFO] [stdout] error: cannot find macro `asm` in this scope
[INFO] [stdout]   --> /opt/rustwide/cargo-home/registry/src/index.crates.io-6f17d22bba15001f/cpuio-0.2.0/src/x86.rs:26:5
[INFO] [stdout]    |
[INFO] [stdout] 26 |     asm!("outw %ax, %dx" :: "{dx}"(port), "{ax}"(value) :: "volatile");
[INFO] [stdout]    |     ^^^
[INFO] [stdout]    |
[INFO] [stdout]    = help: consider importing this macro:
[INFO] [stdout]            core::arch::asm
[INFO] [stdout] 
[INFO] [stdout] 
[INFO] [stdout] error: cannot find macro `asm` in this scope
[INFO] [stdout]   --> /opt/rustwide/cargo-home/registry/src/index.crates.io-6f17d22bba15001f/cpuio-0.2.0/src/x86.rs:32:5
[INFO] [stdout]    |
[INFO] [stdout] 32 |     asm!("inl %dx, %eax" : "={eax}"(result) : "{dx}"(port) :: "volatile");
[INFO] [stdout]    |     ^^^
[INFO] [stdout]    |
[INFO] [stdout]    = help: consider importing this macro:
[INFO] [stdout]            core::arch::asm
[INFO] [stdout] 
[INFO] [stdout] 
[INFO] [stdout] error: cannot find macro `asm` in this scope
[INFO] [stdout]   --> /opt/rustwide/cargo-home/registry/src/index.crates.io-6f17d22bba15001f/cpuio-0.2.0/src/x86.rs:38:5
[INFO] [stdout]    |
[INFO] [stdout] 38 |     asm!("outl %eax, %dx" :: "{dx}"(port), "{eax}"(value) :: "volatile");
[INFO] [stdout]    |     ^^^
[INFO] [stdout]    |
[INFO] [stdout]    = help: consider importing this macro:
[INFO] [stdout]            core::arch::asm
[INFO] [stdout] 
[INFO] [stdout] 
[INFO] [stdout] error[E0554]: `#![feature]` may not be used on the beta release channel
[INFO] [stdout]  --> /opt/rustwide/cargo-home/registry/src/index.crates.io-6f17d22bba15001f/cpuio-0.2.0/src/lib.rs:4:1
[INFO] [stdout]   |
[INFO] [stdout] 4 | #![feature(asm, const_fn, no_std)]
[INFO] [stdout]   | ^^^^^^^^^^^^^^^^^^^^^^^^^^^^^^^^^^
[INFO] [stdout]   |
[INFO] [stdout]   = help: the feature `no_std` has been stable since `1.6.0` and no longer requires an attribute to enable
[INFO] [stdout] 
[INFO] [stdout] 
[INFO] [stdout] error[E0554]: `#![feature]` may not be used on the beta release channel
[INFO] [stdout]  --> /opt/rustwide/cargo-home/registry/src/index.crates.io-6f17d22bba15001f/cpuio-0.2.0/src/lib.rs:4:12
[INFO] [stdout]   |
[INFO] [stdout] 4 | #![feature(asm, const_fn, no_std)]
[INFO] [stdout]   |            ^^^
[INFO] [stdout] 
[INFO] [stdout] 
[INFO] [stdout] error: aborting due to 9 previous errors
[INFO] [stdout] 
[INFO] [stdout] 
[INFO] [stdout] Some errors have detailed explanations: E0554, E0557.
[INFO] [stdout] 
[INFO] [stdout] For more information about an error, try `rustc --explain E0554`.
[INFO] [stdout] 
[INFO] [stderr] error: could not compile `cpuio` (lib) due to 10 previous errors
[INFO] [stderr] warning: build failed, waiting for other jobs to finish...
[INFO] running `Command { std: "docker" "inspect" "5ac0ba6d3faa2933f3a8e0393a022be883e16a9a352136a2938a75dde0f6a6b5", kill_on_drop: false }`
[INFO] running `Command { std: "docker" "rm" "-f" "5ac0ba6d3faa2933f3a8e0393a022be883e16a9a352136a2938a75dde0f6a6b5", kill_on_drop: false }`
[INFO] [stdout] 5ac0ba6d3faa2933f3a8e0393a022be883e16a9a352136a2938a75dde0f6a6b5
