[INFO] cloning repository https://github.com/johnpmayer/clamor
[INFO] running `Command { std: "git" "-c" "credential.helper=" "-c" "credential.helper=/workspace/cargo-home/bin/git-credential-null" "clone" "--bare" "https://github.com/johnpmayer/clamor" "/workspace/cache/git-repos/https%3A%2F%2Fgithub.com%2Fjohnpmayer%2Fclamor", kill_on_drop: false }`
[INFO] [stderr] Cloning into bare repository '/workspace/cache/git-repos/https%3A%2F%2Fgithub.com%2Fjohnpmayer%2Fclamor'...
[INFO] running `Command { std: "git" "rev-parse" "HEAD", kill_on_drop: false }`
[INFO] [stdout] d3cad3665ec21944a3e3c5ee41e2b78ebd844f2b
[INFO] documenting johnpmayer/clamor against beta-2023-04-20 for beta-1.70-rustdoc-1
[INFO] running `Command { std: "git" "clone" "/workspace/cache/git-repos/https%3A%2F%2Fgithub.com%2Fjohnpmayer%2Fclamor" "/workspace/builds/worker-4-tc2/source", kill_on_drop: false }`
[INFO] [stderr] Cloning into '/workspace/builds/worker-4-tc2/source'...
[INFO] [stderr] done.
[INFO] validating manifest of git repo https://github.com/johnpmayer/clamor on toolchain beta-2023-04-20
[INFO] running `Command { std: CARGO_HOME="/workspace/cargo-home" RUSTUP_HOME="/workspace/rustup-home" "/workspace/cargo-home/bin/cargo" "+beta-2023-04-20" "metadata" "--manifest-path" "Cargo.toml" "--no-deps", kill_on_drop: false }`
[INFO] started tweaking git repo https://github.com/johnpmayer/clamor
[INFO] finished tweaking git repo https://github.com/johnpmayer/clamor
[INFO] tweaked toml for git repo https://github.com/johnpmayer/clamor written to /workspace/builds/worker-4-tc2/source/Cargo.toml
[INFO] crate git repo https://github.com/johnpmayer/clamor already has a lockfile, it will not be regenerated
[INFO] running `Command { std: CARGO_HOME="/workspace/cargo-home" RUSTUP_HOME="/workspace/rustup-home" "/workspace/cargo-home/bin/cargo" "+beta-2023-04-20" "fetch" "--manifest-path" "Cargo.toml", kill_on_drop: false }`
[INFO] [stderr]     Updating crates.io index
[INFO] [stderr]  Downloading crates ...
[INFO] [stderr]   Downloaded pistoncore-window v0.30.0
[INFO] [stderr]   Downloaded pistoncore-glutin_window v0.42.0
[INFO] [stderr]   Downloaded pistoncore-sdl2_window v0.46.0
[INFO] [stderr]   Downloaded arrayvec v0.4.4
[INFO] [stderr]   Downloaded serde_derive v1.0.16
[INFO] [stderr]   Downloaded piston v0.35.0
[INFO] [stderr]   Downloaded piston2d-graphics v0.23.0
[INFO] [stderr]   Downloaded piston_window v0.73.0
[INFO] [stderr]   Downloaded primal-check v0.2.2
[INFO] [stderr]   Downloaded pistoncore-event_loop v0.35.0
[INFO] [stderr]   Downloaded piston3d-cam v0.3.0
[INFO] [stderr]   Downloaded inflate v0.3.3
[INFO] [stderr]   Downloaded gfx v0.16.1
[INFO] [stderr]   Downloaded serde v1.0.16
[INFO] [stderr]   Downloaded piston2d-gfx_graphics v0.46.0
[INFO] [stderr]   Downloaded stb_truetype v0.2.1
[INFO] [stderr]   Downloaded quaternion v0.3.0
[INFO] [stderr]   Downloaded draw_state v0.7.1
[INFO] [stderr]   Downloaded gfx_core v0.7.2
[INFO] [stderr]   Downloaded piston-gfx_texture v0.29.0
[INFO] [stderr]   Downloaded nodrop v0.1.11
[INFO] [stderr]   Downloaded rusttype v0.2.3
[INFO] [stderr]   Downloaded gl v0.6.3
[INFO] [stderr]   Downloaded nalgebra v0.13.1
[INFO] [stderr]   Downloaded gfx_device_gl v0.14.4
[INFO] [stderr]   Downloaded camera_controllers v0.23.0
[INFO] [stderr]   Downloaded primal-sieve v0.2.7
[INFO] running `Command { std: "docker" "create" "-v" "/var/lib/crater-agent-workspace/builds/worker-4-tc2/target:/opt/rustwide/target:rw,Z" "-v" "/var/lib/crater-agent-workspace/builds/worker-4-tc2/source:/opt/rustwide/workdir:ro,Z" "-v" "/var/lib/crater-agent-workspace/cargo-home:/opt/rustwide/cargo-home:ro,Z" "-v" "/var/lib/crater-agent-workspace/rustup-home:/opt/rustwide/rustup-home:ro,Z" "-e" "SOURCE_DIR=/opt/rustwide/workdir" "-e" "CARGO_TARGET_DIR=/opt/rustwide/target" "-e" "CARGO_HOME=/opt/rustwide/cargo-home" "-e" "RUSTUP_HOME=/opt/rustwide/rustup-home" "-w" "/opt/rustwide/workdir" "-m" "1610612736" "--user" "0:0" "--network" "none" "ghcr.io/rust-lang/crates-build-env/linux@sha256:5ff2268d62e97bff2cde7d5815dd6ed5b47097566f13b8d0ca110b04b60e07ed" "/opt/rustwide/cargo-home/bin/cargo" "+beta-2023-04-20" "metadata" "--no-deps" "--format-version=1", kill_on_drop: false }`
[INFO] [stdout] 1b944dc0b7a98fa00637e9c5d06ca3aaa73139d0b4f4931b92b6e2d2293955a1
[INFO] running `Command { std: "docker" "start" "-a" "1b944dc0b7a98fa00637e9c5d06ca3aaa73139d0b4f4931b92b6e2d2293955a1", kill_on_drop: false }`
[INFO] running `Command { std: "docker" "inspect" "1b944dc0b7a98fa00637e9c5d06ca3aaa73139d0b4f4931b92b6e2d2293955a1", kill_on_drop: false }`
[INFO] running `Command { std: "docker" "rm" "-f" "1b944dc0b7a98fa00637e9c5d06ca3aaa73139d0b4f4931b92b6e2d2293955a1", kill_on_drop: false }`
[INFO] [stdout] 1b944dc0b7a98fa00637e9c5d06ca3aaa73139d0b4f4931b92b6e2d2293955a1
[INFO] running `Command { std: "docker" "create" "-v" "/var/lib/crater-agent-workspace/builds/worker-4-tc2/target:/opt/rustwide/target:rw,Z" "-v" "/var/lib/crater-agent-workspace/builds/worker-4-tc2/source:/opt/rustwide/workdir:ro,Z" "-v" "/var/lib/crater-agent-workspace/cargo-home:/opt/rustwide/cargo-home:ro,Z" "-v" "/var/lib/crater-agent-workspace/rustup-home:/opt/rustwide/rustup-home:ro,Z" "-e" "SOURCE_DIR=/opt/rustwide/workdir" "-e" "CARGO_TARGET_DIR=/opt/rustwide/target" "-e" "CARGO_INCREMENTAL=0" "-e" "RUST_BACKTRACE=full" "-e" "RUSTFLAGS=--cap-lints=warn" "-e" "RUSTDOCFLAGS=--cap-lints=warn" "-e" "CARGO_HOME=/opt/rustwide/cargo-home" "-e" "RUSTUP_HOME=/opt/rustwide/rustup-home" "-w" "/opt/rustwide/workdir" "-m" "1610612736" "--user" "0:0" "--network" "none" "ghcr.io/rust-lang/crates-build-env/linux@sha256:5ff2268d62e97bff2cde7d5815dd6ed5b47097566f13b8d0ca110b04b60e07ed" "/opt/rustwide/cargo-home/bin/cargo" "+beta-2023-04-20" "doc" "--frozen" "--no-deps" "--document-private-items" "--message-format=json", kill_on_drop: false }`
[INFO] [stdout] 7c4290bb5e506a9890ec0b7d41ac9042d20b88aa63168b5cc31087621a82e86f
[INFO] running `Command { std: "docker" "start" "-a" "7c4290bb5e506a9890ec0b7d41ac9042d20b88aa63168b5cc31087621a82e86f", kill_on_drop: false }`
[INFO] [stderr]     Checking libc v0.2.32
[INFO] [stderr]    Compiling bitflags v0.9.1
[INFO] [stderr]     Checking lazy_static v0.2.9
[INFO] [stderr]    Compiling unicode-xid v0.0.4
[INFO] [stderr]     Checking num-traits v0.1.40
[INFO] [stderr]    Compiling quote v0.3.15
[INFO] [stderr]    Compiling siphasher v0.2.2
[INFO] [stderr]     Checking rustc-serialize v0.3.24
[INFO] [stderr]    Compiling dtoa v0.4.2
[INFO] [stderr]    Compiling serde v0.9.15
[INFO] [stderr]    Compiling itoa v0.3.4
[INFO] [stderr]    Compiling log v0.3.8
[INFO] [stderr]    Compiling khronos_api v1.0.1
[INFO] [stderr]     Checking piston-float v0.3.0
[INFO] [stderr]     Checking byteorder v1.1.0
[INFO] [stderr]    Compiling xml-rs v0.6.1
[INFO] [stderr]    Compiling synom v0.11.3
[INFO] [stderr]     Checking bitflags v1.0.0
[INFO] [stderr]    Compiling phf_shared v0.7.21
[INFO] [stderr]     Checking piston-viewport v0.3.0
[INFO] [stderr]    Compiling winapi-build v0.1.1
[INFO] [stderr]    Compiling rayon-core v1.2.1
[INFO] [stderr]    Compiling syn v0.11.11
[INFO] [stderr]     Checking winapi v0.2.8
[INFO] [stderr]    Compiling phf v0.7.21
[INFO] [stderr]     Checking either v1.3.0
[INFO] [stderr]     Checking serde v1.0.16
[INFO] [stderr]     Checking scopeguard v0.3.3
[INFO] [stderr]     Checking rand v0.3.17
[INFO] [stderr]     Checking num-integer v0.1.35
[INFO] [stderr]    Compiling kernel32-sys v0.2.2
[INFO] [stderr]     Checking odds v0.2.25
[INFO] [stderr]     Checking coco v0.1.1
[INFO] [stderr]     Checking num_cpus v1.7.0
[INFO] [stderr]    Compiling syn v0.10.8
[INFO] [stderr]    Compiling itertools v0.5.10
[INFO] [stderr]     Checking shader_version v0.3.0
[INFO] [stderr]     Checking futures v0.1.16
[INFO] [stderr]     Checking bitflags v0.8.2
[INFO] [stderr]     Checking num-iter v0.1.34
[INFO] [stderr]    Compiling pkg-config v0.3.9
[INFO] [stderr]     Checking adler32 v1.0.2
[INFO] [stderr]     Checking bitflags v0.7.0
[INFO] [stderr]     Checking nodrop v0.1.11
[INFO] [stderr]     Checking draw_state v0.7.1
[INFO] [stderr]    Compiling gl_generator v0.5.5
[INFO] [stderr]    Compiling wayland-scanner v0.9.10
[INFO] [stderr]     Checking vecmath v0.3.1
[INFO] [stderr]     Checking fs2 v0.2.5
[INFO] [stderr]     Checking tempfile v2.2.0
[INFO] [stderr]     Checking memmap v0.4.0
[INFO] [stderr]    Compiling phf_generator v0.7.21
[INFO] [stderr]     Checking inflate v0.3.3
[INFO] [stderr]    Compiling x11-dl v2.16.0
[INFO] [stderr]     Checking deflate v0.7.17
[INFO] [stderr]     Checking lzw v0.10.0
[INFO] [stderr]    Compiling phf_codegen v0.7.21
[INFO] [stderr]     Checking byteorder v0.4.2
[INFO] [stderr]     Checking hamming v0.1.3
[INFO] [stderr]     Checking color_quant v1.0.0
[INFO] [stderr]    Compiling target_build_utils v0.3.1
[INFO] [stderr]     Checking arrayvec v0.4.4
[INFO] [stderr]    Compiling wayland-client v0.9.10
[INFO] [stderr]    Compiling wayland-protocols v0.9.10
[INFO] [stderr]     Checking stb_truetype v0.2.1
[INFO] [stderr]     Checking gif v0.9.2
[INFO] [stderr]     Checking primal-bit v0.2.4
[INFO] [stderr]     Checking num-bigint v0.1.40
[INFO] [stderr]     Checking num-complex v0.1.40
[INFO] [stderr]     Checking enum_primitive v0.1.1
[INFO] [stderr]     Checking shared_library v0.1.7
[INFO] [stderr]     Checking smallvec v0.4.4
[INFO] [stderr]    Compiling gl v0.6.3
[INFO] [stderr]    Compiling glutin v0.10.0
[INFO] [stderr]    Compiling gfx_gl v0.3.1
[INFO] [stderr]     Checking scoped_threadpool v0.1.8
[INFO] [stderr]     Checking linked-hash-map v0.5.0
[INFO] [stderr]     Checking rayon v0.8.2
[INFO] [stderr]     Checking png v0.11.0
[INFO] [stderr]    Compiling serde_derive_internals v0.16.0
[INFO] [stderr]    Compiling sdl2-sys v0.30.0
[INFO] [stderr]     Checking num-rational v0.1.39
[INFO] [stderr]     Checking piston-texture v0.6.0
[INFO] [stderr]     Checking primal-estimate v0.2.1
[INFO] [stderr]    Compiling serde_json v0.9.10
[INFO] [stderr]     Checking num v0.1.40
[INFO] [stderr]    Compiling typenum v1.9.0
[INFO] [stderr]     Checking primal-sieve v0.2.7
[INFO] [stderr]     Checking primal-check v0.2.2
[INFO] [stderr]     Checking rusttype v0.2.3
[INFO] [stderr]     Checking osmesa-sys v0.1.2
[INFO] [stderr]     Checking fnv v1.0.5
[INFO] [stderr]     Checking allocators v0.1.0 (https://github.com/citybound/citybound#92415ab0)
[INFO] [stderr]    Compiling matrixmultiply v0.1.13
[INFO] [stderr]     Checking read_color v0.1.0
[INFO] [stderr]     Checking interpolation v0.1.0
[INFO] [stderr]     Checking jpeg-decoder v0.1.13
[INFO] [stderr]     Checking quaternion v0.3.0
[INFO] [stderr]     Checking piston-shaders_graphics2d v0.3.1
[INFO] [stderr]     Checking rawpointer v0.1.0
[INFO] [stdout] error[E0311]: the parameter type `K` may not live long enough
[INFO] [stdout]   --> /opt/rustwide/cargo-home/registry/src/index.crates.io-6f17d22bba15001f/rusttype-0.2.3/src/support/bst/map.rs:81:19
[INFO] [stdout]    |
[INFO] [stdout] 81 |             match node.force() {
[INFO] [stdout]    |                   ^^^^
[INFO] [stdout]    |
[INFO] [stdout] note: the parameter type `K` must be valid for the anonymous lifetime defined here...
[INFO] [stdout]   --> /opt/rustwide/cargo-home/registry/src/index.crates.io-6f17d22bba15001f/rusttype-0.2.3/src/support/bst/map.rs:78:37
[INFO] [stdout]    |
[INFO] [stdout] 78 |                 node: node::NodeRef<marker::Immut, K, V, marker::LeafOrInternal>)
[INFO] [stdout]    |                                     ^^^^^^^^^^^^^
[INFO] [stdout] note: ...so that the type `K` will meet its required lifetime bounds
[INFO] [stdout]   --> /opt/rustwide/cargo-home/registry/src/index.crates.io-6f17d22bba15001f/rusttype-0.2.3/src/support/bst/map.rs:81:19
[INFO] [stdout]    |
[INFO] [stdout] 81 |             match node.force() {
[INFO] [stdout]    |                   ^^^^
[INFO] [stdout] help: consider adding an explicit lifetime bound...
[INFO] [stdout]    |
[INFO] [stdout] 77 ~         fn clone_subtree<'a, K: Clone + 'a, V: Clone>(
[INFO] [stdout] 78 ~                 node: node::NodeRef<marker::Immut<'a>, K, V, marker::LeafOrInternal>)
[INFO] [stdout]    |
[INFO] [stdout] 
[INFO] [stdout] 
[INFO] [stdout] error[E0311]: the parameter type `V` may not live long enough
[INFO] [stdout]   --> /opt/rustwide/cargo-home/registry/src/index.crates.io-6f17d22bba15001f/rusttype-0.2.3/src/support/bst/map.rs:81:19
[INFO] [stdout]    |
[INFO] [stdout] 81 |             match node.force() {
[INFO] [stdout]    |                   ^^^^
[INFO] [stdout]    |
[INFO] [stdout] note: the parameter type `V` must be valid for the anonymous lifetime defined here...
[INFO] [stdout]   --> /opt/rustwide/cargo-home/registry/src/index.crates.io-6f17d22bba15001f/rusttype-0.2.3/src/support/bst/map.rs:78:37
[INFO] [stdout]    |
[INFO] [stdout] 78 |                 node: node::NodeRef<marker::Immut, K, V, marker::LeafOrInternal>)
[INFO] [stdout]    |                                     ^^^^^^^^^^^^^
[INFO] [stdout] note: ...so that the type `V` will meet its required lifetime bounds
[INFO] [stdout]   --> /opt/rustwide/cargo-home/registry/src/index.crates.io-6f17d22bba15001f/rusttype-0.2.3/src/support/bst/map.rs:81:19
[INFO] [stdout]    |
[INFO] [stdout] 81 |             match node.force() {
[INFO] [stdout]    |                   ^^^^
[INFO] [stdout] help: consider adding an explicit lifetime bound...
[INFO] [stdout]    |
[INFO] [stdout] 77 ~         fn clone_subtree<'a, K: Clone, V: Clone + 'a>(
[INFO] [stdout] 78 ~                 node: node::NodeRef<marker::Immut<'a>, K, V, marker::LeafOrInternal>)
[INFO] [stdout]    |
[INFO] [stdout] 
[INFO] [stdout] 
[INFO] [stderr]     Checking approx v0.1.1
[INFO] [stderr]     Checking piston3d-cam v0.3.0
[INFO] [stderr]     Checking primal v0.2.3
[INFO] [stdout] error: aborting due to 2 previous errors
[INFO] [stdout] 
[INFO] [stdout] 
[INFO] [stdout] For more information about this error, try `rustc --explain E0311`.
[INFO] [stdout] 
[INFO] [stderr]     Checking chunked v0.1.0 (https://github.com/citybound/citybound#92415ab0)
[INFO] [stderr]     Checking sdl2 v0.30.0
[INFO] [stderr] error: could not compile `rusttype` (lib) due to 3 previous errors
[INFO] [stderr] warning: build failed, waiting for other jobs to finish...
[INFO] [stdout] error: `box_syntax` has been removed
[INFO] [stdout]   --> /opt/rustwide/cargo-home/git/checkouts/citybound-01a382b1dd62b125/92415ab/engine/chunked/src/lib.rs:70:9
[INFO] [stdout]    |
[INFO] [stdout] 70 | /         box MemChunker {
[INFO] [stdout] 71 | |             name: String::from(name),
[INFO] [stdout] 72 | |             chunk_size: chunk_size,
[INFO] [stdout] 73 | |         }
[INFO] [stdout]    | |_________^
[INFO] [stdout]    |
[INFO] [stdout] help: use `Box::new()` instead
[INFO] [stdout]    |
[INFO] [stdout] 70 ~         Box::new(MemChunker {
[INFO] [stdout] 71 +             name: String::from(name),
[INFO] [stdout] 72 +             chunk_size: chunk_size,
[INFO] [stdout] 73 +         })
[INFO] [stdout]    |
[INFO] [stdout] 
[INFO] [stdout] 
[INFO] [stdout] error: `box_syntax` has been removed
[INFO] [stdout]   --> /opt/rustwide/cargo-home/git/checkouts/citybound-01a382b1dd62b125/92415ab/engine/chunked/src/lib.rs:89:9
[INFO] [stdout]    |
[INFO] [stdout] 89 |         box new
[INFO] [stdout]    |         ^^^^^^^
[INFO] [stdout]    |
[INFO] [stdout] help: use `Box::new()` instead
[INFO] [stdout]    |
[INFO] [stdout] 89 |         Box::new(new)
[INFO] [stdout]    |
[INFO] [stdout] 
[INFO] [stdout] 
[INFO] [stdout] error: `box_syntax` has been removed
[INFO] [stdout]   --> /opt/rustwide/cargo-home/git/checkouts/citybound-01a382b1dd62b125/92415ab/engine/chunked/src/lib.rs:95:9
[INFO] [stdout]    |
[INFO] [stdout] 95 |         box new
[INFO] [stdout]    |         ^^^^^^^
[INFO] [stdout]    |
[INFO] [stdout] help: use `Box::new()` instead
[INFO] [stdout]    |
[INFO] [stdout] 95 |         Box::new(new)
[INFO] [stdout]    |
[INFO] [stdout] 
[INFO] [stdout] 
[INFO] [stdout] error: `box_syntax` has been removed
[INFO] [stdout]    --> /opt/rustwide/cargo-home/git/checkouts/citybound-01a382b1dd62b125/92415ab/engine/chunked/src/lib.rs:99:9
[INFO] [stdout]     |
[INFO] [stdout] 99  | /         box MemChunker {
[INFO] [stdout] 100 | |             name: self.name.clone() + suffix,
[INFO] [stdout] 101 | |             chunk_size: self.chunk_size,
[INFO] [stdout] 102 | |         }
[INFO] [stdout]     | |_________^
[INFO] [stdout]     |
[INFO] [stdout] help: use `Box::new()` instead
[INFO] [stdout]     |
[INFO] [stdout] 99  ~         Box::new(MemChunker {
[INFO] [stdout] 100 +             name: self.name.clone() + suffix,
[INFO] [stdout] 101 +             chunk_size: self.chunk_size,
[INFO] [stdout] 102 +         })
[INFO] [stdout]     |
[INFO] [stdout] 
[INFO] [stdout] 
[INFO] [stdout] error[E0557]: feature has been removed
[INFO] [stdout]   --> /opt/rustwide/cargo-home/git/checkouts/citybound-01a382b1dd62b125/92415ab/engine/chunked/src/lib.rs:12:12
[INFO] [stdout]    |
[INFO] [stdout] 12 | #![feature(box_syntax)]
[INFO] [stdout]    |            ^^^^^^^^^^ feature has been removed
[INFO] [stdout]    |
[INFO] [stdout]    = note: replaced with `#[rustc_box]`
[INFO] [stdout] 
[INFO] [stdout] 
[INFO] [stdout] error: aborting due to 5 previous errors
[INFO] [stdout] 
[INFO] [stdout] 
[INFO] [stdout] For more information about this error, try `rustc --explain E0557`.
[INFO] [stdout] 
[INFO] [stderr] error: could not compile `chunked` (lib) due to 6 previous errors
[INFO] running `Command { std: "docker" "inspect" "7c4290bb5e506a9890ec0b7d41ac9042d20b88aa63168b5cc31087621a82e86f", kill_on_drop: false }`
[INFO] running `Command { std: "docker" "rm" "-f" "7c4290bb5e506a9890ec0b7d41ac9042d20b88aa63168b5cc31087621a82e86f", kill_on_drop: false }`
[INFO] [stdout] 7c4290bb5e506a9890ec0b7d41ac9042d20b88aa63168b5cc31087621a82e86f
