[INFO] cloning repository https://github.com/jkcomment/substrate-weather
[INFO] running `Command { std: "git" "-c" "credential.helper=" "-c" "credential.helper=/workspace/cargo-home/bin/git-credential-null" "clone" "--bare" "https://github.com/jkcomment/substrate-weather" "/workspace/cache/git-repos/https%3A%2F%2Fgithub.com%2Fjkcomment%2Fsubstrate-weather", kill_on_drop: false }`
[INFO] [stderr] Cloning into bare repository '/workspace/cache/git-repos/https%3A%2F%2Fgithub.com%2Fjkcomment%2Fsubstrate-weather'...
[INFO] running `Command { std: "git" "rev-parse" "HEAD", kill_on_drop: false }`
[INFO] [stdout] dab08ca4f40baeecfeb8c9dd25541369acdcf036
[INFO] documenting jkcomment/substrate-weather against 1.69.0 for beta-1.70-rustdoc-1
[INFO] running `Command { std: "git" "clone" "/workspace/cache/git-repos/https%3A%2F%2Fgithub.com%2Fjkcomment%2Fsubstrate-weather" "/workspace/builds/worker-7-tc1/source", kill_on_drop: false }`
[INFO] [stderr] Cloning into '/workspace/builds/worker-7-tc1/source'...
[INFO] [stderr] done.
[INFO] validating manifest of git repo https://github.com/jkcomment/substrate-weather on toolchain 1.69.0
[INFO] running `Command { std: CARGO_HOME="/workspace/cargo-home" RUSTUP_HOME="/workspace/rustup-home" "/workspace/cargo-home/bin/cargo" "+1.69.0" "metadata" "--manifest-path" "Cargo.toml" "--no-deps", kill_on_drop: false }`
[INFO] started tweaking git repo https://github.com/jkcomment/substrate-weather
[INFO] finished tweaking git repo https://github.com/jkcomment/substrate-weather
[INFO] tweaked toml for git repo https://github.com/jkcomment/substrate-weather written to /workspace/builds/worker-7-tc1/source/Cargo.toml
[INFO] crate git repo https://github.com/jkcomment/substrate-weather already has a lockfile, it will not be regenerated
[INFO] running `Command { std: CARGO_HOME="/workspace/cargo-home" RUSTUP_HOME="/workspace/rustup-home" "/workspace/cargo-home/bin/cargo" "+1.69.0" "fetch" "--manifest-path" "Cargo.toml", kill_on_drop: false }`
[INFO] [stderr]     Updating git repository `https://github.com/paritytech/substrate-bip39`
[INFO] [stderr]  Downloading crates ...
[INFO] [stderr]   Downloaded memory-db v0.12.2
[INFO] [stderr]   Downloaded js-sys v0.3.20
[INFO] [stderr]   Downloaded wasm-bindgen-futures v0.3.20
[INFO] [stderr]   Downloaded twox-hash v1.2.0
[INFO] [stderr]   Downloaded proc-macro-hack v0.5.7
[INFO] [stderr]   Downloaded structopt v0.2.15
[INFO] [stderr]   Downloaded wasm-bindgen-shared v0.2.43
[INFO] [stderr]   Downloaded protobuf v2.5.0
[INFO] [stderr]   Downloaded tiny-keccak v1.4.2
[INFO] [stderr]   Downloaded stream-cipher v0.3.0
[INFO] [stderr]   Downloaded base-x v0.2.4
[INFO] [stderr]   Downloaded paste-impl v0.1.5
[INFO] [stderr]   Downloaded parity-multihash v0.1.1
[INFO] [stderr]   Downloaded hash-db v0.12.2
[INFO] [stderr]   Downloaded wasm-bindgen-macro v0.2.43
[INFO] [stderr]   Downloaded ctrlc v3.1.2
[INFO] [stderr]   Downloaded hash256-std-hasher v0.12.2
[INFO] [stderr]   Downloaded wasm-bindgen-backend v0.2.43
[INFO] [stderr]   Downloaded merlin v1.1.0
[INFO] [stderr]   Downloaded trie-root v0.12.2
[INFO] [stderr]   Downloaded paste v0.1.5
[INFO] [stderr]   Downloaded structopt-derive v0.2.15
[INFO] [stderr]   Downloaded wasm-bindgen-macro-support v0.2.43
[INFO] [stderr]   Downloaded wasm-bindgen-webidl v0.2.43
[INFO] [stderr]   Downloaded bs58 v0.2.2
[INFO] [stderr]   Downloaded trie-db v0.12.2
[INFO] [stderr]   Downloaded subtle v2.1.0
[INFO] [stderr]   Downloaded backtrace v0.3.16
[INFO] [stderr]   Downloaded parity-codec v3.5.1
[INFO] [stderr]   Downloaded sysinfo v0.8.3
[INFO] [stderr]   Downloaded hashmap_core v0.1.10
[INFO] [stderr]   Downloaded blake2 v0.8.0
[INFO] [stderr]   Downloaded tokio v0.1.20
[INFO] [stderr]   Downloaded toml v0.5.0
[INFO] [stderr]   Downloaded web-sys v0.3.20
[INFO] [stderr]   Downloaded wasm-bindgen v0.2.43
[INFO] [stderr]   Downloaded bumpalo v2.4.1
[INFO] [stderr]   Downloaded nix v0.13.0
[INFO] [stderr]   Downloaded stdweb v0.4.17
[INFO] [stderr]   Downloaded bstr v0.1.3
[INFO] [stderr]   Downloaded globset v0.4.3
[INFO] [stderr]   Downloaded asn1_der v0.6.1
[INFO] [stderr]   Downloaded curve25519-dalek v1.1.4
[INFO] running `Command { std: "docker" "create" "-v" "/var/lib/crater-agent-workspace/builds/worker-7-tc1/target:/opt/rustwide/target:rw,Z" "-v" "/var/lib/crater-agent-workspace/builds/worker-7-tc1/source:/opt/rustwide/workdir:ro,Z" "-v" "/var/lib/crater-agent-workspace/cargo-home:/opt/rustwide/cargo-home:ro,Z" "-v" "/var/lib/crater-agent-workspace/rustup-home:/opt/rustwide/rustup-home:ro,Z" "-e" "SOURCE_DIR=/opt/rustwide/workdir" "-e" "CARGO_TARGET_DIR=/opt/rustwide/target" "-e" "CARGO_HOME=/opt/rustwide/cargo-home" "-e" "RUSTUP_HOME=/opt/rustwide/rustup-home" "-w" "/opt/rustwide/workdir" "-m" "1610612736" "--user" "0:0" "--network" "none" "ghcr.io/rust-lang/crates-build-env/linux@sha256:5ff2268d62e97bff2cde7d5815dd6ed5b47097566f13b8d0ca110b04b60e07ed" "/opt/rustwide/cargo-home/bin/cargo" "+1.69.0" "metadata" "--no-deps" "--format-version=1", kill_on_drop: false }`
[INFO] [stdout] e1eab8e90705a0b96aeec686b0b0f1a3b4a085d6e0e6aeb365400b4888e92ff6
[INFO] running `Command { std: "docker" "start" "-a" "e1eab8e90705a0b96aeec686b0b0f1a3b4a085d6e0e6aeb365400b4888e92ff6", kill_on_drop: false }`
[INFO] running `Command { std: "docker" "inspect" "e1eab8e90705a0b96aeec686b0b0f1a3b4a085d6e0e6aeb365400b4888e92ff6", kill_on_drop: false }`
[INFO] running `Command { std: "docker" "rm" "-f" "e1eab8e90705a0b96aeec686b0b0f1a3b4a085d6e0e6aeb365400b4888e92ff6", kill_on_drop: false }`
[INFO] [stdout] e1eab8e90705a0b96aeec686b0b0f1a3b4a085d6e0e6aeb365400b4888e92ff6
[INFO] running `Command { std: "docker" "create" "-v" "/var/lib/crater-agent-workspace/builds/worker-7-tc1/target:/opt/rustwide/target:rw,Z" "-v" "/var/lib/crater-agent-workspace/builds/worker-7-tc1/source:/opt/rustwide/workdir:ro,Z" "-v" "/var/lib/crater-agent-workspace/cargo-home:/opt/rustwide/cargo-home:ro,Z" "-v" "/var/lib/crater-agent-workspace/rustup-home:/opt/rustwide/rustup-home:ro,Z" "-e" "SOURCE_DIR=/opt/rustwide/workdir" "-e" "CARGO_TARGET_DIR=/opt/rustwide/target" "-e" "CARGO_INCREMENTAL=0" "-e" "RUST_BACKTRACE=full" "-e" "RUSTFLAGS=--cap-lints=warn" "-e" "RUSTDOCFLAGS=--cap-lints=warn" "-e" "CARGO_HOME=/opt/rustwide/cargo-home" "-e" "RUSTUP_HOME=/opt/rustwide/rustup-home" "-w" "/opt/rustwide/workdir" "-m" "1610612736" "--user" "0:0" "--network" "none" "ghcr.io/rust-lang/crates-build-env/linux@sha256:5ff2268d62e97bff2cde7d5815dd6ed5b47097566f13b8d0ca110b04b60e07ed" "/opt/rustwide/cargo-home/bin/cargo" "+1.69.0" "doc" "--frozen" "--no-deps" "--document-private-items" "--message-format=json", kill_on_drop: false }`
[INFO] [stdout] b6a0852086de14abf97d6f2b3960952500ed85bd7fdc0e687a60abcffdd45da8
[INFO] running `Command { std: "docker" "start" "-a" "b6a0852086de14abf97d6f2b3960952500ed85bd7fdc0e687a60abcffdd45da8", kill_on_drop: false }`
[INFO] [stderr]    Compiling libc v0.2.54
[INFO] [stderr]    Compiling arrayvec v0.4.10
[INFO] [stderr]     Checking cfg-if v0.1.9
[INFO] [stderr]    Compiling byteorder v1.3.1
[INFO] [stderr]    Compiling autocfg v0.1.2
[INFO] [stderr]    Compiling nodrop v0.1.13
[INFO] [stderr]    Compiling rayon-core v1.4.1
[INFO] [stderr]    Compiling lazy_static v1.3.0
[INFO] [stderr]    Compiling scopeguard v0.3.3
[INFO] [stderr]    Compiling rayon v1.0.3
[INFO] [stderr]    Compiling crossbeam-utils v0.2.2
[INFO] [stderr]    Compiling memoffset v0.2.1
[INFO] [stderr]    Compiling either v1.5.2
[INFO] [stderr]     Checking rand_core v0.4.0
[INFO] [stderr]    Compiling typenum v1.10.0
[INFO] [stderr]    Compiling proc-macro2 v0.4.30
[INFO] [stderr]    Compiling unicode-xid v0.1.0
[INFO] [stderr]    Compiling syn v0.15.34
[INFO] [stderr]     Checking rand_core v0.3.1
[INFO] [stderr]    Compiling semver-parser v0.7.0
[INFO] [stderr]    Compiling crossbeam-epoch v0.3.1
[INFO] [stderr]     Checking log v0.4.6
[INFO] [stderr]     Checking smallvec v0.6.9
[INFO] [stderr]    Compiling num_cpus v1.10.0
[INFO] [stderr]    Compiling semver v0.9.0
[INFO] [stderr]    Compiling crossbeam-deque v0.2.0
[INFO] [stderr]    Compiling rand_chacha v0.1.1
[INFO] [stderr]    Compiling rustc_version v0.2.3
[INFO] [stderr]    Compiling rand_pcg v0.1.2
[INFO] [stderr]    Compiling rand v0.6.5
[INFO] [stderr]    Compiling quote v0.6.12
[INFO] [stderr]     Checking rand_os v0.1.3
[INFO] [stderr]     Checking rand_xorshift v0.1.1
[INFO] [stderr]     Checking rand_isaac v0.1.1
[INFO] [stderr]     Checking rand_hc v0.1.0
[INFO] [stderr]     Checking rand_jitter v0.1.4
[INFO] [stderr]     Checking stable_deref_trait v1.1.1
[INFO] [stderr]     Checking generic-array v0.12.0
[INFO] [stderr]    Compiling serde v1.0.91
[INFO] [stderr]     Checking owning_ref v0.4.0
[INFO] [stderr]     Checking lock_api v0.1.5
[INFO] [stderr]    Compiling backtrace v0.3.16
[INFO] [stderr]    Compiling parking_lot_core v0.4.0
[INFO] [stderr]    Compiling failure_derive v0.1.5
[INFO] [stderr]     Checking byte-tools v0.3.1
[INFO] [stderr]     Checking opaque-debug v0.2.2
[INFO] [stderr]     Checking digest v0.8.0
[INFO] [stderr]     Checking block-padding v0.1.4
[INFO] [stderr]     Checking fake-simd v0.1.2
[INFO] [stderr]     Checking futures v0.1.27
[INFO] [stderr]     Checking block-buffer v0.7.3
[INFO] [stderr]     Checking rustc-demangle v0.1.14
[INFO] [stderr]     Checking iovec v0.1.2
[INFO] [stderr]     Checking subtle v1.0.0
[INFO] [stderr]     Checking parking_lot v0.7.1
[INFO] [stderr]     Checking crypto-mac v0.7.0
[INFO] [stderr]    Compiling cc v1.0.26
[INFO] [stderr]     Checking sha2 v0.8.0
[INFO] [stderr]    Compiling subtle v2.1.0
[INFO] [stderr]     Checking keccak v0.1.0
[INFO] [stderr]     Checking rand v0.4.6
[INFO] [stderr]     Checking bytes v0.4.12
[INFO] [stderr]     Checking sha3 v0.8.2
[INFO] [stderr]    Compiling memchr v2.2.0
[INFO] [stderr]     Checking untrusted v0.6.2
[INFO] [stderr]     Checking spin v0.5.0
[INFO] [stderr]     Checking crossbeam-utils v0.6.5
[INFO] [stderr]     Checking arrayref v0.3.5
[INFO] [stderr]     Checking slab v0.4.2
[INFO] [stderr]     Checking tokio-io v0.1.12
[INFO] [stderr]    Compiling regex v1.1.6
[INFO] [stderr]     Checking fnv v1.0.6
[INFO] [stderr]     Checking tokio-executor v0.1.7
[INFO] [stderr]     Checking rand v0.5.6
[INFO] [stderr]    Compiling backtrace-sys v0.1.28
[INFO] [stderr]    Compiling clear_on_drop v0.2.3
[INFO] [stderr]    Compiling ring v0.14.6
[INFO] [stderr]     Checking tokio-codec v0.1.1
[INFO] [stderr]    Compiling heapsize v0.4.2
[INFO] [stderr]    Compiling curve25519-dalek v1.1.4
[INFO] [stderr]     Checking constant_time_eq v0.1.3
[INFO] [stderr]     Checking thread_local v0.3.6
[INFO] [stderr]     Checking ucd-util v0.1.3
[INFO] [stderr]     Checking aho-corasick v0.7.3
[INFO] [stderr]     Checking utf8-ranges v1.0.2
[INFO] [stderr]    Compiling version_check v0.1.5
[INFO] [stderr]     Checking regex-syntax v0.6.6
[INFO] [stderr]    Compiling synstructure v0.10.2
[INFO] [stderr]     Checking hmac v0.7.0
[INFO] [stderr]    Compiling num-traits v0.2.6
[INFO] [stderr]     Checking matches v0.1.8
[INFO] [stderr]    Compiling crunchy v0.2.2
[INFO] [stderr]     Checking unicode-bidi v0.3.4
[INFO] [stderr]     Checking unicode-normalization v0.1.8
[INFO] [stderr]     Checking rustc-hex v2.0.1
[INFO] [stderr]    Compiling proc-macro-hack-impl v0.4.1
[INFO] [stderr]     Checking tokio-timer v0.2.11
[INFO] [stderr]    Compiling crunchy v0.1.6
[INFO] [stderr]     Checking hash-db v0.12.2
[INFO] [stderr]     Checking idna v0.1.5
[INFO] [stderr]    Compiling toml v0.5.0
[INFO] [stderr]     Checking percent-encoding v1.0.1
[INFO] [stderr]     Checking pbkdf2 v0.3.0
[INFO] [stderr]    Compiling proc-macro-hack v0.4.1
[INFO] [stderr]     Checking merlin v1.1.0
[INFO] [stderr]    Compiling sr-std v1.0.0 (https://github.com/paritytech/substrate.git?rev=1d61a492adee6d48569f475705c92699ee3cd69b#1d61a492)
[INFO] [stderr]     Checking parity-wasm v0.31.3
[INFO] [stderr]     Checking net2 v0.2.33
[INFO] [stderr]     Checking url v1.7.2
[INFO] [stderr]     Checking lazycell v1.2.1
[INFO] [stderr]     Checking static_assertions v0.2.5
[INFO] [stderr]     Checking mio v0.6.16
[INFO] [stderr]     Checking fixed-hash v0.3.2
[INFO] [stderr]    Compiling hex-literal-impl v0.1.2
[INFO] [stderr]    Compiling serde_derive v1.0.91
[INFO] [stderr]    Compiling proc-macro-crate v0.1.4
[INFO] [stderr]     Checking uint v0.7.1
[INFO] [stderr]     Checking impl-serde v0.2.0
[INFO] [stderr]     Checking once_cell v0.1.8
[INFO] [stderr]     Checking hashbrown v0.1.8
[INFO] [stderr]     Checking memory_units v0.3.0
[INFO] [stderr]     Checking wasmi-validation v0.1.0
[INFO] [stderr]     Checking byte-tools v0.2.0
[INFO] [stderr]     Checking hex-literal v0.1.4
[INFO] [stderr]     Checking hash256-std-hasher v0.12.2
[INFO] [stderr]     Checking impl-serde v0.1.1
[INFO] [stderr]     Checking blake2-rfc v0.2.18
[INFO] [stderr]     Checking twox-hash v1.2.0
[INFO] [stderr]     Checking wasmi v0.4.5
[INFO] [stderr]     Checking generic-array v0.8.3
[INFO] [stderr]     Checking quick-error v1.2.2
[INFO] [stderr]    Compiling parity-codec-derive v3.3.0
[INFO] [stderr]     Checking base58 v0.1.0
[INFO] [stderr]     Checking failure v0.1.5
[INFO] [stderr]     Checking hex v0.3.2
[INFO] [stderr]     Checking elastic-array v0.10.2
[INFO] [stderr]     Checking ed25519-dalek v1.0.0-pre.1
[INFO] [stderr]     Checking tiny-bip39 v0.6.2
[INFO] [stderr]     Checking unsigned-varint v0.2.2
[INFO] [stderr]     Checking schnorrkel v0.1.1
[INFO] [stderr]     Checking digest v0.6.2
[INFO] [stderr]    Compiling secp256k1 v0.12.2
[INFO] [stderr]     Checking blake2 v0.8.0
[INFO] [stderr]     Checking sha-1 v0.8.1
[INFO] [stderr]     Checking void v1.0.2
[INFO] [stderr]     Checking hashmap_core v0.1.10
[INFO] [stderr]     Checking substrate-bip39 v0.2.1 (https://github.com/paritytech/substrate-bip39#44307fda)
[INFO] [stderr]    Compiling protobuf v2.5.0
[INFO] [stderr]     Checking parity-multihash v0.1.1
[INFO] [stderr]     Checking crypto-mac v0.4.0
[INFO] [stderr]    Compiling asn1_der_derive v0.1.1
[INFO] [stderr]     Checking tokio-sync v0.1.5
[INFO] [stderr]     Checking data-encoding v2.1.2
[INFO] [stderr]     Checking bs58 v0.2.2
[INFO] [stderr]     Checking tokio-reactor v0.1.9
[INFO] [stderr]     Checking parity-multiaddr v0.4.1
[INFO] [stderr]     Checking asn1_der v0.6.1
[INFO] [stderr]     Checking hmac v0.4.2
[INFO] [stderr]     Checking memory-db v0.12.2
[INFO] [stderr]     Checking trie-db v0.12.2
[INFO] [stderr]     Checking multistream-select v0.4.0
[INFO] [stderr]     Checking block-buffer v0.2.0
[INFO] [stderr]     Checking tiny-keccak v1.4.2
[INFO] [stderr]     Checking trie-root v0.12.2
[INFO] [stderr]     Checking rw-stream-sink v0.1.2
[INFO] [stderr]     Checking crossbeam-epoch v0.7.1
[INFO] [stderr]     Checking parity-codec v3.5.1
[INFO] [stderr]     Checking zeroize v0.5.2
[INFO] [stderr]     Checking sha2 v0.6.0
[INFO] [stderr]     Checking hmac-drbg v0.1.2
[INFO] [stderr]     Checking substrate-panic-handler v1.0.0 (https://github.com/paritytech/substrate.git?rev=1d61a492adee6d48569f475705c92699ee3cd69b#1d61a492)
[INFO] [stderr]    Compiling sr-io v1.0.0 (https://github.com/paritytech/substrate.git?rev=1d61a492adee6d48569f475705c92699ee3cd69b#1d61a492)
[INFO] [stderr]     Checking environmental v1.0.1
[INFO] [stderr]     Checking integer-sqrt v0.1.2
[INFO] [stderr]     Checking libsecp256k1 v0.2.2
[INFO] [stderr]    Compiling pkg-config v0.3.14
[INFO] [stderr]     Checking itoa v0.4.4
[INFO] [stderr]     Checking crossbeam-deque v0.7.1
[INFO] [stderr]     Checking impl-codec v0.2.0
[INFO] [stderr]     Checking tokio-tcp v0.1.3
[INFO] [stderr]     Checking mio-uds v0.6.7
[INFO] [stderr]     Checking primitive-types v0.2.4
[INFO] [stderr]     Checking crossbeam-queue v0.1.2
[INFO] [stderr]     Checking bitflags v1.0.4
[INFO] [stderr]    Compiling httparse v1.3.3
[INFO] [stderr]    Compiling ryu v0.2.8
[INFO] [stderr]     Checking tokio-threadpool v0.1.14
[INFO] [stderr]    Compiling openssl-sys v0.9.46
[INFO] [stderr]     Checking tokio-uds v0.2.5
[INFO] [stderr]     Checking tokio-udp v0.1.3
[INFO] [stderr]     Checking libp2p-core v0.7.1
[INFO] [stderr]     Checking tokio-fs v0.1.6
[INFO] [stderr]     Checking tokio-current-thread v0.1.6
[INFO] [stderr]     Checking block-cipher-trait v0.6.2
[INFO] [stderr] The following warnings were emitted during compilation:
[INFO] [stderr] 
[INFO] [stderr] warning: build/expando.c:4:24: error: pasting "RUST_VERSION_OPENSSL_" and "(" does not give a valid preprocessing token
[INFO] [stderr] warning:     4 | #define VERSION2(n, v) RUST_VERSION_##n##_##v
[INFO] [stderr] warning:       |                        ^~~~~~~~~~~~~
[INFO] [stderr] warning: build/expando.c:5:23: note: in expansion of macro 'VERSION2'
[INFO] [stderr] warning:     5 | #define VERSION(n, v) VERSION2(n, v)
[INFO] [stderr] warning:       |                       ^~~~~~~~
[INFO] [stderr] warning: build/expando.c:10:1: note: in expansion of macro 'VERSION'
[INFO] [stderr] warning:    10 | VERSION(OPENSSL, OPENSSL_VERSION_NUMBER)
[INFO] [stderr] warning:       | ^~~~~~~
[INFO] [stderr] 
[INFO] [stderr] error: failed to run custom build command for `openssl-sys v0.9.46`
[INFO] [stderr] note: To improve backtraces for build dependencies, set the CARGO_PROFILE_DEV_BUILD_OVERRIDE_DEBUG=true environment variable to enable debug information generation.
[INFO] [stderr] 
[INFO] [stderr] Caused by:
[INFO] [stderr]   process didn't exit successfully: `/opt/rustwide/target/debug/build/openssl-sys-e48d655d9970b82f/build-script-main` (exit status: 101)
[INFO] [stderr]   --- stdout
[INFO] [stderr]   cargo:rustc-cfg=const_fn
[INFO] [stderr]   cargo:rerun-if-env-changed=X86_64_UNKNOWN_LINUX_GNU_OPENSSL_LIB_DIR
[INFO] [stderr]   X86_64_UNKNOWN_LINUX_GNU_OPENSSL_LIB_DIR unset
[INFO] [stderr]   cargo:rerun-if-env-changed=OPENSSL_LIB_DIR
[INFO] [stderr]   OPENSSL_LIB_DIR unset
[INFO] [stderr]   cargo:rerun-if-env-changed=X86_64_UNKNOWN_LINUX_GNU_OPENSSL_INCLUDE_DIR
[INFO] [stderr]   X86_64_UNKNOWN_LINUX_GNU_OPENSSL_INCLUDE_DIR unset
[INFO] [stderr]   cargo:rerun-if-env-changed=OPENSSL_INCLUDE_DIR
[INFO] [stderr]   OPENSSL_INCLUDE_DIR unset
[INFO] [stderr]   cargo:rerun-if-env-changed=X86_64_UNKNOWN_LINUX_GNU_OPENSSL_DIR
[INFO] [stderr]   X86_64_UNKNOWN_LINUX_GNU_OPENSSL_DIR unset
[INFO] [stderr]   cargo:rerun-if-env-changed=OPENSSL_DIR
[INFO] [stderr]   OPENSSL_DIR unset
[INFO] [stderr]   cargo:rustc-link-lib=ssl
[INFO] [stderr]   cargo:rustc-link-lib=crypto
[INFO] [stderr]   OPT_LEVEL = Some("0")
[INFO] [stderr]   TARGET = Some("x86_64-unknown-linux-gnu")
[INFO] [stderr]   HOST = Some("x86_64-unknown-linux-gnu")
[INFO] [stderr]   CC_x86_64-unknown-linux-gnu = None
[INFO] [stderr]   CC_x86_64_unknown_linux_gnu = None
[INFO] [stderr]   HOST_CC = None
[INFO] [stderr]   CC = None
[INFO] [stderr]   CFLAGS_x86_64-unknown-linux-gnu = None
[INFO] [stderr]   CFLAGS_x86_64_unknown_linux_gnu = None
[INFO] [stderr]   HOST_CFLAGS = None
[INFO] [stderr]   CFLAGS = None
[INFO] [stderr]   DEBUG = Some("true")
[INFO] [stderr]   running: "cc" "-O0" "-ffunction-sections" "-fdata-sections" "-fPIC" "-g" "-fno-omit-frame-pointer" "-m64" "-Wall" "-Wextra" "-E" "build/expando.c"
[INFO] [stderr]   cargo:warning=build/expando.c:4:24: error: pasting "RUST_VERSION_OPENSSL_" and "(" does not give a valid preprocessing token
[INFO] [stderr]   cargo:warning=    4 | #define VERSION2(n, v) RUST_VERSION_##n##_##v
[INFO] [stderr]   cargo:warning=      |                        ^~~~~~~~~~~~~
[INFO] [stderr]   cargo:warning=build/expando.c:5:23: note: in expansion of macro 'VERSION2'
[INFO] [stderr]   cargo:warning=    5 | #define VERSION(n, v) VERSION2(n, v)
[INFO] [stderr]   cargo:warning=      |                       ^~~~~~~~
[INFO] [stderr]   cargo:warning=build/expando.c:10:1: note: in expansion of macro 'VERSION'
[INFO] [stderr]   cargo:warning=   10 | VERSION(OPENSSL, OPENSSL_VERSION_NUMBER)
[INFO] [stderr]   cargo:warning=      | ^~~~~~~
[INFO] [stderr]   exit status: 1
[INFO] [stderr] 
[INFO] [stderr]   --- stderr
[INFO] [stderr]   thread 'main' panicked at '
[INFO] [stderr]   Header expansion error:
[INFO] [stderr]   Error { kind: ToolExecError, message: "Command \"cc\" \"-O0\" \"-ffunction-sections\" \"-fdata-sections\" \"-fPIC\" \"-g\" \"-fno-omit-frame-pointer\" \"-m64\" \"-Wall\" \"-Wextra\" \"-E\" \"build/expando.c\" with args \"cc\" did not execute successfully (status code exit status: 1)." }
[INFO] [stderr] 
[INFO] [stderr]   Failed to find OpenSSL development headers.
[INFO] [stderr] 
[INFO] [stderr]   You can try fixing this setting the `OPENSSL_DIR` environment variable
[INFO] [stderr]   pointing to your OpenSSL installation or installing OpenSSL headers package
[INFO] [stderr]   specific to your distribution:
[INFO] [stderr] 
[INFO] [stderr]       # On Ubuntu
[INFO] [stderr]       sudo apt-get install libssl-dev
[INFO] [stderr]       # On Arch Linux
[INFO] [stderr]       sudo pacman -S openssl
[INFO] [stderr]       # On Fedora
[INFO] [stderr]       sudo dnf install openssl-devel
[INFO] [stderr] 
[INFO] [stderr]   See rust-openssl README for more information:
[INFO] [stderr] 
[INFO] [stderr]       https://github.com/sfackler/rust-openssl#linux
[INFO] [stderr]   ', /opt/rustwide/cargo-home/registry/src/github.com-1ecc6299db9ec823/openssl-sys-0.9.46/build/main.rs:126:13
[INFO] [stderr]   stack backtrace:
[INFO] [stderr]      0:     0x557e75f564ea - std::backtrace_rs::backtrace::libunwind::trace::ha9053a9a07ca49cb
[INFO] [stderr]                                  at /rustc/84c898d65adf2f39a5a98507f1fe0ce10a2b8dbc/library/std/src/../../backtrace/src/backtrace/libunwind.rs:93:5
[INFO] [stderr]      1:     0x557e75f564ea - std::backtrace_rs::backtrace::trace_unsynchronized::h9c2852a457ad564e
[INFO] [stderr]                                  at /rustc/84c898d65adf2f39a5a98507f1fe0ce10a2b8dbc/library/std/src/../../backtrace/src/backtrace/mod.rs:66:5
[INFO] [stderr]      2:     0x557e75f564ea - std::sys_common::backtrace::_print_fmt::h457936fbfaa0070f
[INFO] [stderr]                                  at /rustc/84c898d65adf2f39a5a98507f1fe0ce10a2b8dbc/library/std/src/sys_common/backtrace.rs:65:5
[INFO] [stderr]      3:     0x557e75f564ea - <std::sys_common::backtrace::_print::DisplayBacktrace as core::fmt::Display>::fmt::h5779d7bf7f70cb0c
[INFO] [stderr]                                  at /rustc/84c898d65adf2f39a5a98507f1fe0ce10a2b8dbc/library/std/src/sys_common/backtrace.rs:44:22
[INFO] [stderr]      4:     0x557e75f765fe - core::fmt::write::h5a4baaff1bcd3eb5
[INFO] [stderr]                                  at /rustc/84c898d65adf2f39a5a98507f1fe0ce10a2b8dbc/library/core/src/fmt/mod.rs:1232:17
[INFO] [stderr]      5:     0x557e75f53a85 - std::io::Write::write_fmt::h4bc1f301cb9e9cce
[INFO] [stderr]                                  at /rustc/84c898d65adf2f39a5a98507f1fe0ce10a2b8dbc/library/std/src/io/mod.rs:1684:15
[INFO] [stderr]      6:     0x557e75f562b5 - std::sys_common::backtrace::_print::h5fcdc36060f177e8
[INFO] [stderr]                                  at /rustc/84c898d65adf2f39a5a98507f1fe0ce10a2b8dbc/library/std/src/sys_common/backtrace.rs:47:5
[INFO] [stderr]      7:     0x557e75f562b5 - std::sys_common::backtrace::print::h54ca9458b876c8bf
[INFO] [stderr]                                  at /rustc/84c898d65adf2f39a5a98507f1fe0ce10a2b8dbc/library/std/src/sys_common/backtrace.rs:34:9
[INFO] [stderr]      8:     0x557e75f57c8f - std::panicking::default_hook::{{closure}}::hbe471161c7664ed6
[INFO] [stderr]                                  at /rustc/84c898d65adf2f39a5a98507f1fe0ce10a2b8dbc/library/std/src/panicking.rs:271:22
[INFO] [stderr]      9:     0x557e75f579cb - std::panicking::default_hook::ha3500da57aa4ac4f
[INFO] [stderr]                                  at /rustc/84c898d65adf2f39a5a98507f1fe0ce10a2b8dbc/library/std/src/panicking.rs:290:9
[INFO] [stderr]     10:     0x557e75f58238 - std::panicking::rust_panic_with_hook::h50c09d000dc561d2
[INFO] [stderr]                                  at /rustc/84c898d65adf2f39a5a98507f1fe0ce10a2b8dbc/library/std/src/panicking.rs:692:13
[INFO] [stderr]     11:     0x557e75f58139 - std::panicking::begin_panic_handler::{{closure}}::h9e2b2176e00e0d9c
[INFO] [stderr]                                  at /rustc/84c898d65adf2f39a5a98507f1fe0ce10a2b8dbc/library/std/src/panicking.rs:583:13
[INFO] [stderr]     12:     0x557e75f56956 - std::sys_common::backtrace::__rust_end_short_backtrace::h5739b8e512c09d02
[INFO] [stderr]                                  at /rustc/84c898d65adf2f39a5a98507f1fe0ce10a2b8dbc/library/std/src/sys_common/backtrace.rs:150:18
[INFO] [stderr]     13:     0x557e75f57e42 - rust_begin_unwind
[INFO] [stderr]                                  at /rustc/84c898d65adf2f39a5a98507f1fe0ce10a2b8dbc/library/std/src/panicking.rs:579:5
[INFO] [stderr]     14:     0x557e75ec87c3 - core::panicking::panic_fmt::hf33a1475b4dc5c3e
[INFO] [stderr]                                  at /rustc/84c898d65adf2f39a5a98507f1fe0ce10a2b8dbc/library/core/src/panicking.rs:64:14
[INFO] [stderr]     15:     0x557e75ecfc78 - build_script_main::validate_headers::h429fc5a6ec45f368
[INFO] [stderr]     16:     0x557e75ed3930 - build_script_main::find::try_pkg_config::haf238334899c0200
[INFO] [stderr]     17:     0x557e75ed26d6 - build_script_main::find::find_openssl_dir::h993380aa5a4a4ec3
[INFO] [stderr]     18:     0x557e75ed2522 - build_script_main::find::get_openssl::{{closure}}::haaf4e7e15861ee74
[INFO] [stderr]     19:     0x557e75ecdc9a - core::option::Option<T>::unwrap_or_else::h51e05473896f2fff
[INFO] [stderr]     20:     0x557e75ed2220 - build_script_main::find::get_openssl::hd72fc11a9c87189e
[INFO] [stderr]     21:     0x557e75ecead5 - build_script_main::main::h3e3a2cc022f7a75e
[INFO] [stderr]     22:     0x557e75eccd63 - core::ops::function::FnOnce::call_once::h7dc2fc3bccc75f94
[INFO] [stderr]     23:     0x557e75ed51d9 - std::sys_common::backtrace::__rust_begin_short_backtrace::h1ac5c879d9f74da3
[INFO] [stderr]     24:     0x557e75eccc59 - std::rt::lang_start::{{closure}}::h7c4e10713447aeb2
[INFO] [stderr]     25:     0x557e75f505fc - core::ops::function::impls::<impl core::ops::function::FnOnce<A> for &F>::call_once::hd6efcd3bec896f2c
[INFO] [stderr]                                  at /rustc/84c898d65adf2f39a5a98507f1fe0ce10a2b8dbc/library/core/src/ops/function.rs:287:13
[INFO] [stderr]     26:     0x557e75f505fc - std::panicking::try::do_call::hce04e543bb1f4cbb
[INFO] [stderr]                                  at /rustc/84c898d65adf2f39a5a98507f1fe0ce10a2b8dbc/library/std/src/panicking.rs:487:40
[INFO] [stderr]     27:     0x557e75f505fc - std::panicking::try::h3342dd4e1f680968
[INFO] [stderr]                                  at /rustc/84c898d65adf2f39a5a98507f1fe0ce10a2b8dbc/library/std/src/panicking.rs:451:19
[INFO] [stderr]     28:     0x557e75f505fc - std::panic::catch_unwind::h148ce1e59ac0cee7
[INFO] [stderr]                                  at /rustc/84c898d65adf2f39a5a98507f1fe0ce10a2b8dbc/library/std/src/panic.rs:140:14
[INFO] [stderr]     29:     0x557e75f505fc - std::rt::lang_start_internal::{{closure}}::h25f9dda2057a67fe
[INFO] [stderr]                                  at /rustc/84c898d65adf2f39a5a98507f1fe0ce10a2b8dbc/library/std/src/rt.rs:148:48
[INFO] [stderr]     30:     0x557e75f505fc - std::panicking::try::do_call::h7caaaeaf9401650b
[INFO] [stderr]                                  at /rustc/84c898d65adf2f39a5a98507f1fe0ce10a2b8dbc/library/std/src/panicking.rs:487:40
[INFO] [stderr]     31:     0x557e75f505fc - std::panicking::try::he7d15285746cbbc2
[INFO] [stderr]                                  at /rustc/84c898d65adf2f39a5a98507f1fe0ce10a2b8dbc/library/std/src/panicking.rs:451:19
[INFO] [stderr]     32:     0x557e75f505fc - std::panic::catch_unwind::h89fb4f50c0301fe0
[INFO] [stderr]                                  at /rustc/84c898d65adf2f39a5a98507f1fe0ce10a2b8dbc/library/std/src/panic.rs:140:14
[INFO] [stderr]     33:     0x557e75f505fc - std::rt::lang_start_internal::h078acd489417d3c1
[INFO] [stderr]                                  at /rustc/84c898d65adf2f39a5a98507f1fe0ce10a2b8dbc/library/std/src/rt.rs:148:20
[INFO] [stderr]     34:     0x557e75eccc37 - std::rt::lang_start::h440ef964108a6d6a
[INFO] [stderr]     35:     0x557e75ed18e5 - main
[INFO] [stderr]     36:     0x7f272655ed90 - <unknown>
[INFO] [stderr]     37:     0x7f272655ee40 - __libc_start_main
[INFO] [stderr]     38:     0x557e75ec8d45 - _start
[INFO] [stderr]     39:                0x0 - <unknown>
[INFO] [stderr] warning: build failed, waiting for other jobs to finish...
[INFO] running `Command { std: "docker" "inspect" "b6a0852086de14abf97d6f2b3960952500ed85bd7fdc0e687a60abcffdd45da8", kill_on_drop: false }`
[INFO] running `Command { std: "docker" "rm" "-f" "b6a0852086de14abf97d6f2b3960952500ed85bd7fdc0e687a60abcffdd45da8", kill_on_drop: false }`
[INFO] [stdout] b6a0852086de14abf97d6f2b3960952500ed85bd7fdc0e687a60abcffdd45da8
