[INFO] cloning repository https://github.com/jkcclemens/msyt
[INFO] running `Command { std: "git" "-c" "credential.helper=" "-c" "credential.helper=/workspace/cargo-home/bin/git-credential-null" "clone" "--bare" "https://github.com/jkcclemens/msyt" "/workspace/cache/git-repos/https%3A%2F%2Fgithub.com%2Fjkcclemens%2Fmsyt", kill_on_drop: false }`
[INFO] [stderr] Cloning into bare repository '/workspace/cache/git-repos/https%3A%2F%2Fgithub.com%2Fjkcclemens%2Fmsyt'...
[INFO] running `Command { std: "git" "rev-parse" "HEAD", kill_on_drop: false }`
[INFO] [stdout] 5789bc3c2f0747adc096afb6a2c716f87dbd7b4d
[INFO] documenting jkcclemens/msyt against 1.69.0 for beta-1.70-rustdoc-1
[INFO] running `Command { std: "git" "clone" "/workspace/cache/git-repos/https%3A%2F%2Fgithub.com%2Fjkcclemens%2Fmsyt" "/workspace/builds/worker-1-tc1/source", kill_on_drop: false }`
[INFO] [stderr] Cloning into '/workspace/builds/worker-1-tc1/source'...
[INFO] [stderr] done.
[INFO] validating manifest of git repo https://github.com/jkcclemens/msyt on toolchain 1.69.0
[INFO] running `Command { std: CARGO_HOME="/workspace/cargo-home" RUSTUP_HOME="/workspace/rustup-home" "/workspace/cargo-home/bin/cargo" "+1.69.0" "metadata" "--manifest-path" "Cargo.toml" "--no-deps", kill_on_drop: false }`
[INFO] started tweaking git repo https://github.com/jkcclemens/msyt
[INFO] finished tweaking git repo https://github.com/jkcclemens/msyt
[INFO] tweaked toml for git repo https://github.com/jkcclemens/msyt written to /workspace/builds/worker-1-tc1/source/Cargo.toml
[INFO] crate git repo https://github.com/jkcclemens/msyt already has a lockfile, it will not be regenerated
[INFO] running `Command { std: CARGO_HOME="/workspace/cargo-home" RUSTUP_HOME="/workspace/rustup-home" "/workspace/cargo-home/bin/cargo" "+1.69.0" "fetch" "--manifest-path" "Cargo.toml", kill_on_drop: false }`
[INFO] [stderr]     Updating git repository `https://github.com/jkcclemens/msbt-rs`
[INFO] [stderr]  Downloading crates ...
[INFO] [stderr]   Downloaded byteordered v0.4.0
[INFO] [stderr]   Downloaded serde_yaml v0.8.8
[INFO] running `Command { std: "docker" "create" "-v" "/var/lib/crater-agent-workspace/builds/worker-1-tc1/target:/opt/rustwide/target:rw,Z" "-v" "/var/lib/crater-agent-workspace/builds/worker-1-tc1/source:/opt/rustwide/workdir:ro,Z" "-v" "/var/lib/crater-agent-workspace/cargo-home:/opt/rustwide/cargo-home:ro,Z" "-v" "/var/lib/crater-agent-workspace/rustup-home:/opt/rustwide/rustup-home:ro,Z" "-e" "SOURCE_DIR=/opt/rustwide/workdir" "-e" "CARGO_TARGET_DIR=/opt/rustwide/target" "-e" "CARGO_HOME=/opt/rustwide/cargo-home" "-e" "RUSTUP_HOME=/opt/rustwide/rustup-home" "-w" "/opt/rustwide/workdir" "-m" "1610612736" "--user" "0:0" "--network" "none" "ghcr.io/rust-lang/crates-build-env/linux@sha256:5ff2268d62e97bff2cde7d5815dd6ed5b47097566f13b8d0ca110b04b60e07ed" "/opt/rustwide/cargo-home/bin/cargo" "+1.69.0" "metadata" "--no-deps" "--format-version=1", kill_on_drop: false }`
[INFO] [stdout] d17b70cdd0b46076df22903458f5f20808dcf2cd28c74f9f09cd27a6b5dc62c5
[INFO] running `Command { std: "docker" "start" "-a" "d17b70cdd0b46076df22903458f5f20808dcf2cd28c74f9f09cd27a6b5dc62c5", kill_on_drop: false }`
[INFO] running `Command { std: "docker" "inspect" "d17b70cdd0b46076df22903458f5f20808dcf2cd28c74f9f09cd27a6b5dc62c5", kill_on_drop: false }`
[INFO] running `Command { std: "docker" "rm" "-f" "d17b70cdd0b46076df22903458f5f20808dcf2cd28c74f9f09cd27a6b5dc62c5", kill_on_drop: false }`
[INFO] [stdout] d17b70cdd0b46076df22903458f5f20808dcf2cd28c74f9f09cd27a6b5dc62c5
[INFO] running `Command { std: "docker" "create" "-v" "/var/lib/crater-agent-workspace/builds/worker-1-tc1/target:/opt/rustwide/target:rw,Z" "-v" "/var/lib/crater-agent-workspace/builds/worker-1-tc1/source:/opt/rustwide/workdir:ro,Z" "-v" "/var/lib/crater-agent-workspace/cargo-home:/opt/rustwide/cargo-home:ro,Z" "-v" "/var/lib/crater-agent-workspace/rustup-home:/opt/rustwide/rustup-home:ro,Z" "-e" "SOURCE_DIR=/opt/rustwide/workdir" "-e" "CARGO_TARGET_DIR=/opt/rustwide/target" "-e" "CARGO_INCREMENTAL=0" "-e" "RUST_BACKTRACE=full" "-e" "RUSTFLAGS=--cap-lints=warn" "-e" "RUSTDOCFLAGS=--cap-lints=warn" "-e" "CARGO_HOME=/opt/rustwide/cargo-home" "-e" "RUSTUP_HOME=/opt/rustwide/rustup-home" "-w" "/opt/rustwide/workdir" "-m" "1610612736" "--user" "0:0" "--network" "none" "ghcr.io/rust-lang/crates-build-env/linux@sha256:5ff2268d62e97bff2cde7d5815dd6ed5b47097566f13b8d0ca110b04b60e07ed" "/opt/rustwide/cargo-home/bin/cargo" "+1.69.0" "doc" "--frozen" "--no-deps" "--document-private-items" "--message-format=json", kill_on_drop: false }`
[INFO] [stdout] 8582555d9c5f33521962370de6faf117c3feecb9d4a7c8986b55ee7d4776a3ed
[INFO] running `Command { std: "docker" "start" "-a" "8582555d9c5f33521962370de6faf117c3feecb9d4a7c8986b55ee7d4776a3ed", kill_on_drop: false }`
[INFO] [stderr]    Compiling libc v0.2.50
[INFO] [stderr]    Compiling proc-macro2 v0.4.27
[INFO] [stderr]     Checking cfg-if v0.1.7
[INFO] [stderr]    Compiling unicode-xid v0.1.0
[INFO] [stderr]    Compiling syn v0.15.29
[INFO] [stderr]    Compiling cc v1.0.31
[INFO] [stderr]    Compiling arrayvec v0.4.10
[INFO] [stderr]    Compiling autocfg v0.1.2
[INFO] [stderr]    Compiling byteorder v1.3.1
[INFO] [stderr]     Checking nodrop v0.1.13
[INFO] [stderr]     Checking crossbeam-utils v0.2.2
[INFO] [stderr]    Compiling backtrace v0.3.14
[INFO] [stderr]    Compiling serde v1.0.89
[INFO] [stderr]    Compiling failure_derive v0.1.5
[INFO] [stderr]     Checking scopeguard v0.3.3
[INFO] [stderr]    Compiling rayon-core v1.4.1
[INFO] [stderr]     Checking memoffset v0.2.1
[INFO] [stderr]     Checking lazy_static v1.3.0
[INFO] [stderr]     Checking crossbeam-epoch v0.3.1
[INFO] [stderr]     Checking rustc-demangle v0.1.13
[INFO] [stderr]    Compiling quote v0.6.11
[INFO] [stderr]     Checking num_cpus v1.10.0
[INFO] [stderr]     Checking unicode-width v0.1.5
[INFO] [stderr]    Compiling rayon v1.0.3
[INFO] [stderr]     Checking crossbeam-deque v0.2.0
[INFO] [stderr]     Checking linked-hash-map v0.5.2
[INFO] [stderr]    Compiling backtrace-sys v0.1.28
[INFO] [stderr]     Checking textwrap v0.10.0
[INFO] [stderr]     Checking byteordered v0.4.0
[INFO] [stderr]     Checking yaml-rust v0.4.3
[INFO] [stderr]     Checking atty v0.2.11
[INFO] [stderr]     Checking strsim v0.7.0
[INFO] [stderr]     Checking dtoa v0.4.3
[INFO] [stderr]     Checking same-file v1.0.4
[INFO] [stderr]     Checking either v1.5.1
[INFO] [stderr]     Checking bitflags v1.0.4
[INFO] [stderr]     Checking vec_map v0.8.1
[INFO] [stderr]     Checking ansi_term v0.11.0
[INFO] [stderr]     Checking walkdir v2.2.7
[INFO] [stderr]     Checking base64 v0.10.1
[INFO] [stderr]     Checking clap v2.32.0
[INFO] [stderr]    Compiling synstructure v0.10.1
[INFO] [stderr]    Compiling serde_derive v1.0.89
[INFO] [stderr]     Checking indexmap v1.0.2
[INFO] [stderr]     Checking serde_yaml v0.8.8
[INFO] [stderr]     Checking failure v0.1.5
[INFO] [stderr]     Checking msbt v0.1.0 (https://github.com/jkcclemens/msbt-rs#7bdb5031)
[INFO] [stdout] error[E0554]: `#![feature]` may not be used on the stable release channel
[INFO] [stdout]  --> /opt/rustwide/cargo-home/git/checkouts/msbt-rs-388c79d8058cbe92/7bdb503/src/lib.rs:1:12
[INFO] [stdout]   |
[INFO] [stdout] 1 | #![feature(vec_remove_item)]
[INFO] [stdout]   |            ^^^^^^^^^^^^^^^
[INFO] [stdout] 
[INFO] [stdout] 
[INFO] [stdout] error[E0635]: unknown feature `vec_remove_item`
[INFO] [stdout]  --> /opt/rustwide/cargo-home/git/checkouts/msbt-rs-388c79d8058cbe92/7bdb503/src/lib.rs:1:12
[INFO] [stdout]   |
[INFO] [stdout] 1 | #![feature(vec_remove_item)]
[INFO] [stdout]   |            ^^^^^^^^^^^^^^^
[INFO] [stdout] 
[INFO] [stdout] 
[INFO] [stdout] error[E0599]: no method named `remove_item` found for struct `Vec<SectionTag>` in the current scope
[INFO] [stdout]    --> /opt/rustwide/cargo-home/git/checkouts/msbt-rs-388c79d8058cbe92/7bdb503/src/builder.rs:203:24
[INFO] [stdout]     |
[INFO] [stdout] 203 |     self.section_order.remove_item(&SectionTag::Nli1);
[INFO] [stdout]     |                        ^^^^^^^^^^^ help: there is a method with a similar name: `remove`
[INFO] [stdout] 
[INFO] [stdout] 
[INFO] [stdout] error[E0599]: no method named `remove_item` found for struct `Vec<SectionTag>` in the current scope
[INFO] [stdout]    --> /opt/rustwide/cargo-home/git/checkouts/msbt-rs-388c79d8058cbe92/7bdb503/src/builder.rs:211:24
[INFO] [stdout]     |
[INFO] [stdout] 211 |     self.section_order.remove_item(&SectionTag::Ato1);
[INFO] [stdout]     |                        ^^^^^^^^^^^ help: there is a method with a similar name: `remove`
[INFO] [stdout] 
[INFO] [stdout] 
[INFO] [stdout] error[E0599]: no method named `remove_item` found for struct `Vec<SectionTag>` in the current scope
[INFO] [stdout]    --> /opt/rustwide/cargo-home/git/checkouts/msbt-rs-388c79d8058cbe92/7bdb503/src/builder.rs:219:24
[INFO] [stdout]     |
[INFO] [stdout] 219 |     self.section_order.remove_item(&SectionTag::Atr1);
[INFO] [stdout]     |                        ^^^^^^^^^^^ help: there is a method with a similar name: `remove`
[INFO] [stdout] 
[INFO] [stdout] 
[INFO] [stdout] error[E0599]: no method named `remove_item` found for struct `Vec<SectionTag>` in the current scope
[INFO] [stdout]    --> /opt/rustwide/cargo-home/git/checkouts/msbt-rs-388c79d8058cbe92/7bdb503/src/builder.rs:227:24
[INFO] [stdout]     |
[INFO] [stdout] 227 |     self.section_order.remove_item(&SectionTag::Tsy1);
[INFO] [stdout]     |                        ^^^^^^^^^^^ help: there is a method with a similar name: `remove`
[INFO] [stdout] 
[INFO] [stdout] 
[INFO] [stdout] error[E0599]: no method named `remove_item` found for struct `Vec<SectionTag>` in the current scope
[INFO] [stdout]    --> /opt/rustwide/cargo-home/git/checkouts/msbt-rs-388c79d8058cbe92/7bdb503/src/builder.rs:235:24
[INFO] [stdout]     |
[INFO] [stdout] 235 |     self.section_order.remove_item(&SectionTag::Txt2);
[INFO] [stdout]     |                        ^^^^^^^^^^^ help: there is a method with a similar name: `remove`
[INFO] [stdout] 
[INFO] [stdout] 
[INFO] [stdout] error: aborting due to 7 previous errors
[INFO] [stdout] 
[INFO] [stdout] 
[INFO] [stdout] Some errors have detailed explanations: E0554, E0599, E0635.
[INFO] [stdout] 
[INFO] [stdout] For more information about an error, try `rustc --explain E0554`.
[INFO] [stdout] 
[INFO] [stderr] error: could not compile `msbt` due to 8 previous errors
[INFO] [stderr] warning: build failed, waiting for other jobs to finish...
[INFO] running `Command { std: "docker" "inspect" "8582555d9c5f33521962370de6faf117c3feecb9d4a7c8986b55ee7d4776a3ed", kill_on_drop: false }`
[INFO] running `Command { std: "docker" "rm" "-f" "8582555d9c5f33521962370de6faf117c3feecb9d4a7c8986b55ee7d4776a3ed", kill_on_drop: false }`
[INFO] [stdout] 8582555d9c5f33521962370de6faf117c3feecb9d4a7c8986b55ee7d4776a3ed
