[INFO] cloning repository https://github.com/jkarns275/g
[INFO] running `Command { std: "git" "-c" "credential.helper=" "-c" "credential.helper=/workspace/cargo-home/bin/git-credential-null" "clone" "--bare" "https://github.com/jkarns275/g" "/workspace/cache/git-repos/https%3A%2F%2Fgithub.com%2Fjkarns275%2Fg", kill_on_drop: false }`
[INFO] [stderr] Cloning into bare repository '/workspace/cache/git-repos/https%3A%2F%2Fgithub.com%2Fjkarns275%2Fg'...
[INFO] running `Command { std: "git" "rev-parse" "HEAD", kill_on_drop: false }`
[INFO] [stdout] 9ec2a591bb7d73de01e1040a9cae36c47220735f
[INFO] documenting jkarns275/g against 1.69.0 for beta-1.70-rustdoc-1
[INFO] running `Command { std: "git" "clone" "/workspace/cache/git-repos/https%3A%2F%2Fgithub.com%2Fjkarns275%2Fg" "/workspace/builds/worker-1-tc1/source", kill_on_drop: false }`
[INFO] [stderr] Cloning into '/workspace/builds/worker-1-tc1/source'...
[INFO] [stderr] done.
[INFO] validating manifest of git repo https://github.com/jkarns275/g on toolchain 1.69.0
[INFO] running `Command { std: CARGO_HOME="/workspace/cargo-home" RUSTUP_HOME="/workspace/rustup-home" "/workspace/cargo-home/bin/cargo" "+1.69.0" "metadata" "--manifest-path" "Cargo.toml" "--no-deps", kill_on_drop: false }`
[INFO] started tweaking git repo https://github.com/jkarns275/g
[INFO] finished tweaking git repo https://github.com/jkarns275/g
[INFO] tweaked toml for git repo https://github.com/jkarns275/g written to /workspace/builds/worker-1-tc1/source/Cargo.toml
[INFO] crate git repo https://github.com/jkarns275/g already has a lockfile, it will not be regenerated
[INFO] running `Command { std: CARGO_HOME="/workspace/cargo-home" RUSTUP_HOME="/workspace/rustup-home" "/workspace/cargo-home/bin/cargo" "+1.69.0" "fetch" "--manifest-path" "Cargo.toml", kill_on_drop: false }`
[INFO] [stderr]  Downloading crates ...
[INFO] [stderr]   Downloaded scoped_threadpool v0.1.8
[INFO] [stderr]   Downloaded inflate v0.3.3
[INFO] [stderr]   Downloaded num-rational v0.1.40
[INFO] [stderr]   Downloaded deflate v0.7.17
[INFO] running `Command { std: "docker" "create" "-v" "/var/lib/crater-agent-workspace/builds/worker-1-tc1/target:/opt/rustwide/target:rw,Z" "-v" "/var/lib/crater-agent-workspace/builds/worker-1-tc1/source:/opt/rustwide/workdir:ro,Z" "-v" "/var/lib/crater-agent-workspace/cargo-home:/opt/rustwide/cargo-home:ro,Z" "-v" "/var/lib/crater-agent-workspace/rustup-home:/opt/rustwide/rustup-home:ro,Z" "-e" "SOURCE_DIR=/opt/rustwide/workdir" "-e" "CARGO_TARGET_DIR=/opt/rustwide/target" "-e" "CARGO_HOME=/opt/rustwide/cargo-home" "-e" "RUSTUP_HOME=/opt/rustwide/rustup-home" "-w" "/opt/rustwide/workdir" "-m" "1610612736" "--user" "0:0" "--network" "none" "ghcr.io/rust-lang/crates-build-env/linux@sha256:5ff2268d62e97bff2cde7d5815dd6ed5b47097566f13b8d0ca110b04b60e07ed" "/opt/rustwide/cargo-home/bin/cargo" "+1.69.0" "metadata" "--no-deps" "--format-version=1", kill_on_drop: false }`
[INFO] [stdout] 286bc251802fcdeb71b26594e0f3aa6471a54dd92154572993f0708aa154dccf
[INFO] running `Command { std: "docker" "start" "-a" "286bc251802fcdeb71b26594e0f3aa6471a54dd92154572993f0708aa154dccf", kill_on_drop: false }`
[INFO] running `Command { std: "docker" "inspect" "286bc251802fcdeb71b26594e0f3aa6471a54dd92154572993f0708aa154dccf", kill_on_drop: false }`
[INFO] running `Command { std: "docker" "rm" "-f" "286bc251802fcdeb71b26594e0f3aa6471a54dd92154572993f0708aa154dccf", kill_on_drop: false }`
[INFO] [stdout] 286bc251802fcdeb71b26594e0f3aa6471a54dd92154572993f0708aa154dccf
[INFO] running `Command { std: "docker" "create" "-v" "/var/lib/crater-agent-workspace/builds/worker-1-tc1/target:/opt/rustwide/target:rw,Z" "-v" "/var/lib/crater-agent-workspace/builds/worker-1-tc1/source:/opt/rustwide/workdir:ro,Z" "-v" "/var/lib/crater-agent-workspace/cargo-home:/opt/rustwide/cargo-home:ro,Z" "-v" "/var/lib/crater-agent-workspace/rustup-home:/opt/rustwide/rustup-home:ro,Z" "-e" "SOURCE_DIR=/opt/rustwide/workdir" "-e" "CARGO_TARGET_DIR=/opt/rustwide/target" "-e" "CARGO_INCREMENTAL=0" "-e" "RUST_BACKTRACE=full" "-e" "RUSTFLAGS=--cap-lints=warn" "-e" "RUSTDOCFLAGS=--cap-lints=warn" "-e" "CARGO_HOME=/opt/rustwide/cargo-home" "-e" "RUSTUP_HOME=/opt/rustwide/rustup-home" "-w" "/opt/rustwide/workdir" "-m" "1610612736" "--user" "0:0" "--network" "none" "ghcr.io/rust-lang/crates-build-env/linux@sha256:5ff2268d62e97bff2cde7d5815dd6ed5b47097566f13b8d0ca110b04b60e07ed" "/opt/rustwide/cargo-home/bin/cargo" "+1.69.0" "doc" "--frozen" "--no-deps" "--document-private-items" "--message-format=json", kill_on_drop: false }`
[INFO] [stdout] c7980950e0ffbc3bb66bd843a0967212600d91c5ae4024e3496ee7c7379b7106
[INFO] running `Command { std: "docker" "start" "-a" "c7980950e0ffbc3bb66bd843a0967212600d91c5ae4024e3496ee7c7379b7106", kill_on_drop: false }`
[INFO] [stderr]    Compiling libc v0.2.34
[INFO] [stderr]    Compiling num-traits v0.1.41
[INFO] [stderr]    Compiling either v1.4.0
[INFO] [stderr]    Compiling rayon-core v1.3.0
[INFO] [stderr]    Compiling scopeguard v0.3.3
[INFO] [stderr]    Compiling adler32 v1.0.2
[INFO] [stderr]    Compiling byteorder v1.2.1
[INFO] [stderr]    Compiling lazy_static v0.2.11
[INFO] [stderr]    Compiling inflate v0.3.3
[INFO] [stderr]    Compiling color_quant v1.0.0
[INFO] [stderr]    Compiling unicode-xid v0.0.4
[INFO] [stderr]    Compiling coco v0.1.1
[INFO] [stderr]    Compiling deflate v0.7.17
[INFO] [stderr]    Compiling bitflags v1.0.1
[INFO] [stderr]    Compiling lzw v0.10.0
[INFO] [stderr]    Compiling synom v0.11.3
[INFO] [stderr]    Compiling scoped_threadpool v0.1.8
[INFO] [stderr]    Compiling rand v0.3.18
[INFO] [stderr]    Compiling num-integer v0.1.35
[INFO] [stderr]    Compiling num_cpus v1.7.0
[INFO] [stderr]    Compiling enum_primitive v0.1.1
[INFO] [stderr]    Compiling gif v0.9.2
[INFO] [stderr]    Compiling num-iter v0.1.34
[INFO] [stderr]    Compiling num-rational v0.1.40
[INFO] [stderr]    Compiling quote v0.3.15
[INFO] [stderr]    Compiling g v0.1.0 (/opt/rustwide/workdir)
[INFO] [stderr]     Checking gbalib v0.1.0 (/opt/rustwide/workdir/gbalib)
[INFO] [stdout] error[E0557]: feature has been removed
[INFO] [stdout]  --> gbalib/src/lib.rs:1:63
[INFO] [stdout]   |
[INFO] [stdout] 1 | #![feature(i128_type, asm, lang_items, core, core_intrinsics, const_fn, untagged_unions, arbitrary_self_types)]
[INFO] [stdout]   |                                                               ^^^^^^^^ feature has been removed
[INFO] [stdout]   |
[INFO] [stdout]   = note: split into finer-grained feature gates
[INFO] [stdout] 
[INFO] [stdout] 
[INFO] [stdout] error[E0557]: feature has been removed
[INFO] [stdout]  --> gbalib/src/lib.rs:1:73
[INFO] [stdout]   |
[INFO] [stdout] 1 | #![feature(i128_type, asm, lang_items, core, core_intrinsics, const_fn, untagged_unions, arbitrary_self_types)]
[INFO] [stdout]   |                                                                         ^^^^^^^^^^^^^^^ feature has been removed
[INFO] [stdout]   |
[INFO] [stdout]   = note: unions with `Copy` and `ManuallyDrop` fields are stable; there is no intent to stabilize more
[INFO] [stdout] 
[INFO] [stdout] 
[INFO] [stdout] error: cannot find macro `asm` in this scope
[INFO] [stdout]   --> gbalib/src/collections/arr.rs:42:13
[INFO] [stdout]    |
[INFO] [stdout] 42 |             asm!("mov $0, $1"
[INFO] [stdout]    |             ^^^
[INFO] [stdout]    |
[INFO] [stdout]    = help: consider importing this macro:
[INFO] [stdout]            core::arch::asm
[INFO] [stdout] 
[INFO] [stdout] 
[INFO] [stdout] error: cannot find macro `asm` in this scope
[INFO] [stdout]   --> gbalib/src/collections/arr.rs:61:13
[INFO] [stdout]    |
[INFO] [stdout] 61 |             asm!("mov $0, $1"
[INFO] [stdout]    |             ^^^
[INFO] [stdout]    |
[INFO] [stdout]    = help: consider importing this macro:
[INFO] [stdout]            core::arch::asm
[INFO] [stdout] 
[INFO] [stdout] 
[INFO] [stdout] error[E0554]: `#![feature]` may not be used on the stable release channel
[INFO] [stdout]  --> gbalib/src/lib.rs:1:1
[INFO] [stdout]   |
[INFO] [stdout] 1 | #![feature(i128_type, asm, lang_items, core, core_intrinsics, const_fn, untagged_unions, arbitrary_self_types)]
[INFO] [stdout]   | ^^^^^^^^^^^^^^^^^^^^^^^^^^^^^^^^^^^^^^^^^^^^^^^^^^^^^^^^^^^^^^^^^^^^^^^^^^^^^^^^^^^^^^^^^^^^^^^^^^^^^^^^^^^^^^^
[INFO] [stdout]   |
[INFO] [stdout]   = help: the feature `i128_type` has been stable since `1.26.0` and no longer requires an attribute to enable
[INFO] [stdout] 
[INFO] [stdout] 
[INFO] [stdout] warning: unused imports: `alloc`, `free`
[INFO] [stdout]  --> gbalib/src/collections/static_arr.rs:5:14
[INFO] [stdout]   |
[INFO] [stdout] 5 | use alloc::{ alloc, free };
[INFO] [stdout]   |              ^^^^^  ^^^^
[INFO] [stdout]   |
[INFO] [stdout]   = note: `#[warn(unused_imports)]` on by default
[INFO] [stdout] 
[INFO] [stdout] 
[INFO] [stdout] warning: unused import: `transmute`
[INFO] [stdout]  --> gbalib/src/mem/mod.rs:2:27
[INFO] [stdout]   |
[INFO] [stdout] 2 | use core::mem::{ size_of, transmute };
[INFO] [stdout]   |                           ^^^^^^^^^
[INFO] [stdout] 
[INFO] [stdout] 
[INFO] [stdout] warning: unused import: `core::mem`
[INFO] [stdout]  --> gbalib/src/graphics/sprites.rs:2:5
[INFO] [stdout]   |
[INFO] [stdout] 2 | use core::mem;
[INFO] [stdout]   |     ^^^^^^^^^
[INFO] [stdout] 
[INFO] [stdout] 
[INFO] [stdout] warning: unused import: `collections::Arr`
[INFO] [stdout]  --> gbalib/src/graphics/sprites.rs:3:5
[INFO] [stdout]   |
[INFO] [stdout] 3 | use collections::Arr;
[INFO] [stdout]   |     ^^^^^^^^^^^^^^^^
[INFO] [stdout] 
[INFO] [stdout] 
[INFO] [stdout] warning: the feature `i128_type` has been stable since 1.26.0 and no longer requires an attribute to enable
[INFO] [stdout]  --> gbalib/src/lib.rs:1:12
[INFO] [stdout]   |
[INFO] [stdout] 1 | #![feature(i128_type, asm, lang_items, core, core_intrinsics, const_fn, untagged_unions, arbitrary_self_types)]
[INFO] [stdout]   |            ^^^^^^^^^
[INFO] [stdout]   |
[INFO] [stdout]   = note: `#[warn(stable_features)]` on by default
[INFO] [stdout] 
[INFO] [stdout] 
[INFO] [stdout] error[E0554]: `#![feature]` may not be used on the stable release channel
[INFO] [stdout]  --> gbalib/src/lib.rs:1:23
[INFO] [stdout]   |
[INFO] [stdout] 1 | #![feature(i128_type, asm, lang_items, core, core_intrinsics, const_fn, untagged_unions, arbitrary_self_types)]
[INFO] [stdout]   |                       ^^^
[INFO] [stdout] 
[INFO] [stdout] 
[INFO] [stdout] error[E0554]: `#![feature]` may not be used on the stable release channel
[INFO] [stdout]  --> gbalib/src/lib.rs:1:40
[INFO] [stdout]   |
[INFO] [stdout] 1 | #![feature(i128_type, asm, lang_items, core, core_intrinsics, const_fn, untagged_unions, arbitrary_self_types)]
[INFO] [stdout]   |                                        ^^^^
[INFO] [stdout] 
[INFO] [stdout] 
[INFO] [stdout] error[E0554]: `#![feature]` may not be used on the stable release channel
[INFO] [stdout]  --> gbalib/src/lib.rs:1:46
[INFO] [stdout]   |
[INFO] [stdout] 1 | #![feature(i128_type, asm, lang_items, core, core_intrinsics, const_fn, untagged_unions, arbitrary_self_types)]
[INFO] [stdout]   |                                              ^^^^^^^^^^^^^^^
[INFO] [stdout] 
[INFO] [stdout] 
[INFO] [stdout] warning: the feature `asm` has been stable since 1.59.0 and no longer requires an attribute to enable
[INFO] [stdout]  --> gbalib/src/lib.rs:1:23
[INFO] [stdout]   |
[INFO] [stdout] 1 | #![feature(i128_type, asm, lang_items, core, core_intrinsics, const_fn, untagged_unions, arbitrary_self_types)]
[INFO] [stdout]   |                       ^^^
[INFO] [stdout] 
[INFO] [stdout] 
[INFO] [stdout] warning: the feature `core` has been stable since 1.6.0 and no longer requires an attribute to enable
[INFO] [stdout]  --> gbalib/src/lib.rs:1:40
[INFO] [stdout]   |
[INFO] [stdout] 1 | #![feature(i128_type, asm, lang_items, core, core_intrinsics, const_fn, untagged_unions, arbitrary_self_types)]
[INFO] [stdout]   |                                        ^^^^
[INFO] [stdout] 
[INFO] [stdout] 
[INFO] [stdout] error[E0152]: found duplicate lang item `panic_fmt`
[INFO] [stdout]  --> gbalib/src/lang.rs:5:1
[INFO] [stdout]   |
[INFO] [stdout] 5 | / pub extern fn panic_fmt(_args: &core::fmt::Arguments,
[INFO] [stdout] 6 | |                     _file: &str,
[INFO] [stdout] 7 | |                     _line: u32) -> ! {
[INFO] [stdout]   | |____________________________________^
[INFO] [stdout]   |
[INFO] [stdout]   = note: the lang item is first defined in crate `core` (which `gbalib` depends on)
[INFO] [stdout]   = note: first definition in `core` loaded from /opt/rustwide/rustup-home/toolchains/1.69.0-x86_64-unknown-linux-gnu/lib/rustlib/x86_64-unknown-linux-gnu/lib/libcore-7e2768e66e984e85.rlib
[INFO] [stdout]   = note: second definition in the local crate (`gbalib`)
[INFO] [stdout] 
[INFO] [stdout] 
[INFO] [stdout] error: aborting due to 9 previous errors; 7 warnings emitted
[INFO] [stdout] 
[INFO] [stdout] 
[INFO] [stdout] Some errors have detailed explanations: E0152, E0554, E0557.
[INFO] [stdout] 
[INFO] [stdout] For more information about an error, try `rustc --explain E0152`.
[INFO] [stdout] 
[INFO] [stderr] error: could not compile `gbalib` due to 10 previous errors; 7 warnings emitted
[INFO] [stderr] warning: build failed, waiting for other jobs to finish...
[INFO] running `Command { std: "docker" "inspect" "c7980950e0ffbc3bb66bd843a0967212600d91c5ae4024e3496ee7c7379b7106", kill_on_drop: false }`
[INFO] running `Command { std: "docker" "rm" "-f" "c7980950e0ffbc3bb66bd843a0967212600d91c5ae4024e3496ee7c7379b7106", kill_on_drop: false }`
[INFO] [stdout] c7980950e0ffbc3bb66bd843a0967212600d91c5ae4024e3496ee7c7379b7106
