[INFO] cloning repository https://github.com/jix/minimal_models_example
[INFO] running `Command { std: "git" "-c" "credential.helper=" "-c" "credential.helper=/workspace/cargo-home/bin/git-credential-null" "clone" "--bare" "https://github.com/jix/minimal_models_example" "/workspace/cache/git-repos/https%3A%2F%2Fgithub.com%2Fjix%2Fminimal_models_example", kill_on_drop: false }`
[INFO] [stderr] Cloning into bare repository '/workspace/cache/git-repos/https%3A%2F%2Fgithub.com%2Fjix%2Fminimal_models_example'...
[INFO] running `Command { std: "git" "rev-parse" "HEAD", kill_on_drop: false }`
[INFO] [stdout] 28573917cfd0af8ce8c0a115f172668dbdbb14c5
[INFO] documenting jix/minimal_models_example against beta-2023-04-20 for beta-1.70-rustdoc-1
[INFO] running `Command { std: "git" "clone" "/workspace/cache/git-repos/https%3A%2F%2Fgithub.com%2Fjix%2Fminimal_models_example" "/workspace/builds/worker-6-tc2/source", kill_on_drop: false }`
[INFO] [stderr] Cloning into '/workspace/builds/worker-6-tc2/source'...
[INFO] [stderr] done.
[INFO] validating manifest of git repo https://github.com/jix/minimal_models_example on toolchain beta-2023-04-20
[INFO] running `Command { std: CARGO_HOME="/workspace/cargo-home" RUSTUP_HOME="/workspace/rustup-home" "/workspace/cargo-home/bin/cargo" "+beta-2023-04-20" "metadata" "--manifest-path" "Cargo.toml" "--no-deps", kill_on_drop: false }`
[INFO] started tweaking git repo https://github.com/jix/minimal_models_example
[INFO] finished tweaking git repo https://github.com/jix/minimal_models_example
[INFO] tweaked toml for git repo https://github.com/jix/minimal_models_example written to /workspace/builds/worker-6-tc2/source/Cargo.toml
[INFO] crate git repo https://github.com/jix/minimal_models_example already has a lockfile, it will not be regenerated
[INFO] running `Command { std: CARGO_HOME="/workspace/cargo-home" RUSTUP_HOME="/workspace/rustup-home" "/workspace/cargo-home/bin/cargo" "+beta-2023-04-20" "fetch" "--manifest-path" "Cargo.toml", kill_on_drop: false }`
[INFO] [stderr]     Updating crates.io index
[INFO] [stderr]  Downloading crates ...
[INFO] [stderr]   Downloaded cryptominisat v5.8.0
[INFO] running `Command { std: "docker" "create" "-v" "/var/lib/crater-agent-workspace/builds/worker-6-tc2/target:/opt/rustwide/target:rw,Z" "-v" "/var/lib/crater-agent-workspace/builds/worker-6-tc2/source:/opt/rustwide/workdir:ro,Z" "-v" "/var/lib/crater-agent-workspace/cargo-home:/opt/rustwide/cargo-home:ro,Z" "-v" "/var/lib/crater-agent-workspace/rustup-home:/opt/rustwide/rustup-home:ro,Z" "-e" "SOURCE_DIR=/opt/rustwide/workdir" "-e" "CARGO_TARGET_DIR=/opt/rustwide/target" "-e" "CARGO_HOME=/opt/rustwide/cargo-home" "-e" "RUSTUP_HOME=/opt/rustwide/rustup-home" "-w" "/opt/rustwide/workdir" "-m" "1610612736" "--user" "0:0" "--network" "none" "ghcr.io/rust-lang/crates-build-env/linux@sha256:5ff2268d62e97bff2cde7d5815dd6ed5b47097566f13b8d0ca110b04b60e07ed" "/opt/rustwide/cargo-home/bin/cargo" "+beta-2023-04-20" "metadata" "--no-deps" "--format-version=1", kill_on_drop: false }`
[INFO] [stdout] 8a9282b7de4e7add90378cd5cac0f14bc81521a77ad2a0bf7487786ea491f28a
[INFO] running `Command { std: "docker" "start" "-a" "8a9282b7de4e7add90378cd5cac0f14bc81521a77ad2a0bf7487786ea491f28a", kill_on_drop: false }`
[INFO] running `Command { std: "docker" "inspect" "8a9282b7de4e7add90378cd5cac0f14bc81521a77ad2a0bf7487786ea491f28a", kill_on_drop: false }`
[INFO] running `Command { std: "docker" "rm" "-f" "8a9282b7de4e7add90378cd5cac0f14bc81521a77ad2a0bf7487786ea491f28a", kill_on_drop: false }`
[INFO] [stdout] 8a9282b7de4e7add90378cd5cac0f14bc81521a77ad2a0bf7487786ea491f28a
[INFO] running `Command { std: "docker" "create" "-v" "/var/lib/crater-agent-workspace/builds/worker-6-tc2/target:/opt/rustwide/target:rw,Z" "-v" "/var/lib/crater-agent-workspace/builds/worker-6-tc2/source:/opt/rustwide/workdir:ro,Z" "-v" "/var/lib/crater-agent-workspace/cargo-home:/opt/rustwide/cargo-home:ro,Z" "-v" "/var/lib/crater-agent-workspace/rustup-home:/opt/rustwide/rustup-home:ro,Z" "-e" "SOURCE_DIR=/opt/rustwide/workdir" "-e" "CARGO_TARGET_DIR=/opt/rustwide/target" "-e" "CARGO_INCREMENTAL=0" "-e" "RUST_BACKTRACE=full" "-e" "RUSTFLAGS=--cap-lints=warn" "-e" "RUSTDOCFLAGS=--cap-lints=warn" "-e" "CARGO_HOME=/opt/rustwide/cargo-home" "-e" "RUSTUP_HOME=/opt/rustwide/rustup-home" "-w" "/opt/rustwide/workdir" "-m" "1610612736" "--user" "0:0" "--network" "none" "ghcr.io/rust-lang/crates-build-env/linux@sha256:5ff2268d62e97bff2cde7d5815dd6ed5b47097566f13b8d0ca110b04b60e07ed" "/opt/rustwide/cargo-home/bin/cargo" "+beta-2023-04-20" "doc" "--frozen" "--no-deps" "--document-private-items" "--message-format=json", kill_on_drop: false }`
[INFO] [stdout] 2f1a7b1df71b6124b4b150c3a53bcbdf0ab07e1e72b4f234c45be3c719959047
[INFO] running `Command { std: "docker" "start" "-a" "2f1a7b1df71b6124b4b150c3a53bcbdf0ab07e1e72b4f234c45be3c719959047", kill_on_drop: false }`
[INFO] [stderr]    Compiling cc v1.0.66
[INFO] [stderr]    Compiling libc v0.2.81
[INFO] [stderr]    Compiling autocfg v1.0.1
[INFO] [stderr]    Compiling anyhow v1.0.37
[INFO] [stderr]     Checking hashbrown v0.9.1
[INFO] [stderr]    Compiling indexmap v1.6.1
[INFO] [stderr]    Compiling cmake v0.1.45
[INFO] [stderr]    Compiling cryptominisat v5.8.0
[INFO] [stderr] error: failed to run custom build command for `cryptominisat v5.8.0`
[INFO] [stderr] note: To improve backtraces for build dependencies, set the CARGO_PROFILE_DEV_BUILD_OVERRIDE_DEBUG=true environment variable to enable debug information generation.
[INFO] [stderr] 
[INFO] [stderr] Caused by:
[INFO] [stderr]   process didn't exit successfully: `/opt/rustwide/target/debug/build/cryptominisat-d665360a32f64208/build-script-build` (exit status: 101)
[INFO] [stderr]   --- stdout
[INFO] [stderr]   running: cd "/opt/rustwide/target/debug/build/cryptominisat-0870884b1be1d5ec/out/build" && CMAKE_PREFIX_PATH="" "cmake" "/opt/rustwide/cargo-home/registry/src/index.crates.io-6f17d22bba15001f/cryptominisat-5.8.0/cryptominisat" "-DCMAKE_BUILD_TYPE=Release" "-DSTATICCOMPILE=ON" "-DENABLE_PYTHON_INTERFACE=OFF" "-DONLY_SIMPLE=ON" "-DNOZLIB=ON" "-DNOM4RI=ON" "-DSTATS=OFF" "-DNOVALGRIND=ON" "-DENABLE_TESTING=OFF" "-DCMAKE_INSTALL_PREFIX=/opt/rustwide/target/debug/build/cryptominisat-0870884b1be1d5ec/out" "-DCMAKE_C_FLAGS= -ffunction-sections -fdata-sections -fPIC -m64" "-DCMAKE_C_COMPILER=/usr/bin/cc" "-DCMAKE_CXX_FLAGS= -ffunction-sections -fdata-sections -fPIC -m64" "-DCMAKE_CXX_COMPILER=/usr/bin/c++" "-DCMAKE_ASM_FLAGS= -ffunction-sections -fdata-sections -fPIC -m64" "-DCMAKE_ASM_COMPILER=/usr/bin/cc"
[INFO] [stderr]   -- The CXX compiler identification is GNU 11.3.0
[INFO] [stderr]   -- Detecting CXX compiler ABI info
[INFO] [stderr]   -- Detecting CXX compiler ABI info - done
[INFO] [stderr]   -- Check for working CXX compiler: /usr/bin/c++ - skipped
[INFO] [stderr]   -- Detecting CXX compile features
[INFO] [stderr]   -- Detecting CXX compile features - done
[INFO] [stderr]   -- LIB directory is ''
[INFO] [stderr]   -- BIN directory is ''
[INFO] [stderr]   -- Doing a Release build
[INFO] [stderr]   -- The C compiler identification is GNU 11.3.0
[INFO] [stderr]   -- Detecting C compiler ABI info
[INFO] [stderr]   -- Detecting C compiler ABI info - done
[INFO] [stderr]   -- Check for working C compiler: /usr/bin/cc - skipped
[INFO] [stderr]   -- Detecting C compile features
[INFO] [stderr]   -- Detecting C compile features - done
[INFO] [stderr]   -- Looking for pthread.h
[INFO] [stderr]   -- Looking for pthread.h - found
[INFO] [stderr]   -- Performing Test CMAKE_HAVE_LIBC_PTHREAD
[INFO] [stderr]   -- Performing Test CMAKE_HAVE_LIBC_PTHREAD - Success
[INFO] [stderr]   -- Found Threads: TRUE  
[INFO] [stderr]   -- Building with GAUSS enabled at every level
[INFO] [stderr]   -- build type is Release
[INFO] [stderr]   -- Performing Test HAVE_FLAG_-fno-stack-protector
[INFO] [stderr]   -- Performing Test HAVE_FLAG_-fno-stack-protector - Success
[INFO] [stderr]   -- Performing Test HAVE_FLAG_-fvisibility=hidden
[INFO] [stderr]   -- Performing Test HAVE_FLAG_-fvisibility=hidden - Success
[INFO] [stderr]   -- Compiling for static library use
[INFO] [stderr]   -- GIT hash found: GIT-notfound
[INFO] [stderr]   -- PROJECT_VERSION: 5.8.0
[INFO] [stderr]   -- PROJECT_VERSION_MAJOR: 5
[INFO] [stderr]   -- PROJECT_VERSION_MINOR: 8
[INFO] [stderr]   -- PROJECT_VERSION_PATCH: 0
[INFO] [stderr]   -- Found SQLITE3: /usr/lib/x86_64-linux-gnu/libsqlite3.a  
[INFO] [stderr]   -- OK, Found SQLITE3!
[INFO] [stderr]   -- Not compiling detailed statistics. The system is faster without them
[INFO] [stderr]   -- Cannot find help2man, not creating manpage
[INFO] [stderr]   -- Performing Test HAVE__FPU_SETCW
[INFO] [stderr]   -- Performing Test HAVE__FPU_SETCW - Success
[INFO] [stderr]   -- Found FPU code for yalsat: fpu_control.h, _FPU_SINGLE, _FPU_DOUBLE
[INFO] [stderr]   -- Could NOT find MPI_C (missing: MPI_mpi_LIBRARY MPI_C_WORKS) 
[INFO] [stderr]   -- Could NOT find MPI_CXX (missing: MPI_mpi_cxx_LIBRARY MPI_mpi_LIBRARY MPI_CXX_WORKS) 
[INFO] [stderr]   -- Could NOT find MPI (missing: MPI_C_FOUND MPI_CXX_FOUND) 
[INFO] [stderr]   -- No suitable C++ MPI implementation found. CryptoMiniSat will not be distributed.
[INFO] [stderr]   -- In case your Python interpreter is not found, or a wrong one is found, please set it with '-DPYTHON_EXECUTABLE:FILEPATH=your path here'
[INFO] [stderr]   -- Found PythonInterp: /usr/bin/python3 (found suitable version "3.10.6", minimum required is "3") 
[INFO] [stderr]   -- Found PythonLibs: /usr/lib/x86_64-linux-gnu/libpython3.10.a (found suitable version "3.10.6", minimum required is "3") 
[INFO] [stderr]   -- Python 3 -- PYTHON_EXECUTABLE=/usr/bin/python3
[INFO] [stderr]   -- Python 3 -- PYTHON_LIBRARIES=/usr/lib/x86_64-linux-gnu/libpython3.10.a
[INFO] [stderr]   -- Python 3 -- PYTHON_INCLUDE_DIRS=/usr/include/python3.10
[INFO] [stderr]   -- Python 3 -- PYTHONLIBS_VERSION_STRING=3.10.6
[INFO] [stderr]   -- Only building executable with few command-line options because the boost program_options library were not available
[INFO] [stderr]   -- All defines at startup:  -DEXTENDED_FEATURES -DUSE_GAUSS -DNDEBUG -D_FORTIFY_SOURCE=0 -DUSE_SQLITE3 -DYALSAT_FPU
[INFO] [stderr]   -- Performing Test HAVE_FLAG_-Wno-bitfield-constant-conversion
[INFO] [stderr]   -- Performing Test HAVE_FLAG_-Wno-bitfield-constant-conversion - Failed
[INFO] [stderr]   -- Performing Test HAVE_FLAG_-Wlogical-op
[INFO] [stderr]   -- Performing Test HAVE_FLAG_-Wlogical-op - Success
[INFO] [stderr]   -- Performing Test HAVE_FLAG_-Wrestrict
[INFO] [stderr]   -- Performing Test HAVE_FLAG_-Wrestrict - Success
[INFO] [stderr]   -- Performing Test HAVE_FLAG_-Wnull-dereference
[INFO] [stderr]   -- Performing Test HAVE_FLAG_-Wnull-dereference - Success
[INFO] [stderr]   -- Performing Test HAVE_FLAG_-Wdouble-promotion
[INFO] [stderr]   -- Performing Test HAVE_FLAG_-Wdouble-promotion - Success
[INFO] [stderr]   -- Performing Test HAVE_FLAG_-Wshadow
[INFO] [stderr]   -- Performing Test HAVE_FLAG_-Wshadow - Success
[INFO] [stderr]   -- Performing Test HAVE_FLAG_-Wformat=2
[INFO] [stderr]   -- Performing Test HAVE_FLAG_-Wformat=2 - Success
[INFO] [stderr]   -- Performing Test HAVE_FLAG_-Wextra-semi
[INFO] [stderr]   -- Performing Test HAVE_FLAG_-Wextra-semi - Success
[INFO] [stderr]   -- Performing Test HAVE_FLAG_-pedantic
[INFO] [stderr]   -- Performing Test HAVE_FLAG_-pedantic - Success
[INFO] [stderr]   -- Performing Test COMPILER_HAS_HIDDEN_VISIBILITY
[INFO] [stderr]   -- Performing Test COMPILER_HAS_HIDDEN_VISIBILITY - Success
[INFO] [stderr]   -- Performing Test COMPILER_HAS_HIDDEN_INLINE_VISIBILITY
[INFO] [stderr]   -- Performing Test COMPILER_HAS_HIDDEN_INLINE_VISIBILITY - Success
[INFO] [stderr]   -- Performing Test COMPILER_HAS_DEPRECATED_ATTR
[INFO] [stderr]   -- Performing Test COMPILER_HAS_DEPRECATED_ATTR - Success
[INFO] [stderr]   -- GIT Subprojects not initialized, not building drat-trim
[INFO] [stderr]   -- Configuring done
[INFO] [stderr]   -- Generating done
[INFO] [stderr]   -- Build files have been written to: /opt/rustwide/target/debug/build/cryptominisat-0870884b1be1d5ec/out/build
[INFO] [stderr]   running: cd "/opt/rustwide/target/debug/build/cryptominisat-0870884b1be1d5ec/out/build" && MAKEFLAGS="-j --jobserver-fds=7,8 --jobserver-auth=7,8" "cmake" "--build" "." "--target" "install" "--config" "Debug" "--"
[INFO] [stderr]   [  1%] Generating sql_tablestructure.cpp
[INFO] [stderr]   [  3%] Generating sql_tablestructure.cpp
[INFO] [stderr]   Copying cryptominisat_c.h to /opt/rustwide/target/debug/build/cryptominisat-0870884b1be1d5ec/out/build/include/cryptominisat5
[INFO] [stderr]   Copying cryptominisat.h to /opt/rustwide/target/debug/build/cryptominisat-0870884b1be1d5ec/out/build/include/cryptominisat5
[INFO] [stderr]   Copying solvertypesmini.h to /opt/rustwide/target/debug/build/cryptominisat-0870884b1be1d5ec/out/build/include/cryptominisat5
[INFO] [stderr]   Copying dimacsparser.h to /opt/rustwide/target/debug/build/cryptominisat-0870884b1be1d5ec/out/build/include/cryptominisat5
[INFO] [stderr]   Copying streambuffer.h to /opt/rustwide/target/debug/build/cryptominisat-0870884b1be1d5ec/out/build/include/cryptominisat5
[INFO] [stderr]   [  3%] Built target CopyPublicHeaders
[INFO] [stderr] 
[INFO] [stderr]   --- stderr
[INFO] [stderr]   CMake Warning at CMakeLists.txt:647 (find_package):
[INFO] [stderr]     By not providing "Findbreakid.cmake" in CMAKE_MODULE_PATH this project has
[INFO] [stderr]     asked CMake to find a package configuration file provided by "breakid", but
[INFO] [stderr]     CMake did not find one.
[INFO] [stderr] 
[INFO] [stderr]     Could not find a package configuration file provided by "breakid" with any
[INFO] [stderr]     of the following names:
[INFO] [stderr] 
[INFO] [stderr]       breakidConfig.cmake
[INFO] [stderr]       breakid-config.cmake
[INFO] [stderr] 
[INFO] [stderr]     Add the installation prefix of "breakid" to CMAKE_PREFIX_PATH or set
[INFO] [stderr]     "breakid_DIR" to a directory containing one of the above files.  If
[INFO] [stderr]     "breakid" provides a separate development package or SDK, be sure it has
[INFO] [stderr]     been installed.
[INFO] [stderr] 
[INFO] [stderr] 
[INFO] [stderr]   CMake Warning at CMakeLists.txt:649 (message):
[INFO] [stderr]     BreakID NOT found
[INFO] [stderr] 
[INFO] [stderr] 
[INFO] [stderr]   CMake Warning at CMakeLists.txt:819 (message):
[INFO] [stderr]     Testing is disabled
[INFO] [stderr] 
[INFO] [stderr] 
[INFO] [stderr]   CMake Warning:
[INFO] [stderr]     Manually-specified variables were not used by the project:
[INFO] [stderr] 
[INFO] [stderr]       CMAKE_ASM_COMPILER
[INFO] [stderr]       CMAKE_ASM_FLAGS
[INFO] [stderr] 
[INFO] [stderr] 
[INFO] [stderr]   /usr/bin/python3: can't open file '/opt/rustwide/cargo-home/registry/src/index.crates.io-6f17d22bba15001f/cryptominisat-5.8.0/cryptominisat/scripts/xxd-alike.py': [Errno 2] No such file or directory
[INFO] [stderr]   gmake[2]: *** [cmsat5-src/CMakeFiles/cryptominisat5.dir/build.make:74: cmsat5-src/sql_tablestructure.cpp] Error 2
[INFO] [stderr]   gmake[1]: *** [CMakeFiles/Makefile2:156: cmsat5-src/CMakeFiles/cryptominisat5.dir/all] Error 2
[INFO] [stderr]   gmake[1]: *** Waiting for unfinished jobs....
[INFO] [stderr]   /usr/bin/python3: can't open file '/opt/rustwide/cargo-home/registry/src/index.crates.io-6f17d22bba15001f/cryptominisat-5.8.0/cryptominisat/scripts/xxd-alike.py': [Errno 2] No such file or directory
[INFO] [stderr]   gmake[2]: *** [cmsat5-src/CMakeFiles/tablestruct.dir/build.make:73: cmsat5-src/sql_tablestructure.cpp] Error 2
[INFO] [stderr]   gmake[1]: *** [CMakeFiles/Makefile2:131: cmsat5-src/CMakeFiles/tablestruct.dir/all] Error 2
[INFO] [stderr]   gmake: *** [Makefile:136: all] Error 2
[INFO] [stderr]   thread 'main' panicked at '
[INFO] [stderr]   command did not execute successfully, got: exit status: 2
[INFO] [stderr] 
[INFO] [stderr]   build script failed, must exit now', /opt/rustwide/cargo-home/registry/src/index.crates.io-6f17d22bba15001f/cmake-0.1.45/src/lib.rs:894:5
[INFO] [stderr]   stack backtrace:
[INFO] [stderr]      0:     0x562bc4ad14fa - std::backtrace_rs::backtrace::libunwind::trace::h2f05d0192276a8f6
[INFO] [stderr]                                  at /rustc/1b7dd2252b99671ce5d1cb9664c5f8636329436d/library/std/src/../../backtrace/src/backtrace/libunwind.rs:93:5
[INFO] [stderr]      1:     0x562bc4ad14fa - std::backtrace_rs::backtrace::trace_unsynchronized::hedc23dff7a1af150
[INFO] [stderr]                                  at /rustc/1b7dd2252b99671ce5d1cb9664c5f8636329436d/library/std/src/../../backtrace/src/backtrace/mod.rs:66:5
[INFO] [stderr]      2:     0x562bc4ad14fa - std::sys_common::backtrace::_print_fmt::h17541ef7592f3ce2
[INFO] [stderr]                                  at /rustc/1b7dd2252b99671ce5d1cb9664c5f8636329436d/library/std/src/sys_common/backtrace.rs:65:5
[INFO] [stderr]      3:     0x562bc4ad14fa - <std::sys_common::backtrace::_print::DisplayBacktrace as core::fmt::Display>::fmt::h20f75df5ab0c0792
[INFO] [stderr]                                  at /rustc/1b7dd2252b99671ce5d1cb9664c5f8636329436d/library/std/src/sys_common/backtrace.rs:44:22
[INFO] [stderr]      4:     0x562bc4af1e3f - core::fmt::write::h78109e6f466b3af6
[INFO] [stderr]                                  at /rustc/1b7dd2252b99671ce5d1cb9664c5f8636329436d/library/core/src/fmt/mod.rs:1254:17
[INFO] [stderr]      5:     0x562bc4ace345 - std::io::Write::write_fmt::hc59e1b02dd273c8a
[INFO] [stderr]                                  at /rustc/1b7dd2252b99671ce5d1cb9664c5f8636329436d/library/std/src/io/mod.rs:1698:15
[INFO] [stderr]      6:     0x562bc4ad12c5 - std::sys_common::backtrace::_print::h8dac57a9f8fbf9a5
[INFO] [stderr]                                  at /rustc/1b7dd2252b99671ce5d1cb9664c5f8636329436d/library/std/src/sys_common/backtrace.rs:47:5
[INFO] [stderr]      7:     0x562bc4ad12c5 - std::sys_common::backtrace::print::hf9ecbf41d1aa712f
[INFO] [stderr]                                  at /rustc/1b7dd2252b99671ce5d1cb9664c5f8636329436d/library/std/src/sys_common/backtrace.rs:34:9
[INFO] [stderr]      8:     0x562bc4ad2b8e - std::panicking::default_hook::{{closure}}::h04c07acfc84ca028
[INFO] [stderr]                                  at /rustc/1b7dd2252b99671ce5d1cb9664c5f8636329436d/library/std/src/panicking.rs:269:22
[INFO] [stderr]      9:     0x562bc4ad2935 - std::panicking::default_hook::h01f6bb23e1eceb2c
[INFO] [stderr]                                  at /rustc/1b7dd2252b99671ce5d1cb9664c5f8636329436d/library/std/src/panicking.rs:288:9
[INFO] [stderr]     10:     0x562bc4ad30ee - std::panicking::rust_panic_with_hook::h2bb3722bbaf2f6df
[INFO] [stderr]                                  at /rustc/1b7dd2252b99671ce5d1cb9664c5f8636329436d/library/std/src/panicking.rs:691:13
[INFO] [stderr]     11:     0x562bc4ad2fe9 - std::panicking::begin_panic_handler::{{closure}}::h91bc7f36a4be011b
[INFO] [stderr]                                  at /rustc/1b7dd2252b99671ce5d1cb9664c5f8636329436d/library/std/src/panicking.rs:582:13
[INFO] [stderr]     12:     0x562bc4ad1966 - std::sys_common::backtrace::__rust_end_short_backtrace::h8b3d3717114f9e59
[INFO] [stderr]                                  at /rustc/1b7dd2252b99671ce5d1cb9664c5f8636329436d/library/std/src/sys_common/backtrace.rs:150:18
[INFO] [stderr]     13:     0x562bc4ad2d42 - rust_begin_unwind
[INFO] [stderr]                                  at /rustc/1b7dd2252b99671ce5d1cb9664c5f8636329436d/library/std/src/panicking.rs:578:5
[INFO] [stderr]     14:     0x562bc4a637d3 - core::panicking::panic_fmt::hfd368e3fbdabea26
[INFO] [stderr]                                  at /rustc/1b7dd2252b99671ce5d1cb9664c5f8636329436d/library/core/src/panicking.rs:67:14
[INFO] [stderr]     15:     0x562bc4a6bf3f - cmake::fail::h337eff22279e2d39
[INFO] [stderr]     16:     0x562bc4a6b9a3 - cmake::run::h91dfe08a499eb7fb
[INFO] [stderr]     17:     0x562bc4a69873 - cmake::Config::build::h1887032633b1da04
[INFO] [stderr]     18:     0x562bc4a64d57 - build_script_build::main::h8177e61433a8a6a3
[INFO] [stderr]     19:     0x562bc4a63e33 - core::ops::function::FnOnce::call_once::hd9464a43ee0067c0
[INFO] [stderr]     20:     0x562bc4a64986 - std::sys_common::backtrace::__rust_begin_short_backtrace::h227b31ffc8c0be14
[INFO] [stderr]     21:     0x562bc4a641f9 - std::rt::lang_start::{{closure}}::haa7f611d7f055882
[INFO] [stderr]     22:     0x562bc4aca66e - core::ops::function::impls::<impl core::ops::function::FnOnce<A> for &F>::call_once::h2eb19b8ce4148df4
[INFO] [stderr]                                  at /rustc/1b7dd2252b99671ce5d1cb9664c5f8636329436d/library/core/src/ops/function.rs:287:13
[INFO] [stderr]     23:     0x562bc4aca66e - std::panicking::try::do_call::h2e900feff5d504c5
[INFO] [stderr]                                  at /rustc/1b7dd2252b99671ce5d1cb9664c5f8636329436d/library/std/src/panicking.rs:485:40
[INFO] [stderr]     24:     0x562bc4aca66e - std::panicking::try::h8854836cb85aa9f2
[INFO] [stderr]                                  at /rustc/1b7dd2252b99671ce5d1cb9664c5f8636329436d/library/std/src/panicking.rs:449:19
[INFO] [stderr]     25:     0x562bc4aca66e - std::panic::catch_unwind::h706025dd4c48f64b
[INFO] [stderr]                                  at /rustc/1b7dd2252b99671ce5d1cb9664c5f8636329436d/library/std/src/panic.rs:140:14
[INFO] [stderr]     26:     0x562bc4aca66e - std::rt::lang_start_internal::{{closure}}::h7be5b97f4a07a91a
[INFO] [stderr]                                  at /rustc/1b7dd2252b99671ce5d1cb9664c5f8636329436d/library/std/src/rt.rs:148:48
[INFO] [stderr]     27:     0x562bc4aca66e - std::panicking::try::do_call::h59847e9d0a176965
[INFO] [stderr]                                  at /rustc/1b7dd2252b99671ce5d1cb9664c5f8636329436d/library/std/src/panicking.rs:485:40
[INFO] [stderr]     28:     0x562bc4aca66e - std::panicking::try::h399a918ba8522823
[INFO] [stderr]                                  at /rustc/1b7dd2252b99671ce5d1cb9664c5f8636329436d/library/std/src/panicking.rs:449:19
[INFO] [stderr]     29:     0x562bc4aca66e - std::panic::catch_unwind::hca7ca6c55b2a2e26
[INFO] [stderr]                                  at /rustc/1b7dd2252b99671ce5d1cb9664c5f8636329436d/library/std/src/panic.rs:140:14
[INFO] [stderr]     30:     0x562bc4aca66e - std::rt::lang_start_internal::h2c807a81560459eb
[INFO] [stderr]                                  at /rustc/1b7dd2252b99671ce5d1cb9664c5f8636329436d/library/std/src/rt.rs:148:20
[INFO] [stderr]     31:     0x562bc4a641d7 - std::rt::lang_start::h2a022fd810c658b8
[INFO] [stderr]     32:     0x562bc4a64fb5 - main
[INFO] [stderr]     33:     0x7fca036b8d90 - <unknown>
[INFO] [stderr]     34:     0x7fca036b8e40 - __libc_start_main
[INFO] [stderr]     35:     0x562bc4a63d55 - _start
[INFO] [stderr]     36:                0x0 - <unknown>
[INFO] running `Command { std: "docker" "inspect" "2f1a7b1df71b6124b4b150c3a53bcbdf0ab07e1e72b4f234c45be3c719959047", kill_on_drop: false }`
[INFO] running `Command { std: "docker" "rm" "-f" "2f1a7b1df71b6124b4b150c3a53bcbdf0ab07e1e72b4f234c45be3c719959047", kill_on_drop: false }`
[INFO] [stdout] 2f1a7b1df71b6124b4b150c3a53bcbdf0ab07e1e72b4f234c45be3c719959047
