[INFO] cloning repository https://github.com/jessegrosjean/grpc_streaming_test
[INFO] running `Command { std: "git" "-c" "credential.helper=" "-c" "credential.helper=/workspace/cargo-home/bin/git-credential-null" "clone" "--bare" "https://github.com/jessegrosjean/grpc_streaming_test" "/workspace/cache/git-repos/https%3A%2F%2Fgithub.com%2Fjessegrosjean%2Fgrpc_streaming_test", kill_on_drop: false }`
[INFO] [stderr] Cloning into bare repository '/workspace/cache/git-repos/https%3A%2F%2Fgithub.com%2Fjessegrosjean%2Fgrpc_streaming_test'...
[INFO] running `Command { std: "git" "rev-parse" "HEAD", kill_on_drop: false }`
[INFO] [stdout] 5bec712dcd2b366a101589192a4ca1f3054fad3b
[INFO] documenting jessegrosjean/grpc_streaming_test against beta-2023-04-20 for beta-1.70-rustdoc-1
[INFO] running `Command { std: "git" "clone" "/workspace/cache/git-repos/https%3A%2F%2Fgithub.com%2Fjessegrosjean%2Fgrpc_streaming_test" "/workspace/builds/worker-4-tc2/source", kill_on_drop: false }`
[INFO] [stderr] Cloning into '/workspace/builds/worker-4-tc2/source'...
[INFO] [stderr] done.
[INFO] validating manifest of git repo https://github.com/jessegrosjean/grpc_streaming_test on toolchain beta-2023-04-20
[INFO] running `Command { std: CARGO_HOME="/workspace/cargo-home" RUSTUP_HOME="/workspace/rustup-home" "/workspace/cargo-home/bin/cargo" "+beta-2023-04-20" "metadata" "--manifest-path" "Cargo.toml" "--no-deps", kill_on_drop: false }`
[INFO] started tweaking git repo https://github.com/jessegrosjean/grpc_streaming_test
[INFO] finished tweaking git repo https://github.com/jessegrosjean/grpc_streaming_test
[INFO] tweaked toml for git repo https://github.com/jessegrosjean/grpc_streaming_test written to /workspace/builds/worker-4-tc2/source/Cargo.toml
[INFO] crate git repo https://github.com/jessegrosjean/grpc_streaming_test already has a lockfile, it will not be regenerated
[INFO] running `Command { std: CARGO_HOME="/workspace/cargo-home" RUSTUP_HOME="/workspace/rustup-home" "/workspace/cargo-home/bin/cargo" "+beta-2023-04-20" "fetch" "--manifest-path" "Cargo.toml", kill_on_drop: false }`
[INFO] [stderr]     Updating crates.io index
[INFO] [stderr]  Downloading crates ...
[INFO] [stderr]   Downloaded slog-stdlog v3.0.2
[INFO] [stderr]   Downloaded cmake v0.1.37
[INFO] [stderr]   Downloaded grpcio-compiler v0.4.3
[INFO] [stderr]   Downloaded protoc-grpcio v1.0.1
[INFO] [stderr]   Downloaded protoc v2.4.2
[INFO] [stderr]   Downloaded grpcio v0.4.4
[INFO] [stderr]   Downloaded protobuf-codegen v2.4.2
[INFO] [stderr]   Downloaded protobuf v2.4.2
[INFO] [stderr]   Downloaded grpcio-sys v0.4.4
[INFO] running `Command { std: "docker" "create" "-v" "/var/lib/crater-agent-workspace/builds/worker-4-tc2/target:/opt/rustwide/target:rw,Z" "-v" "/var/lib/crater-agent-workspace/builds/worker-4-tc2/source:/opt/rustwide/workdir:ro,Z" "-v" "/var/lib/crater-agent-workspace/cargo-home:/opt/rustwide/cargo-home:ro,Z" "-v" "/var/lib/crater-agent-workspace/rustup-home:/opt/rustwide/rustup-home:ro,Z" "-e" "SOURCE_DIR=/opt/rustwide/workdir" "-e" "CARGO_TARGET_DIR=/opt/rustwide/target" "-e" "CARGO_HOME=/opt/rustwide/cargo-home" "-e" "RUSTUP_HOME=/opt/rustwide/rustup-home" "-w" "/opt/rustwide/workdir" "-m" "1610612736" "--user" "0:0" "--network" "none" "ghcr.io/rust-lang/crates-build-env/linux@sha256:5ff2268d62e97bff2cde7d5815dd6ed5b47097566f13b8d0ca110b04b60e07ed" "/opt/rustwide/cargo-home/bin/cargo" "+beta-2023-04-20" "metadata" "--no-deps" "--format-version=1", kill_on_drop: false }`
[INFO] [stdout] daee00231c80b16525caddf3bd9ab7b70124d57dc1d084b1b76ed829bbb622e7
[INFO] running `Command { std: "docker" "start" "-a" "daee00231c80b16525caddf3bd9ab7b70124d57dc1d084b1b76ed829bbb622e7", kill_on_drop: false }`
[INFO] running `Command { std: "docker" "inspect" "daee00231c80b16525caddf3bd9ab7b70124d57dc1d084b1b76ed829bbb622e7", kill_on_drop: false }`
[INFO] running `Command { std: "docker" "rm" "-f" "daee00231c80b16525caddf3bd9ab7b70124d57dc1d084b1b76ed829bbb622e7", kill_on_drop: false }`
[INFO] [stdout] daee00231c80b16525caddf3bd9ab7b70124d57dc1d084b1b76ed829bbb622e7
[INFO] running `Command { std: "docker" "create" "-v" "/var/lib/crater-agent-workspace/builds/worker-4-tc2/target:/opt/rustwide/target:rw,Z" "-v" "/var/lib/crater-agent-workspace/builds/worker-4-tc2/source:/opt/rustwide/workdir:ro,Z" "-v" "/var/lib/crater-agent-workspace/cargo-home:/opt/rustwide/cargo-home:ro,Z" "-v" "/var/lib/crater-agent-workspace/rustup-home:/opt/rustwide/rustup-home:ro,Z" "-e" "SOURCE_DIR=/opt/rustwide/workdir" "-e" "CARGO_TARGET_DIR=/opt/rustwide/target" "-e" "CARGO_INCREMENTAL=0" "-e" "RUST_BACKTRACE=full" "-e" "RUSTFLAGS=--cap-lints=warn" "-e" "RUSTDOCFLAGS=--cap-lints=warn" "-e" "CARGO_HOME=/opt/rustwide/cargo-home" "-e" "RUSTUP_HOME=/opt/rustwide/rustup-home" "-w" "/opt/rustwide/workdir" "-m" "1610612736" "--user" "0:0" "--network" "none" "ghcr.io/rust-lang/crates-build-env/linux@sha256:5ff2268d62e97bff2cde7d5815dd6ed5b47097566f13b8d0ca110b04b60e07ed" "/opt/rustwide/cargo-home/bin/cargo" "+beta-2023-04-20" "doc" "--frozen" "--no-deps" "--document-private-items" "--message-format=json", kill_on_drop: false }`
[INFO] [stdout] a6786ae39ce92618927192233444f6e0e85584aefc31259a9771e42b0795509e
[INFO] running `Command { std: "docker" "start" "-a" "a6786ae39ce92618927192233444f6e0e85584aefc31259a9771e42b0795509e", kill_on_drop: false }`
[INFO] [stderr]    Compiling libc v0.2.51
[INFO] [stderr]    Compiling autocfg v0.1.2
[INFO] [stderr]     Checking rand_core v0.4.0
[INFO] [stderr]    Compiling cc v1.0.32
[INFO] [stderr]     Checking cfg-if v0.1.7
[INFO] [stderr]     Checking lazy_static v1.3.0
[INFO] [stderr]    Compiling proc-macro2 v0.4.27
[INFO] [stderr]    Compiling semver-parser v0.7.0
[INFO] [stderr]    Compiling protobuf v2.4.2
[INFO] [stderr]    Compiling syn v0.15.29
[INFO] [stderr]    Compiling arrayvec v0.4.10
[INFO] [stderr]     Checking scopeguard v0.3.3
[INFO] [stderr]    Compiling failure_derive v0.1.5
[INFO] [stderr]    Compiling slog v2.4.1
[INFO] [stderr]     Checking smallvec v0.6.9
[INFO] [stderr]     Checking nodrop v0.1.13
[INFO] [stderr]     Checking rand_core v0.3.1
[INFO] [stderr]     Checking crossbeam-utils v0.6.5
[INFO] [stderr]     Checking rand_xorshift v0.1.1
[INFO] [stderr]     Checking rand_hc v0.1.0
[INFO] [stderr]    Compiling semver v0.9.0
[INFO] [stderr]     Checking rand_isaac v0.1.1
[INFO] [stderr]     Checking rand_jitter v0.1.3
[INFO] [stderr]     Checking stable_deref_trait v1.1.1
[INFO] [stderr]    Compiling rand_chacha v0.1.1
[INFO] [stderr]    Compiling rand_pcg v0.1.2
[INFO] [stderr]    Compiling rand v0.6.5
[INFO] [stderr]    Compiling backtrace v0.3.14
[INFO] [stderr]     Checking owning_ref v0.4.0
[INFO] [stderr]    Compiling rustc_version v0.2.3
[INFO] [stderr]    Compiling memchr v2.2.0
[INFO] [stderr]    Compiling quote v0.6.11
[INFO] [stderr]     Checking memoffset v0.2.1
[INFO] [stderr]    Compiling parking_lot_core v0.4.0
[INFO] [stderr]    Compiling num-traits v0.2.6
[INFO] [stderr]    Compiling rustc-demangle v0.1.13
[INFO] [stderr]     Checking lock_api v0.1.5
[INFO] [stderr]    Compiling cmake v0.1.37
[INFO] [stderr]     Checking thread_local v0.3.6
[INFO] [stderr]     Checking log v0.4.6
[INFO] [stderr]     Checking crossbeam-epoch v0.7.1
[INFO] [stderr]     Checking rand_os v0.1.3
[INFO] [stderr]    Compiling backtrace-sys v0.1.28
[INFO] [stderr]    Compiling num-integer v0.1.39
[INFO] [stderr]    Compiling byteorder v1.3.1
[INFO] [stderr]    Compiling remove_dir_all v0.5.1
[INFO] [stderr]     Checking num_cpus v1.10.0
[INFO] [stderr]    Compiling protoc v2.4.2
[INFO] [stderr]     Checking crossbeam-channel v0.3.8
[INFO] [stderr]    Compiling regex v1.1.5
[INFO] [stderr]    Compiling grpcio-sys v0.4.4
[INFO] [stderr]     Checking regex-syntax v0.6.6
[INFO] [stderr]     Checking crossbeam-deque v0.6.3
[INFO] [stderr]     Checking time v0.1.42
[INFO] [stderr]     Checking dirs v1.0.5
[INFO] [stderr]     Checking log v0.3.9
[INFO] [stderr]     Checking isatty v0.1.9
[INFO] [stderr]     Checking aho-corasick v0.7.3
[INFO] [stderr]     Checking atty v0.2.11
[INFO] [stderr]     Checking take_mut v0.2.2
[INFO] [stderr]     Checking crossbeam v0.2.12
[INFO] [stderr]     Checking futures v0.1.25
[INFO] [stderr]     Checking term v0.5.2
[INFO] [stderr]     Checking slog-async v2.3.0
[INFO] [stderr]     Checking parking_lot v0.7.1
[INFO] [stderr]     Checking chrono v0.4.6
[INFO] [stderr]    Compiling tempfile v3.0.7
[INFO] [stderr]     Checking crossbeam v0.6.0
[INFO] [stderr]     Checking slog-scope v4.1.1
[INFO] [stderr]     Checking slog-stdlog v3.0.2
[INFO] [stderr]     Checking slog-term v2.4.0
[INFO] [stderr]    Compiling synstructure v0.10.1
[INFO] [stderr]    Compiling protobuf-codegen v2.4.2
[INFO] [stderr]    Compiling grpcio-compiler v0.4.3
[INFO] [stderr]    Compiling failure v0.1.5
[INFO] [stderr]     Checking env_logger v0.6.1
[INFO] [stderr]    Compiling protoc-grpcio v1.0.1
[INFO] [stderr]    Compiling grpc-streaming-test v0.1.0 (/opt/rustwide/workdir)
[INFO] [stdout] warning: unused import: `std::env`
[INFO] [stdout]  --> build.rs:2:5
[INFO] [stdout]   |
[INFO] [stdout] 2 | use std::env;
[INFO] [stdout]   |     ^^^^^^^^
[INFO] [stdout]   |
[INFO] [stdout]   = note: `#[warn(unused_imports)]` on by default
[INFO] [stdout] 
[INFO] [stdout] 
[INFO] [stdout] warning: 1 warning emitted
[INFO] [stdout] 
[INFO] [stdout] 
[INFO] [stderr] error: failed to run custom build command for `grpc-streaming-test v0.1.0 (/opt/rustwide/workdir)`
[INFO] [stderr] note: To improve backtraces for build dependencies, set the CARGO_PROFILE_DEV_BUILD_OVERRIDE_DEBUG=true environment variable to enable debug information generation.
[INFO] [stderr] 
[INFO] [stderr] Caused by:
[INFO] [stderr]   process didn't exit successfully: `/opt/rustwide/target/debug/build/grpc-streaming-test-b3926a1b243f674a/build-script-build` (exit status: 101)
[INFO] [stderr]   --- stderr
[INFO] [stderr]   thread 'main' panicked at 'Failed to compile gRPC definitions!: Os { code: 30, kind: ReadOnlyFilesystem, message: "Read-only file system" }
[INFO] [stderr] 
[INFO] [stderr]   stack backtrace:
[INFO] [stderr]      0: failure::backtrace::internal::InternalBacktrace::new::h0a71969bee20e9e7 (0x5599fbe715f8)
[INFO] [stderr]      1: failure::backtrace::Backtrace::new::h7e6a661c2109cc12 (0x5599fbe71377)
[INFO] [stderr]      2: <failure::error::error_impl::ErrorImpl as core::convert::From<F>>::from::h0c472fc588b75bbe (0x5599fbe374e8)
[INFO] [stderr]      3: <failure::error::Error as core::convert::From<F>>::from::hcb4234280ed0b80a (0x5599fbe394d8)
[INFO] [stderr]      4: <T as core::convert::Into<U>>::into::ha25a3f589b6f0336 (0x5599fbe370b5)
[INFO] [stderr]      5: failure::context::Context<D>::with_err::h195a2e6b90936296 (0x5599fbe389d6)
[INFO] [stderr]      6: failure::Fail::context::hc7b7f54d7d685452 (0x5599fbe371ad)
[INFO] [stderr]      7: <core::result::Result<T,E> as failure::result_ext::ResultExt<T,E>>::context::{{closure}}::hee6767e998d57033 (0x5599fbe399ca)
[INFO] [stderr]      8: core::result::Result<T,E>::map_err::hf51daadacfa2e5b7 (0x5599fbe3e695)
[INFO] [stderr]      9: <core::result::Result<T,E> as failure::result_ext::ResultExt<T,E>>::context::h895a12381dfd323b (0x5599fbe3f1ff)
[INFO] [stderr]     10: protoc_grpcio::write_out_generated_files::hf9f75a2c58ab4126 (0x5599fbe3c8d6)
[INFO] [stderr]     11: protoc_grpcio::compile_grpc_protos::h784a619be4426e62 (0x5599fbe3c117)
[INFO] [stderr]     12: build_script_build::main::hfc0e3e5817634c75 (0x5599fbe37ef7)
[INFO] [stderr]     13: core::ops::function::FnOnce::call_once::hb804aa9b094f13d2 (0x5599fbe42592)
[INFO] [stderr]     14: std::sys_common::backtrace::__rust_begin_short_backtrace::h7cdb99c4744c36ca (0x5599fbe36ed5)
[INFO] [stderr]     15: std::rt::lang_start::{{closure}}::h1c30e958c84f85c3 (0x5599fbe37f88)
[INFO] [stderr]     16: core::ops::function::impls::<impl core::ops::function::FnOnce<A> for &F>::call_once::h2eb19b8ce4148df4 (0x5599fc0326cd)
[INFO] [stderr]                at library/core/src/ops/function.rs:287
[INFO] [stderr]         std::panicking::try::do_call::h2e900feff5d504c5
[INFO] [stderr]                at library/std/src/panicking.rs:485
[INFO] [stderr]         std::panicking::try::h8854836cb85aa9f2
[INFO] [stderr]                at library/std/src/panicking.rs:449
[INFO] [stderr]         std::panic::catch_unwind::h706025dd4c48f64b
[INFO] [stderr]                at library/std/src/panic.rs:140
[INFO] [stderr]         std::rt::lang_start_internal::{{closure}}::h7be5b97f4a07a91a
[INFO] [stderr]                at library/std/src/rt.rs:148
[INFO] [stderr]         std::panicking::try::do_call::h59847e9d0a176965
[INFO] [stderr]                at library/std/src/panicking.rs:485
[INFO] [stderr]         std::panicking::try::h399a918ba8522823
[INFO] [stderr]                at library/std/src/panicking.rs:449
[INFO] [stderr]         std::panic::catch_unwind::hca7ca6c55b2a2e26
[INFO] [stderr]                at library/std/src/panic.rs:140
[INFO] [stderr]         std::rt::lang_start_internal::h2c807a81560459eb
[INFO] [stderr]                at library/std/src/rt.rs:148
[INFO] [stderr]     17: std::rt::lang_start::h363bba3c0857bb9c (0x5599fbe37f66)
[INFO] [stderr]     18: main (0x5599fbe37f34)
[INFO] [stderr]     19: <unknown> (0x7f16115ded8f)
[INFO] [stderr]     20: __libc_start_main (0x7f16115dee3f)
[INFO] [stderr]     21: _start (0x5599fbe32894)
[INFO] [stderr]     22: <unknown> (0x0)
[INFO] [stderr] 
[INFO] [stderr]   failed to create "src/api/api_grpc.rs"
[INFO] [stderr] 
[INFO] [stderr]   failed to write generated grpc definitions', build.rs:11:6
[INFO] [stderr]   stack backtrace:
[INFO] [stderr]      0:     0x5599fc037b1a - std::backtrace_rs::backtrace::libunwind::trace::h2f05d0192276a8f6
[INFO] [stderr]                                  at /rustc/1b7dd2252b99671ce5d1cb9664c5f8636329436d/library/std/src/../../backtrace/src/backtrace/libunwind.rs:93:5
[INFO] [stderr]      1:     0x5599fc037b1a - std::backtrace_rs::backtrace::trace_unsynchronized::hedc23dff7a1af150
[INFO] [stderr]                                  at /rustc/1b7dd2252b99671ce5d1cb9664c5f8636329436d/library/std/src/../../backtrace/src/backtrace/mod.rs:66:5
[INFO] [stderr]      2:     0x5599fc037b1a - std::sys_common::backtrace::_print_fmt::h17541ef7592f3ce2
[INFO] [stderr]                                  at /rustc/1b7dd2252b99671ce5d1cb9664c5f8636329436d/library/std/src/sys_common/backtrace.rs:65:5
[INFO] [stderr]      3:     0x5599fc037b1a - <std::sys_common::backtrace::_print::DisplayBacktrace as core::fmt::Display>::fmt::h20f75df5ab0c0792
[INFO] [stderr]                                  at /rustc/1b7dd2252b99671ce5d1cb9664c5f8636329436d/library/std/src/sys_common/backtrace.rs:44:22
[INFO] [stderr]      4:     0x5599fc05ca8f - core::fmt::write::h78109e6f466b3af6
[INFO] [stderr]                                  at /rustc/1b7dd2252b99671ce5d1cb9664c5f8636329436d/library/core/src/fmt/mod.rs:1254:17
[INFO] [stderr]      5:     0x5599fc034f15 - std::io::Write::write_fmt::hc59e1b02dd273c8a
[INFO] [stderr]                                  at /rustc/1b7dd2252b99671ce5d1cb9664c5f8636329436d/library/std/src/io/mod.rs:1698:15
[INFO] [stderr]      6:     0x5599fc0378e5 - std::sys_common::backtrace::_print::h8dac57a9f8fbf9a5
[INFO] [stderr]                                  at /rustc/1b7dd2252b99671ce5d1cb9664c5f8636329436d/library/std/src/sys_common/backtrace.rs:47:5
[INFO] [stderr]      7:     0x5599fc0378e5 - std::sys_common::backtrace::print::hf9ecbf41d1aa712f
[INFO] [stderr]                                  at /rustc/1b7dd2252b99671ce5d1cb9664c5f8636329436d/library/std/src/sys_common/backtrace.rs:34:9
[INFO] [stderr]      8:     0x5599fc038eee - std::panicking::default_hook::{{closure}}::h04c07acfc84ca028
[INFO] [stderr]                                  at /rustc/1b7dd2252b99671ce5d1cb9664c5f8636329436d/library/std/src/panicking.rs:269:22
[INFO] [stderr]      9:     0x5599fc038c95 - std::panicking::default_hook::h01f6bb23e1eceb2c
[INFO] [stderr]                                  at /rustc/1b7dd2252b99671ce5d1cb9664c5f8636329436d/library/std/src/panicking.rs:288:9
[INFO] [stderr]     10:     0x5599fc03944e - std::panicking::rust_panic_with_hook::h2bb3722bbaf2f6df
[INFO] [stderr]                                  at /rustc/1b7dd2252b99671ce5d1cb9664c5f8636329436d/library/std/src/panicking.rs:691:13
[INFO] [stderr]     11:     0x5599fc039349 - std::panicking::begin_panic_handler::{{closure}}::h91bc7f36a4be011b
[INFO] [stderr]                                  at /rustc/1b7dd2252b99671ce5d1cb9664c5f8636329436d/library/std/src/panicking.rs:582:13
[INFO] [stderr]     12:     0x5599fc037f86 - std::sys_common::backtrace::__rust_end_short_backtrace::h8b3d3717114f9e59
[INFO] [stderr]                                  at /rustc/1b7dd2252b99671ce5d1cb9664c5f8636329436d/library/std/src/sys_common/backtrace.rs:150:18
[INFO] [stderr]     13:     0x5599fc0390a2 - rust_begin_unwind
[INFO] [stderr]                                  at /rustc/1b7dd2252b99671ce5d1cb9664c5f8636329436d/library/std/src/panicking.rs:578:5
[INFO] [stderr]     14:     0x5599fbe32213 - core::panicking::panic_fmt::hfd368e3fbdabea26
[INFO] [stderr]                                  at /rustc/1b7dd2252b99671ce5d1cb9664c5f8636329436d/library/core/src/panicking.rs:67:14
[INFO] [stderr]     15:     0x5599fbe32753 - core::result::unwrap_failed::he54eb4b2f125b26f
[INFO] [stderr]                                  at /rustc/1b7dd2252b99671ce5d1cb9664c5f8636329436d/library/core/src/result.rs:1687:5
[INFO] [stderr]     16:     0x5599fbe3e0b2 - core::result::Result<T,E>::expect::h73a214af6c8edc9d
[INFO] [stderr]     17:     0x5599fbe37f16 - build_script_build::main::hfc0e3e5817634c75
[INFO] [stderr]     18:     0x5599fbe42593 - core::ops::function::FnOnce::call_once::hb804aa9b094f13d2
[INFO] [stderr]     19:     0x5599fbe36ed6 - std::sys_common::backtrace::__rust_begin_short_backtrace::h7cdb99c4744c36ca
[INFO] [stderr]     20:     0x5599fbe37f89 - std::rt::lang_start::{{closure}}::h1c30e958c84f85c3
[INFO] [stderr]     21:     0x5599fc0326ce - core::ops::function::impls::<impl core::ops::function::FnOnce<A> for &F>::call_once::h2eb19b8ce4148df4
[INFO] [stderr]                                  at /rustc/1b7dd2252b99671ce5d1cb9664c5f8636329436d/library/core/src/ops/function.rs:287:13
[INFO] [stderr]     22:     0x5599fc0326ce - std::panicking::try::do_call::h2e900feff5d504c5
[INFO] [stderr]                                  at /rustc/1b7dd2252b99671ce5d1cb9664c5f8636329436d/library/std/src/panicking.rs:485:40
[INFO] [stderr]     23:     0x5599fc0326ce - std::panicking::try::h8854836cb85aa9f2
[INFO] [stderr]                                  at /rustc/1b7dd2252b99671ce5d1cb9664c5f8636329436d/library/std/src/panicking.rs:449:19
[INFO] [stderr]     24:     0x5599fc0326ce - std::panic::catch_unwind::h706025dd4c48f64b
[INFO] [stderr]                                  at /rustc/1b7dd2252b99671ce5d1cb9664c5f8636329436d/library/std/src/panic.rs:140:14
[INFO] [stderr]     25:     0x5599fc0326ce - std::rt::lang_start_internal::{{closure}}::h7be5b97f4a07a91a
[INFO] [stderr]                                  at /rustc/1b7dd2252b99671ce5d1cb9664c5f8636329436d/library/std/src/rt.rs:148:48
[INFO] [stderr]     26:     0x5599fc0326ce - std::panicking::try::do_call::h59847e9d0a176965
[INFO] [stderr]                                  at /rustc/1b7dd2252b99671ce5d1cb9664c5f8636329436d/library/std/src/panicking.rs:485:40
[INFO] [stderr]     27:     0x5599fc0326ce - std::panicking::try::h399a918ba8522823
[INFO] [stderr]                                  at /rustc/1b7dd2252b99671ce5d1cb9664c5f8636329436d/library/std/src/panicking.rs:449:19
[INFO] [stderr]     28:     0x5599fc0326ce - std::panic::catch_unwind::hca7ca6c55b2a2e26
[INFO] [stderr]                                  at /rustc/1b7dd2252b99671ce5d1cb9664c5f8636329436d/library/std/src/panic.rs:140:14
[INFO] [stderr]     29:     0x5599fc0326ce - std::rt::lang_start_internal::h2c807a81560459eb
[INFO] [stderr]                                  at /rustc/1b7dd2252b99671ce5d1cb9664c5f8636329436d/library/std/src/rt.rs:148:20
[INFO] [stderr]     30:     0x5599fbe37f67 - std::rt::lang_start::h363bba3c0857bb9c
[INFO] [stderr]     31:     0x5599fbe37f35 - main
[INFO] [stderr]     32:     0x7f16115ded90 - <unknown>
[INFO] [stderr]     33:     0x7f16115dee40 - __libc_start_main
[INFO] [stderr]     34:     0x5599fbe32895 - _start
[INFO] [stderr]     35:                0x0 - <unknown>
[INFO] [stderr] warning: build failed, waiting for other jobs to finish...
[INFO] [stderr] error: failed to run custom build command for `grpcio-sys v0.4.4`
[INFO] [stderr] note: To improve backtraces for build dependencies, set the CARGO_PROFILE_DEV_BUILD_OVERRIDE_DEBUG=true environment variable to enable debug information generation.
[INFO] [stderr] 
[INFO] [stderr] Caused by:
[INFO] [stderr]   process didn't exit successfully: `/opt/rustwide/target/debug/build/grpcio-sys-382b1c723b802fc3/build-script-build` (exit status: 101)
[INFO] [stderr]   --- stdout
[INFO] [stderr]   cargo:rerun-if-changed=grpc_wrap.cc
[INFO] [stderr]   cargo:rerun-if-changed=grpc
[INFO] [stderr]   cargo:rerun-if-env-changed=GRPCIO_SYS_USE_PKG_CONFIG
[INFO] [stderr]   cargo:rerun-if-env-changed=CARGO_CFG_TARGET_OS
[INFO] [stderr]   running: cd "/opt/rustwide/target/debug/build/grpcio-sys-2401f02a9bcf963e/out/build" && CMAKE_PREFIX_PATH="" "cmake" "/opt/rustwide/cargo-home/registry/src/index.crates.io-6f17d22bba15001f/grpcio-sys-0.4.4/grpc" "-DGO_EXECUTABLE=fake-go-nonexist" "-DgRPC_INSTALL=false" "-DgRPC_BUILD_CSHARP_EXT=false" "-DgRPC_BUILD_CODEGEN=false" "-DgRPC_BENCHMARK_PROVIDER=none" "-DCMAKE_INSTALL_PREFIX=/opt/rustwide/target/debug/build/grpcio-sys-2401f02a9bcf963e/out" "-DCMAKE_C_FLAGS= -ffunction-sections -fdata-sections -fPIC -m64" "-DCMAKE_C_COMPILER=/usr/bin/cc" "-DCMAKE_CXX_FLAGS= -ffunction-sections -fdata-sections -fPIC -m64" "-DCMAKE_CXX_COMPILER=/usr/bin/c++" "-DCMAKE_BUILD_TYPE=Debug"
[INFO] [stderr]   -- The C compiler identification is GNU 11.3.0
[INFO] [stderr]   -- The CXX compiler identification is GNU 11.3.0
[INFO] [stderr]   -- Detecting C compiler ABI info
[INFO] [stderr]   -- Detecting C compiler ABI info - done
[INFO] [stderr]   -- Check for working C compiler: /usr/bin/cc - skipped
[INFO] [stderr]   -- Detecting C compile features
[INFO] [stderr]   -- Detecting C compile features - done
[INFO] [stderr]   -- Detecting CXX compiler ABI info
[INFO] [stderr]   -- Detecting CXX compiler ABI info - done
[INFO] [stderr]   -- Check for working CXX compiler: /usr/bin/c++ - skipped
[INFO] [stderr]   -- Detecting CXX compile features
[INFO] [stderr]   -- Detecting CXX compile features - done
[INFO] [stderr]   -- Looking for sys/types.h
[INFO] [stderr]   -- Looking for sys/types.h - found
[INFO] [stderr]   -- Looking for stdint.h
[INFO] [stderr]   -- Looking for stdint.h - found
[INFO] [stderr]   -- Looking for stddef.h
[INFO] [stderr]   -- Looking for stddef.h - found
[INFO] [stderr]   -- Check size of off64_t
[INFO] [stderr]   -- Check size of off64_t - done
[INFO] [stderr]   -- Looking for fseeko
[INFO] [stderr]   -- Looking for fseeko - found
[INFO] [stderr]   -- Looking for unistd.h
[INFO] [stderr]   -- Looking for unistd.h - found
[INFO] [stderr]   -- Renaming
[INFO] [stderr]   --     /opt/rustwide/cargo-home/registry/src/index.crates.io-6f17d22bba15001f/grpcio-sys-0.4.4/grpc/third_party/zlib/zconf.h
[INFO] [stderr]   -- to 'zconf.h.included' because this file is included with zlib
[INFO] [stderr]   -- but CMake generates it automatically in the build directory.
[INFO] [stderr]   -- Looking for res_servicename in resolv
[INFO] [stderr]   -- Looking for res_servicename in resolv - not found
[INFO] [stderr]   -- Looking for gethostbyname in nsl
[INFO] [stderr]   -- Looking for gethostbyname in nsl - found
[INFO] [stderr]   -- Looking for gethostbyname in socket
[INFO] [stderr]   -- Looking for gethostbyname in socket - not found
[INFO] [stderr]   -- Looking for clock_gettime in rt
[INFO] [stderr]   -- Looking for clock_gettime in rt - found
[INFO] [stderr]   -- Looking for include file sys/socket.h
[INFO] [stderr]   -- Looking for include file sys/socket.h - found
[INFO] [stderr]   -- Looking for include file arpa/inet.h
[INFO] [stderr]   -- Looking for include file arpa/inet.h - found
[INFO] [stderr]   -- Looking for include file arpa/nameser_compat.h
[INFO] [stderr]   -- Looking for include file arpa/nameser_compat.h - found
[INFO] [stderr]   -- Looking for include file arpa/nameser.h
[INFO] [stderr]   -- Looking for include file arpa/nameser.h - found
[INFO] [stderr]   -- Looking for include file assert.h
[INFO] [stderr]   -- Looking for include file assert.h - found
[INFO] [stderr]   -- Looking for include file errno.h
[INFO] [stderr]   -- Looking for include file errno.h - found
[INFO] [stderr]   -- Looking for include file fcntl.h
[INFO] [stderr]   -- Looking for include file fcntl.h - found
[INFO] [stderr]   -- Looking for include file inttypes.h
[INFO] [stderr]   -- Looking for include file inttypes.h - found
[INFO] [stderr]   -- Looking for include file limits.h
[INFO] [stderr]   -- Looking for include file limits.h - found
[INFO] [stderr]   -- Looking for include file malloc.h
[INFO] [stderr]   -- Looking for include file malloc.h - found
[INFO] [stderr]   -- Looking for include file memory.h
[INFO] [stderr]   -- Looking for include file memory.h - found
[INFO] [stderr]   -- Looking for include file netdb.h
[INFO] [stderr]   -- Looking for include file netdb.h - found
[INFO] [stderr]   -- Looking for include file netinet/in.h
[INFO] [stderr]   -- Looking for include file netinet/in.h - found
[INFO] [stderr]   -- Looking for include file netinet/tcp.h
[INFO] [stderr]   -- Looking for include file netinet/tcp.h - found
[INFO] [stderr]   -- Looking for include file net/if.h
[INFO] [stderr]   -- Looking for include file net/if.h - found
[INFO] [stderr]   -- Looking for include file signal.h
[INFO] [stderr]   -- Looking for include file signal.h - found
[INFO] [stderr]   -- Looking for include file socket.h
[INFO] [stderr]   -- Looking for include file socket.h - not found
[INFO] [stderr]   -- Looking for include file stdbool.h
[INFO] [stderr]   -- Looking for include file stdbool.h - found
[INFO] [stderr]   -- Looking for include file stdlib.h
[INFO] [stderr]   -- Looking for include file stdlib.h - found
[INFO] [stderr]   -- Looking for include file strings.h
[INFO] [stderr]   -- Looking for include file strings.h - found
[INFO] [stderr]   -- Looking for include file string.h
[INFO] [stderr]   -- Looking for include file string.h - found
[INFO] [stderr]   -- Looking for include file stropts.h
[INFO] [stderr]   -- Looking for include file stropts.h - not found
[INFO] [stderr]   -- Looking for include file sys/ioctl.h
[INFO] [stderr]   -- Looking for include file sys/ioctl.h - found
[INFO] [stderr]   -- Looking for include file sys/param.h
[INFO] [stderr]   -- Looking for include file sys/param.h - found
[INFO] [stderr]   -- Looking for include file sys/select.h
[INFO] [stderr]   -- Looking for include file sys/select.h - found
[INFO] [stderr]   -- Looking for include file sys/stat.h
[INFO] [stderr]   -- Looking for include file sys/stat.h - found
[INFO] [stderr]   -- Looking for include file sys/time.h
[INFO] [stderr]   -- Looking for include file sys/time.h - found
[INFO] [stderr]   -- Looking for include file sys/uio.h
[INFO] [stderr]   -- Looking for include file sys/uio.h - found
[INFO] [stderr]   -- Looking for include file time.h
[INFO] [stderr]   -- Looking for include file time.h - found
[INFO] [stderr]   -- Looking for include file dlfcn.h
[INFO] [stderr]   -- Looking for include file dlfcn.h - found
[INFO] [stderr]   -- Looking for include file unistd.h
[INFO] [stderr]   -- Looking for include file unistd.h - found
[INFO] [stderr]   -- Looking for include files winsock2.h, windows.h
[INFO] [stderr]   -- Looking for include files winsock2.h, windows.h - not found
[INFO] [stderr]   -- Looking for 3 include files winsock2.h, ..., windows.h
[INFO] [stderr]   -- Looking for 3 include files winsock2.h, ..., windows.h - not found
[INFO] [stderr]   -- Looking for include files winsock.h, windows.h
[INFO] [stderr]   -- Looking for include files winsock.h, windows.h - not found
[INFO] [stderr]   -- Looking for include file windows.h
[INFO] [stderr]   -- Looking for include file windows.h - not found
[INFO] [stderr]   -- Performing Test HAVE_SOCKLEN_T
[INFO] [stderr]   -- Performing Test HAVE_SOCKLEN_T - Success
[INFO] [stderr]   -- Performing Test HAVE_TYPE_SOCKET
[INFO] [stderr]   -- Performing Test HAVE_TYPE_SOCKET - Failed
[INFO] [stderr]   -- Performing Test HAVE_BOOL_T
[INFO] [stderr]   -- Performing Test HAVE_BOOL_T - Success
[INFO] [stderr]   -- Performing Test HAVE_SSIZE_T
[INFO] [stderr]   -- Performing Test HAVE_SSIZE_T - Success
[INFO] [stderr]   -- Performing Test HAVE_LONGLONG
[INFO] [stderr]   -- Performing Test HAVE_LONGLONG - Success
[INFO] [stderr]   -- Performing Test HAVE_SIG_ATOMIC_T
[INFO] [stderr]   -- Performing Test HAVE_SIG_ATOMIC_T - Success
[INFO] [stderr]   -- Performing Test HAVE_STRUCT_ADDRINFO
[INFO] [stderr]   -- Performing Test HAVE_STRUCT_ADDRINFO - Success
[INFO] [stderr]   -- Performing Test HAVE_STRUCT_IN6_ADDR
[INFO] [stderr]   -- Performing Test HAVE_STRUCT_IN6_ADDR - Success
[INFO] [stderr]   -- Performing Test HAVE_STRUCT_SOCKADDR_IN6
[INFO] [stderr]   -- Performing Test HAVE_STRUCT_SOCKADDR_IN6 - Success
[INFO] [stderr]   -- Performing Test HAVE_STRUCT_SOCKADDR_STORAGE
[INFO] [stderr]   -- Performing Test HAVE_STRUCT_SOCKADDR_STORAGE - Success
[INFO] [stderr]   -- Performing Test HAVE_STRUCT_TIMEVAL
[INFO] [stderr]   -- Performing Test HAVE_STRUCT_TIMEVAL - Success
[INFO] [stderr]   -- Looking for AF_INET6
[INFO] [stderr]   -- Looking for AF_INET6 - found
[INFO] [stderr]   -- Looking for O_NONBLOCK
[INFO] [stderr]   -- Looking for O_NONBLOCK - found
[INFO] [stderr]   -- Looking for FIONBIO
[INFO] [stderr]   -- Looking for FIONBIO - found
[INFO] [stderr]   -- Looking for SIOCGIFADDR
[INFO] [stderr]   -- Looking for SIOCGIFADDR - found
[INFO] [stderr]   -- Looking for MSG_NOSIGNAL
[INFO] [stderr]   -- Looking for MSG_NOSIGNAL - found
[INFO] [stderr]   -- Looking for PF_INET6
[INFO] [stderr]   -- Looking for PF_INET6 - found
[INFO] [stderr]   -- Looking for SO_NONBLOCK
[INFO] [stderr]   -- Looking for SO_NONBLOCK - not found
[INFO] [stderr]   -- Looking for CLOCK_MONOTONIC
[INFO] [stderr]   -- Looking for CLOCK_MONOTONIC - found
[INFO] [stderr]   -- Performing Test HAVE_SOCKADDR_IN6_SIN6_SCOPE_ID
[INFO] [stderr]   -- Performing Test HAVE_SOCKADDR_IN6_SIN6_SCOPE_ID - Success
[INFO] [stderr]   -- Performing Test HAVE_LL
[INFO] [stderr]   -- Performing Test HAVE_LL - Success
[INFO] [stderr]   -- Looking for bitncmp
[INFO] [stderr]   -- Looking for bitncmp - not found
[INFO] [stderr]   -- Looking for closesocket
[INFO] [stderr]   -- Looking for closesocket - not found
[INFO] [stderr]   -- Looking for CloseSocket
[INFO] [stderr]   -- Looking for CloseSocket - not found
[INFO] [stderr]   -- Looking for connect
[INFO] [stderr]   -- Looking for connect - found
[INFO] [stderr]   -- Looking for fcntl
[INFO] [stderr]   -- Looking for fcntl - found
[INFO] [stderr]   -- Looking for freeaddrinfo
[INFO] [stderr]   -- Looking for freeaddrinfo - found
[INFO] [stderr]   -- Looking for getaddrinfo
[INFO] [stderr]   -- Looking for getaddrinfo - found
[INFO] [stderr]   -- Looking for getenv
[INFO] [stderr]   -- Looking for getenv - found
[INFO] [stderr]   -- Looking for gethostbyaddr
[INFO] [stderr]   -- Looking for gethostbyaddr - found
[INFO] [stderr]   -- Looking for gethostbyname
[INFO] [stderr]   -- Looking for gethostbyname - found
[INFO] [stderr]   -- Looking for gethostname
[INFO] [stderr]   -- Looking for gethostname - found
[INFO] [stderr]   -- Looking for getnameinfo
[INFO] [stderr]   -- Looking for getnameinfo - found
[INFO] [stderr]   -- Looking for getservbyport_r
[INFO] [stderr]   -- Looking for getservbyport_r - found
[INFO] [stderr]   -- Looking for gettimeofday
[INFO] [stderr]   -- Looking for gettimeofday - found
[INFO] [stderr]   -- Looking for if_indextoname
[INFO] [stderr]   -- Looking for if_indextoname - found
[INFO] [stderr]   -- Looking for inet_net_pton
[INFO] [stderr]   -- Looking for inet_net_pton - not found
[INFO] [stderr]   -- Looking for inet_ntop
[INFO] [stderr]   -- Looking for inet_ntop - found
[INFO] [stderr]   -- Looking for inet_pton
[INFO] [stderr]   -- Looking for inet_pton - found
[INFO] [stderr]   -- Looking for ioctl
[INFO] [stderr]   -- Looking for ioctl - found
[INFO] [stderr]   -- Looking for ioctlsocket
[INFO] [stderr]   -- Looking for ioctlsocket - not found
[INFO] [stderr]   -- Looking for IoctlSocket
[INFO] [stderr]   -- Looking for IoctlSocket - not found
[INFO] [stderr]   -- Looking for recv
[INFO] [stderr]   -- Looking for recv - found
[INFO] [stderr]   -- Looking for recvfrom
[INFO] [stderr]   -- Looking for recvfrom - found
[INFO] [stderr]   -- Looking for send
[INFO] [stderr]   -- Looking for send - found
[INFO] [stderr]   -- Looking for setsockopt
[INFO] [stderr]   -- Looking for setsockopt - found
[INFO] [stderr]   -- Looking for socket
[INFO] [stderr]   -- Looking for socket - found
[INFO] [stderr]   -- Looking for strcasecmp
[INFO] [stderr]   -- Looking for strcasecmp - found
[INFO] [stderr]   -- Looking for strcmpi
[INFO] [stderr]   -- Looking for strcmpi - not found
[INFO] [stderr]   -- Looking for strdup
[INFO] [stderr]   -- Looking for strdup - found
[INFO] [stderr]   -- Looking for stricmp
[INFO] [stderr]   -- Looking for stricmp - not found
[INFO] [stderr]   -- Looking for strncasecmp
[INFO] [stderr]   -- Looking for strncasecmp - found
[INFO] [stderr]   -- Looking for strncmpi
[INFO] [stderr]   -- Looking for strncmpi - not found
[INFO] [stderr]   -- Looking for strnicmp
[INFO] [stderr]   -- Looking for strnicmp - not found
[INFO] [stderr]   -- Looking for writev
[INFO] [stderr]   -- Looking for writev - found
[INFO] [stderr]   -- Found Perl: /usr/bin/perl (found version "5.34.0") 
[INFO] [stderr]   -- The ASM compiler identification is GNU
[INFO] [stderr]   -- Found assembler: /usr/bin/cc
[INFO] [stderr]   -- Configuring incomplete, errors occurred!
[INFO] [stderr]   See also "/opt/rustwide/target/debug/build/grpcio-sys-2401f02a9bcf963e/out/build/CMakeFiles/CMakeOutput.log".
[INFO] [stderr]   See also "/opt/rustwide/target/debug/build/grpcio-sys-2401f02a9bcf963e/out/build/CMakeFiles/CMakeError.log".
[INFO] [stderr] 
[INFO] [stderr]   --- stderr
[INFO] [stderr]   CMake Deprecation Warning at CMakeLists.txt:24 (cmake_minimum_required):
[INFO] [stderr]     Compatibility with CMake < 2.8.12 will be removed from a future version of
[INFO] [stderr]     CMake.
[INFO] [stderr] 
[INFO] [stderr]     Update the VERSION argument <min> value or use a ...<max> suffix to tell
[INFO] [stderr]     CMake that the project does not need compatibility with older versions.
[INFO] [stderr] 
[INFO] [stderr] 
[INFO] [stderr]   CMake Deprecation Warning at third_party/zlib/CMakeLists.txt:1 (cmake_minimum_required):
[INFO] [stderr]     Compatibility with CMake < 2.8.12 will be removed from a future version of
[INFO] [stderr]     CMake.
[INFO] [stderr] 
[INFO] [stderr]     Update the VERSION argument <min> value or use a ...<max> suffix to tell
[INFO] [stderr]     CMake that the project does not need compatibility with older versions.
[INFO] [stderr] 
[INFO] [stderr] 
[INFO] [stderr]   CMake Error at third_party/zlib/CMakeLists.txt:77 (file):
[INFO] [stderr]     file RENAME failed to rename
[INFO] [stderr] 
[INFO] [stderr]       /opt/rustwide/cargo-home/registry/src/index.crates.io-6f17d22bba15001f/grpcio-sys-0.4.4/grpc/third_party/zlib/zconf.h
[INFO] [stderr] 
[INFO] [stderr]     to
[INFO] [stderr] 
[INFO] [stderr]       /opt/rustwide/cargo-home/registry/src/index.crates.io-6f17d22bba15001f/grpcio-sys-0.4.4/grpc/third_party/zlib/zconf.h.included
[INFO] [stderr] 
[INFO] [stderr]     because: Read-only file system
[INFO] [stderr] 
[INFO] [stderr] 
[INFO] [stderr] 
[INFO] [stderr]   CMake Warning at cmake/protobuf.cmake:48 (message):
[INFO] [stderr]     gRPC_PROTOBUF_PROVIDER is "module" but PROTOBUF_ROOT_DIR is wrong
[INFO] [stderr]   Call Stack (most recent call first):
[INFO] [stderr]     CMakeLists.txt:140 (include)
[INFO] [stderr] 
[INFO] [stderr] 
[INFO] [stderr]   CMake Deprecation Warning at third_party/boringssl/CMakeLists.txt:1 (cmake_minimum_required):
[INFO] [stderr]     Compatibility with CMake < 2.8.12 will be removed from a future version of
[INFO] [stderr]     CMake.
[INFO] [stderr] 
[INFO] [stderr]     Update the VERSION argument <min> value or use a ...<max> suffix to tell
[INFO] [stderr]     CMake that the project does not need compatibility with older versions.
[INFO] [stderr] 
[INFO] [stderr] 
[INFO] [stderr]   CMake Warning at cmake/gflags.cmake:26 (message):
[INFO] [stderr]     gRPC_GFLAGS_PROVIDER is "module" but GFLAGS_ROOT_DIR is wrong
[INFO] [stderr]   Call Stack (most recent call first):
[INFO] [stderr]     CMakeLists.txt:142 (include)
[INFO] [stderr] 
[INFO] [stderr] 
[INFO] [stderr]   thread 'main' panicked at '
[INFO] [stderr]   command did not execute successfully, got: exit status: 1
[INFO] [stderr] 
[INFO] [stderr]   build script failed, must exit now', /opt/rustwide/cargo-home/registry/src/index.crates.io-6f17d22bba15001f/cmake-0.1.37/src/lib.rs:813:5
[INFO] [stderr]   stack backtrace:
[INFO] [stderr]      0:     0x5597c7747d4a - std::backtrace_rs::backtrace::libunwind::trace::h2f05d0192276a8f6
[INFO] [stderr]                                  at /rustc/1b7dd2252b99671ce5d1cb9664c5f8636329436d/library/std/src/../../backtrace/src/backtrace/libunwind.rs:93:5
[INFO] [stderr]      1:     0x5597c7747d4a - std::backtrace_rs::backtrace::trace_unsynchronized::hedc23dff7a1af150
[INFO] [stderr]                                  at /rustc/1b7dd2252b99671ce5d1cb9664c5f8636329436d/library/std/src/../../backtrace/src/backtrace/mod.rs:66:5
[INFO] [stderr]      2:     0x5597c7747d4a - std::sys_common::backtrace::_print_fmt::h17541ef7592f3ce2
[INFO] [stderr]                                  at /rustc/1b7dd2252b99671ce5d1cb9664c5f8636329436d/library/std/src/sys_common/backtrace.rs:65:5
[INFO] [stderr]      3:     0x5597c7747d4a - <std::sys_common::backtrace::_print::DisplayBacktrace as core::fmt::Display>::fmt::h20f75df5ab0c0792
[INFO] [stderr]                                  at /rustc/1b7dd2252b99671ce5d1cb9664c5f8636329436d/library/std/src/sys_common/backtrace.rs:44:22
[INFO] [stderr]      4:     0x5597c77692af - core::fmt::write::h78109e6f466b3af6
[INFO] [stderr]                                  at /rustc/1b7dd2252b99671ce5d1cb9664c5f8636329436d/library/core/src/fmt/mod.rs:1254:17
[INFO] [stderr]      5:     0x5597c7744665 - std::io::Write::write_fmt::hc59e1b02dd273c8a
[INFO] [stderr]                                  at /rustc/1b7dd2252b99671ce5d1cb9664c5f8636329436d/library/std/src/io/mod.rs:1698:15
[INFO] [stderr]      6:     0x5597c7747b15 - std::sys_common::backtrace::_print::h8dac57a9f8fbf9a5
[INFO] [stderr]                                  at /rustc/1b7dd2252b99671ce5d1cb9664c5f8636329436d/library/std/src/sys_common/backtrace.rs:47:5
[INFO] [stderr]      7:     0x5597c7747b15 - std::sys_common::backtrace::print::hf9ecbf41d1aa712f
[INFO] [stderr]                                  at /rustc/1b7dd2252b99671ce5d1cb9664c5f8636329436d/library/std/src/sys_common/backtrace.rs:34:9
[INFO] [stderr]      8:     0x5597c77493de - std::panicking::default_hook::{{closure}}::h04c07acfc84ca028
[INFO] [stderr]                                  at /rustc/1b7dd2252b99671ce5d1cb9664c5f8636329436d/library/std/src/panicking.rs:269:22
[INFO] [stderr]      9:     0x5597c7749185 - std::panicking::default_hook::h01f6bb23e1eceb2c
[INFO] [stderr]                                  at /rustc/1b7dd2252b99671ce5d1cb9664c5f8636329436d/library/std/src/panicking.rs:288:9
[INFO] [stderr]     10:     0x5597c774993e - std::panicking::rust_panic_with_hook::h2bb3722bbaf2f6df
[INFO] [stderr]                                  at /rustc/1b7dd2252b99671ce5d1cb9664c5f8636329436d/library/std/src/panicking.rs:691:13
[INFO] [stderr]     11:     0x5597c7749839 - std::panicking::begin_panic_handler::{{closure}}::h91bc7f36a4be011b
[INFO] [stderr]                                  at /rustc/1b7dd2252b99671ce5d1cb9664c5f8636329436d/library/std/src/panicking.rs:582:13
[INFO] [stderr]     12:     0x5597c77481b6 - std::sys_common::backtrace::__rust_end_short_backtrace::h8b3d3717114f9e59
[INFO] [stderr]                                  at /rustc/1b7dd2252b99671ce5d1cb9664c5f8636329436d/library/std/src/sys_common/backtrace.rs:150:18
[INFO] [stderr]     13:     0x5597c7749592 - rust_begin_unwind
[INFO] [stderr]                                  at /rustc/1b7dd2252b99671ce5d1cb9664c5f8636329436d/library/std/src/panicking.rs:578:5
[INFO] [stderr]     14:     0x5597c76b7a53 - core::panicking::panic_fmt::hfd368e3fbdabea26
[INFO] [stderr]                                  at /rustc/1b7dd2252b99671ce5d1cb9664c5f8636329436d/library/core/src/panicking.rs:67:14
[INFO] [stderr]     15:     0x5597c76e193f - cmake::fail::h89f06f6761e95598
[INFO] [stderr]     16:     0x5597c76e13a3 - cmake::run::h3e4c32308ea35840
[INFO] [stderr]     17:     0x5597c76ddb2a - cmake::Config::build::h37a5241a981bb1d4
[INFO] [stderr]     18:     0x5597c76b917c - build_script_build::build_grpc::h20e4869b57672a37
[INFO] [stderr]     19:     0x5597c76ba3c2 - build_script_build::main::h2c47977ff6012ef2
[INFO] [stderr]     20:     0x5597c76bb063 - core::ops::function::FnOnce::call_once::h31d91b80611873cc
[INFO] [stderr]     21:     0x5597c76bbc56 - std::sys_common::backtrace::__rust_begin_short_backtrace::h9a5016099d73ff31
[INFO] [stderr]     22:     0x5597c76bc1b9 - std::rt::lang_start::{{closure}}::h98e331f14f83c8ea
[INFO] [stderr]     23:     0x5597c774095e - core::ops::function::impls::<impl core::ops::function::FnOnce<A> for &F>::call_once::h2eb19b8ce4148df4
[INFO] [stderr]                                  at /rustc/1b7dd2252b99671ce5d1cb9664c5f8636329436d/library/core/src/ops/function.rs:287:13
[INFO] [stderr]     24:     0x5597c774095e - std::panicking::try::do_call::h2e900feff5d504c5
[INFO] [stderr]                                  at /rustc/1b7dd2252b99671ce5d1cb9664c5f8636329436d/library/std/src/panicking.rs:485:40
[INFO] [stderr]     25:     0x5597c774095e - std::panicking::try::h8854836cb85aa9f2
[INFO] [stderr]                                  at /rustc/1b7dd2252b99671ce5d1cb9664c5f8636329436d/library/std/src/panicking.rs:449:19
[INFO] [stderr]     26:     0x5597c774095e - std::panic::catch_unwind::h706025dd4c48f64b
[INFO] [stderr]                                  at /rustc/1b7dd2252b99671ce5d1cb9664c5f8636329436d/library/std/src/panic.rs:140:14
[INFO] [stderr]     27:     0x5597c774095e - std::rt::lang_start_internal::{{closure}}::h7be5b97f4a07a91a
[INFO] [stderr]                                  at /rustc/1b7dd2252b99671ce5d1cb9664c5f8636329436d/library/std/src/rt.rs:148:48
[INFO] [stderr]     28:     0x5597c774095e - std::panicking::try::do_call::h59847e9d0a176965
[INFO] [stderr]                                  at /rustc/1b7dd2252b99671ce5d1cb9664c5f8636329436d/library/std/src/panicking.rs:485:40
[INFO] [stderr]     29:     0x5597c774095e - std::panicking::try::h399a918ba8522823
[INFO] [stderr]                                  at /rustc/1b7dd2252b99671ce5d1cb9664c5f8636329436d/library/std/src/panicking.rs:449:19
[INFO] [stderr]     30:     0x5597c774095e - std::panic::catch_unwind::hca7ca6c55b2a2e26
[INFO] [stderr]                                  at /rustc/1b7dd2252b99671ce5d1cb9664c5f8636329436d/library/std/src/panic.rs:140:14
[INFO] [stderr]     31:     0x5597c774095e - std::rt::lang_start_internal::h2c807a81560459eb
[INFO] [stderr]                                  at /rustc/1b7dd2252b99671ce5d1cb9664c5f8636329436d/library/std/src/rt.rs:148:20
[INFO] [stderr]     32:     0x5597c76bc197 - std::rt::lang_start::he34040a14445be77
[INFO] [stderr]     33:     0x5597c76ba905 - main
[INFO] [stderr]     34:     0x7fdde4257d90 - <unknown>
[INFO] [stderr]     35:     0x7fdde4257e40 - __libc_start_main
[INFO] [stderr]     36:     0x5597c76b80c5 - _start
[INFO] [stderr]     37:                0x0 - <unknown>
[INFO] running `Command { std: "docker" "inspect" "a6786ae39ce92618927192233444f6e0e85584aefc31259a9771e42b0795509e", kill_on_drop: false }`
[INFO] running `Command { std: "docker" "rm" "-f" "a6786ae39ce92618927192233444f6e0e85584aefc31259a9771e42b0795509e", kill_on_drop: false }`
[INFO] [stdout] a6786ae39ce92618927192233444f6e0e85584aefc31259a9771e42b0795509e
