[INFO] cloning repository https://github.com/jeizsm/sticker-bot
[INFO] running `Command { std: "git" "-c" "credential.helper=" "-c" "credential.helper=/workspace/cargo-home/bin/git-credential-null" "clone" "--bare" "https://github.com/jeizsm/sticker-bot" "/workspace/cache/git-repos/https%3A%2F%2Fgithub.com%2Fjeizsm%2Fsticker-bot", kill_on_drop: false }`
[INFO] [stderr] Cloning into bare repository '/workspace/cache/git-repos/https%3A%2F%2Fgithub.com%2Fjeizsm%2Fsticker-bot'...
[INFO] running `Command { std: "git" "rev-parse" "HEAD", kill_on_drop: false }`
[INFO] [stdout] c311ad4337273cd19cf6782987aea529294c5182
[INFO] documenting jeizsm/sticker-bot against beta-2023-04-20 for beta-1.70-rustdoc-1
[INFO] running `Command { std: "git" "clone" "/workspace/cache/git-repos/https%3A%2F%2Fgithub.com%2Fjeizsm%2Fsticker-bot" "/workspace/builds/worker-4-tc2/source", kill_on_drop: false }`
[INFO] [stderr] Cloning into '/workspace/builds/worker-4-tc2/source'...
[INFO] [stderr] done.
[INFO] validating manifest of git repo https://github.com/jeizsm/sticker-bot on toolchain beta-2023-04-20
[INFO] running `Command { std: CARGO_HOME="/workspace/cargo-home" RUSTUP_HOME="/workspace/rustup-home" "/workspace/cargo-home/bin/cargo" "+beta-2023-04-20" "metadata" "--manifest-path" "Cargo.toml" "--no-deps", kill_on_drop: false }`
[INFO] removed /workspace/builds/worker-4-tc2/source/rust-toolchain
[INFO] started tweaking git repo https://github.com/jeizsm/sticker-bot
[INFO] finished tweaking git repo https://github.com/jeizsm/sticker-bot
[INFO] tweaked toml for git repo https://github.com/jeizsm/sticker-bot written to /workspace/builds/worker-4-tc2/source/Cargo.toml
[INFO] crate git repo https://github.com/jeizsm/sticker-bot already has a lockfile, it will not be regenerated
[INFO] running `Command { std: CARGO_HOME="/workspace/cargo-home" RUSTUP_HOME="/workspace/rustup-home" "/workspace/cargo-home/bin/cargo" "+beta-2023-04-20" "fetch" "--manifest-path" "Cargo.toml", kill_on_drop: false }`
[INFO] [stderr]     Updating crates.io index
[INFO] [stderr]     Blocking waiting for file lock on package cache
[INFO] [stderr]  Downloading crates ...
[INFO] [stderr]   Downloaded erased-serde v0.3.3
[INFO] [stderr]   Downloaded sct v0.3.0
[INFO] [stderr]   Downloaded ct-logs v0.3.0
[INFO] [stderr]   Downloaded tokio-rustls v0.5.0
[INFO] [stderr]   Downloaded historian v3.0.4
[INFO] [stderr]   Downloaded hyper-multipart-rfc7578 v0.1.0-alpha3
[INFO] [stderr]   Downloaded bincode v0.9.2
[INFO] [stderr]   Downloaded hyper-rustls v0.12.0
[INFO] [stderr]   Downloaded coco v0.2.1
[INFO] [stderr]   Downloaded serde_json v1.0.20
[INFO] [stderr]   Downloaded rustls v0.12.0
[INFO] [stderr]   Downloaded regex-syntax v0.6.1
[INFO] [stderr]   Downloaded webpki-roots v0.14.0
[INFO] [stderr]   Downloaded untrusted v0.6.1
[INFO] [stderr]   Downloaded envy v0.3.2
[INFO] [stderr]   Downloaded webpki v0.18.0-alpha4
[INFO] [stderr]   Downloaded magick_rust v0.8.0
[INFO] [stderr]   Downloaded ring v0.13.0-alpha5
[INFO] running `Command { std: "docker" "create" "-v" "/var/lib/crater-agent-workspace/builds/worker-4-tc2/target:/opt/rustwide/target:rw,Z" "-v" "/var/lib/crater-agent-workspace/builds/worker-4-tc2/source:/opt/rustwide/workdir:ro,Z" "-v" "/var/lib/crater-agent-workspace/cargo-home:/opt/rustwide/cargo-home:ro,Z" "-v" "/var/lib/crater-agent-workspace/rustup-home:/opt/rustwide/rustup-home:ro,Z" "-e" "SOURCE_DIR=/opt/rustwide/workdir" "-e" "CARGO_TARGET_DIR=/opt/rustwide/target" "-e" "CARGO_HOME=/opt/rustwide/cargo-home" "-e" "RUSTUP_HOME=/opt/rustwide/rustup-home" "-w" "/opt/rustwide/workdir" "-m" "1610612736" "--user" "0:0" "--network" "none" "ghcr.io/rust-lang/crates-build-env/linux@sha256:5ff2268d62e97bff2cde7d5815dd6ed5b47097566f13b8d0ca110b04b60e07ed" "/opt/rustwide/cargo-home/bin/cargo" "+beta-2023-04-20" "metadata" "--no-deps" "--format-version=1", kill_on_drop: false }`
[INFO] [stdout] 7ffb1d518e5bb620ebb51f3d34b8b56d7dd08e16bcf00b080e83462cea103878
[INFO] running `Command { std: "docker" "start" "-a" "7ffb1d518e5bb620ebb51f3d34b8b56d7dd08e16bcf00b080e83462cea103878", kill_on_drop: false }`
[INFO] running `Command { std: "docker" "inspect" "7ffb1d518e5bb620ebb51f3d34b8b56d7dd08e16bcf00b080e83462cea103878", kill_on_drop: false }`
[INFO] running `Command { std: "docker" "rm" "-f" "7ffb1d518e5bb620ebb51f3d34b8b56d7dd08e16bcf00b080e83462cea103878", kill_on_drop: false }`
[INFO] [stdout] 7ffb1d518e5bb620ebb51f3d34b8b56d7dd08e16bcf00b080e83462cea103878
[INFO] running `Command { std: "docker" "create" "-v" "/var/lib/crater-agent-workspace/builds/worker-4-tc2/target:/opt/rustwide/target:rw,Z" "-v" "/var/lib/crater-agent-workspace/builds/worker-4-tc2/source:/opt/rustwide/workdir:ro,Z" "-v" "/var/lib/crater-agent-workspace/cargo-home:/opt/rustwide/cargo-home:ro,Z" "-v" "/var/lib/crater-agent-workspace/rustup-home:/opt/rustwide/rustup-home:ro,Z" "-e" "SOURCE_DIR=/opt/rustwide/workdir" "-e" "CARGO_TARGET_DIR=/opt/rustwide/target" "-e" "CARGO_INCREMENTAL=0" "-e" "RUST_BACKTRACE=full" "-e" "RUSTFLAGS=--cap-lints=warn" "-e" "RUSTDOCFLAGS=--cap-lints=warn" "-e" "CARGO_HOME=/opt/rustwide/cargo-home" "-e" "RUSTUP_HOME=/opt/rustwide/rustup-home" "-w" "/opt/rustwide/workdir" "-m" "1610612736" "--user" "0:0" "--network" "none" "ghcr.io/rust-lang/crates-build-env/linux@sha256:5ff2268d62e97bff2cde7d5815dd6ed5b47097566f13b8d0ca110b04b60e07ed" "/opt/rustwide/cargo-home/bin/cargo" "+beta-2023-04-20" "doc" "--frozen" "--no-deps" "--document-private-items" "--message-format=json", kill_on_drop: false }`
[INFO] [stdout] 26a836e021e241450139a0130bc0f6a9c8c33251d55d9c49aedccf96ff7e745f
[INFO] running `Command { std: "docker" "start" "-a" "26a836e021e241450139a0130bc0f6a9c8c33251d55d9c49aedccf96ff7e745f", kill_on_drop: false }`
[INFO] [stderr]     Checking libc v0.2.42
[INFO] [stderr]     Checking cfg-if v0.1.3
[INFO] [stderr]     Checking lazy_static v1.0.1
[INFO] [stderr]     Checking byteorder v1.2.3
[INFO] [stderr]     Checking futures v0.1.21
[INFO] [stderr]     Checking scopeguard v0.3.3
[INFO] [stderr]    Compiling cc v1.0.17
[INFO] [stderr]    Compiling rustc-serialize v0.3.24
[INFO] [stderr]    Compiling term v0.4.6
[INFO] [stderr]    Compiling bitflags v0.8.2
[INFO] [stderr]    Compiling serde v1.0.66
[INFO] [stderr]     Checking untrusted v0.6.1
[INFO] [stderr]    Compiling void v1.0.2
[INFO] [stderr]     Checking log v0.4.2
[INFO] [stderr]     Checking crossbeam-utils v0.3.2
[INFO] [stderr]    Compiling glob v0.2.11
[INFO] [stderr]    Compiling unicase v2.1.0
[INFO] [stderr]    Compiling unreachable v1.0.0
[INFO] [stderr]    Compiling regex v0.2.11
[INFO] [stderr]     Checking scoped-tls v0.1.2
[INFO] [stderr]    Compiling ucd-util v0.1.1
[INFO] [stderr]     Checking safemem v0.2.0
[INFO] [stderr]     Checking crossbeam-epoch v0.4.3
[INFO] [stderr]    Compiling unicode-xid v0.1.0
[INFO] [stderr]    Compiling libloading v0.4.3
[INFO] [stderr]    Compiling log v0.3.9
[INFO] [stderr]    Compiling proc-macro2 v0.4.6
[INFO] [stderr]    Compiling memchr v2.0.1
[INFO] [stderr]     Checking iovec v0.1.2
[INFO] [stderr]     Checking net2 v0.2.32
[INFO] [stderr]     Checking rand v0.4.2
[INFO] [stderr]     Checking num_cpus v1.8.0
[INFO] [stderr]     Checking crossbeam-deque v0.3.1
[INFO] [stderr]     Checking bytes v0.4.8
[INFO] [stderr]    Compiling aho-corasick v0.6.4
[INFO] [stderr]    Compiling memchr v1.0.2
[INFO] [stderr]     Checking base64 v0.9.2
[INFO] [stderr]    Compiling regex-syntax v0.5.6
[INFO] [stderr]    Compiling clang-sys v0.21.2
[INFO] [stderr]    Compiling thread_local v0.3.5
[INFO] [stderr]     Checking slab v0.3.0
[INFO] [stderr]     Checking mio v0.6.14
[INFO] [stderr]     Checking smallvec v0.2.1
[INFO] [stderr]    Compiling utf8-ranges v1.0.0
[INFO] [stderr]     Checking take v0.1.0
[INFO] [stderr]    Compiling unicode-width v0.1.5
[INFO] [stderr]     Checking rand v0.3.22
[INFO] [stderr]    Compiling quote v0.6.3
[INFO] [stderr]    Compiling nom v3.2.1
[INFO] [stderr]    Compiling ring v0.13.0-alpha5
[INFO] [stderr]    Compiling backtrace-sys v0.1.23
[INFO] [stderr]    Compiling textwrap v0.9.0
[INFO] [stderr]    Compiling atty v0.2.10
[INFO] [stderr]    Compiling ansi_term v0.11.0
[INFO] [stderr]    Compiling strsim v0.7.0
[INFO] [stderr]     Checking tokio-executor v0.1.2
[INFO] [stderr]     Checking tokio-io v0.1.7
[INFO] [stderr]     Checking tokio-service v0.1.0
[INFO] [stderr]     Checking try-lock v0.1.0
[INFO] [stderr]    Compiling vec_map v0.8.1
[INFO] [stderr]    Compiling bitflags v1.0.3
[INFO] [stderr]     Checking tokio-threadpool v0.1.4
[INFO] [stderr]     Checking tokio-timer v0.2.4
[INFO] [stderr]     Checking want v0.0.4
[INFO] [stderr]     Checking mime v0.3.7
[INFO] [stderr]     Checking relay v0.1.1
[INFO] [stderr]     Checking futures-cpupool v0.1.8
[INFO] [stderr]    Compiling clap v2.31.2
[INFO] [stderr]    Compiling syn v0.14.2
[INFO] [stderr]     Checking time v0.1.40
[INFO] [stderr]     Checking percent-encoding v1.0.1
[INFO] [stderr]     Checking tokio-reactor v0.1.2
[INFO] [stderr]     Checking tokio-codec v0.1.0
[INFO] [stderr]    Compiling peeking_take_while v0.1.2
[INFO] [stderr]     Checking either v1.5.0
[INFO] [stderr]     Checking httparse v1.2.4
[INFO] [stderr]     Checking language-tags v0.2.2
[INFO] [stderr]    Compiling lazy_static v0.2.11
[INFO] [stderr]     Checking tokio-fs v0.1.1
[INFO] [stderr]     Checking tokio-udp v0.1.1
[INFO] [stderr]     Checking tokio-tcp v0.1.0
[INFO] [stderr]    Compiling cexpr v0.2.3
[INFO] [stderr]     Checking coco v0.2.1
[INFO] [stderr]     Checking rustc-demangle v0.1.8
[INFO] [stderr]    Compiling syntex_pos v0.58.1
[INFO] [stderr]    Compiling regex v1.0.0
[INFO] [stderr]     Checking tokio v0.1.7
[INFO] [stderr]    Compiling pkg-config v0.3.11
[INFO] [stderr]     Checking historian v3.0.4
[INFO] [stderr]     Checking regex-syntax v0.6.1
[INFO] [stderr]     Checking backtrace v0.3.8
[INFO] [stderr]    Compiling syntex_errors v0.58.1
[INFO] [stderr]     Checking tokio-core v0.1.17
[INFO] [stderr]     Checking itoa v0.4.1
[INFO] [stderr]     Checking dtoa v0.4.2
[INFO] [stderr]     Checking quick-error v1.2.2
[INFO] [stderr]     Checking failure v0.1.1
[INFO] [stderr]    Compiling telebot-derive v0.0.11 (https://github.com/jeizsm/telebot.git#4e15255e)
[INFO] [stderr]     Checking humantime v1.1.1
[INFO] [stderr]     Checking uuid v0.6.5
[INFO] [stderr]    Compiling syntex_syntax v0.58.1
[INFO] [stdout] error[E0554]: `#![feature]` may not be used on the beta release channel
[INFO] [stdout]  --> /opt/rustwide/cargo-home/git/checkouts/telebot-00e2fe840071d26e/4e15255/telebot-derive/src/lib.rs:1:5
[INFO] [stdout]   |
[INFO] [stdout] 1 |     #![feature(try_from)]
[INFO] [stdout]   |     ^^^^^^^^^^^^^^^^^^^^^
[INFO] [stdout] 
[INFO] [stdout] 
[INFO] [stdout] error[E0554]: `#![feature]` may not be used on the beta release channel
[INFO] [stdout]  --> /opt/rustwide/cargo-home/git/checkouts/telebot-00e2fe840071d26e/4e15255/telebot-derive/src/lib.rs:2:5
[INFO] [stdout]   |
[INFO] [stdout] 2 |     #![feature(proc_macro, proc_macro_lib)]
[INFO] [stdout]   |     ^^^^^^^^^^^^^^^^^^^^^^^^^^^^^^^^^^^^^^^
[INFO] [stdout]   |
[INFO] [stdout]   = help: the feature `proc_macro` has been stable since `1.29.0` and no longer requires an attribute to enable
[INFO] [stdout] 
[INFO] [stdout] 
[INFO] [stdout] error[E0554]: `#![feature]` may not be used on the beta release channel
[INFO] [stdout]  --> /opt/rustwide/cargo-home/git/checkouts/telebot-00e2fe840071d26e/4e15255/telebot-derive/src/lib.rs:1:16
[INFO] [stdout]   |
[INFO] [stdout] 1 |     #![feature(try_from)]
[INFO] [stdout]   |                ^^^^^^^^
[INFO] [stdout] 
[INFO] [stdout] 
[INFO] [stderr]     Checking tokio-proto v0.1.1
[INFO] [stdout] error[E0554]: `#![feature]` may not be used on the beta release channel
[INFO] [stdout]  --> /opt/rustwide/cargo-home/git/checkouts/telebot-00e2fe840071d26e/4e15255/telebot-derive/src/lib.rs:2:28
[INFO] [stdout]   |
[INFO] [stdout] 2 |     #![feature(proc_macro, proc_macro_lib)]
[INFO] [stdout]   |                            ^^^^^^^^^^^^^^
[INFO] [stdout] 
[INFO] [stdout] 
[INFO] [stderr]     Checking termcolor v0.3.6
[INFO] [stdout] error: aborting due to 4 previous errors
[INFO] [stdout] 
[INFO] [stdout] 
[INFO] [stdout] For more information about this error, try `rustc --explain E0554`.
[INFO] [stdout] 
[INFO] [stderr] error: could not compile `telebot-derive` (lib) due to 5 previous errors
[INFO] [stderr] warning: build failed, waiting for other jobs to finish...
[INFO] [stdout] error[E0423]: expected function, tuple struct or tuple variant, found struct `ast::Name`
[INFO] [stdout]    --> /opt/rustwide/cargo-home/registry/src/index.crates.io-6f17d22bba15001f/syntex_syntax-0.58.1/src/symbol.rs:146:27
[INFO] [stdout]     |
[INFO] [stdout] 146 |                       name: ast::Name($index),
[INFO] [stdout]     |                             ^^^^^^^^^
[INFO] [stdout] ...
[INFO] [stdout] 165 | / declare_keywords! {
[INFO] [stdout] 166 | |     // Invalid identifier
[INFO] [stdout] 167 | |     (0,  Invalid,        "")
[INFO] [stdout] 168 | |
[INFO] [stdout] ...   |
[INFO] [stdout] 231 | |     (56, CrateRoot, "{{root}}")
[INFO] [stdout] 232 | | }
[INFO] [stdout]     | |_- in this macro invocation
[INFO] [stdout]     |
[INFO] [stdout]     = note: this error originates in the macro `declare_keywords` (in Nightly builds, run with -Z macro-backtrace for more info)
[INFO] [stdout] 
[INFO] [stdout] 
[INFO] [stdout] error: aborting due to previous error
[INFO] [stdout] 
[INFO] [stdout] 
[INFO] [stdout] For more information about this error, try `rustc --explain E0423`.
[INFO] [stdout] 
[INFO] [stderr] error: could not compile `syntex_syntax` (lib) due to 2 previous errors
[INFO] running `Command { std: "docker" "inspect" "26a836e021e241450139a0130bc0f6a9c8c33251d55d9c49aedccf96ff7e745f", kill_on_drop: false }`
[INFO] running `Command { std: "docker" "rm" "-f" "26a836e021e241450139a0130bc0f6a9c8c33251d55d9c49aedccf96ff7e745f", kill_on_drop: false }`
[INFO] [stdout] 26a836e021e241450139a0130bc0f6a9c8c33251d55d9c49aedccf96ff7e745f
