[INFO] cloning repository https://github.com/jasonwilliams/boa
[INFO] running `Command { std: "git" "-c" "credential.helper=" "-c" "credential.helper=/workspace/cargo-home/bin/git-credential-null" "clone" "--bare" "https://github.com/jasonwilliams/boa" "/workspace/cache/git-repos/https%3A%2F%2Fgithub.com%2Fjasonwilliams%2Fboa", kill_on_drop: false }`
[INFO] [stderr] Cloning into bare repository '/workspace/cache/git-repos/https%3A%2F%2Fgithub.com%2Fjasonwilliams%2Fboa'...
[INFO] running `Command { std: "git" "rev-parse" "HEAD", kill_on_drop: false }`
[INFO] [stdout] ff06690140f07b36f4ddd38d838b5b561e086f5c
[INFO] documenting jasonwilliams/boa against 1.69.0 for beta-1.70-rustdoc-1
[INFO] running `Command { std: "git" "clone" "/workspace/cache/git-repos/https%3A%2F%2Fgithub.com%2Fjasonwilliams%2Fboa" "/workspace/builds/worker-0-tc1/source", kill_on_drop: false }`
[INFO] [stderr] Cloning into '/workspace/builds/worker-0-tc1/source'...
[INFO] [stderr] done.
[INFO] validating manifest of git repo https://github.com/jasonwilliams/boa on toolchain 1.69.0
[INFO] running `Command { std: CARGO_HOME="/workspace/cargo-home" RUSTUP_HOME="/workspace/rustup-home" "/workspace/cargo-home/bin/cargo" "+1.69.0" "metadata" "--manifest-path" "Cargo.toml" "--no-deps", kill_on_drop: false }`
[INFO] started tweaking git repo https://github.com/jasonwilliams/boa
[INFO] finished tweaking git repo https://github.com/jasonwilliams/boa
[INFO] tweaked toml for git repo https://github.com/jasonwilliams/boa written to /workspace/builds/worker-0-tc1/source/Cargo.toml
[INFO] crate git repo https://github.com/jasonwilliams/boa already has a lockfile, it will not be regenerated
[INFO] running `Command { std: CARGO_HOME="/workspace/cargo-home" RUSTUP_HOME="/workspace/rustup-home" "/workspace/cargo-home/bin/cargo" "+1.69.0" "fetch" "--manifest-path" "Cargo.toml", kill_on_drop: false }`
[INFO] [stderr]  Downloading crates ...
[INFO] [stderr]   Downloaded arbitrary v1.2.2
[INFO] [stderr]   Downloaded bytecheck_derive v0.6.9
[INFO] [stderr]   Downloaded bytecheck v0.6.9
[INFO] [stderr]   Downloaded wasmer v2.3.0
[INFO] [stderr]   Downloaded wasmer-engine-universal v2.3.0
[INFO] [stderr]   Downloaded wasmer-engine-dylib v2.3.0
[INFO] [stderr]   Downloaded elsa v1.7.0
[INFO] [stderr]   Downloaded cached-path v0.5.3
[INFO] [stderr]   Downloaded owo-colors v3.6.0
[INFO] [stderr]   Downloaded zerofrom v0.1.1
[INFO] [stderr]   Downloaded sys-locale v0.2.3
[INFO] [stderr]   Downloaded writeable v0.5.0
[INFO] [stderr]   Downloaded measureme v10.1.0
[INFO] [stderr]   Downloaded serde_yaml v0.9.16
[INFO] [stderr]   Downloaded perf-event-open-sys v1.0.1
[INFO] [stderr]   Downloaded yoke v0.6.2
[INFO] [stderr]   Downloaded mintex v0.1.2
[INFO] [stderr]   Downloaded yoke-derive v0.6.1
[INFO] [stderr]   Downloaded rkyv_derive v0.7.39
[INFO] [stderr]   Downloaded wasmer-derive v2.3.0
[INFO] [stderr]   Downloaded wasmer-vfs v2.3.0
[INFO] [stderr]   Downloaded wasmer-wasi-types v2.3.0
[INFO] [stderr]   Downloaded zip v0.6.3
[INFO] [stderr]   Downloaded databake v0.1.2
[INFO] [stderr]   Downloaded icu_plurals v1.0.0
[INFO] [stderr]   Downloaded icu_provider_macros v1.0.0
[INFO] [stderr]   Downloaded deduplicating_array v0.1.3
[INFO] [stderr]   Downloaded fixed_decimal v0.5.1
[INFO] [stderr]   Downloaded icu_collections v1.0.0
[INFO] [stderr]   Downloaded icu_timezone v1.0.0
[INFO] [stderr]   Downloaded icu_provider_adapters v1.0.0
[INFO] [stderr]   Downloaded icu_provider_blob v1.0.0
[INFO] [stderr]   Downloaded crlify v1.0.1
[INFO] [stderr]   Downloaded serde-aux v2.3.0
[INFO] [stderr]   Downloaded icu_provider_fs v1.0.0
[INFO] [stderr]   Downloaded icu_normalizer v1.0.0
[INFO] [stderr]   Downloaded zip-extensions v0.6.1
[INFO] [stderr]   Downloaded wasmer-compiler-singlepass v2.3.0
[INFO] [stderr]   Downloaded icu_codepointtrie_builder v0.3.3
[INFO] [stderr]   Downloaded icu_list v1.0.0
[INFO] [stderr]   Downloaded icu_datetime v1.0.0
[INFO] [stderr]   Downloaded icu_decimal v1.0.0
[INFO] [stderr]   Downloaded icu_locid_transform v1.0.0
[INFO] [stderr]   Downloaded derive_arbitrary v1.2.2
[INFO] [stderr]   Downloaded databake-derive v0.1.1
[INFO] [stderr]   Downloaded zerovec-derive v0.9.0
[INFO] [stderr]   Downloaded icu_provider v1.0.1
[INFO] [stderr]   Downloaded rkyv v0.7.39
[INFO] [stderr]   Downloaded write16 v1.0.0
[INFO] [stderr]   Downloaded utf16_iter v1.0.4
[INFO] [stderr]   Downloaded wasmer-wasi v2.3.0
[INFO] [stderr]   Downloaded jemalloc-sys v0.5.2+5.3.0-patched
[INFO] [stderr]   Downloaded utf8_iter v1.0.3
[INFO] [stderr]   Downloaded icu_locid v1.0.0
[INFO] [stderr]   Downloaded zerofrom-derive v0.1.1
[INFO] [stderr]   Downloaded dhat v0.3.2
[INFO] [stderr]   Downloaded wasmer-object v2.3.0
[INFO] [stderr]   Downloaded icu_calendar v1.0.0
[INFO] [stderr]   Downloaded icu_properties v1.0.0
[INFO] [stderr]   Downloaded regex-automata v0.2.0
[INFO] [stderr]   Downloaded litemap v0.6.0
[INFO] [stderr]   Downloaded icu_datagen v1.0.2
[INFO] [stderr]   Downloaded icu_collator v1.0.1
[INFO] [stderr]   Downloaded zerovec v0.9.1
[INFO] running `Command { std: "docker" "create" "-v" "/var/lib/crater-agent-workspace/builds/worker-0-tc1/target:/opt/rustwide/target:rw,Z" "-v" "/var/lib/crater-agent-workspace/builds/worker-0-tc1/source:/opt/rustwide/workdir:ro,Z" "-v" "/var/lib/crater-agent-workspace/cargo-home:/opt/rustwide/cargo-home:ro,Z" "-v" "/var/lib/crater-agent-workspace/rustup-home:/opt/rustwide/rustup-home:ro,Z" "-e" "SOURCE_DIR=/opt/rustwide/workdir" "-e" "CARGO_TARGET_DIR=/opt/rustwide/target" "-e" "CARGO_HOME=/opt/rustwide/cargo-home" "-e" "RUSTUP_HOME=/opt/rustwide/rustup-home" "-w" "/opt/rustwide/workdir" "-m" "1610612736" "--user" "0:0" "--network" "none" "ghcr.io/rust-lang/crates-build-env/linux@sha256:5ff2268d62e97bff2cde7d5815dd6ed5b47097566f13b8d0ca110b04b60e07ed" "/opt/rustwide/cargo-home/bin/cargo" "+1.69.0" "metadata" "--no-deps" "--format-version=1", kill_on_drop: false }`
[INFO] [stdout] 9be402485863fc4069dbfe7aeaa9ea4d8ce62348586f273b55ba063a80dea1e2
[INFO] running `Command { std: "docker" "start" "-a" "9be402485863fc4069dbfe7aeaa9ea4d8ce62348586f273b55ba063a80dea1e2", kill_on_drop: false }`
[INFO] running `Command { std: "docker" "inspect" "9be402485863fc4069dbfe7aeaa9ea4d8ce62348586f273b55ba063a80dea1e2", kill_on_drop: false }`
[INFO] running `Command { std: "docker" "rm" "-f" "9be402485863fc4069dbfe7aeaa9ea4d8ce62348586f273b55ba063a80dea1e2", kill_on_drop: false }`
[INFO] [stdout] 9be402485863fc4069dbfe7aeaa9ea4d8ce62348586f273b55ba063a80dea1e2
[INFO] running `Command { std: "docker" "create" "-v" "/var/lib/crater-agent-workspace/builds/worker-0-tc1/target:/opt/rustwide/target:rw,Z" "-v" "/var/lib/crater-agent-workspace/builds/worker-0-tc1/source:/opt/rustwide/workdir:ro,Z" "-v" "/var/lib/crater-agent-workspace/cargo-home:/opt/rustwide/cargo-home:ro,Z" "-v" "/var/lib/crater-agent-workspace/rustup-home:/opt/rustwide/rustup-home:ro,Z" "-e" "SOURCE_DIR=/opt/rustwide/workdir" "-e" "CARGO_TARGET_DIR=/opt/rustwide/target" "-e" "CARGO_INCREMENTAL=0" "-e" "RUST_BACKTRACE=full" "-e" "RUSTFLAGS=--cap-lints=warn" "-e" "RUSTDOCFLAGS=--cap-lints=warn" "-e" "CARGO_HOME=/opt/rustwide/cargo-home" "-e" "RUSTUP_HOME=/opt/rustwide/rustup-home" "-w" "/opt/rustwide/workdir" "-m" "1610612736" "--user" "0:0" "--network" "none" "ghcr.io/rust-lang/crates-build-env/linux@sha256:5ff2268d62e97bff2cde7d5815dd6ed5b47097566f13b8d0ca110b04b60e07ed" "/opt/rustwide/cargo-home/bin/cargo" "+1.69.0" "doc" "--frozen" "--no-deps" "--document-private-items" "--message-format=json", kill_on_drop: false }`
[INFO] [stdout] b202f9103962eeb2698309234a0bdc82abfb0625a9feb4f001f5abd7c880549e
[INFO] running `Command { std: "docker" "start" "-a" "b202f9103962eeb2698309234a0bdc82abfb0625a9feb4f001f5abd7c880549e", kill_on_drop: false }`
[INFO] [stderr]    Compiling proc-macro2 v1.0.49
[INFO] [stderr]    Compiling quote v1.0.23
[INFO] [stderr]    Compiling syn v1.0.107
[INFO] [stderr]    Compiling unicode-ident v1.0.6
[INFO] [stderr]    Compiling serde_derive v1.0.152
[INFO] [stderr]    Compiling serde v1.0.152
[INFO] [stderr]    Compiling unicode-xid v0.2.4
[INFO] [stderr]    Compiling libc v0.2.139
[INFO] [stderr]    Compiling autocfg v1.1.0
[INFO] [stderr]     Checking stable_deref_trait v1.2.0
[INFO] [stderr]    Compiling cfg-if v1.0.0
[INFO] [stderr]     Checking writeable v0.5.0
[INFO] [stderr]     Checking once_cell v1.17.0
[INFO] [stderr]     Checking cobs v0.2.3
[INFO] [stderr]    Compiling memchr v2.5.0
[INFO] [stderr]    Compiling ppv-lite86 v0.2.17
[INFO] [stderr]    Compiling siphasher v0.3.10
[INFO] [stderr]     Checking hashbrown v0.12.3
[INFO] [stderr]     Checking bitflags v1.3.2
[INFO] [stderr]     Checking static_assertions v1.1.0
[INFO] [stderr]     Checking rustc-hash v1.1.0
[INFO] [stderr]    Compiling unicode-general-category v0.6.0
[INFO] [stderr]     Checking boa_profiler v0.16.0 (/opt/rustwide/workdir/boa_profiler)
[INFO] [stderr]     Checking tinyvec_macros v0.1.0
[INFO] [stderr]    Compiling phf_shared v0.11.1
[INFO] [stderr]     Checking fast-float v0.2.0
[INFO] [stderr]     Checking utf8_iter v1.0.3
[INFO] [stderr]    Compiling indexmap v1.9.2
[INFO] [stderr]    Compiling num-traits v0.2.15
[INFO] [stderr]    Compiling num-integer v0.1.45
[INFO] [stderr]    Compiling num-bigint v0.4.3
[INFO] [stderr]     Checking utf16_iter v1.0.4
[INFO] [stderr]     Checking itoa v1.0.5
[INFO] [stderr]     Checking either v1.8.0
[INFO] [stderr]    Compiling serde_json v1.0.91
[INFO] [stderr]     Checking write16 v1.0.0
[INFO] [stderr]    Compiling thiserror v1.0.38
[INFO] [stderr]     Checking ryu v1.0.12
[INFO] [stderr]     Checking tinyvec v1.6.0
[INFO] [stderr]     Checking iana-time-zone v0.1.53
[INFO] [stderr]     Checking ryu-js v0.2.2
[INFO] [stderr]     Checking sptr v0.3.2
[INFO] [stderr]     Checking tap v1.0.1
[INFO] [stderr]     Checking sys-locale v0.2.3
[INFO] [stderr]    Compiling version_check v0.9.4
[INFO] [stderr]    Compiling crossbeam-utils v0.8.14
[INFO] [stderr]    Compiling memoffset v0.7.1
[INFO] [stderr]    Compiling log v0.4.17
[INFO] [stderr]    Compiling wasm-bindgen-shared v0.2.83
[INFO] [stderr]     Checking regress v0.4.1
[INFO] [stderr]     Checking regex-automata v0.2.0
[INFO] [stderr]    Compiling crossbeam-epoch v0.9.13
[INFO] [stderr]    Compiling proc-macro-error-attr v1.0.4
[INFO] [stderr]     Checking tracing-core v0.1.30
[INFO] [stderr]    Compiling io-lifetimes v1.0.3
[INFO] [stderr]    Compiling proc-macro-error v1.0.4
[INFO] [stderr]     Checking sharded-slab v0.1.4
[INFO] [stderr]     Checking thread_local v1.1.4
[INFO] [stderr]    Compiling bumpalo v3.11.1
[INFO] [stderr]     Checking unicode-normalization v0.1.22
[INFO] [stderr]     Checking pin-project-lite v0.2.9
[INFO] [stderr]    Compiling cc v1.0.78
[INFO] [stderr]    Compiling rustix v0.36.6
[INFO] [stderr]     Checking scopeguard v1.1.0
[INFO] [stderr]     Checking tracing v0.1.37
[INFO] [stderr]    Compiling getrandom v0.2.8
[INFO] [stderr]     Checking time v0.1.45
[INFO] [stderr]    Compiling eyre v0.6.8
[INFO] [stderr]    Compiling rand_core v0.6.4
[INFO] [stderr]     Checking gimli v0.27.0
[INFO] [stderr]     Checking linux-raw-sys v0.1.4
[INFO] [stderr]    Compiling rayon-core v1.10.1
[INFO] [stderr]     Checking adler v1.0.2
[INFO] [stderr]     Checking crossbeam-deque v0.8.2
[INFO] [stderr]     Checking tracing-subscriber v0.3.16
[INFO] [stderr]     Checking miniz_oxide v0.6.2
[INFO] [stderr]    Compiling rand_chacha v0.3.1
[INFO] [stderr]     Checking num_cpus v1.15.0
[INFO] [stderr]     Checking crossbeam-channel v0.5.6
[INFO] [stderr]     Checking object v0.30.0
[INFO] [stderr]     Checking os_str_bytes v6.4.1
[INFO] [stderr]     Checking rustc-demangle v0.1.21
[INFO] [stderr]     Checking owo-colors v3.6.0
[INFO] [stderr]    Compiling wasm-bindgen v0.2.83
[INFO] [stderr]    Compiling rand v0.8.5
[INFO] [stderr]     Checking chrono v0.4.23
[INFO] [stderr]    Compiling heck v0.4.0
[INFO] [stderr]     Checking boa_unicode v0.16.0 (/opt/rustwide/workdir/boa_unicode)
[INFO] [stderr]     Checking indenter v0.3.3
[INFO] [stderr]     Checking clap_lex v0.3.0
[INFO] [stderr]    Compiling backtrace v0.3.67
[INFO] [stderr]     Checking atty v0.2.14
[INFO] [stderr]     Checking aho-corasick v0.7.20
[INFO] [stderr]     Checking termcolor v1.1.3
[INFO] [stderr]     Checking strsim v0.10.0
[INFO] [stderr]     Checking unsafe-libyaml v0.2.5
[INFO] [stderr]     Checking regex-syntax v0.6.28
[INFO] [stderr]     Checking byteorder v1.4.3
[INFO] [stderr]     Checking tracing-error v0.2.0
[INFO] [stderr]     Checking colored v2.0.0
[INFO] [stderr]    Compiling phf_generator v0.11.1
[INFO] [stderr]     Checking rayon v1.6.1
[INFO] [stderr]  Documenting boa_unicode v0.16.0 (/opt/rustwide/workdir/boa_unicode)
[INFO] [stderr]     Checking fxhash v0.2.1
[INFO] [stderr]  Documenting boa_profiler v0.16.0 (/opt/rustwide/workdir/boa_profiler)
[INFO] [stderr]     Checking color-spantrace v0.2.0
[INFO] [stderr]     Checking addr2line v0.19.0
[INFO] [stderr]     Checking is-terminal v0.4.2
[INFO] [stderr]     Checking regex v1.7.1
[INFO] [stderr]    Compiling synstructure v0.12.6
[INFO] [stderr]    Compiling wasm-bindgen-backend v0.2.83
[INFO] [stderr]     Checking color-eyre v0.6.2
[INFO] [stderr]    Compiling zerofrom-derive v0.1.1
[INFO] [stderr]    Compiling yoke-derive v0.6.1
[INFO] [stderr]    Compiling displaydoc v0.2.3
[INFO] [stderr]    Compiling zerovec-derive v0.9.0
[INFO] [stderr]    Compiling icu_provider_macros v1.0.0
[INFO] [stderr]    Compiling boa_macros v0.16.0 (/opt/rustwide/workdir/boa_macros)
[INFO] [stderr]    Compiling phf_macros v0.11.1
[INFO] [stderr]    Compiling thiserror-impl v1.0.38
[INFO] [stderr]    Compiling clap_derive v4.0.21
[INFO] [stderr]  Documenting boa_macros v0.16.0 (/opt/rustwide/workdir/boa_macros)
[INFO] [stderr]    Compiling wasm-bindgen-macro-support v0.2.83
[INFO] [stderr]     Checking boa_gc v0.16.0 (/opt/rustwide/workdir/boa_gc)
[INFO] [stderr]  Documenting boa_gc v0.16.0 (/opt/rustwide/workdir/boa_gc)
[INFO] [stderr]    Compiling wasm-bindgen-macro v0.2.83
[INFO] [stderr]     Checking phf v0.11.1
[INFO] [stderr]     Checking zerofrom v0.1.1
[INFO] [stderr]     Checking clap v4.0.32
[INFO] [stderr]     Checking yoke v0.6.2
[INFO] [stderr]     Checking litemap v0.6.0
[INFO] [stderr]     Checking postcard v1.0.2
[INFO] [stderr]     Checking smallvec v1.10.0
[INFO] [stderr]     Checking boa_interner v0.16.0 (/opt/rustwide/workdir/boa_interner)
[INFO] [stderr]     Checking deduplicating_array v0.1.3
[INFO] [stderr]     Checking serde_yaml v0.9.16
[INFO] [stderr]     Checking toml v0.5.10
[INFO] [stderr]  Documenting boa_interner v0.16.0 (/opt/rustwide/workdir/boa_interner)
[INFO] [stderr]     Checking fixed_decimal v0.5.1
[INFO] [stderr]     Checking zerovec v0.9.1
[INFO] [stderr]     Checking boa_ast v0.16.0 (/opt/rustwide/workdir/boa_ast)
[INFO] [stderr]  Documenting boa_ast v0.16.0 (/opt/rustwide/workdir/boa_ast)
[INFO] [stderr]     Checking tinystr v0.7.0
[INFO] [stderr]     Checking icu_collections v1.0.0
[INFO] [stderr]     Checking icu_locid v1.0.0
[INFO] [stderr]     Checking icu_provider v1.0.1
[INFO] [stderr]     Checking icu_provider_adapters v1.0.0
[INFO] [stderr]     Checking icu_properties v1.0.0
[INFO] [stderr]     Checking icu_calendar v1.0.0
[INFO] [stderr]     Checking icu_provider_blob v1.0.0
[INFO] [stderr]     Checking icu_decimal v1.0.0
[INFO] [stderr]     Checking icu_plurals v1.0.0
[INFO] [stderr]     Checking icu_locid_transform v1.0.0
[INFO] [stderr]     Checking icu_list v1.0.0
[INFO] [stdout] error[E0161]: cannot move a value of type `MultiFieldsULE`
[INFO] [stdout]   --> /opt/rustwide/cargo-home/registry/src/github.com-1ecc6299db9ec823/icu_locid_transform-1.0.0/src/provider.rs:33:1
[INFO] [stdout]    |
[INFO] [stdout] 33 | #[zerovec::make_varule(StrStrPairVarULE)]
[INFO] [stdout]    | ^^^^^^^^^^^^^^^^^^^^^^^^^^^^^^^^^^^^^^^^^ the size of `MultiFieldsULE` cannot be statically determined
[INFO] [stdout]    |
[INFO] [stdout]    = note: this error originates in the derive macro `PartialEq` (in Nightly builds, run with -Z macro-backtrace for more info)
[INFO] [stdout] 
[INFO] [stdout] 
[INFO] [stdout] error[E0507]: cannot move out of `self` which is behind a shared reference
[INFO] [stdout]   --> /opt/rustwide/cargo-home/registry/src/github.com-1ecc6299db9ec823/icu_locid_transform-1.0.0/src/provider.rs:33:1
[INFO] [stdout]    |
[INFO] [stdout] 33 | #[zerovec::make_varule(StrStrPairVarULE)]
[INFO] [stdout]    | ^^^^^^^^^^^^^^^^^^^^^^^^^^^^^^^^^^^^^^^^^ move occurs because `self.0` has type `MultiFieldsULE`, which does not implement the `Copy` trait
[INFO] [stdout]    |
[INFO] [stdout]    = note: this error originates in the derive macro `PartialEq` (in Nightly builds, run with -Z macro-backtrace for more info)
[INFO] [stdout] 
[INFO] [stdout] 
[INFO] [stdout] error[E0507]: cannot move out of `other` which is behind a shared reference
[INFO] [stdout]   --> /opt/rustwide/cargo-home/registry/src/github.com-1ecc6299db9ec823/icu_locid_transform-1.0.0/src/provider.rs:33:1
[INFO] [stdout]    |
[INFO] [stdout] 33 | #[zerovec::make_varule(StrStrPairVarULE)]
[INFO] [stdout]    | ^^^^^^^^^^^^^^^^^^^^^^^^^^^^^^^^^^^^^^^^^ move occurs because `other.0` has type `MultiFieldsULE`, which does not implement the `Copy` trait
[INFO] [stdout]    |
[INFO] [stdout]    = note: this error originates in the derive macro `PartialEq` (in Nightly builds, run with -Z macro-backtrace for more info)
[INFO] [stdout] 
[INFO] [stdout] 
[INFO] [stdout] error[E0161]: cannot move a value of type `ZeroSlice<RangeOrValue>`
[INFO] [stdout]   --> /opt/rustwide/cargo-home/registry/src/github.com-1ecc6299db9ec823/icu_plurals-1.0.0/src/rules/runtime/ast.rs:61:1
[INFO] [stdout]    |
[INFO] [stdout] 61 | #[zerovec::make_varule(RelationULE)]
[INFO] [stdout]    | ^^^^^^^^^^^^^^^^^^^^^^^^^^^^^^^^^^^^ the size of `ZeroSlice<RangeOrValue>` cannot be statically determined
[INFO] [stdout]    |
[INFO] [stdout]    = note: this error originates in the derive macro `PartialEq` (in Nightly builds, run with -Z macro-backtrace for more info)
[INFO] [stdout] 
[INFO] [stdout] 
[INFO] [stdout] error[E0507]: cannot move out of `self.range_list` which is behind a shared reference
[INFO] [stdout]   --> /opt/rustwide/cargo-home/registry/src/github.com-1ecc6299db9ec823/icu_plurals-1.0.0/src/rules/runtime/ast.rs:61:1
[INFO] [stdout]    |
[INFO] [stdout] 61 | #[zerovec::make_varule(RelationULE)]
[INFO] [stdout]    | ^^^^^^^^^^^^^^^^^^^^^^^^^^^^^^^^^^^^ move occurs because `self.range_list` has type `ZeroSlice<RangeOrValue>`, which does not implement the `Copy` trait
[INFO] [stdout]    |
[INFO] [stdout]    = note: this error originates in the derive macro `PartialEq` (in Nightly builds, run with -Z macro-backtrace for more info)
[INFO] [stdout] 
[INFO] [stdout] 
[INFO] [stdout] error[E0507]: cannot move out of `other.range_list` which is behind a shared reference
[INFO] [stdout]   --> /opt/rustwide/cargo-home/registry/src/github.com-1ecc6299db9ec823/icu_plurals-1.0.0/src/rules/runtime/ast.rs:61:1
[INFO] [stdout]    |
[INFO] [stdout] 61 | #[zerovec::make_varule(RelationULE)]
[INFO] [stdout]    | ^^^^^^^^^^^^^^^^^^^^^^^^^^^^^^^^^^^^ move occurs because `other.range_list` has type `ZeroSlice<RangeOrValue>`, which does not implement the `Copy` trait
[INFO] [stdout]    |
[INFO] [stdout]    = note: this error originates in the derive macro `PartialEq` (in Nightly builds, run with -Z macro-backtrace for more info)
[INFO] [stdout] 
[INFO] [stdout] 
[INFO] [stdout] error: aborting due to 3 previous errors
[INFO] [stdout] 
[INFO] [stdout] 
[INFO] [stdout] Some errors have detailed explanations: E0161, E0507.
[INFO] [stdout] 
[INFO] [stdout] For more information about an error, try `rustc --explain E0161`.
[INFO] [stdout] 
[INFO] [stderr] error: could not compile `icu_locid_transform` due to 4 previous errors
[INFO] [stderr] warning: build failed, waiting for other jobs to finish...
[INFO] [stdout] error: aborting due to 3 previous errors
[INFO] [stdout] 
[INFO] [stdout] 
[INFO] [stdout] Some errors have detailed explanations: E0161, E0507.
[INFO] [stdout] 
[INFO] [stdout] For more information about an error, try `rustc --explain E0161`.
[INFO] [stdout] 
[INFO] [stderr] error: could not compile `icu_plurals` due to 4 previous errors
[INFO] running `Command { std: "docker" "inspect" "b202f9103962eeb2698309234a0bdc82abfb0625a9feb4f001f5abd7c880549e", kill_on_drop: false }`
[INFO] running `Command { std: "docker" "rm" "-f" "b202f9103962eeb2698309234a0bdc82abfb0625a9feb4f001f5abd7c880549e", kill_on_drop: false }`
[INFO] [stdout] b202f9103962eeb2698309234a0bdc82abfb0625a9feb4f001f5abd7c880549e
