[INFO] cloning repository https://github.com/jasobrown/polaris
[INFO] running `Command { std: "git" "-c" "credential.helper=" "-c" "credential.helper=/workspace/cargo-home/bin/git-credential-null" "clone" "--bare" "https://github.com/jasobrown/polaris" "/workspace/cache/git-repos/https%3A%2F%2Fgithub.com%2Fjasobrown%2Fpolaris", kill_on_drop: false }`
[INFO] [stderr] Cloning into bare repository '/workspace/cache/git-repos/https%3A%2F%2Fgithub.com%2Fjasobrown%2Fpolaris'...
[INFO] running `Command { std: "git" "rev-parse" "HEAD", kill_on_drop: false }`
[INFO] [stdout] c29c785e5efb071cbd84ccdf04a1db12fdf3691a
[INFO] documenting jasobrown/polaris against 1.69.0 for beta-1.70-rustdoc-1
[INFO] running `Command { std: "git" "clone" "/workspace/cache/git-repos/https%3A%2F%2Fgithub.com%2Fjasobrown%2Fpolaris" "/workspace/builds/worker-4-tc1/source", kill_on_drop: false }`
[INFO] [stderr] Cloning into '/workspace/builds/worker-4-tc1/source'...
[INFO] [stderr] done.
[INFO] validating manifest of git repo https://github.com/jasobrown/polaris on toolchain 1.69.0
[INFO] running `Command { std: CARGO_HOME="/workspace/cargo-home" RUSTUP_HOME="/workspace/rustup-home" "/workspace/cargo-home/bin/cargo" "+1.69.0" "metadata" "--manifest-path" "Cargo.toml" "--no-deps", kill_on_drop: false }`
[INFO] started tweaking git repo https://github.com/jasobrown/polaris
[INFO] finished tweaking git repo https://github.com/jasobrown/polaris
[INFO] tweaked toml for git repo https://github.com/jasobrown/polaris written to /workspace/builds/worker-4-tc1/source/Cargo.toml
[INFO] crate git repo https://github.com/jasobrown/polaris already has a lockfile, it will not be regenerated
[INFO] running `Command { std: CARGO_HOME="/workspace/cargo-home" RUSTUP_HOME="/workspace/rustup-home" "/workspace/cargo-home/bin/cargo" "+1.69.0" "fetch" "--manifest-path" "Cargo.toml", kill_on_drop: false }`
[INFO] [stderr]  Downloading crates ...
[INFO] [stderr]   Downloaded rand v0.1.2
[INFO] [stderr]   Downloaded gcc v0.1.7
[INFO] [stderr]   Downloaded libc v0.1.1
[INFO] [stderr]   Downloaded getopts v0.2.3
[INFO] [stderr]   Downloaded log v0.2.2
[INFO] [stderr]   Downloaded time v0.1.16
[INFO] running `Command { std: "docker" "create" "-v" "/var/lib/crater-agent-workspace/builds/worker-4-tc1/target:/opt/rustwide/target:rw,Z" "-v" "/var/lib/crater-agent-workspace/builds/worker-4-tc1/source:/opt/rustwide/workdir:ro,Z" "-v" "/var/lib/crater-agent-workspace/cargo-home:/opt/rustwide/cargo-home:ro,Z" "-v" "/var/lib/crater-agent-workspace/rustup-home:/opt/rustwide/rustup-home:ro,Z" "-e" "SOURCE_DIR=/opt/rustwide/workdir" "-e" "CARGO_TARGET_DIR=/opt/rustwide/target" "-e" "CARGO_HOME=/opt/rustwide/cargo-home" "-e" "RUSTUP_HOME=/opt/rustwide/rustup-home" "-w" "/opt/rustwide/workdir" "-m" "1610612736" "--user" "0:0" "--network" "none" "ghcr.io/rust-lang/crates-build-env/linux@sha256:5ff2268d62e97bff2cde7d5815dd6ed5b47097566f13b8d0ca110b04b60e07ed" "/opt/rustwide/cargo-home/bin/cargo" "+1.69.0" "metadata" "--no-deps" "--format-version=1", kill_on_drop: false }`
[INFO] [stdout] 04174ca0496f43d6d47dba1e3cb261befc21509809786d918d9b410b420b1ab0
[INFO] running `Command { std: "docker" "start" "-a" "04174ca0496f43d6d47dba1e3cb261befc21509809786d918d9b410b420b1ab0", kill_on_drop: false }`
[INFO] running `Command { std: "docker" "inspect" "04174ca0496f43d6d47dba1e3cb261befc21509809786d918d9b410b420b1ab0", kill_on_drop: false }`
[INFO] running `Command { std: "docker" "rm" "-f" "04174ca0496f43d6d47dba1e3cb261befc21509809786d918d9b410b420b1ab0", kill_on_drop: false }`
[INFO] [stdout] 04174ca0496f43d6d47dba1e3cb261befc21509809786d918d9b410b420b1ab0
[INFO] running `Command { std: "docker" "create" "-v" "/var/lib/crater-agent-workspace/builds/worker-4-tc1/target:/opt/rustwide/target:rw,Z" "-v" "/var/lib/crater-agent-workspace/builds/worker-4-tc1/source:/opt/rustwide/workdir:ro,Z" "-v" "/var/lib/crater-agent-workspace/cargo-home:/opt/rustwide/cargo-home:ro,Z" "-v" "/var/lib/crater-agent-workspace/rustup-home:/opt/rustwide/rustup-home:ro,Z" "-e" "SOURCE_DIR=/opt/rustwide/workdir" "-e" "CARGO_TARGET_DIR=/opt/rustwide/target" "-e" "CARGO_INCREMENTAL=0" "-e" "RUST_BACKTRACE=full" "-e" "RUSTFLAGS=--cap-lints=warn" "-e" "RUSTDOCFLAGS=--cap-lints=warn" "-e" "CARGO_HOME=/opt/rustwide/cargo-home" "-e" "RUSTUP_HOME=/opt/rustwide/rustup-home" "-w" "/opt/rustwide/workdir" "-m" "1610612736" "--user" "0:0" "--network" "none" "ghcr.io/rust-lang/crates-build-env/linux@sha256:5ff2268d62e97bff2cde7d5815dd6ed5b47097566f13b8d0ca110b04b60e07ed" "/opt/rustwide/cargo-home/bin/cargo" "+1.69.0" "doc" "--frozen" "--no-deps" "--document-private-items" "--message-format=json", kill_on_drop: false }`
[INFO] [stdout] 94686a19e19c91b4ff928ecad3862093831e708013eccd602c24c8d68702479e
[INFO] running `Command { std: "docker" "start" "-a" "94686a19e19c91b4ff928ecad3862093831e708013eccd602c24c8d68702479e", kill_on_drop: false }`
[INFO] [stderr]    Compiling gcc v0.1.7
[INFO] [stderr]     Checking libc v0.1.1
[INFO] [stderr]     Checking log v0.2.2
[INFO] [stdout] error[E0433]: failed to resolve: could not find `old_io` in `std`
[INFO] [stdout]  --> /opt/rustwide/cargo-home/registry/src/github.com-1ecc6299db9ec823/gcc-0.1.7/src/lib.rs:4:10
[INFO] [stdout]   |
[INFO] [stdout] 4 | use std::old_io::process::InheritFd;
[INFO] [stdout]   |          ^^^^^^ could not find `old_io` in `std`
[INFO] [stdout] 
[INFO] [stdout] 
[INFO] [stdout] error: expected identifier, found `"std"`
[INFO] [stdout]   --> /opt/rustwide/cargo-home/registry/src/github.com-1ecc6299db9ec823/libc-0.1.1/rust/src/liblibc/lib.rs:79:46
[INFO] [stdout]    |
[INFO] [stdout] 79 | #[cfg(feature = "cargo-build")] extern crate "std" as core;
[INFO] [stdout]    |                                              ^^^^^ expected identifier
[INFO] [stdout] 
[INFO] [stdout] 
[INFO] [stdout] error: aborting due to previous error
[INFO] [stdout] 
[INFO] [stdout] 
[INFO] [stderr] error: could not compile `libc` due to 2 previous errors
[INFO] [stderr] warning: build failed, waiting for other jobs to finish...
[INFO] [stdout] error[E0432]: unresolved import `std::old_io`
[INFO] [stdout]  --> /opt/rustwide/cargo-home/registry/src/github.com-1ecc6299db9ec823/gcc-0.1.7/src/lib.rs:3:10
[INFO] [stdout]   |
[INFO] [stdout] 3 | use std::old_io::Command;
[INFO] [stdout]   |          ^^^^^^ could not find `old_io` in `std`
[INFO] [stdout] 
[INFO] [stdout] 
[INFO] [stdout] error[E0432]: unresolved import `std::os::getenv`
[INFO] [stdout]   --> /opt/rustwide/cargo-home/registry/src/github.com-1ecc6299db9ec823/gcc-0.1.7/src/lib.rs:31:9
[INFO] [stdout]    |
[INFO] [stdout] 31 |     use std::os::getenv;
[INFO] [stdout]    |         ^^^^^^^^^^^^^^^ no `getenv` in `os`
[INFO] [stdout] 
[INFO] [stdout] 
[INFO] [stdout] error[E0433]: failed to resolve: could not find `old_io` in `std`
[INFO] [stdout]    --> /opt/rustwide/cargo-home/registry/src/github.com-1ecc6299db9ec823/gcc-0.1.7/src/lib.rs:104:14
[INFO] [stdout]     |
[INFO] [stdout] 104 |         std::old_io::fs::mkdir_recursive(&obj.dir_path(), std::old_io::USER_RWX).unwrap();
[INFO] [stdout]     |              ^^^^^^ could not find `old_io` in `std`
[INFO] [stdout] 
[INFO] [stdout] 
[INFO] [stdout] error[E0433]: failed to resolve: could not find `old_io` in `std`
[INFO] [stdout]    --> /opt/rustwide/cargo-home/registry/src/github.com-1ecc6299db9ec823/gcc-0.1.7/src/lib.rs:104:64
[INFO] [stdout]     |
[INFO] [stdout] 104 |         std::old_io::fs::mkdir_recursive(&obj.dir_path(), std::old_io::USER_RWX).unwrap();
[INFO] [stdout]     |                                                                ^^^^^^ could not find `old_io` in `std`
[INFO] [stdout] 
[INFO] [stdout] 
[INFO] [stdout] error[E0412]: cannot find type `Path` in this scope
[INFO] [stdout]   --> /opt/rustwide/cargo-home/registry/src/github.com-1ecc6299db9ec823/gcc-0.1.7/src/lib.rs:10:34
[INFO] [stdout]    |
[INFO] [stdout] 10 |     pub include_directories: Vec<Path>,
[INFO] [stdout]    |                                  ^^^^ not found in this scope
[INFO] [stdout]    |
[INFO] [stdout] help: consider importing this struct
[INFO] [stdout]    |
[INFO] [stdout] 3  | use std::path::Path;
[INFO] [stdout]    |
[INFO] [stdout] 
[INFO] [stdout] 
[INFO] [stdout] error[E0412]: cannot find type `Path` in this scope
[INFO] [stdout]   --> /opt/rustwide/cargo-home/registry/src/github.com-1ecc6299db9ec823/gcc-0.1.7/src/lib.rs:14:22
[INFO] [stdout]    |
[INFO] [stdout] 14 |     pub objects: Vec<Path>,
[INFO] [stdout]    |                      ^^^^ not found in this scope
[INFO] [stdout]    |
[INFO] [stdout] help: consider importing this struct
[INFO] [stdout]    |
[INFO] [stdout] 3  | use std::path::Path;
[INFO] [stdout]    |
[INFO] [stdout] 
[INFO] [stdout] 
[INFO] [stdout] error[E0433]: failed to resolve: use of undeclared type `Path`
[INFO] [stdout]   --> /opt/rustwide/cargo-home/registry/src/github.com-1ecc6299db9ec823/gcc-0.1.7/src/lib.rs:99:15
[INFO] [stdout]    |
[INFO] [stdout] 99 |     let src = Path::new(getenv("CARGO_MANIFEST_DIR").unwrap());
[INFO] [stdout]    |               ^^^^ use of undeclared type `Path`
[INFO] [stdout]    |
[INFO] [stdout] help: consider importing this struct
[INFO] [stdout]    |
[INFO] [stdout] 3  | use std::path::Path;
[INFO] [stdout]    |
[INFO] [stdout] 
[INFO] [stdout] 
[INFO] [stdout] error[E0433]: failed to resolve: use of undeclared type `Path`
[INFO] [stdout]    --> /opt/rustwide/cargo-home/registry/src/github.com-1ecc6299db9ec823/gcc-0.1.7/src/lib.rs:100:15
[INFO] [stdout]     |
[INFO] [stdout] 100 |     let dst = Path::new(getenv("OUT_DIR").unwrap());
[INFO] [stdout]     |               ^^^^ use of undeclared type `Path`
[INFO] [stdout]     |
[INFO] [stdout] help: consider importing this struct
[INFO] [stdout]     |
[INFO] [stdout] 3   | use std::path::Path;
[INFO] [stdout]     |
[INFO] [stdout] 
[INFO] [stdout] 
[INFO] [stdout] error[E0425]: cannot find function `at_exit` in module `rt`
[INFO] [stdout]    --> /opt/rustwide/cargo-home/registry/src/github.com-1ecc6299db9ec823/log-0.2.2/src/lib.rs:534:9
[INFO] [stdout]     |
[INFO] [stdout] 534 |     rt::at_exit(|| {
[INFO] [stdout]     |         ^^^^^^^ not found in `rt`
[INFO] [stdout] 
[INFO] [stdout] 
[INFO] [stdout] error[E0658]: use of unstable library feature 'rt': this public module should not exist and is highly likely to disappear
[INFO] [stdout]    --> /opt/rustwide/cargo-home/registry/src/github.com-1ecc6299db9ec823/log-0.2.2/src/lib.rs:152:5
[INFO] [stdout]     |
[INFO] [stdout] 152 | use std::rt;
[INFO] [stdout]     |     ^^^^^^^
[INFO] [stdout] 
[INFO] [stdout] 
[INFO] [stdout] error[E0554]: `#![feature]` may not be used on the stable release channel
[INFO] [stdout]    --> /opt/rustwide/cargo-home/registry/src/github.com-1ecc6299db9ec823/log-0.2.2/src/lib.rs:145:12
[INFO] [stdout]     |
[INFO] [stdout] 145 | #![feature(core, std_misc)]
[INFO] [stdout]     |            ^^^^
[INFO] [stdout] 
[INFO] [stdout] 
[INFO] [stdout] error[E0554]: `#![feature]` may not be used on the stable release channel
[INFO] [stdout]    --> /opt/rustwide/cargo-home/registry/src/github.com-1ecc6299db9ec823/log-0.2.2/src/lib.rs:145:18
[INFO] [stdout]     |
[INFO] [stdout] 145 | #![feature(core, std_misc)]
[INFO] [stdout]     |                  ^^^^^^^^
[INFO] [stdout] 
[INFO] [stdout] 
[INFO] [stdout] error[E0635]: unknown feature `std_misc`
[INFO] [stdout]    --> /opt/rustwide/cargo-home/registry/src/github.com-1ecc6299db9ec823/log-0.2.2/src/lib.rs:145:18
[INFO] [stdout]     |
[INFO] [stdout] 145 | #![feature(core, std_misc)]
[INFO] [stdout]     |                  ^^^^^^^^
[INFO] [stdout] 
[INFO] [stdout] 
[INFO] [stdout] error[E0599]: no method named `as_slice` found for struct `String` in the current scope
[INFO] [stdout]   --> /opt/rustwide/cargo-home/registry/src/github.com-1ecc6299db9ec823/gcc-0.1.7/src/lib.rs:59:43
[INFO] [stdout]    |
[INFO] [stdout] 59 |     let mut cmd = Command::new(gcc(target.as_slice()));
[INFO] [stdout]    |                                           ^^^^^^^^ method not found in `String`
[INFO] [stdout] 
[INFO] [stdout] 
[INFO] [stdout] error[E0599]: no method named `as_slice` found for struct `String` in the current scope
[INFO] [stdout]   --> /opt/rustwide/cargo-home/registry/src/github.com-1ecc6299db9ec823/gcc-0.1.7/src/lib.rs:65:15
[INFO] [stdout]    |
[INFO] [stdout] 65 |     if target.as_slice().contains("-ios") {
[INFO] [stdout]    |               ^^^^^^^^ method not found in `String`
[INFO] [stdout] 
[INFO] [stdout] 
[INFO] [stdout] error: aborting due to 5 previous errors
[INFO] [stdout] 
[INFO] [stdout] 
[INFO] [stdout] Some errors have detailed explanations: E0425, E0554, E0635, E0658.
[INFO] [stdout] 
[INFO] [stdout] For more information about an error, try `rustc --explain E0425`.
[INFO] [stdout] 
[INFO] [stdout] error[E0599]: no method named `as_slice` found for struct `String` in the current scope
[INFO] [stdout]   --> /opt/rustwide/cargo-home/registry/src/github.com-1ecc6299db9ec823/gcc-0.1.7/src/lib.rs:66:35
[INFO] [stdout]    |
[INFO] [stdout] 66 |         cmd.args(ios_flags(target.as_slice()).as_slice());
[INFO] [stdout]    |                                   ^^^^^^^^ method not found in `String`
[INFO] [stdout] 
[INFO] [stdout] 
[INFO] [stderr] error: could not compile `log` due to 6 previous errors
[INFO] [stdout] error[E0599]: no method named `as_slice` found for struct `String` in the current scope
[INFO] [stdout]   --> /opt/rustwide/cargo-home/registry/src/github.com-1ecc6299db9ec823/gcc-0.1.7/src/lib.rs:72:19
[INFO] [stdout]    |
[INFO] [stdout] 72 |         if target.as_slice().contains("i686") {
[INFO] [stdout]    |                   ^^^^^^^^ method not found in `String`
[INFO] [stdout] 
[INFO] [stdout] 
[INFO] [stdout] error[E0599]: no method named `as_slice` found for struct `String` in the current scope
[INFO] [stdout]   --> /opt/rustwide/cargo-home/registry/src/github.com-1ecc6299db9ec823/gcc-0.1.7/src/lib.rs:74:26
[INFO] [stdout]    |
[INFO] [stdout] 74 |         } else if target.as_slice().contains("x86_64") {
[INFO] [stdout]    |                          ^^^^^^^^ method not found in `String`
[INFO] [stdout] 
[INFO] [stdout] 
[INFO] [stdout] error[E0599]: no method named `as_slice` found for struct `String` in the current scope
[INFO] [stdout]   --> /opt/rustwide/cargo-home/registry/src/github.com-1ecc6299db9ec823/gcc-0.1.7/src/lib.rs:78:20
[INFO] [stdout]    |
[INFO] [stdout] 78 |         if !target.as_slice().contains("i686") {
[INFO] [stdout]    |                    ^^^^^^^^ method not found in `String`
[INFO] [stdout] 
[INFO] [stdout] 
[INFO] [stdout] error[E0599]: no method named `as_slice` found for struct `String` in the current scope
[INFO] [stdout]    --> /opt/rustwide/cargo-home/registry/src/github.com-1ecc6299db9ec823/gcc-0.1.7/src/lib.rs:110:32
[INFO] [stdout]     |
[INFO] [stdout] 110 |     run(Command::new(ar(target.as_slice())).arg("crus")
[INFO] [stdout]     |                                ^^^^^^^^ method not found in `String`
[INFO] [stdout] 
[INFO] [stdout] 
[INFO] [stdout] error[E0599]: no method named `slice` found for reference `&str` in the current scope
[INFO] [stdout]    --> /opt/rustwide/cargo-home/registry/src/github.com-1ecc6299db9ec823/gcc-0.1.7/src/lib.rs:115:36
[INFO] [stdout]     |
[INFO] [stdout] 115 |              dst.display(), output.slice(3, output.len() - 2));
[INFO] [stdout]     |                                    ^^^^^ help: there is a method with a similar name: `split_once`
[INFO] [stdout] 
[INFO] [stdout] 
[INFO] [stdout] error[E0599]: no method named `as_slice` found for struct `String` in the current scope
[INFO] [stdout]    --> /opt/rustwide/cargo-home/registry/src/github.com-1ecc6299db9ec823/gcc-0.1.7/src/lib.rs:140:57
[INFO] [stdout]     |
[INFO] [stdout] 140 |     let res = getenv(format!("{}_{}", var_base, target).as_slice())
[INFO] [stdout]     |                                                         ^^^^^^^^ method not found in `String`
[INFO] [stdout] 
[INFO] [stdout] 
[INFO] [stdout] error[E0599]: no method named `as_slice` found for struct `String` in the current scope
[INFO] [stdout]    --> /opt/rustwide/cargo-home/registry/src/github.com-1ecc6299db9ec823/gcc-0.1.7/src/lib.rs:141:65
[INFO] [stdout]     |
[INFO] [stdout] 141 |         .or_else(|| getenv(format!("{}_{}", var_base, target_u).as_slice()))
[INFO] [stdout]     |                                                                 ^^^^^^^^ method not found in `String`
[INFO] [stdout] 
[INFO] [stdout] 
[INFO] [stdout] error[E0599]: no method named `as_slice` found for struct `String` in the current scope
[INFO] [stdout]    --> /opt/rustwide/cargo-home/registry/src/github.com-1ecc6299db9ec823/gcc-0.1.7/src/lib.rs:142:61
[INFO] [stdout]     |
[INFO] [stdout] 142 |         .or_else(|| getenv(format!("{}_{}", kind, var_base).as_slice()))
[INFO] [stdout]     |                                                             ^^^^^^^^ method not found in `String`
[INFO] [stdout] 
[INFO] [stdout] 
[INFO] [stdout] error[E0599]: no method named `find_str` found for reference `&str` in the current scope
[INFO] [stdout]    --> /opt/rustwide/cargo-home/registry/src/github.com-1ecc6299db9ec823/gcc-0.1.7/src/lib.rs:152:29
[INFO] [stdout]     |
[INFO] [stdout] 152 |     let is_android = target.find_str("android").is_some();
[INFO] [stdout]     |                             ^^^^^^^^ help: there is a method with a similar name: `find`
[INFO] [stdout] 
[INFO] [stdout] 
[INFO] [stdout] error[E0599]: no method named `find_str` found for reference `&str` in the current scope
[INFO] [stdout]    --> /opt/rustwide/cargo-home/registry/src/github.com-1ecc6299db9ec823/gcc-0.1.7/src/lib.rs:164:29
[INFO] [stdout]     |
[INFO] [stdout] 164 |     let is_android = target.find_str("android").is_some();
[INFO] [stdout]     |                             ^^^^^^^^ help: there is a method with a similar name: `find`
[INFO] [stdout] 
[INFO] [stdout] 
[INFO] [stdout] error[E0599]: no method named `as_slice` found for struct `String` in the current scope
[INFO] [stdout]    --> /opt/rustwide/cargo-home/registry/src/github.com-1ecc6299db9ec823/gcc-0.1.7/src/lib.rs:175:9
[INFO] [stdout]     |
[INFO] [stdout] 174 | /     get_var("CFLAGS").unwrap_or(String::new())
[INFO] [stdout] 175 | |        .as_slice().words().map(|s| s.to_string())
[INFO] [stdout]     | |        -^^^^^^^^ method not found in `String`
[INFO] [stdout]     | |________|
[INFO] [stdout]     | 
[INFO] [stdout] 
[INFO] [stdout] 
[INFO] [stdout] error: aborting due to 23 previous errors
[INFO] [stdout] 
[INFO] [stdout] 
[INFO] [stdout] Some errors have detailed explanations: E0412, E0432, E0433, E0599.
[INFO] [stdout] 
[INFO] [stdout] For more information about an error, try `rustc --explain E0412`.
[INFO] [stdout] 
[INFO] [stderr] error: could not compile `gcc` due to 24 previous errors
[INFO] running `Command { std: "docker" "inspect" "94686a19e19c91b4ff928ecad3862093831e708013eccd602c24c8d68702479e", kill_on_drop: false }`
[INFO] running `Command { std: "docker" "rm" "-f" "94686a19e19c91b4ff928ecad3862093831e708013eccd602c24c8d68702479e", kill_on_drop: false }`
[INFO] [stdout] 94686a19e19c91b4ff928ecad3862093831e708013eccd602c24c8d68702479e
