[INFO] cloning repository https://github.com/jacson-junior/face-reco-experiments-rust
[INFO] running `Command { std: "git" "-c" "credential.helper=" "-c" "credential.helper=/workspace/cargo-home/bin/git-credential-null" "clone" "--bare" "https://github.com/jacson-junior/face-reco-experiments-rust" "/workspace/cache/git-repos/https%3A%2F%2Fgithub.com%2Fjacson-junior%2Fface-reco-experiments-rust", kill_on_drop: false }`
[INFO] [stderr] Cloning into bare repository '/workspace/cache/git-repos/https%3A%2F%2Fgithub.com%2Fjacson-junior%2Fface-reco-experiments-rust'...
[INFO] running `Command { std: "git" "rev-parse" "HEAD", kill_on_drop: false }`
[INFO] [stdout] 446cf4d3859c7d7da9dbba98b2517d4334ba59ae
[INFO] documenting jacson-junior/face-reco-experiments-rust against beta-2023-04-20 for beta-1.70-rustdoc-1
[INFO] running `Command { std: "git" "clone" "/workspace/cache/git-repos/https%3A%2F%2Fgithub.com%2Fjacson-junior%2Fface-reco-experiments-rust" "/workspace/builds/worker-0-tc2/source", kill_on_drop: false }`
[INFO] [stderr] Cloning into '/workspace/builds/worker-0-tc2/source'...
[INFO] [stderr] done.
[INFO] validating manifest of git repo https://github.com/jacson-junior/face-reco-experiments-rust on toolchain beta-2023-04-20
[INFO] running `Command { std: CARGO_HOME="/workspace/cargo-home" RUSTUP_HOME="/workspace/rustup-home" "/workspace/cargo-home/bin/cargo" "+beta-2023-04-20" "metadata" "--manifest-path" "Cargo.toml" "--no-deps", kill_on_drop: false }`
[INFO] started tweaking git repo https://github.com/jacson-junior/face-reco-experiments-rust
[INFO] finished tweaking git repo https://github.com/jacson-junior/face-reco-experiments-rust
[INFO] tweaked toml for git repo https://github.com/jacson-junior/face-reco-experiments-rust written to /workspace/builds/worker-0-tc2/source/Cargo.toml
[INFO] crate git repo https://github.com/jacson-junior/face-reco-experiments-rust already has a lockfile, it will not be regenerated
[INFO] running `Command { std: CARGO_HOME="/workspace/cargo-home" RUSTUP_HOME="/workspace/rustup-home" "/workspace/cargo-home/bin/cargo" "+beta-2023-04-20" "fetch" "--manifest-path" "Cargo.toml", kill_on_drop: false }`
[INFO] [stderr]     Updating crates.io index
[INFO] [stderr]  Downloading crates ...
[INFO] [stderr]   Downloaded xcursor v0.3.2
[INFO] [stderr]   Downloaded openpnp_capture v0.1.0
[INFO] [stderr]   Downloaded openpnp_capture_sys v0.2.6
[INFO] running `Command { std: "docker" "create" "-v" "/var/lib/crater-agent-workspace/builds/worker-0-tc2/target:/opt/rustwide/target:rw,Z" "-v" "/var/lib/crater-agent-workspace/builds/worker-0-tc2/source:/opt/rustwide/workdir:ro,Z" "-v" "/var/lib/crater-agent-workspace/cargo-home:/opt/rustwide/cargo-home:ro,Z" "-v" "/var/lib/crater-agent-workspace/rustup-home:/opt/rustwide/rustup-home:ro,Z" "-e" "SOURCE_DIR=/opt/rustwide/workdir" "-e" "CARGO_TARGET_DIR=/opt/rustwide/target" "-e" "CARGO_HOME=/opt/rustwide/cargo-home" "-e" "RUSTUP_HOME=/opt/rustwide/rustup-home" "-w" "/opt/rustwide/workdir" "-m" "1610612736" "--user" "0:0" "--network" "none" "ghcr.io/rust-lang/crates-build-env/linux@sha256:5ff2268d62e97bff2cde7d5815dd6ed5b47097566f13b8d0ca110b04b60e07ed" "/opt/rustwide/cargo-home/bin/cargo" "+beta-2023-04-20" "metadata" "--no-deps" "--format-version=1", kill_on_drop: false }`
[INFO] [stdout] 72cbd4aedab941959b8cbce35d77d0bd01847e38700ff8c0c37977ba4c7f4a9c
[INFO] running `Command { std: "docker" "start" "-a" "72cbd4aedab941959b8cbce35d77d0bd01847e38700ff8c0c37977ba4c7f4a9c", kill_on_drop: false }`
[INFO] running `Command { std: "docker" "inspect" "72cbd4aedab941959b8cbce35d77d0bd01847e38700ff8c0c37977ba4c7f4a9c", kill_on_drop: false }`
[INFO] running `Command { std: "docker" "rm" "-f" "72cbd4aedab941959b8cbce35d77d0bd01847e38700ff8c0c37977ba4c7f4a9c", kill_on_drop: false }`
[INFO] [stdout] 72cbd4aedab941959b8cbce35d77d0bd01847e38700ff8c0c37977ba4c7f4a9c
[INFO] running `Command { std: "docker" "create" "-v" "/var/lib/crater-agent-workspace/builds/worker-0-tc2/target:/opt/rustwide/target:rw,Z" "-v" "/var/lib/crater-agent-workspace/builds/worker-0-tc2/source:/opt/rustwide/workdir:ro,Z" "-v" "/var/lib/crater-agent-workspace/cargo-home:/opt/rustwide/cargo-home:ro,Z" "-v" "/var/lib/crater-agent-workspace/rustup-home:/opt/rustwide/rustup-home:ro,Z" "-e" "SOURCE_DIR=/opt/rustwide/workdir" "-e" "CARGO_TARGET_DIR=/opt/rustwide/target" "-e" "CARGO_INCREMENTAL=0" "-e" "RUST_BACKTRACE=full" "-e" "RUSTFLAGS=--cap-lints=warn" "-e" "RUSTDOCFLAGS=--cap-lints=warn" "-e" "CARGO_HOME=/opt/rustwide/cargo-home" "-e" "RUSTUP_HOME=/opt/rustwide/rustup-home" "-w" "/opt/rustwide/workdir" "-m" "1610612736" "--user" "0:0" "--network" "none" "ghcr.io/rust-lang/crates-build-env/linux@sha256:5ff2268d62e97bff2cde7d5815dd6ed5b47097566f13b8d0ca110b04b60e07ed" "/opt/rustwide/cargo-home/bin/cargo" "+beta-2023-04-20" "doc" "--frozen" "--no-deps" "--document-private-items" "--message-format=json", kill_on_drop: false }`
[INFO] [stdout] fe90a2f59bfb8dcdfd7a1e9a4ac012b71a7564882f99b29a7329e5a530b2d403
[INFO] running `Command { std: "docker" "start" "-a" "fe90a2f59bfb8dcdfd7a1e9a4ac012b71a7564882f99b29a7329e5a530b2d403", kill_on_drop: false }`
[INFO] [stderr]    Compiling libc v0.2.71
[INFO] [stderr]    Compiling cc v1.0.54
[INFO] [stderr]    Compiling pkg-config v0.3.18
[INFO] [stderr]    Compiling nom v5.1.2
[INFO] [stderr]    Compiling memchr v2.3.3
[INFO] [stderr]    Compiling glob v0.3.0
[INFO] [stderr]    Compiling lazy_static v1.4.0
[INFO] [stderr]    Compiling log v0.4.11
[INFO] [stderr]    Compiling regex-syntax v0.6.18
[INFO] [stderr]    Compiling thread_local v1.0.1
[INFO] [stderr]    Compiling aho-corasick v0.7.10
[INFO] [stderr]    Compiling xml-rs v0.8.3
[INFO] [stderr]    Compiling unicode-width v0.1.8
[INFO] [stderr]    Compiling clang-sys v0.29.3
[INFO] [stderr]    Compiling quick-error v1.2.3
[INFO] [stderr]    Compiling humantime v1.3.0
[INFO] [stderr]    Compiling wayland-scanner v0.27.0
[INFO] [stderr]    Compiling textwrap v0.11.0
[INFO] [stderr]    Compiling libloading v0.5.2
[INFO] [stderr]    Compiling bitflags v1.2.1
[INFO] [stderr]    Compiling atty v0.2.14
[INFO] [stderr]    Compiling strsim v0.8.0
[INFO] [stderr]    Compiling termcolor v1.1.0
[INFO] [stderr]    Compiling vec_map v0.8.2
[INFO] [stderr]    Compiling bindgen v0.53.3
[INFO] [stderr]    Compiling clap v2.33.3
[INFO] [stderr]    Compiling which v3.1.1
[INFO] [stderr]    Compiling wayland-sys v0.27.0
[INFO] [stderr]    Compiling regex v1.3.9
[INFO] [stderr]    Compiling lazycell v1.3.0
[INFO] [stderr]    Compiling rustc-hash v1.1.0
[INFO] [stderr]    Compiling nix v0.17.0
[INFO] [stderr]    Compiling shlex v0.1.1
[INFO] [stderr]    Compiling getrandom v0.1.15
[INFO] [stderr]    Compiling wayland-client v0.27.0
[INFO] [stderr]     Checking once_cell v1.4.1
[INFO] [stderr]     Checking smallvec v1.4.2
[INFO] [stderr]     Checking rand_core v0.5.1
[INFO] [stderr]    Compiling xkbcommon-sys v0.7.4
[INFO] [stderr]    Compiling env_logger v0.7.1
[INFO] [stderr]    Compiling cexpr v0.4.0
[INFO] [stderr]    Compiling cmake v0.1.44
[INFO] [stderr]     Checking ppv-lite86 v0.2.9
[INFO] [stderr]     Checking downcast-rs v1.2.0
[INFO] [stderr]    Compiling maybe-uninit v2.0.0
[INFO] [stderr]     Checking rand_chacha v0.2.2
[INFO] [stderr]    Compiling wayland-protocols v0.27.0
[INFO] [stderr]    Compiling x11-dl v2.18.5
[INFO] [stderr]     Checking wayland-commons v0.27.0
[INFO] [stderr]     Checking rand v0.7.3
[INFO] [stderr]    Compiling minifb v0.19.1
[INFO] [stderr]     Checking xcursor v0.3.2
[INFO] [stderr]     Checking remove_dir_all v0.5.3
[INFO] [stderr]     Checking tempfile v3.1.0
[INFO] [stderr]     Checking xkb v0.2.1
[INFO] [stderr]     Checking raw-window-handle v0.3.3
[INFO] [stderr]     Checking wayland-cursor v0.27.0
[INFO] [stderr]    Compiling openpnp_capture_sys v0.2.6
[INFO] [stderr]    Compiling face_reco v0.1.0 (/opt/rustwide/workdir)
[INFO] [stderr] error: failed to run custom build command for `face_reco v0.1.0 (/opt/rustwide/workdir)`
[INFO] [stderr] note: To improve backtraces for build dependencies, set the CARGO_PROFILE_DEV_BUILD_OVERRIDE_DEBUG=true environment variable to enable debug information generation.
[INFO] [stderr] 
[INFO] [stderr] Caused by:
[INFO] [stderr]   process didn't exit successfully: `/opt/rustwide/target/debug/build/face_reco-53948e374ce47a2d/build-script-build` (exit status: 101)
[INFO] [stderr]   --- stdout
[INFO] [stderr]   cargo:rerun-if-changed=wrapper.h
[INFO] [stderr] 
[INFO] [stderr]   --- stderr
[INFO] [stderr]   wrapper.h:1:10: fatal error: 'vendor/libfacedetection/build/install/include/facedetection/facedetectcnn.h' file not found
[INFO] [stderr]   wrapper.h:1:10: fatal error: 'vendor/libfacedetection/build/install/include/facedetection/facedetectcnn.h' file not found, err: true
[INFO] [stderr]   thread 'main' panicked at 'Unable to generate bindings: ()', build.rs:13:10
[INFO] [stderr]   stack backtrace:
[INFO] [stderr]      0:     0x563be92be3aa - std::backtrace_rs::backtrace::libunwind::trace::h2f05d0192276a8f6
[INFO] [stderr]                                  at /rustc/1b7dd2252b99671ce5d1cb9664c5f8636329436d/library/std/src/../../backtrace/src/backtrace/libunwind.rs:93:5
[INFO] [stderr]      1:     0x563be92be3aa - std::backtrace_rs::backtrace::trace_unsynchronized::hedc23dff7a1af150
[INFO] [stderr]                                  at /rustc/1b7dd2252b99671ce5d1cb9664c5f8636329436d/library/std/src/../../backtrace/src/backtrace/mod.rs:66:5
[INFO] [stderr]      2:     0x563be92be3aa - std::sys_common::backtrace::_print_fmt::h17541ef7592f3ce2
[INFO] [stderr]                                  at /rustc/1b7dd2252b99671ce5d1cb9664c5f8636329436d/library/std/src/sys_common/backtrace.rs:65:5
[INFO] [stderr]      3:     0x563be92be3aa - <std::sys_common::backtrace::_print::DisplayBacktrace as core::fmt::Display>::fmt::h20f75df5ab0c0792
[INFO] [stderr]                                  at /rustc/1b7dd2252b99671ce5d1cb9664c5f8636329436d/library/std/src/sys_common/backtrace.rs:44:22
[INFO] [stderr]      4:     0x563be92e34df - core::fmt::write::h78109e6f466b3af6
[INFO] [stderr]                                  at /rustc/1b7dd2252b99671ce5d1cb9664c5f8636329436d/library/core/src/fmt/mod.rs:1254:17
[INFO] [stderr]      5:     0x563be92bb595 - std::io::Write::write_fmt::hc59e1b02dd273c8a
[INFO] [stderr]                                  at /rustc/1b7dd2252b99671ce5d1cb9664c5f8636329436d/library/std/src/io/mod.rs:1698:15
[INFO] [stderr]      6:     0x563be92be175 - std::sys_common::backtrace::_print::h8dac57a9f8fbf9a5
[INFO] [stderr]                                  at /rustc/1b7dd2252b99671ce5d1cb9664c5f8636329436d/library/std/src/sys_common/backtrace.rs:47:5
[INFO] [stderr]      7:     0x563be92be175 - std::sys_common::backtrace::print::hf9ecbf41d1aa712f
[INFO] [stderr]                                  at /rustc/1b7dd2252b99671ce5d1cb9664c5f8636329436d/library/std/src/sys_common/backtrace.rs:34:9
[INFO] [stderr]      8:     0x563be92bfb7e - std::panicking::default_hook::{{closure}}::h04c07acfc84ca028
[INFO] [stderr]                                  at /rustc/1b7dd2252b99671ce5d1cb9664c5f8636329436d/library/std/src/panicking.rs:269:22
[INFO] [stderr]      9:     0x563be92bf925 - std::panicking::default_hook::h01f6bb23e1eceb2c
[INFO] [stderr]                                  at /rustc/1b7dd2252b99671ce5d1cb9664c5f8636329436d/library/std/src/panicking.rs:288:9
[INFO] [stderr]     10:     0x563be92c00de - std::panicking::rust_panic_with_hook::h2bb3722bbaf2f6df
[INFO] [stderr]                                  at /rustc/1b7dd2252b99671ce5d1cb9664c5f8636329436d/library/std/src/panicking.rs:691:13
[INFO] [stderr]     11:     0x563be92bffd9 - std::panicking::begin_panic_handler::{{closure}}::h91bc7f36a4be011b
[INFO] [stderr]                                  at /rustc/1b7dd2252b99671ce5d1cb9664c5f8636329436d/library/std/src/panicking.rs:582:13
[INFO] [stderr]     12:     0x563be92be816 - std::sys_common::backtrace::__rust_end_short_backtrace::h8b3d3717114f9e59
[INFO] [stderr]                                  at /rustc/1b7dd2252b99671ce5d1cb9664c5f8636329436d/library/std/src/sys_common/backtrace.rs:150:18
[INFO] [stderr]     13:     0x563be92bfd32 - rust_begin_unwind
[INFO] [stderr]                                  at /rustc/1b7dd2252b99671ce5d1cb9664c5f8636329436d/library/std/src/panicking.rs:578:5
[INFO] [stderr]     14:     0x563be8ef35f3 - core::panicking::panic_fmt::hfd368e3fbdabea26
[INFO] [stderr]                                  at /rustc/1b7dd2252b99671ce5d1cb9664c5f8636329436d/library/core/src/panicking.rs:67:14
[INFO] [stderr]     15:     0x563be8ef3b93 - core::result::unwrap_failed::he54eb4b2f125b26f
[INFO] [stderr]                                  at /rustc/1b7dd2252b99671ce5d1cb9664c5f8636329436d/library/core/src/result.rs:1687:5
[INFO] [stderr]     16:     0x563be8ef46fb - core::result::Result<T,E>::expect::h87f716d34a3b7112
[INFO] [stderr]     17:     0x563be8ef62be - build_script_build::main::h124c4854fb8ffb9e
[INFO] [stderr]     18:     0x563be8ef48a3 - core::ops::function::FnOnce::call_once::h4f6b9d705f98ca4c
[INFO] [stderr]     19:     0x563be8ef4676 - std::sys_common::backtrace::__rust_begin_short_backtrace::haee26b8a72b4b8f6
[INFO] [stderr]     20:     0x563be8ef4659 - std::rt::lang_start::{{closure}}::hfdf336f4e6caf7ea
[INFO] [stderr]     21:     0x563be92b7f4e - core::ops::function::impls::<impl core::ops::function::FnOnce<A> for &F>::call_once::h2eb19b8ce4148df4
[INFO] [stderr]                                  at /rustc/1b7dd2252b99671ce5d1cb9664c5f8636329436d/library/core/src/ops/function.rs:287:13
[INFO] [stderr]     22:     0x563be92b7f4e - std::panicking::try::do_call::h2e900feff5d504c5
[INFO] [stderr]                                  at /rustc/1b7dd2252b99671ce5d1cb9664c5f8636329436d/library/std/src/panicking.rs:485:40
[INFO] [stderr]     23:     0x563be92b7f4e - std::panicking::try::h8854836cb85aa9f2
[INFO] [stderr]                                  at /rustc/1b7dd2252b99671ce5d1cb9664c5f8636329436d/library/std/src/panicking.rs:449:19
[INFO] [stderr]     24:     0x563be92b7f4e - std::panic::catch_unwind::h706025dd4c48f64b
[INFO] [stderr]                                  at /rustc/1b7dd2252b99671ce5d1cb9664c5f8636329436d/library/std/src/panic.rs:140:14
[INFO] [stderr]     25:     0x563be92b7f4e - std::rt::lang_start_internal::{{closure}}::h7be5b97f4a07a91a
[INFO] [stderr]                                  at /rustc/1b7dd2252b99671ce5d1cb9664c5f8636329436d/library/std/src/rt.rs:148:48
[INFO] [stderr]     26:     0x563be92b7f4e - std::panicking::try::do_call::h59847e9d0a176965
[INFO] [stderr]                                  at /rustc/1b7dd2252b99671ce5d1cb9664c5f8636329436d/library/std/src/panicking.rs:485:40
[INFO] [stderr]     27:     0x563be92b7f4e - std::panicking::try::h399a918ba8522823
[INFO] [stderr]                                  at /rustc/1b7dd2252b99671ce5d1cb9664c5f8636329436d/library/std/src/panicking.rs:449:19
[INFO] [stderr]     28:     0x563be92b7f4e - std::panic::catch_unwind::hca7ca6c55b2a2e26
[INFO] [stderr]                                  at /rustc/1b7dd2252b99671ce5d1cb9664c5f8636329436d/library/std/src/panic.rs:140:14
[INFO] [stderr]     29:     0x563be92b7f4e - std::rt::lang_start_internal::h2c807a81560459eb
[INFO] [stderr]                                  at /rustc/1b7dd2252b99671ce5d1cb9664c5f8636329436d/library/std/src/rt.rs:148:20
[INFO] [stderr]     30:     0x563be8ef4637 - std::rt::lang_start::hef5fe42fa5602d12
[INFO] [stderr]     31:     0x563be8ef6455 - main
[INFO] [stderr]     32:     0x7fb6e6680d90 - <unknown>
[INFO] [stderr]     33:     0x7fb6e6680e40 - __libc_start_main
[INFO] [stderr]     34:     0x563be8ef3d75 - _start
[INFO] [stderr]     35:                0x0 - <unknown>
[INFO] [stderr] warning: build failed, waiting for other jobs to finish...
[INFO] [stderr] error: failed to run custom build command for `openpnp_capture_sys v0.2.6`
[INFO] [stderr] note: To improve backtraces for build dependencies, set the CARGO_PROFILE_DEV_BUILD_OVERRIDE_DEBUG=true environment variable to enable debug information generation.
[INFO] [stderr] 
[INFO] [stderr] Caused by:
[INFO] [stderr]   process didn't exit successfully: `/opt/rustwide/target/debug/build/openpnp_capture_sys-8c9be9259d8f5c31/build-script-build` (exit status: 101)
[INFO] [stderr]   --- stdout
[INFO] [stderr]   running: cd "/opt/rustwide/target/debug/build/openpnp_capture_sys-20a762a475b0c19e/out/build" && CMAKE_PREFIX_PATH="" "cmake" "/opt/rustwide/cargo-home/registry/src/index.crates.io-6f17d22bba15001f/openpnp_capture_sys-0.2.6/vendor" "-DCMAKE_INSTALL_PREFIX=/opt/rustwide/target/debug/build/openpnp_capture_sys-20a762a475b0c19e/out" "-DCMAKE_C_FLAGS= -ffunction-sections -fdata-sections -fPIC -m64" "-DCMAKE_C_COMPILER=/usr/bin/cc" "-DCMAKE_CXX_FLAGS= -ffunction-sections -fdata-sections -fPIC -m64" "-DCMAKE_CXX_COMPILER=/usr/bin/c++" "-DCMAKE_ASM_FLAGS= -ffunction-sections -fdata-sections -fPIC -m64" "-DCMAKE_ASM_COMPILER=/usr/bin/cc" "-DCMAKE_BUILD_TYPE=Debug"
[INFO] [stderr]   -- The C compiler identification is GNU 11.3.0
[INFO] [stderr]   -- The CXX compiler identification is GNU 11.3.0
[INFO] [stderr]   -- Detecting C compiler ABI info
[INFO] [stderr]   -- Detecting C compiler ABI info - done
[INFO] [stderr]   -- Check for working C compiler: /usr/bin/cc - skipped
[INFO] [stderr]   -- Detecting C compile features
[INFO] [stderr]   -- Detecting C compile features - done
[INFO] [stderr]   -- Detecting CXX compiler ABI info
[INFO] [stderr]   -- Detecting CXX compiler ABI info - done
[INFO] [stderr]   -- Check for working CXX compiler: /usr/bin/c++ - skipped
[INFO] [stderr]   -- Detecting CXX compile features
[INFO] [stderr]   -- Detecting CXX compile features - done
[INFO] [stderr]   -- Using GIT tag: HEAD-HASH-NOTFOUND
[INFO] [stderr]   -- Looking for pthread.h
[INFO] [stderr]   -- Looking for pthread.h - found
[INFO] [stderr]   -- Performing Test CMAKE_HAVE_LIBC_PTHREAD
[INFO] [stderr]   -- Performing Test CMAKE_HAVE_LIBC_PTHREAD - Success
[INFO] [stderr]   -- Found Threads: TRUE  
[INFO] [stderr]   -- Found PkgConfig: /usr/bin/pkg-config (found version "0.29.2") 
[INFO] [stderr]   -- Checking for one of the modules 'libturbojpeg'
[INFO] [stderr]   -- CMAKE_BUILD_TYPE = Debug
[INFO] [stderr]   -- VERSION = 1.5.80, BUILD = 20230501
[INFO] [stderr]   -- 64-bit build (x86_64)
[INFO] [stderr]   -- CMAKE_INSTALL_PREFIX = /opt/rustwide/target/debug/build/openpnp_capture_sys-20a762a475b0c19e/out
[INFO] [stderr]   -- CMAKE_INSTALL_BINDIR = bin (/opt/rustwide/target/debug/build/openpnp_capture_sys-20a762a475b0c19e/out/bin)
[INFO] [stderr]   -- CMAKE_INSTALL_DATAROOTDIR = share (/opt/rustwide/target/debug/build/openpnp_capture_sys-20a762a475b0c19e/out/share)
[INFO] [stderr]   -- CMAKE_INSTALL_DOCDIR = share/doc/openpnp-capture (/opt/rustwide/target/debug/build/openpnp_capture_sys-20a762a475b0c19e/out/share/doc/openpnp-capture)
[INFO] [stderr]   -- CMAKE_INSTALL_INCLUDEDIR = include (/opt/rustwide/target/debug/build/openpnp_capture_sys-20a762a475b0c19e/out/include)
[INFO] [stderr]   -- CMAKE_INSTALL_LIBDIR = lib (/opt/rustwide/target/debug/build/openpnp_capture_sys-20a762a475b0c19e/out/lib)
[INFO] [stderr]   -- CMAKE_INSTALL_MANDIR = share/man (/opt/rustwide/target/debug/build/openpnp_capture_sys-20a762a475b0c19e/out/share/man)
[INFO] [stderr]   -- Shared libraries enabled (ENABLE_SHARED = 1)
[INFO] [stderr]   -- Static libraries enabled (ENABLE_STATIC = 1)
[INFO] [stderr]   -- 12-bit JPEG support disabled (WITH_12BIT = 0)
[INFO] [stderr]   -- Arithmetic decoding support enabled (WITH_ARITH_DEC = 1)
[INFO] [stderr]   -- Arithmetic encoding support enabled (WITH_ARITH_ENC = 1)
[INFO] [stderr]   -- TurboJPEG API library enabled (WITH_TURBOJPEG = 1)
[INFO] [stderr]   -- TurboJPEG Java wrapper disabled (WITH_JAVA = 0)
[INFO] [stderr]   -- In-memory source/destination managers enabled (WITH_MEM_SRCDST = 1)
[INFO] [stderr]   -- Emulating libjpeg API/ABI v6.2 (WITH_JPEG7 = 0, WITH_JPEG8 = 0)
[INFO] [stderr]   -- libjpeg API shared library version = 62.3.0
[INFO] [stderr]   -- Compiler flags =  -ffunction-sections -fdata-sections -fPIC -m64 -fPIC -g
[INFO] [stderr]   -- Linker flags =  
[INFO] [stderr]   -- Looking for include file locale.h
[INFO] [stderr]   -- Looking for include file locale.h - found
[INFO] [stderr]   -- Looking for include file stddef.h
[INFO] [stderr]   -- Looking for include file stddef.h - found
[INFO] [stderr]   -- Looking for include file stdlib.h
[INFO] [stderr]   -- Looking for include file stdlib.h - found
[INFO] [stderr]   -- Looking for include file sys/types.h
[INFO] [stderr]   -- Looking for include file sys/types.h - found
[INFO] [stderr]   -- Looking for memset
[INFO] [stderr]   -- Looking for memset - found
[INFO] [stderr]   -- Looking for memcpy
[INFO] [stderr]   -- Looking for memcpy - found
[INFO] [stderr]   -- Looking for sys/types.h
[INFO] [stderr]   -- Looking for sys/types.h - found
[INFO] [stderr]   -- Looking for stdint.h
[INFO] [stderr]   -- Looking for stdint.h - found
[INFO] [stderr]   -- Check size of unsigned char
[INFO] [stderr]   -- Check size of unsigned char - done
[INFO] [stderr]   -- Check size of unsigned short
[INFO] [stderr]   -- Check size of unsigned short - done
[INFO] [stderr]   -- Check size of size_t
[INFO] [stderr]   -- Check size of size_t - done
[INFO] [stderr]   -- Performing Test INCOMPLETE_TYPES
[INFO] [stderr]   -- Performing Test INCOMPLETE_TYPES - Success
[INFO] [stderr]   -- Compiler supports pointers to undefined structures.
[INFO] [stderr]   -- Performing Test RIGHT_SHIFT_IS_UNSIGNED
[INFO] [stderr]   -- Performing Test RIGHT_SHIFT_IS_UNSIGNED - Failed
[INFO] [stderr]   -- Performing Test __CHAR_UNSIGNED__
[INFO] [stderr]   -- Performing Test __CHAR_UNSIGNED__ - Failed
[INFO] [stderr]   -- Performing Test INLINE_WORKS
[INFO] [stderr]   -- Performing Test INLINE_WORKS - Success
[INFO] [stderr]   -- INLINE = __inline__ __attribute__((always_inline)) (FORCE_INLINE = 1)
[INFO] [stderr]   -- Performing Test HAVE_VERSION_SCRIPT
[INFO] [stderr]   -- Performing Test HAVE_VERSION_SCRIPT - Success
[INFO] [stderr]   -- Linker supports GNU-style version scripts
[INFO] [stderr]   -- The ASM_NASM compiler identification is NASM
[INFO] [stderr]   -- Found assembler: /usr/bin/nasm
[INFO] [stderr]   -- CMAKE_ASM_NASM_COMPILER = /usr/bin/nasm
[INFO] [stderr]   -- CMAKE_ASM_NASM_OBJECT_FORMAT = elf64
[INFO] [stderr]   -- CMAKE_ASM_NASM_FLAGS =  -DELF -D__x86_64__ -DPIC -g
[INFO] [stderr]   -- SIMD extensions: x86_64 (WITH_SIMD = 1)
[INFO] [stderr]   -- FLOATTEST = sse
[INFO] [stderr]   -- RPM architecture = x86_64, DEB architecture = amd64
[INFO] [stderr]   -- Configuring incomplete, errors occurred!
[INFO] [stderr]   See also "/opt/rustwide/target/debug/build/openpnp_capture_sys-20a762a475b0c19e/out/build/CMakeFiles/CMakeOutput.log".
[INFO] [stderr]   See also "/opt/rustwide/target/debug/build/openpnp_capture_sys-20a762a475b0c19e/out/build/CMakeFiles/CMakeError.log".
[INFO] [stderr] 
[INFO] [stderr]   --- stderr
[INFO] [stderr]   CMake Error: Could not open file for write in copy operation /opt/rustwide/cargo-home/registry/src/index.crates.io-6f17d22bba15001f/openpnp_capture_sys-0.2.6/vendor/common/version.h.tmp
[INFO] [stderr]   CMake Error: : System Error: Read-only file system
[INFO] [stderr]   CMake Error at CMakeLists.txt:44 (configure_file):
[INFO] [stderr]     configure_file Problem configuring file
[INFO] [stderr] 
[INFO] [stderr] 
[INFO] [stderr]   CMake Warning (dev) at linux/contrib/libjpeg-turbo-dev/CMakeLists.txt:140 (option):
[INFO] [stderr]     Policy CMP0077 is not set: option() honors normal variables.  Run "cmake
[INFO] [stderr]     --help-policy CMP0077" for policy details.  Use the cmake_policy command to
[INFO] [stderr]     set the policy and suppress this warning.
[INFO] [stderr] 
[INFO] [stderr]     For compatibility with older versions of CMake, option is clearing the
[INFO] [stderr]     normal variable 'ENABLE_SHARED'.
[INFO] [stderr]   This warning is for project developers.  Use -Wno-dev to suppress it.
[INFO] [stderr] 
[INFO] [stderr]   CMake Warning (dev) at linux/contrib/libjpeg-turbo-dev/CMakeLists.txt:160 (option):
[INFO] [stderr]     Policy CMP0077 is not set: option() honors normal variables.  Run "cmake
[INFO] [stderr]     --help-policy CMP0077" for policy details.  Use the cmake_policy command to
[INFO] [stderr]     set the policy and suppress this warning.
[INFO] [stderr] 
[INFO] [stderr]     For compatibility with older versions of CMake, option is clearing the
[INFO] [stderr]     normal variable 'WITH_SIMD'.
[INFO] [stderr]   This warning is for project developers.  Use -Wno-dev to suppress it.
[INFO] [stderr] 
[INFO] [stderr]   Added DIRS: /opt/rustwide/target/debug/build/openpnp_capture_sys-20a762a475b0c19e/out/build/linux/contrib/libjpeg-turbo-dev /opt/rustwide/cargo-home/registry/src/index.crates.io-6f17d22bba15001f/openpnp_capture_sys-0.2.6/vendor/linux/contrib/libjpeg-turbo-dev
[INFO] [stderr]   thread 'main' panicked at '
[INFO] [stderr]   command did not execute successfully, got: exit status: 1
[INFO] [stderr] 
[INFO] [stderr]   build script failed, must exit now', /opt/rustwide/cargo-home/registry/src/index.crates.io-6f17d22bba15001f/cmake-0.1.44/src/lib.rs:885:5
[INFO] [stderr]   stack backtrace:
[INFO] [stderr]      0:     0x55c1bbe764da - std::backtrace_rs::backtrace::libunwind::trace::h2f05d0192276a8f6
[INFO] [stderr]                                  at /rustc/1b7dd2252b99671ce5d1cb9664c5f8636329436d/library/std/src/../../backtrace/src/backtrace/libunwind.rs:93:5
[INFO] [stderr]      1:     0x55c1bbe764da - std::backtrace_rs::backtrace::trace_unsynchronized::hedc23dff7a1af150
[INFO] [stderr]                                  at /rustc/1b7dd2252b99671ce5d1cb9664c5f8636329436d/library/std/src/../../backtrace/src/backtrace/mod.rs:66:5
[INFO] [stderr]      2:     0x55c1bbe764da - std::sys_common::backtrace::_print_fmt::h17541ef7592f3ce2
[INFO] [stderr]                                  at /rustc/1b7dd2252b99671ce5d1cb9664c5f8636329436d/library/std/src/sys_common/backtrace.rs:65:5
[INFO] [stderr]      3:     0x55c1bbe764da - <std::sys_common::backtrace::_print::DisplayBacktrace as core::fmt::Display>::fmt::h20f75df5ab0c0792
[INFO] [stderr]                                  at /rustc/1b7dd2252b99671ce5d1cb9664c5f8636329436d/library/std/src/sys_common/backtrace.rs:44:22
[INFO] [stderr]      4:     0x55c1bbe9c9ff - core::fmt::write::h78109e6f466b3af6
[INFO] [stderr]                                  at /rustc/1b7dd2252b99671ce5d1cb9664c5f8636329436d/library/core/src/fmt/mod.rs:1254:17
[INFO] [stderr]      5:     0x55c1bbe73215 - std::io::Write::write_fmt::hc59e1b02dd273c8a
[INFO] [stderr]                                  at /rustc/1b7dd2252b99671ce5d1cb9664c5f8636329436d/library/std/src/io/mod.rs:1698:15
[INFO] [stderr]      6:     0x55c1bbe762a5 - std::sys_common::backtrace::_print::h8dac57a9f8fbf9a5
[INFO] [stderr]                                  at /rustc/1b7dd2252b99671ce5d1cb9664c5f8636329436d/library/std/src/sys_common/backtrace.rs:47:5
[INFO] [stderr]      7:     0x55c1bbe762a5 - std::sys_common::backtrace::print::hf9ecbf41d1aa712f
[INFO] [stderr]                                  at /rustc/1b7dd2252b99671ce5d1cb9664c5f8636329436d/library/std/src/sys_common/backtrace.rs:34:9
[INFO] [stderr]      8:     0x55c1bbe77ece - std::panicking::default_hook::{{closure}}::h04c07acfc84ca028
[INFO] [stderr]                                  at /rustc/1b7dd2252b99671ce5d1cb9664c5f8636329436d/library/std/src/panicking.rs:269:22
[INFO] [stderr]      9:     0x55c1bbe77c75 - std::panicking::default_hook::h01f6bb23e1eceb2c
[INFO] [stderr]                                  at /rustc/1b7dd2252b99671ce5d1cb9664c5f8636329436d/library/std/src/panicking.rs:288:9
[INFO] [stderr]     10:     0x55c1bbe7842e - std::panicking::rust_panic_with_hook::h2bb3722bbaf2f6df
[INFO] [stderr]                                  at /rustc/1b7dd2252b99671ce5d1cb9664c5f8636329436d/library/std/src/panicking.rs:691:13
[INFO] [stderr]     11:     0x55c1bbe78329 - std::panicking::begin_panic_handler::{{closure}}::h91bc7f36a4be011b
[INFO] [stderr]                                  at /rustc/1b7dd2252b99671ce5d1cb9664c5f8636329436d/library/std/src/panicking.rs:582:13
[INFO] [stderr]     12:     0x55c1bbe76946 - std::sys_common::backtrace::__rust_end_short_backtrace::h8b3d3717114f9e59
[INFO] [stderr]                                  at /rustc/1b7dd2252b99671ce5d1cb9664c5f8636329436d/library/std/src/sys_common/backtrace.rs:150:18
[INFO] [stderr]     13:     0x55c1bbe78082 - rust_begin_unwind
[INFO] [stderr]                                  at /rustc/1b7dd2252b99671ce5d1cb9664c5f8636329436d/library/std/src/panicking.rs:578:5
[INFO] [stderr]     14:     0x55c1bba67993 - core::panicking::panic_fmt::hfd368e3fbdabea26
[INFO] [stderr]                                  at /rustc/1b7dd2252b99671ce5d1cb9664c5f8636329436d/library/core/src/panicking.rs:67:14
[INFO] [stderr]     15:     0x55c1bba7183f - cmake::fail::h80f6c9a6022296c3
[INFO] [stderr]     16:     0x55c1bba712a3 - cmake::run::ha3635a198a412b2a
[INFO] [stderr]     17:     0x55c1bba6d9f2 - cmake::Config::build::hb857e4caf693ffa8
[INFO] [stderr]     18:     0x55c1bba6a021 - cmake::build::h855be1b4767270fd
[INFO] [stderr]     19:     0x55c1bba68d31 - build_script_build::main::h1e70181a79355e78
[INFO] [stderr]     20:     0x55c1bba69b93 - core::ops::function::FnOnce::call_once::h0151be0b7284e198
[INFO] [stderr]     21:     0x55c1bba6a816 - std::sys_common::backtrace::__rust_begin_short_backtrace::h0ff8f6cbc1f25c73
[INFO] [stderr]     22:     0x55c1bba694d9 - std::rt::lang_start::{{closure}}::h654fd98413ae0396
[INFO] [stderr]     23:     0x55c1bbe6f26e - core::ops::function::impls::<impl core::ops::function::FnOnce<A> for &F>::call_once::h2eb19b8ce4148df4
[INFO] [stderr]                                  at /rustc/1b7dd2252b99671ce5d1cb9664c5f8636329436d/library/core/src/ops/function.rs:287:13
[INFO] [stderr]     24:     0x55c1bbe6f26e - std::panicking::try::do_call::h2e900feff5d504c5
[INFO] [stderr]                                  at /rustc/1b7dd2252b99671ce5d1cb9664c5f8636329436d/library/std/src/panicking.rs:485:40
[INFO] [stderr]     25:     0x55c1bbe6f26e - std::panicking::try::h8854836cb85aa9f2
[INFO] [stderr]                                  at /rustc/1b7dd2252b99671ce5d1cb9664c5f8636329436d/library/std/src/panicking.rs:449:19
[INFO] [stderr]     26:     0x55c1bbe6f26e - std::panic::catch_unwind::h706025dd4c48f64b
[INFO] [stderr]                                  at /rustc/1b7dd2252b99671ce5d1cb9664c5f8636329436d/library/std/src/panic.rs:140:14
[INFO] [stderr]     27:     0x55c1bbe6f26e - std::rt::lang_start_internal::{{closure}}::h7be5b97f4a07a91a
[INFO] [stderr]                                  at /rustc/1b7dd2252b99671ce5d1cb9664c5f8636329436d/library/std/src/rt.rs:148:48
[INFO] [stderr]     28:     0x55c1bbe6f26e - std::panicking::try::do_call::h59847e9d0a176965
[INFO] [stderr]                                  at /rustc/1b7dd2252b99671ce5d1cb9664c5f8636329436d/library/std/src/panicking.rs:485:40
[INFO] [stderr]     29:     0x55c1bbe6f26e - std::panicking::try::h399a918ba8522823
[INFO] [stderr]                                  at /rustc/1b7dd2252b99671ce5d1cb9664c5f8636329436d/library/std/src/panicking.rs:449:19
[INFO] [stderr]     30:     0x55c1bbe6f26e - std::panic::catch_unwind::hca7ca6c55b2a2e26
[INFO] [stderr]                                  at /rustc/1b7dd2252b99671ce5d1cb9664c5f8636329436d/library/std/src/panic.rs:140:14
[INFO] [stderr]     31:     0x55c1bbe6f26e - std::rt::lang_start_internal::h2c807a81560459eb
[INFO] [stderr]                                  at /rustc/1b7dd2252b99671ce5d1cb9664c5f8636329436d/library/std/src/rt.rs:148:20
[INFO] [stderr]     32:     0x55c1bba694b7 - std::rt::lang_start::h70a94c1415222906
[INFO] [stderr]     33:     0x55c1bba69485 - main
[INFO] [stderr]     34:     0x7fdc88a9bd90 - <unknown>
[INFO] [stderr]     35:     0x7fdc88a9be40 - __libc_start_main
[INFO] [stderr]     36:     0x55c1bba68115 - _start
[INFO] [stderr]     37:                0x0 - <unknown>
[INFO] running `Command { std: "docker" "inspect" "fe90a2f59bfb8dcdfd7a1e9a4ac012b71a7564882f99b29a7329e5a530b2d403", kill_on_drop: false }`
[INFO] running `Command { std: "docker" "rm" "-f" "fe90a2f59bfb8dcdfd7a1e9a4ac012b71a7564882f99b29a7329e5a530b2d403", kill_on_drop: false }`
[INFO] [stdout] fe90a2f59bfb8dcdfd7a1e9a4ac012b71a7564882f99b29a7329e5a530b2d403
