[INFO] cloning repository https://github.com/jacekchmiel/walksim
[INFO] running `Command { std: "git" "-c" "credential.helper=" "-c" "credential.helper=/workspace/cargo-home/bin/git-credential-null" "clone" "--bare" "https://github.com/jacekchmiel/walksim" "/workspace/cache/git-repos/https%3A%2F%2Fgithub.com%2Fjacekchmiel%2Fwalksim", kill_on_drop: false }`
[INFO] [stderr] Cloning into bare repository '/workspace/cache/git-repos/https%3A%2F%2Fgithub.com%2Fjacekchmiel%2Fwalksim'...
[INFO] running `Command { std: "git" "rev-parse" "HEAD", kill_on_drop: false }`
[INFO] [stdout] bb3d2b74d652caf51688154dc95bf9f69772180e
[INFO] documenting jacekchmiel/walksim against 1.69.0 for beta-1.70-rustdoc-1
[INFO] running `Command { std: "git" "clone" "/workspace/cache/git-repos/https%3A%2F%2Fgithub.com%2Fjacekchmiel%2Fwalksim" "/workspace/builds/worker-1-tc1/source", kill_on_drop: false }`
[INFO] [stderr] Cloning into '/workspace/builds/worker-1-tc1/source'...
[INFO] [stderr] done.
[INFO] validating manifest of git repo https://github.com/jacekchmiel/walksim on toolchain 1.69.0
[INFO] running `Command { std: CARGO_HOME="/workspace/cargo-home" RUSTUP_HOME="/workspace/rustup-home" "/workspace/cargo-home/bin/cargo" "+1.69.0" "metadata" "--manifest-path" "Cargo.toml" "--no-deps", kill_on_drop: false }`
[INFO] started tweaking git repo https://github.com/jacekchmiel/walksim
[INFO] finished tweaking git repo https://github.com/jacekchmiel/walksim
[INFO] tweaked toml for git repo https://github.com/jacekchmiel/walksim written to /workspace/builds/worker-1-tc1/source/Cargo.toml
[INFO] crate git repo https://github.com/jacekchmiel/walksim already has a lockfile, it will not be regenerated
[INFO] running `Command { std: CARGO_HOME="/workspace/cargo-home" RUSTUP_HOME="/workspace/rustup-home" "/workspace/cargo-home/bin/cargo" "+1.69.0" "fetch" "--manifest-path" "Cargo.toml", kill_on_drop: false }`
[INFO] [stderr]  Downloading crates ...
[INFO] [stderr]   Downloaded alga v0.8.1
[INFO] [stderr]   Downloaded ncollide3d v0.18.2
[INFO] [stderr]   Downloaded nphysics_testbed3d v0.4.1
[INFO] [stderr]   Downloaded nphysics3d v0.10.2
[INFO] [stderr]   Downloaded kiss3d v0.18.0
[INFO] [stderr]   Downloaded nalgebra v0.17.0
[INFO] running `Command { std: "docker" "create" "-v" "/var/lib/crater-agent-workspace/builds/worker-1-tc1/target:/opt/rustwide/target:rw,Z" "-v" "/var/lib/crater-agent-workspace/builds/worker-1-tc1/source:/opt/rustwide/workdir:ro,Z" "-v" "/var/lib/crater-agent-workspace/cargo-home:/opt/rustwide/cargo-home:ro,Z" "-v" "/var/lib/crater-agent-workspace/rustup-home:/opt/rustwide/rustup-home:ro,Z" "-e" "SOURCE_DIR=/opt/rustwide/workdir" "-e" "CARGO_TARGET_DIR=/opt/rustwide/target" "-e" "CARGO_HOME=/opt/rustwide/cargo-home" "-e" "RUSTUP_HOME=/opt/rustwide/rustup-home" "-w" "/opt/rustwide/workdir" "-m" "1610612736" "--user" "0:0" "--network" "none" "ghcr.io/rust-lang/crates-build-env/linux@sha256:5ff2268d62e97bff2cde7d5815dd6ed5b47097566f13b8d0ca110b04b60e07ed" "/opt/rustwide/cargo-home/bin/cargo" "+1.69.0" "metadata" "--no-deps" "--format-version=1", kill_on_drop: false }`
[INFO] [stdout] af3017c7ea6edd7dff988542a968925162bd0d18daa1f507c069351de5d19834
[INFO] running `Command { std: "docker" "start" "-a" "af3017c7ea6edd7dff988542a968925162bd0d18daa1f507c069351de5d19834", kill_on_drop: false }`
[INFO] running `Command { std: "docker" "inspect" "af3017c7ea6edd7dff988542a968925162bd0d18daa1f507c069351de5d19834", kill_on_drop: false }`
[INFO] running `Command { std: "docker" "rm" "-f" "af3017c7ea6edd7dff988542a968925162bd0d18daa1f507c069351de5d19834", kill_on_drop: false }`
[INFO] [stdout] af3017c7ea6edd7dff988542a968925162bd0d18daa1f507c069351de5d19834
[INFO] running `Command { std: "docker" "create" "-v" "/var/lib/crater-agent-workspace/builds/worker-1-tc1/target:/opt/rustwide/target:rw,Z" "-v" "/var/lib/crater-agent-workspace/builds/worker-1-tc1/source:/opt/rustwide/workdir:ro,Z" "-v" "/var/lib/crater-agent-workspace/cargo-home:/opt/rustwide/cargo-home:ro,Z" "-v" "/var/lib/crater-agent-workspace/rustup-home:/opt/rustwide/rustup-home:ro,Z" "-e" "SOURCE_DIR=/opt/rustwide/workdir" "-e" "CARGO_TARGET_DIR=/opt/rustwide/target" "-e" "CARGO_INCREMENTAL=0" "-e" "RUST_BACKTRACE=full" "-e" "RUSTFLAGS=--cap-lints=warn" "-e" "RUSTDOCFLAGS=--cap-lints=warn" "-e" "CARGO_HOME=/opt/rustwide/cargo-home" "-e" "RUSTUP_HOME=/opt/rustwide/rustup-home" "-w" "/opt/rustwide/workdir" "-m" "1610612736" "--user" "0:0" "--network" "none" "ghcr.io/rust-lang/crates-build-env/linux@sha256:5ff2268d62e97bff2cde7d5815dd6ed5b47097566f13b8d0ca110b04b60e07ed" "/opt/rustwide/cargo-home/bin/cargo" "+1.69.0" "doc" "--frozen" "--no-deps" "--document-private-items" "--message-format=json", kill_on_drop: false }`
[INFO] [stdout] 5eff3523646b65c61b89b5276b1dd4788022a1029cc89f03e651275e148af3a5
[INFO] running `Command { std: "docker" "start" "-a" "5eff3523646b65c61b89b5276b1dd4788022a1029cc89f03e651275e148af3a5", kill_on_drop: false }`
[INFO] [stderr]    Compiling libc v0.2.48
[INFO] [stderr]     Checking lazy_static v1.2.0
[INFO] [stderr]    Compiling num-traits v0.2.6
[INFO] [stderr]    Compiling proc-macro2 v0.4.27
[INFO] [stderr]     Checking cfg-if v0.1.6
[INFO] [stderr]    Compiling unicode-xid v0.1.0
[INFO] [stderr]    Compiling semver-parser v0.7.0
[INFO] [stderr]     Checking rand_core v0.4.0
[INFO] [stderr]    Compiling xml-rs v0.8.0
[INFO] [stderr]    Compiling arrayvec v0.4.10
[INFO] [stderr]     Checking scopeguard v0.3.3
[INFO] [stderr]     Checking nodrop v0.1.13
[INFO] [stderr]    Compiling byteorder v1.3.1
[INFO] [stderr]    Compiling autocfg v0.1.2
[INFO] [stderr]     Checking memoffset v0.2.1
[INFO] [stderr]     Checking void v1.0.2
[INFO] [stderr]     Checking bitflags v1.0.4
[INFO] [stderr]    Compiling cc v1.0.29
[INFO] [stderr]    Compiling khronos_api v3.0.0
[INFO] [stderr]    Compiling nix v0.12.0
[INFO] [stderr]    Compiling serde v1.0.88
[INFO] [stderr]     Checking unreachable v1.0.0
[INFO] [stderr]     Checking crossbeam-utils v0.6.5
[INFO] [stderr]    Compiling log v0.4.6
[INFO] [stderr]     Checking rand_core v0.3.1
[INFO] [stderr]     Checking rand_jitter v0.1.3
[INFO] [stderr]    Compiling semver v0.9.0
[INFO] [stderr]     Checking rand_isaac v0.1.1
[INFO] [stderr]     Checking rand_hc v0.1.0
[INFO] [stderr]    Compiling rand_chacha v0.1.1
[INFO] [stderr]    Compiling rand v0.6.5
[INFO] [stderr]     Checking rand_xorshift v0.1.1
[INFO] [stderr]     Checking downcast-rs v1.0.3
[INFO] [stderr]     Checking smallvec v0.6.8
[INFO] [stderr]    Compiling rustc_version v0.2.3
[INFO] [stderr]     Checking crossbeam-utils v0.2.2
[INFO] [stderr]    Compiling num-complex v0.2.1
[INFO] [stderr]    Compiling num-integer v0.1.39
[INFO] [stderr]    Compiling gl_generator v0.10.0
[INFO] [stderr]    Compiling rayon-core v1.4.1
[INFO] [stderr]    Compiling typenum v1.10.0
[INFO] [stderr]    Compiling ryu v0.2.7
[INFO] [stderr]     Checking linked-hash-map v0.5.1
[INFO] [stderr]     Checking rustc-hash v1.0.1
[INFO] [stderr]     Checking crossbeam-epoch v0.7.1
[INFO] [stderr]     Checking crossbeam-epoch v0.3.1
[INFO] [stderr]    Compiling rand_pcg v0.1.1
[INFO] [stderr]    Compiling parking_lot_core v0.4.0
[INFO] [stderr]     Checking rand_os v0.1.2
[INFO] [stderr]     Checking num_cpus v1.10.0
[INFO] [stderr]    Compiling quote v0.6.11
[INFO] [stderr]     Checking stb_truetype v0.2.6
[INFO] [stderr]     Checking same-file v1.0.4
[INFO] [stderr]     Checking crossbeam-deque v0.7.1
[INFO] [stderr]     Checking stable_deref_trait v1.1.1
[INFO] [stderr]     Checking either v1.5.0
[INFO] [stderr]    Compiling libloading v0.5.0
[INFO] [stderr]    Compiling pkg-config v0.3.14
[INFO] [stderr]     Checking walkdir v2.2.7
[INFO] [stderr]    Compiling wayland-scanner v0.21.11
[INFO] [stderr]    Compiling syn v0.15.26
[INFO] [stderr]     Checking approx v0.3.1
[INFO] [stderr]     Checking ordered-float v1.0.1
[INFO] [stderr]     Checking owning_ref v0.4.0
[INFO] [stderr]     Checking line_drawing v0.7.0
[INFO] [stderr]     Checking crossbeam-deque v0.2.0
[INFO] [stderr]     Checking xdg v2.2.0
[INFO] [stderr]     Checking rusttype v0.7.5
[INFO] [stderr]     Checking adler32 v1.0.3
[INFO] [stderr]    Compiling rayon v1.0.3
[INFO] [stderr]     Checking rawpointer v0.1.0
[INFO] [stderr]     Checking libm v0.1.2
[INFO] [stderr]    Compiling num-iter v0.1.37
[INFO] [stderr]    Compiling num-derive v0.2.4
[INFO] [stderr]     Checking matrixmultiply v0.2.2
[INFO] [stderr]     Checking lock_api v0.1.5
[INFO] [stderr]    Compiling x11-dl v2.18.3
[INFO] [stderr]     Checking dlib v0.4.1
[INFO] [stderr]     Checking memmap v0.7.0
[INFO] [stderr]     Checking wayland-sys v0.21.11
[INFO] [stderr]     Checking alga v0.8.1
[INFO] [stderr]    Compiling num-rational v0.2.1
[INFO] [stderr]     Checking ordermap v0.3.5
[INFO] [stderr]    Compiling memchr v2.2.0
[INFO] [stderr]     Checking fixedbitset v0.1.9
[INFO] [stderr]     Checking generic-array v0.12.0
[INFO] [stderr]     Checking andrew v0.1.6
[INFO] [stderr]     Checking lzw v0.10.0
[INFO] [stderr]    Compiling glutin v0.19.0
[INFO] [stderr]    Compiling gl v0.11.0
[INFO] [stderr]     Checking inflate v0.4.5
[INFO] [stderr]     Checking deflate v0.7.19
[INFO] [stderr]     Checking shared_library v0.1.9
[INFO] [stderr]     Checking petgraph v0.4.13
[INFO] [stderr]     Checking nalgebra v0.17.0
[INFO] [stderr]     Checking parking_lot v0.7.1
[INFO] [stderr]     Checking color_quant v1.0.1
[INFO] [stderr]     Checking percent-encoding v1.0.1
[INFO] [stderr]     Checking gif v0.10.1
[INFO] [stderr]     Checking osmesa-sys v0.1.2
[INFO] [stderr]     Checking png v0.14.0
[INFO] [stderr]    Compiling stdweb-internal-runtime v0.1.3
[INFO] [stderr]     Checking ucd-util v0.1.3
[INFO] [stderr]    Compiling wayland-client v0.21.11
[INFO] [stderr]    Compiling wayland-protocols v0.21.11
[INFO] [stderr]    Compiling itoa v0.4.3
[INFO] [stderr]     Checking safe-transmute v0.10.1
[INFO] [stderr]    Compiling regex v1.1.0
[INFO] [stderr]     Checking regex-syntax v0.6.5
[INFO] [stderr]     Checking aho-corasick v0.6.10
[INFO] [stderr]     Checking wayland-commons v0.21.11
[INFO] [stderr]     Checking time v0.1.42
[INFO] [stderr]     Checking jpeg-decoder v0.1.15
[INFO] [stderr]    Compiling stdweb v0.4.14
[INFO] [stderr]     Checking thread_local v0.3.6
[INFO] [stderr]    Compiling sha1 v0.6.0
[INFO] [stderr]     Checking quick-error v1.2.2
[INFO] [stderr]    Compiling base-x v0.2.4
[INFO] [stderr]     Checking utf8-ranges v1.0.2
[INFO] [stderr]     Checking humantime v1.2.0
[INFO] [stderr]     Checking atty v0.2.11
[INFO] [stderr]     Checking discard v1.0.4
[INFO] [stderr]     Checking termcolor v1.0.4
[INFO] [stderr]    Compiling serde_derive v1.0.88
[INFO] [stderr]     Checking serde_json v1.0.38
[INFO] [stderr]     Checking env_logger v0.6.0
[INFO] [stderr]     Checking tiff v0.2.2
[INFO] [stderr]     Checking image v0.21.0
[INFO] [stdout] error[E0502]: cannot borrow `*self` as immutable because it is also borrowed as mutable
[INFO] [stdout]    --> /opt/rustwide/cargo-home/registry/src/github.com-1ecc6299db9ec823/nalgebra-0.17.0/src/base/cg.rs:297:44
[INFO] [stdout]     |
[INFO] [stdout] 297 |                 self[(j, i)] += shift[j] * self[(D::dim() - 1, i)];
[INFO] [stdout]     |                 ---------------------------^^^^-------------------
[INFO] [stdout]     |                 |                          |
[INFO] [stdout]     |                 |                          immutable borrow occurs here
[INFO] [stdout]     |                 mutable borrow occurs here
[INFO] [stdout]     |                 mutable borrow later used here
[INFO] [stdout]     |
[INFO] [stdout] help: try adding a local storing this...
[INFO] [stdout]    --> /opt/rustwide/cargo-home/registry/src/github.com-1ecc6299db9ec823/nalgebra-0.17.0/src/base/cg.rs:297:44
[INFO] [stdout]     |
[INFO] [stdout] 297 |                 self[(j, i)] += shift[j] * self[(D::dim() - 1, i)];
[INFO] [stdout]     |                                            ^^^^^^^^^^^^^^^^^^^^^^^
[INFO] [stdout] help: ...and then using that local here
[INFO] [stdout]    --> /opt/rustwide/cargo-home/registry/src/github.com-1ecc6299db9ec823/nalgebra-0.17.0/src/base/cg.rs:297:17
[INFO] [stdout]     |
[INFO] [stdout] 297 |                 self[(j, i)] += shift[j] * self[(D::dim() - 1, i)];
[INFO] [stdout]     |                 ^^^^^^^^^^^^^^^^^^^^^^^^^^^^^^^^^^^^^^^^^^^^^^^^^^
[INFO] [stdout] 
[INFO] [stdout] 
[INFO] [stderr]    Compiling stdweb-internal-macros v0.2.6
[INFO] [stderr]    Compiling stdweb-derive v0.5.1
[INFO] [stdout] error[E0502]: cannot borrow `b` as immutable because it is also borrowed as mutable
[INFO] [stdout]   --> /opt/rustwide/cargo-home/registry/src/github.com-1ecc6299db9ec823/nalgebra-0.17.0/src/sparse/cs_matrix_solve.rs:81:29
[INFO] [stdout]    |
[INFO] [stdout] 81 |                     b[i] -= b[j] * val;
[INFO] [stdout]    |                     --------^---------
[INFO] [stdout]    |                     |       |
[INFO] [stdout]    |                     |       immutable borrow occurs here
[INFO] [stdout]    |                     mutable borrow occurs here
[INFO] [stdout]    |                     mutable borrow later used here
[INFO] [stdout]    |
[INFO] [stdout] help: try adding a local storing this...
[INFO] [stdout]   --> /opt/rustwide/cargo-home/registry/src/github.com-1ecc6299db9ec823/nalgebra-0.17.0/src/sparse/cs_matrix_solve.rs:81:29
[INFO] [stdout]    |
[INFO] [stdout] 81 |                     b[i] -= b[j] * val;
[INFO] [stdout]    |                             ^^^^
[INFO] [stdout] help: ...and then using that local here
[INFO] [stdout]   --> /opt/rustwide/cargo-home/registry/src/github.com-1ecc6299db9ec823/nalgebra-0.17.0/src/sparse/cs_matrix_solve.rs:81:21
[INFO] [stdout]    |
[INFO] [stdout] 81 |                     b[i] -= b[j] * val;
[INFO] [stdout]    |                     ^^^^^^^^^^^^^^^^^^
[INFO] [stdout] 
[INFO] [stdout] 
[INFO] [stdout] error[E0502]: cannot borrow `b` as immutable because it is also borrowed as mutable
[INFO] [stdout]    --> /opt/rustwide/cargo-home/registry/src/github.com-1ecc6299db9ec823/nalgebra-0.17.0/src/sparse/cs_matrix_solve.rs:122:39
[INFO] [stdout]     |
[INFO] [stdout] 122 |                         b[j] -= val * b[i];
[INFO] [stdout]     |                         --------------^---
[INFO] [stdout]     |                         |             |
[INFO] [stdout]     |                         |             immutable borrow occurs here
[INFO] [stdout]     |                         mutable borrow occurs here
[INFO] [stdout]     |                         mutable borrow later used here
[INFO] [stdout]     |
[INFO] [stdout] help: try adding a local storing this...
[INFO] [stdout]    --> /opt/rustwide/cargo-home/registry/src/github.com-1ecc6299db9ec823/nalgebra-0.17.0/src/sparse/cs_matrix_solve.rs:122:39
[INFO] [stdout]     |
[INFO] [stdout] 122 |                         b[j] -= val * b[i];
[INFO] [stdout]     |                                       ^^^^
[INFO] [stdout] help: ...and then using that local here
[INFO] [stdout]    --> /opt/rustwide/cargo-home/registry/src/github.com-1ecc6299db9ec823/nalgebra-0.17.0/src/sparse/cs_matrix_solve.rs:122:25
[INFO] [stdout]     |
[INFO] [stdout] 122 |                         b[j] -= val * b[i];
[INFO] [stdout]     |                         ^^^^^^^^^^^^^^^^^^
[INFO] [stdout] 
[INFO] [stdout] 
[INFO] [stdout] error[E0502]: cannot borrow `workspace` as immutable because it is also borrowed as mutable
[INFO] [stdout]    --> /opt/rustwide/cargo-home/registry/src/github.com-1ecc6299db9ec823/nalgebra-0.17.0/src/sparse/cs_matrix_solve.rs:181:33
[INFO] [stdout]     |
[INFO] [stdout] 181 |                 workspace[i] -= workspace[j] * val;
[INFO] [stdout]     |                 ----------------^^^^^^^^^---------
[INFO] [stdout]     |                 |               |
[INFO] [stdout]     |                 |               immutable borrow occurs here
[INFO] [stdout]     |                 mutable borrow occurs here
[INFO] [stdout]     |                 mutable borrow later used here
[INFO] [stdout]     |
[INFO] [stdout] help: try adding a local storing this...
[INFO] [stdout]    --> /opt/rustwide/cargo-home/registry/src/github.com-1ecc6299db9ec823/nalgebra-0.17.0/src/sparse/cs_matrix_solve.rs:181:33
[INFO] [stdout]     |
[INFO] [stdout] 181 |                 workspace[i] -= workspace[j] * val;
[INFO] [stdout]     |                                 ^^^^^^^^^^^^
[INFO] [stdout] help: ...and then using that local here
[INFO] [stdout]    --> /opt/rustwide/cargo-home/registry/src/github.com-1ecc6299db9ec823/nalgebra-0.17.0/src/sparse/cs_matrix_solve.rs:181:17
[INFO] [stdout]     |
[INFO] [stdout] 181 |                 workspace[i] -= workspace[j] * val;
[INFO] [stdout]     |                 ^^^^^^^^^^^^^^^^^^^^^^^^^^^^^^^^^^
[INFO] [stdout] 
[INFO] [stdout] 
[INFO] [stdout] error: aborting due to 4 previous errors
[INFO] [stdout] 
[INFO] [stdout] 
[INFO] [stdout] For more information about this error, try `rustc --explain E0502`.
[INFO] [stdout] 
[INFO] [stderr] error: could not compile `nalgebra` due to 5 previous errors
[INFO] [stderr] warning: build failed, waiting for other jobs to finish...
[INFO] running `Command { std: "docker" "inspect" "5eff3523646b65c61b89b5276b1dd4788022a1029cc89f03e651275e148af3a5", kill_on_drop: false }`
[INFO] running `Command { std: "docker" "rm" "-f" "5eff3523646b65c61b89b5276b1dd4788022a1029cc89f03e651275e148af3a5", kill_on_drop: false }`
[INFO] [stdout] 5eff3523646b65c61b89b5276b1dd4788022a1029cc89f03e651275e148af3a5
