[INFO] cloning repository https://github.com/jac3km4/zoltan
[INFO] running `Command { std: "git" "-c" "credential.helper=" "-c" "credential.helper=/workspace/cargo-home/bin/git-credential-null" "clone" "--bare" "https://github.com/jac3km4/zoltan" "/workspace/cache/git-repos/https%3A%2F%2Fgithub.com%2Fjac3km4%2Fzoltan", kill_on_drop: false }`
[INFO] [stderr] Cloning into bare repository '/workspace/cache/git-repos/https%3A%2F%2Fgithub.com%2Fjac3km4%2Fzoltan'...
[INFO] running `Command { std: "git" "rev-parse" "HEAD", kill_on_drop: false }`
[INFO] [stdout] 2ef0d56e5603b9daeedbdcbd31d51031344f7e75
[INFO] documenting jac3km4/zoltan against 1.69.0 for beta-1.70-rustdoc-1
[INFO] running `Command { std: "git" "clone" "/workspace/cache/git-repos/https%3A%2F%2Fgithub.com%2Fjac3km4%2Fzoltan" "/workspace/builds/worker-0-tc1/source", kill_on_drop: false }`
[INFO] [stderr] Cloning into '/workspace/builds/worker-0-tc1/source'...
[INFO] [stderr] done.
[INFO] validating manifest of git repo https://github.com/jac3km4/zoltan on toolchain 1.69.0
[INFO] running `Command { std: CARGO_HOME="/workspace/cargo-home" RUSTUP_HOME="/workspace/rustup-home" "/workspace/cargo-home/bin/cargo" "+1.69.0" "metadata" "--manifest-path" "Cargo.toml" "--no-deps", kill_on_drop: false }`
[INFO] started tweaking git repo https://github.com/jac3km4/zoltan
[INFO] finished tweaking git repo https://github.com/jac3km4/zoltan
[INFO] tweaked toml for git repo https://github.com/jac3km4/zoltan written to /workspace/builds/worker-0-tc1/source/Cargo.toml
[INFO] crate git repo https://github.com/jac3km4/zoltan already has a lockfile, it will not be regenerated
[INFO] running `Command { std: CARGO_HOME="/workspace/cargo-home" RUSTUP_HOME="/workspace/rustup-home" "/workspace/cargo-home/bin/cargo" "+1.69.0" "fetch" "--manifest-path" "Cargo.toml", kill_on_drop: false }`
[INFO] [stderr]     Updating git repository `https://github.com/jac3km4/saltwater`
[INFO] [stderr]     Updating git repository `https://github.com/jac3km4/clang-rs`
[INFO] [stderr]  Downloading crates ...
[INFO] [stderr]   Downloaded peg-runtime v0.8.0
[INFO] [stderr]   Downloaded auto_enums_derive v0.7.12
[INFO] [stderr]   Downloaded auto_enums v0.7.12
[INFO] [stderr]   Downloaded auto_enums_core v0.7.12
[INFO] [stderr]   Downloaded bpaf v0.4.2
[INFO] [stderr]   Downloaded counter v0.5.4
[INFO] [stderr]   Downloaded hexponent v0.3.1
[INFO] [stderr]   Downloaded shared_str v0.1.1
[INFO] [stderr]   Downloaded peg-macros v0.8.0
[INFO] [stderr]   Downloaded peg v0.8.0
[INFO] [stderr]   Downloaded quickscope v0.2.0
[INFO] [stderr]   Downloaded flexi_logger v0.22.3
[INFO] [stderr]   Downloaded ustr v0.8.1
[INFO] [stderr]   Downloaded arcstr v1.1.3
[INFO] running `Command { std: "docker" "create" "-v" "/var/lib/crater-agent-workspace/builds/worker-0-tc1/target:/opt/rustwide/target:rw,Z" "-v" "/var/lib/crater-agent-workspace/builds/worker-0-tc1/source:/opt/rustwide/workdir:ro,Z" "-v" "/var/lib/crater-agent-workspace/cargo-home:/opt/rustwide/cargo-home:ro,Z" "-v" "/var/lib/crater-agent-workspace/rustup-home:/opt/rustwide/rustup-home:ro,Z" "-e" "SOURCE_DIR=/opt/rustwide/workdir" "-e" "CARGO_TARGET_DIR=/opt/rustwide/target" "-e" "CARGO_HOME=/opt/rustwide/cargo-home" "-e" "RUSTUP_HOME=/opt/rustwide/rustup-home" "-w" "/opt/rustwide/workdir" "-m" "1610612736" "--user" "0:0" "--network" "none" "ghcr.io/rust-lang/crates-build-env/linux@sha256:5ff2268d62e97bff2cde7d5815dd6ed5b47097566f13b8d0ca110b04b60e07ed" "/opt/rustwide/cargo-home/bin/cargo" "+1.69.0" "metadata" "--no-deps" "--format-version=1", kill_on_drop: false }`
[INFO] [stdout] abaa5e9d0cd29c08bf2312df9e5a9326cab7f98e740f7e051768763947e641e1
[INFO] running `Command { std: "docker" "start" "-a" "abaa5e9d0cd29c08bf2312df9e5a9326cab7f98e740f7e051768763947e641e1", kill_on_drop: false }`
[INFO] running `Command { std: "docker" "inspect" "abaa5e9d0cd29c08bf2312df9e5a9326cab7f98e740f7e051768763947e641e1", kill_on_drop: false }`
[INFO] running `Command { std: "docker" "rm" "-f" "abaa5e9d0cd29c08bf2312df9e5a9326cab7f98e740f7e051768763947e641e1", kill_on_drop: false }`
[INFO] [stdout] abaa5e9d0cd29c08bf2312df9e5a9326cab7f98e740f7e051768763947e641e1
[INFO] running `Command { std: "docker" "create" "-v" "/var/lib/crater-agent-workspace/builds/worker-0-tc1/target:/opt/rustwide/target:rw,Z" "-v" "/var/lib/crater-agent-workspace/builds/worker-0-tc1/source:/opt/rustwide/workdir:ro,Z" "-v" "/var/lib/crater-agent-workspace/cargo-home:/opt/rustwide/cargo-home:ro,Z" "-v" "/var/lib/crater-agent-workspace/rustup-home:/opt/rustwide/rustup-home:ro,Z" "-e" "SOURCE_DIR=/opt/rustwide/workdir" "-e" "CARGO_TARGET_DIR=/opt/rustwide/target" "-e" "CARGO_INCREMENTAL=0" "-e" "RUST_BACKTRACE=full" "-e" "RUSTFLAGS=--cap-lints=warn" "-e" "RUSTDOCFLAGS=--cap-lints=warn" "-e" "CARGO_HOME=/opt/rustwide/cargo-home" "-e" "RUSTUP_HOME=/opt/rustwide/rustup-home" "-w" "/opt/rustwide/workdir" "-m" "1610612736" "--user" "0:0" "--network" "none" "ghcr.io/rust-lang/crates-build-env/linux@sha256:5ff2268d62e97bff2cde7d5815dd6ed5b47097566f13b8d0ca110b04b60e07ed" "/opt/rustwide/cargo-home/bin/cargo" "+1.69.0" "doc" "--frozen" "--no-deps" "--document-private-items" "--message-format=json", kill_on_drop: false }`
[INFO] [stdout] d13ca5591e500234e3fc4e6ef2fcee974d1ff7348c9326190c8c0ddcca13a36b
[INFO] running `Command { std: "docker" "start" "-a" "d13ca5591e500234e3fc4e6ef2fcee974d1ff7348c9326190c8c0ddcca13a36b", kill_on_drop: false }`
[INFO] [stderr]    Compiling autocfg v1.1.0
[INFO] [stderr]    Compiling libc v0.2.122
[INFO] [stderr]    Compiling proc-macro2 v1.0.37
[INFO] [stderr]     Checking cfg-if v1.0.0
[INFO] [stderr]    Compiling unicode-xid v0.2.2
[INFO] [stderr]    Compiling syn v1.0.91
[INFO] [stderr]    Compiling version_check v0.9.4
[INFO] [stderr]     Checking once_cell v1.10.0
[INFO] [stderr]     Checking smallvec v1.8.0
[INFO] [stderr]    Compiling parking_lot_core v0.8.5
[INFO] [stderr]    Compiling memchr v2.4.1
[INFO] [stderr]     Checking instant v0.1.12
[INFO] [stderr]     Checking scopeguard v1.1.0
[INFO] [stderr]    Compiling crc32fast v1.3.2
[INFO] [stderr]    Compiling indexmap v1.8.1
[INFO] [stderr]    Compiling lock_api v0.4.7
[INFO] [stderr]    Compiling ahash v0.7.6
[INFO] [stderr]    Compiling auto_enums_derive v0.7.12
[INFO] [stderr]     Checking lazy_static v1.4.0
[INFO] [stderr]    Compiling log v0.4.16
[INFO] [stderr]    Compiling peg-runtime v0.8.0
[INFO] [stderr]    Compiling quote v1.0.17
[INFO] [stderr]    Compiling num-traits v0.2.14
[INFO] [stderr]     Checking getrandom v0.2.6
[INFO] [stderr]    Compiling time-macros v0.2.4
[INFO] [stderr]    Compiling rustversion v1.0.6
[INFO] [stderr]     Checking glob v0.3.0
[INFO] [stderr]     Checking parking_lot v0.11.2
[INFO] [stderr]    Compiling peg-macros v0.8.0
[INFO] [stderr]     Checking byteorder v1.4.3
[INFO] [stderr]     Checking itoa v1.0.1
[INFO] [stderr]     Checking hashbrown v0.11.2
[INFO] [stderr]     Checking num_threads v0.1.5
[INFO] [stderr]    Compiling convert_case v0.4.0
[INFO] [stderr]     Checking fallible-iterator v0.2.0
[INFO] [stderr]    Compiling heck v0.4.0
[INFO] [stderr]     Checking stable_deref_trait v1.2.0
[INFO] [stderr]    Compiling clang-sys v1.3.1
[INFO] [stderr]     Checking ustr v0.8.1
[INFO] [stderr]     Checking aho-corasick v0.7.18
[INFO] [stderr]    Compiling target-lexicon v0.12.3
[INFO] [stderr]     Checking gimli v0.26.1
[INFO] [stderr]     Checking object v0.28.3
[INFO] [stderr]     Checking bpaf v0.4.2
[INFO] [stderr]     Checking termcolor v1.1.3
[INFO] [stderr]     Checking unicode-width v0.1.9
[INFO] [stderr]     Checking time v0.3.9
[INFO] [stderr]     Checking codespan-reporting v0.11.1
[INFO] [stderr]     Checking peg v0.8.0
[INFO] [stderr]     Checking atty v0.2.14
[INFO] [stderr]     Checking ansi_term v0.12.1
[INFO] [stderr]     Checking codespan v0.11.1
[INFO] [stderr]     Checking counter v0.5.4
[INFO] [stderr]     Checking lasso v0.6.0
[INFO] [stderr]     Checking hexponent v0.3.1
[INFO] [stderr]     Checking arcstr v1.1.3
[INFO] [stderr]     Checking shared_str v0.1.1
[INFO] [stderr]     Checking clang v1.0.3 (https://github.com/jac3km4/clang-rs?branch=borrowed-strings#c7b7f3fd)
[INFO] [stderr]     Checking quickscope v0.2.0
[INFO] [stderr]    Compiling derive_utils v0.11.2
[INFO] [stderr]    Compiling thiserror-impl v1.0.30
[INFO] [stderr]    Compiling auto_enums_core v0.7.12
[INFO] [stderr]    Compiling enum-as-inner v0.4.0
[INFO] [stderr]    Compiling derive_more v0.99.17
[INFO] [stderr]     Checking auto_enums v0.7.12
[INFO] [stderr]     Checking thiserror v1.0.30
[INFO] [stderr]     Checking flexi_logger v0.22.3
[INFO] [stderr]     Checking saltwater-parser v0.11.0 (https://github.com/jac3km4/saltwater?rev=v0.11.0-custom#ec95ae8e)
[INFO] [stderr]     Checking zoltan v0.1.0 (/opt/rustwide/workdir/core)
[INFO] [stderr]  Documenting zoltan v0.1.0 (/opt/rustwide/workdir/core)
[INFO] [stdout] error[E0554]: `#![feature]` may not be used on the stable release channel
[INFO] [stdout]  --> core/src/lib.rs:1:12
[INFO] [stdout]   |
[INFO] [stdout] 1 | #![feature(slice_group_by)]
[INFO] [stdout]   |            ^^^^^^^^^^^^^^
[INFO] [stdout] 
[INFO] [stdout] 
[INFO] [stdout] error[E0554]: `#![feature]` may not be used on the stable release channel
[INFO] [stdout]  --> core/src/lib.rs:2:12
[INFO] [stdout]   |
[INFO] [stdout] 2 | #![feature(assert_matches)]
[INFO] [stdout]   |            ^^^^^^^^^^^^^^
[INFO] [stdout] 
[INFO] [stdout] 
[INFO] [stdout] error[E0554]: `#![feature]` may not be used on the stable release channel
[INFO] [stdout]  --> core/src/lib.rs:3:12
[INFO] [stdout]   |
[INFO] [stdout] 3 | #![feature(iter_advance_by)]
[INFO] [stdout]   |            ^^^^^^^^^^^^^^^
[INFO] [stdout] 
[INFO] [stdout] 
[INFO] [stdout] error[E0554]: `#![feature]` may not be used on the stable release channel
[INFO] [stdout]  --> core/src/lib.rs:1:12
[INFO] [stdout]   |
[INFO] [stdout] 1 | #![feature(slice_group_by)]
[INFO] [stdout]   |            ^^^^^^^^^^^^^^
[INFO] [stdout] 
[INFO] [stdout] 
[INFO] [stdout] error[E0554]: `#![feature]` may not be used on the stable release channel
[INFO] [stdout]  --> core/src/lib.rs:2:12
[INFO] [stdout]   |
[INFO] [stdout] 2 | #![feature(assert_matches)]
[INFO] [stdout]   |            ^^^^^^^^^^^^^^
[INFO] [stdout] 
[INFO] [stdout] 
[INFO] [stdout] error[E0554]: `#![feature]` may not be used on the stable release channel
[INFO] [stdout]  --> core/src/lib.rs:3:12
[INFO] [stdout]   |
[INFO] [stdout] 3 | #![feature(iter_advance_by)]
[INFO] [stdout]   |            ^^^^^^^^^^^^^^^
[INFO] [stdout] 
[INFO] [stdout] 
[INFO] [stdout] error: aborting due to 3 previous errors
[INFO] [stdout] 
[INFO] [stdout] 
[INFO] [stdout] For more information about this error, try `rustc --explain E0554`.
[INFO] [stdout] 
[INFO] [stderr] error: could not document `zoltan`
[INFO] [stderr] 
[INFO] [stderr] Caused by:
[INFO] [stderr]   process didn't exit successfully: `rustdoc --edition=2021 --crate-type rlib --crate-name zoltan core/src/lib.rs -o /opt/rustwide/target/doc --error-format=json --json=diagnostic-rendered-ansi,artifacts,future-incompat --document-private-items -C metadata=cc5f3eab7bdbd0ab -L dependency=/opt/rustwide/target/debug/deps --extern aho_corasick=/opt/rustwide/target/debug/deps/libaho_corasick-c437f500119e6e94.rmeta --extern auto_enums=/opt/rustwide/target/debug/deps/libauto_enums-1f1f06807fda20a2.rmeta --extern bpaf=/opt/rustwide/target/debug/deps/libbpaf-2453c24b61eea35d.rmeta --extern derive_more=/opt/rustwide/target/debug/deps/libderive_more-2dcff7dd38b29d30.so --extern enum_as_inner=/opt/rustwide/target/debug/deps/libenum_as_inner-3036aae029abf9ec.so --extern gimli=/opt/rustwide/target/debug/deps/libgimli-56a43a93dc2bdd8d.rmeta --extern log=/opt/rustwide/target/debug/deps/liblog-a74377a24e05717e.rmeta --extern object=/opt/rustwide/target/debug/deps/libobject-f8935004d99f69f8.rmeta --extern peg=/opt/rustwide/target/debug/deps/libpeg-d051776993befa85.rmeta --extern thiserror=/opt/rustwide/target/debug/deps/libthiserror-aa4856d4af0572e3.rmeta --extern ustr=/opt/rustwide/target/debug/deps/libustr-8be860d72a4c6c5c.rmeta --cap-lints=warn --crate-version 0.1.0` (exit status: 1)
[INFO] [stderr] warning: build failed, waiting for other jobs to finish...
[INFO] [stdout] error: aborting due to 3 previous errors
[INFO] [stdout] 
[INFO] [stdout] 
[INFO] [stdout] For more information about this error, try `rustc --explain E0554`.
[INFO] [stdout] 
[INFO] [stderr] error: could not compile `zoltan` due to 4 previous errors
[INFO] running `Command { std: "docker" "inspect" "d13ca5591e500234e3fc4e6ef2fcee974d1ff7348c9326190c8c0ddcca13a36b", kill_on_drop: false }`
[INFO] running `Command { std: "docker" "rm" "-f" "d13ca5591e500234e3fc4e6ef2fcee974d1ff7348c9326190c8c0ddcca13a36b", kill_on_drop: false }`
[INFO] [stdout] d13ca5591e500234e3fc4e6ef2fcee974d1ff7348c9326190c8c0ddcca13a36b
