[INFO] cloning repository https://github.com/jac3km4/memhack
[INFO] running `Command { std: "git" "-c" "credential.helper=" "-c" "credential.helper=/workspace/cargo-home/bin/git-credential-null" "clone" "--bare" "https://github.com/jac3km4/memhack" "/workspace/cache/git-repos/https%3A%2F%2Fgithub.com%2Fjac3km4%2Fmemhack", kill_on_drop: false }`
[INFO] [stderr] Cloning into bare repository '/workspace/cache/git-repos/https%3A%2F%2Fgithub.com%2Fjac3km4%2Fmemhack'...
[INFO] running `Command { std: "git" "rev-parse" "HEAD", kill_on_drop: false }`
[INFO] [stdout] 63fe72b6db316131a95f15d40da0bfc91246d85c
[INFO] documenting jac3km4/memhack against 1.69.0 for beta-1.70-rustdoc-1
[INFO] running `Command { std: "git" "clone" "/workspace/cache/git-repos/https%3A%2F%2Fgithub.com%2Fjac3km4%2Fmemhack" "/workspace/builds/worker-3-tc1/source", kill_on_drop: false }`
[INFO] [stderr] Cloning into '/workspace/builds/worker-3-tc1/source'...
[INFO] [stderr] done.
[INFO] validating manifest of git repo https://github.com/jac3km4/memhack on toolchain 1.69.0
[INFO] running `Command { std: CARGO_HOME="/workspace/cargo-home" RUSTUP_HOME="/workspace/rustup-home" "/workspace/cargo-home/bin/cargo" "+1.69.0" "metadata" "--manifest-path" "Cargo.toml" "--no-deps", kill_on_drop: false }`
[INFO] started tweaking git repo https://github.com/jac3km4/memhack
[INFO] finished tweaking git repo https://github.com/jac3km4/memhack
[INFO] tweaked toml for git repo https://github.com/jac3km4/memhack written to /workspace/builds/worker-3-tc1/source/Cargo.toml
[INFO] crate git repo https://github.com/jac3km4/memhack already has a lockfile, it will not be regenerated
[INFO] running `Command { std: CARGO_HOME="/workspace/cargo-home" RUSTUP_HOME="/workspace/rustup-home" "/workspace/cargo-home/bin/cargo" "+1.69.0" "fetch" "--manifest-path" "Cargo.toml", kill_on_drop: false }`
[INFO] running `Command { std: "docker" "create" "-v" "/var/lib/crater-agent-workspace/builds/worker-3-tc1/target:/opt/rustwide/target:rw,Z" "-v" "/var/lib/crater-agent-workspace/builds/worker-3-tc1/source:/opt/rustwide/workdir:ro,Z" "-v" "/var/lib/crater-agent-workspace/cargo-home:/opt/rustwide/cargo-home:ro,Z" "-v" "/var/lib/crater-agent-workspace/rustup-home:/opt/rustwide/rustup-home:ro,Z" "-e" "SOURCE_DIR=/opt/rustwide/workdir" "-e" "CARGO_TARGET_DIR=/opt/rustwide/target" "-e" "CARGO_HOME=/opt/rustwide/cargo-home" "-e" "RUSTUP_HOME=/opt/rustwide/rustup-home" "-w" "/opt/rustwide/workdir" "-m" "1610612736" "--user" "0:0" "--network" "none" "ghcr.io/rust-lang/crates-build-env/linux@sha256:5ff2268d62e97bff2cde7d5815dd6ed5b47097566f13b8d0ca110b04b60e07ed" "/opt/rustwide/cargo-home/bin/cargo" "+1.69.0" "metadata" "--no-deps" "--format-version=1", kill_on_drop: false }`
[INFO] [stdout] 8da70851fb9158905d0d472a41f8b574e390db6ac7b7d749791a0a0e22c3b84e
[INFO] running `Command { std: "docker" "start" "-a" "8da70851fb9158905d0d472a41f8b574e390db6ac7b7d749791a0a0e22c3b84e", kill_on_drop: false }`
[INFO] running `Command { std: "docker" "inspect" "8da70851fb9158905d0d472a41f8b574e390db6ac7b7d749791a0a0e22c3b84e", kill_on_drop: false }`
[INFO] running `Command { std: "docker" "rm" "-f" "8da70851fb9158905d0d472a41f8b574e390db6ac7b7d749791a0a0e22c3b84e", kill_on_drop: false }`
[INFO] [stdout] 8da70851fb9158905d0d472a41f8b574e390db6ac7b7d749791a0a0e22c3b84e
[INFO] running `Command { std: "docker" "create" "-v" "/var/lib/crater-agent-workspace/builds/worker-3-tc1/target:/opt/rustwide/target:rw,Z" "-v" "/var/lib/crater-agent-workspace/builds/worker-3-tc1/source:/opt/rustwide/workdir:ro,Z" "-v" "/var/lib/crater-agent-workspace/cargo-home:/opt/rustwide/cargo-home:ro,Z" "-v" "/var/lib/crater-agent-workspace/rustup-home:/opt/rustwide/rustup-home:ro,Z" "-e" "SOURCE_DIR=/opt/rustwide/workdir" "-e" "CARGO_TARGET_DIR=/opt/rustwide/target" "-e" "CARGO_INCREMENTAL=0" "-e" "RUST_BACKTRACE=full" "-e" "RUSTFLAGS=--cap-lints=warn" "-e" "RUSTDOCFLAGS=--cap-lints=warn" "-e" "CARGO_HOME=/opt/rustwide/cargo-home" "-e" "RUSTUP_HOME=/opt/rustwide/rustup-home" "-w" "/opt/rustwide/workdir" "-m" "1610612736" "--user" "0:0" "--network" "none" "ghcr.io/rust-lang/crates-build-env/linux@sha256:5ff2268d62e97bff2cde7d5815dd6ed5b47097566f13b8d0ca110b04b60e07ed" "/opt/rustwide/cargo-home/bin/cargo" "+1.69.0" "doc" "--frozen" "--no-deps" "--document-private-items" "--message-format=json", kill_on_drop: false }`
[INFO] [stdout] 828eee574ca8e0c66bc86bd7430f9fe297a99f91894107faac2850e9fcfcb3bd
[INFO] running `Command { std: "docker" "start" "-a" "828eee574ca8e0c66bc86bd7430f9fe297a99f91894107faac2850e9fcfcb3bd", kill_on_drop: false }`
[INFO] [stderr]    Compiling proc-macro2 v1.0.40
[INFO] [stderr]     Checking unicode-ident v1.0.1
[INFO] [stderr]    Compiling quote v1.0.20
[INFO] [stderr]    Compiling syn v1.0.98
[INFO] [stderr]     Checking once_cell v1.12.0
[INFO] [stderr]     Checking windows v0.38.0
[INFO] [stdout] error[E0433]: failed to resolve: could not find `windows` in `os`
[INFO] [stdout]   --> /opt/rustwide/cargo-home/registry/src/github.com-1ecc6299db9ec823/windows-0.38.0/src/core/hstring.rs:53:18
[INFO] [stdout]    |
[INFO] [stdout] 53 |         std::os::windows::ffi::OsStringExt::from_wide(self.as_wide())
[INFO] [stdout]    |                  ^^^^^^^ could not find `windows` in `os`
[INFO] [stdout]    |
[INFO] [stdout] help: consider importing this trait
[INFO] [stdout]    |
[INFO] [stdout] 1  | use std::os::unix::prelude::OsStringExt;
[INFO] [stdout]    |
[INFO] [stdout] help: if you import `OsStringExt`, refer to it directly
[INFO] [stdout]    |
[INFO] [stdout] 53 -         std::os::windows::ffi::OsStringExt::from_wide(self.as_wide())
[INFO] [stdout] 53 +         OsStringExt::from_wide(self.as_wide())
[INFO] [stdout]    |
[INFO] [stdout] 
[INFO] [stdout] 
[INFO] [stdout] error[E0433]: failed to resolve: could not find `windows` in `os`
[INFO] [stdout]    --> /opt/rustwide/cargo-home/registry/src/github.com-1ecc6299db9ec823/windows-0.38.0/src/core/hstring.rs:173:48
[INFO] [stdout]     |
[INFO] [stdout] 173 |         unsafe { Self::from_wide_iter(std::os::windows::ffi::OsStrExt::encode_wide(value), value.len() as u32) }
[INFO] [stdout]     |                                                ^^^^^^^ could not find `windows` in `os`
[INFO] [stdout]     |
[INFO] [stdout] help: consider importing this trait
[INFO] [stdout]     |
[INFO] [stdout] 1   | use std::os::unix::prelude::OsStrExt;
[INFO] [stdout]     |
[INFO] [stdout] help: if you import `OsStrExt`, refer to it directly
[INFO] [stdout]     |
[INFO] [stdout] 173 -         unsafe { Self::from_wide_iter(std::os::windows::ffi::OsStrExt::encode_wide(value), value.len() as u32) }
[INFO] [stdout] 173 +         unsafe { Self::from_wide_iter(OsStrExt::encode_wide(value), value.len() as u32) }
[INFO] [stdout]     |
[INFO] [stdout] 
[INFO] [stdout] 
[INFO] [stdout] error[E0433]: failed to resolve: could not find `windows` in `os`
[INFO] [stdout]    --> /opt/rustwide/cargo-home/registry/src/github.com-1ecc6299db9ec823/windows-0.38.0/src/core/hstring.rs:287:52
[INFO] [stdout]     |
[INFO] [stdout] 287 |         self.as_wide().iter().copied().eq(std::os::windows::ffi::OsStrExt::encode_wide(other))
[INFO] [stdout]     |                                                    ^^^^^^^ could not find `windows` in `os`
[INFO] [stdout]     |
[INFO] [stdout] help: consider importing this trait
[INFO] [stdout]     |
[INFO] [stdout] 1   | use std::os::unix::prelude::OsStrExt;
[INFO] [stdout]     |
[INFO] [stdout] help: if you import `OsStrExt`, refer to it directly
[INFO] [stdout]     |
[INFO] [stdout] 287 -         self.as_wide().iter().copied().eq(std::os::windows::ffi::OsStrExt::encode_wide(other))
[INFO] [stdout] 287 +         self.as_wide().iter().copied().eq(OsStrExt::encode_wide(other))
[INFO] [stdout]     |
[INFO] [stdout] 
[INFO] [stdout] 
[INFO] [stdout] error: aborting due to 3 previous errors
[INFO] [stdout] 
[INFO] [stdout] 
[INFO] [stdout] For more information about this error, try `rustc --explain E0433`.
[INFO] [stdout] 
[INFO] [stderr] error: could not compile `windows` due to 4 previous errors
[INFO] [stderr] warning: build failed, waiting for other jobs to finish...
[INFO] running `Command { std: "docker" "inspect" "828eee574ca8e0c66bc86bd7430f9fe297a99f91894107faac2850e9fcfcb3bd", kill_on_drop: false }`
[INFO] running `Command { std: "docker" "rm" "-f" "828eee574ca8e0c66bc86bd7430f9fe297a99f91894107faac2850e9fcfcb3bd", kill_on_drop: false }`
[INFO] [stdout] 828eee574ca8e0c66bc86bd7430f9fe297a99f91894107faac2850e9fcfcb3bd
