[INFO] cloning repository https://github.com/jFransham/lang-compiler-interpreter
[INFO] running `Command { std: "git" "-c" "credential.helper=" "-c" "credential.helper=/workspace/cargo-home/bin/git-credential-null" "clone" "--bare" "https://github.com/jFransham/lang-compiler-interpreter" "/workspace/cache/git-repos/https%3A%2F%2Fgithub.com%2FjFransham%2Flang-compiler-interpreter", kill_on_drop: false }`
[INFO] [stderr] Cloning into bare repository '/workspace/cache/git-repos/https%3A%2F%2Fgithub.com%2FjFransham%2Flang-compiler-interpreter'...
[INFO] running `Command { std: "git" "rev-parse" "HEAD", kill_on_drop: false }`
[INFO] [stdout] 9e09ce553a4c42f1e21469aa496616d712afa1ae
[INFO] documenting jFransham/lang-compiler-interpreter against beta-2023-04-20 for beta-1.70-rustdoc-1
[INFO] running `Command { std: "git" "clone" "/workspace/cache/git-repos/https%3A%2F%2Fgithub.com%2FjFransham%2Flang-compiler-interpreter" "/workspace/builds/worker-2-tc2/source", kill_on_drop: false }`
[INFO] [stderr] Cloning into '/workspace/builds/worker-2-tc2/source'...
[INFO] [stderr] done.
[INFO] validating manifest of git repo https://github.com/jFransham/lang-compiler-interpreter on toolchain beta-2023-04-20
[INFO] running `Command { std: CARGO_HOME="/workspace/cargo-home" RUSTUP_HOME="/workspace/rustup-home" "/workspace/cargo-home/bin/cargo" "+beta-2023-04-20" "metadata" "--manifest-path" "Cargo.toml" "--no-deps", kill_on_drop: false }`
[INFO] started tweaking git repo https://github.com/jFransham/lang-compiler-interpreter
[INFO] finished tweaking git repo https://github.com/jFransham/lang-compiler-interpreter
[INFO] tweaked toml for git repo https://github.com/jFransham/lang-compiler-interpreter written to /workspace/builds/worker-2-tc2/source/Cargo.toml
[INFO] crate git repo https://github.com/jFransham/lang-compiler-interpreter already has a lockfile, it will not be regenerated
[INFO] running `Command { std: CARGO_HOME="/workspace/cargo-home" RUSTUP_HOME="/workspace/rustup-home" "/workspace/cargo-home/bin/cargo" "+beta-2023-04-20" "fetch" "--manifest-path" "Cargo.toml", kill_on_drop: false }`
[INFO] [stderr]     Updating crates.io index
[INFO] [stderr]  Downloading crates ...
[INFO] [stderr]   Downloaded oak_runtime v0.3.5
[INFO] [stderr]   Downloaded oak v0.3.5
[INFO] running `Command { std: "docker" "create" "-v" "/var/lib/crater-agent-workspace/builds/worker-2-tc2/target:/opt/rustwide/target:rw,Z" "-v" "/var/lib/crater-agent-workspace/builds/worker-2-tc2/source:/opt/rustwide/workdir:ro,Z" "-v" "/var/lib/crater-agent-workspace/cargo-home:/opt/rustwide/cargo-home:ro,Z" "-v" "/var/lib/crater-agent-workspace/rustup-home:/opt/rustwide/rustup-home:ro,Z" "-e" "SOURCE_DIR=/opt/rustwide/workdir" "-e" "CARGO_TARGET_DIR=/opt/rustwide/target" "-e" "CARGO_HOME=/opt/rustwide/cargo-home" "-e" "RUSTUP_HOME=/opt/rustwide/rustup-home" "-w" "/opt/rustwide/workdir" "-m" "1610612736" "--user" "0:0" "--network" "none" "ghcr.io/rust-lang/crates-build-env/linux@sha256:5ff2268d62e97bff2cde7d5815dd6ed5b47097566f13b8d0ca110b04b60e07ed" "/opt/rustwide/cargo-home/bin/cargo" "+beta-2023-04-20" "metadata" "--no-deps" "--format-version=1", kill_on_drop: false }`
[INFO] [stdout] 1843ca969ec437ba137881f7e6f83a8b27938a4639b484da31d831158c5d8eff
[INFO] running `Command { std: "docker" "start" "-a" "1843ca969ec437ba137881f7e6f83a8b27938a4639b484da31d831158c5d8eff", kill_on_drop: false }`
[INFO] running `Command { std: "docker" "inspect" "1843ca969ec437ba137881f7e6f83a8b27938a4639b484da31d831158c5d8eff", kill_on_drop: false }`
[INFO] running `Command { std: "docker" "rm" "-f" "1843ca969ec437ba137881f7e6f83a8b27938a4639b484da31d831158c5d8eff", kill_on_drop: false }`
[INFO] [stdout] 1843ca969ec437ba137881f7e6f83a8b27938a4639b484da31d831158c5d8eff
[INFO] running `Command { std: "docker" "create" "-v" "/var/lib/crater-agent-workspace/builds/worker-2-tc2/target:/opt/rustwide/target:rw,Z" "-v" "/var/lib/crater-agent-workspace/builds/worker-2-tc2/source:/opt/rustwide/workdir:ro,Z" "-v" "/var/lib/crater-agent-workspace/cargo-home:/opt/rustwide/cargo-home:ro,Z" "-v" "/var/lib/crater-agent-workspace/rustup-home:/opt/rustwide/rustup-home:ro,Z" "-e" "SOURCE_DIR=/opt/rustwide/workdir" "-e" "CARGO_TARGET_DIR=/opt/rustwide/target" "-e" "CARGO_INCREMENTAL=0" "-e" "RUST_BACKTRACE=full" "-e" "RUSTFLAGS=--cap-lints=warn" "-e" "RUSTDOCFLAGS=--cap-lints=warn" "-e" "CARGO_HOME=/opt/rustwide/cargo-home" "-e" "RUSTUP_HOME=/opt/rustwide/rustup-home" "-w" "/opt/rustwide/workdir" "-m" "1610612736" "--user" "0:0" "--network" "none" "ghcr.io/rust-lang/crates-build-env/linux@sha256:5ff2268d62e97bff2cde7d5815dd6ed5b47097566f13b8d0ca110b04b60e07ed" "/opt/rustwide/cargo-home/bin/cargo" "+beta-2023-04-20" "doc" "--frozen" "--no-deps" "--document-private-items" "--message-format=json", kill_on_drop: false }`
[INFO] [stdout] 3bfb6ae7788ef2f2b66765f6654ef7a3eb62a1bb27e7c7b7e269bfe8fe3a5b51
[INFO] running `Command { std: "docker" "start" "-a" "3bfb6ae7788ef2f2b66765f6654ef7a3eb62a1bb27e7c7b7e269bfe8fe3a5b51", kill_on_drop: false }`
[INFO] [stderr]    Compiling oak v0.3.5
[INFO] [stderr]     Checking oak_runtime v0.3.5
[INFO] [stdout] error[E0557]: feature has been removed
[INFO] [stdout]   --> /opt/rustwide/cargo-home/registry/src/index.crates.io-6f17d22bba15001f/oak-0.3.5/src/liboak/lib.rs:17:36
[INFO] [stdout]    |
[INFO] [stdout] 17 | #![feature(convert, rustc_private, plugin_registrar, quote, box_syntax, vec_push_all, drain, str_escape)]
[INFO] [stdout]    |                                    ^^^^^^^^^^^^^^^^ feature has been removed
[INFO] [stdout]    |
[INFO] [stdout]    = note: a __rustc_plugin_registrar symbol must now be defined instead
[INFO] [stdout] 
[INFO] [stdout] 
[INFO] [stdout] error[E0557]: feature has been removed
[INFO] [stdout]   --> /opt/rustwide/cargo-home/registry/src/index.crates.io-6f17d22bba15001f/oak-0.3.5/src/liboak/lib.rs:17:54
[INFO] [stdout]    |
[INFO] [stdout] 17 | #![feature(convert, rustc_private, plugin_registrar, quote, box_syntax, vec_push_all, drain, str_escape)]
[INFO] [stdout]    |                                                      ^^^^^ feature has been removed
[INFO] [stdout] 
[INFO] [stdout] 
[INFO] [stdout] error[E0557]: feature has been removed
[INFO] [stdout]   --> /opt/rustwide/cargo-home/registry/src/index.crates.io-6f17d22bba15001f/oak-0.3.5/src/liboak/lib.rs:17:61
[INFO] [stdout]    |
[INFO] [stdout] 17 | #![feature(convert, rustc_private, plugin_registrar, quote, box_syntax, vec_push_all, drain, str_escape)]
[INFO] [stdout]    |                                                             ^^^^^^^^^^ feature has been removed
[INFO] [stdout]    |
[INFO] [stdout]    = note: replaced with `#[rustc_box]`
[INFO] [stdout] 
[INFO] [stdout] 
[INFO] [stdout] error: `box_syntax` has been removed
[INFO] [stdout]   --> /opt/rustwide/cargo-home/registry/src/index.crates.io-6f17d22bba15001f/oak-0.3.5/src/liboak/front/ast.rs:75:3
[INFO] [stdout]    |
[INFO] [stdout] 75 |   box Expression {span : sp, node: expr, ty: None}
[INFO] [stdout]    |   ^^^^^^^^^^^^^^^^^^^^^^^^^^^^^^^^^^^^^^^^^^^^^^^^
[INFO] [stdout]    |
[INFO] [stdout] help: use `Box::new()` instead
[INFO] [stdout]    |
[INFO] [stdout] 75 |   Box::new(Expression {span : sp, node: expr, ty: None})
[INFO] [stdout]    |
[INFO] [stdout] 
[INFO] [stdout] 
[INFO] [stdout] error: `box_syntax` has been removed
[INFO] [stdout]   --> /opt/rustwide/cargo-home/registry/src/index.crates.io-6f17d22bba15001f/oak-0.3.5/src/liboak/middle/typing/inference.rs:99:5
[INFO] [stdout]    |
[INFO] [stdout] 99 |     box Expression::new(sp, node, Identity)
[INFO] [stdout]    |     ^^^^^^^^^^^^^^^^^^^^^^^^^^^^^^^^^^^^^^^
[INFO] [stdout]    |
[INFO] [stdout] help: use `Box::new()` instead
[INFO] [stdout]    |
[INFO] [stdout] 99 |     Box::new(Expression::new(sp, node, Identity))
[INFO] [stdout]    |
[INFO] [stdout] 
[INFO] [stdout] 
[INFO] [stdout] error: `box_syntax` has been removed
[INFO] [stdout]    --> /opt/rustwide/cargo-home/registry/src/index.crates.io-6f17d22bba15001f/oak-0.3.5/src/liboak/middle/typing/inference.rs:103:5
[INFO] [stdout]     |
[INFO] [stdout] 103 |     box Expression::new(sp, node, ExprTy::unit())
[INFO] [stdout]     |     ^^^^^^^^^^^^^^^^^^^^^^^^^^^^^^^^^^^^^^^^^^^^^
[INFO] [stdout]     |
[INFO] [stdout] help: use `Box::new()` instead
[INFO] [stdout]     |
[INFO] [stdout] 103 |     Box::new(Expression::new(sp, node, ExprTy::unit()))
[INFO] [stdout]     |
[INFO] [stdout] 
[INFO] [stdout] 
[INFO] [stdout] error: `box_syntax` has been removed
[INFO] [stdout]    --> /opt/rustwide/cargo-home/registry/src/index.crates.io-6f17d22bba15001f/oak-0.3.5/src/liboak/middle/typing/inference.rs:113:5
[INFO] [stdout]     |
[INFO] [stdout] 113 | /     box Expression::new(sp,
[INFO] [stdout] 114 | |       NonTerminalSymbol(ident),
[INFO] [stdout] 115 | |       Identity)
[INFO] [stdout]     | |_______________^
[INFO] [stdout]     |
[INFO] [stdout] help: use `Box::new()` instead
[INFO] [stdout]     |
[INFO] [stdout] 113 ~     Box::new(Expression::new(sp,
[INFO] [stdout] 114 +       NonTerminalSymbol(ident),
[INFO] [stdout] 115 +       Identity))
[INFO] [stdout]     |
[INFO] [stdout] 
[INFO] [stdout] 
[INFO] [stdout] error: `box_syntax` has been removed
[INFO] [stdout]    --> /opt/rustwide/cargo-home/registry/src/index.crates.io-6f17d22bba15001f/oak-0.3.5/src/liboak/middle/typing/inference.rs:123:5
[INFO] [stdout]     |
[INFO] [stdout] 123 |     box Expression::new(sp, make_node(node), ty)
[INFO] [stdout]     |     ^^^^^^^^^^^^^^^^^^^^^^^^^^^^^^^^^^^^^^^^^^^^
[INFO] [stdout]     |
[INFO] [stdout] help: use `Box::new()` instead
[INFO] [stdout]     |
[INFO] [stdout] 123 |     Box::new(Expression::new(sp, make_node(node), ty))
[INFO] [stdout]     |
[INFO] [stdout] 
[INFO] [stdout] 
[INFO] [stdout] error: `box_syntax` has been removed
[INFO] [stdout]    --> /opt/rustwide/cargo-home/registry/src/index.crates.io-6f17d22bba15001f/oak-0.3.5/src/liboak/middle/typing/inference.rs:140:7
[INFO] [stdout]     |
[INFO] [stdout] 140 |       box Expression::new(sp, Sequence(nodes), Tuple(tys))
[INFO] [stdout]     |       ^^^^^^^^^^^^^^^^^^^^^^^^^^^^^^^^^^^^^^^^^^^^^^^^^^^^
[INFO] [stdout]     |
[INFO] [stdout] help: use `Box::new()` instead
[INFO] [stdout]     |
[INFO] [stdout] 140 |       Box::new(Expression::new(sp, Sequence(nodes), Tuple(tys)))
[INFO] [stdout]     |
[INFO] [stdout] 
[INFO] [stdout] 
[INFO] [stdout] error: `box_syntax` has been removed
[INFO] [stdout]    --> /opt/rustwide/cargo-home/registry/src/index.crates.io-6f17d22bba15001f/oak-0.3.5/src/liboak/middle/typing/inference.rs:146:5
[INFO] [stdout]     |
[INFO] [stdout] 146 |     box Expression::new(sp, Choice(nodes), Identity)
[INFO] [stdout]     |     ^^^^^^^^^^^^^^^^^^^^^^^^^^^^^^^^^^^^^^^^^^^^^^^^
[INFO] [stdout]     |
[INFO] [stdout] help: use `Box::new()` instead
[INFO] [stdout]     |
[INFO] [stdout] 146 |     Box::new(Expression::new(sp, Choice(nodes), Identity))
[INFO] [stdout]     |
[INFO] [stdout] 
[INFO] [stdout] 
[INFO] [stdout] error: `box_syntax` has been removed
[INFO] [stdout]    --> /opt/rustwide/cargo-home/registry/src/index.crates.io-6f17d22bba15001f/oak-0.3.5/src/liboak/middle/typing/inference.rs:157:5
[INFO] [stdout]     |
[INFO] [stdout] 157 |     box Expression::new(sp, SemanticAction(sub_expr, action_name), Action(action_ty))
[INFO] [stdout]     |     ^^^^^^^^^^^^^^^^^^^^^^^^^^^^^^^^^^^^^^^^^^^^^^^^^^^^^^^^^^^^^^^^^^^^^^^^^^^^^^^^^
[INFO] [stdout]     |
[INFO] [stdout] help: use `Box::new()` instead
[INFO] [stdout]     |
[INFO] [stdout] 157 |     Box::new(Expression::new(sp, SemanticAction(sub_expr, action_name), Action(action_ty)))
[INFO] [stdout]     |
[INFO] [stdout] 
[INFO] [stdout] 
[INFO] [stdout] error: `box_syntax` has been removed
[INFO] [stdout]    --> /opt/rustwide/cargo-home/registry/src/index.crates.io-6f17d22bba15001f/oak-0.3.5/src/liboak/back/type_gen.rs:146:5
[INFO] [stdout]     |
[INFO] [stdout] 146 | /     box Expression {
[INFO] [stdout] 147 | |       span: parent.span,
[INFO] [stdout] 148 | |       ty: parent.ty_clone(),
[INFO] [stdout] 149 | |       node: node,
[INFO] [stdout] 150 | |       kind: self.function_kind(parent, ty)
[INFO] [stdout] 151 | |     }
[INFO] [stdout]     | |_____^
[INFO] [stdout]     |
[INFO] [stdout] help: use `Box::new()` instead
[INFO] [stdout]     |
[INFO] [stdout] 146 ~     Box::new(Expression {
[INFO] [stdout] 147 +       span: parent.span,
[INFO] [stdout] 148 +       ty: parent.ty_clone(),
[INFO] [stdout] 149 +       node: node,
[INFO] [stdout] 150 +       kind: self.function_kind(parent, ty)
[INFO] [stdout] 151 +     })
[INFO] [stdout]     |
[INFO] [stdout] 
[INFO] [stdout] 
[INFO] [stdout] error[E0554]: `#![feature]` may not be used on the beta release channel
[INFO] [stdout]   --> /opt/rustwide/cargo-home/registry/src/index.crates.io-6f17d22bba15001f/oak_runtime-0.3.5/src/lib.rs:19:12
[INFO] [stdout]    |
[INFO] [stdout] 19 | #![feature(str_char)]
[INFO] [stdout]    |            ^^^^^^^^
[INFO] [stdout] 
[INFO] [stdout] 
[INFO] [stdout] error[E0635]: unknown feature `str_char`
[INFO] [stdout]   --> /opt/rustwide/cargo-home/registry/src/index.crates.io-6f17d22bba15001f/oak_runtime-0.3.5/src/lib.rs:19:12
[INFO] [stdout]    |
[INFO] [stdout] 19 | #![feature(str_char)]
[INFO] [stdout]    |            ^^^^^^^^
[INFO] [stdout] 
[INFO] [stdout] 
[INFO] [stdout] error[E0462]: found staticlib `rustc` instead of rlib or dylib
[INFO] [stdout]   --> /opt/rustwide/cargo-home/registry/src/index.crates.io-6f17d22bba15001f/oak-0.3.5/src/liboak/lib.rs:20:1
[INFO] [stdout]    |
[INFO] [stdout] 20 | extern crate rustc;
[INFO] [stdout]    | ^^^^^^^^^^^^^^^^^^^
[INFO] [stdout]    |
[INFO] [stdout]    = note: the following crate versions were found:
[INFO] [stdout]            crate `rustc`: /opt/rustwide/rustup-home/toolchains/beta-2023-04-20-x86_64-unknown-linux-gnu/lib/rustlib/x86_64-unknown-linux-gnu/lib/librustc-beta_rt.msan.a
[INFO] [stdout]            crate `rustc`: /opt/rustwide/rustup-home/toolchains/beta-2023-04-20-x86_64-unknown-linux-gnu/lib/rustlib/x86_64-unknown-linux-gnu/lib/librustc-beta_rt.asan.a
[INFO] [stdout]            crate `rustc`: /opt/rustwide/rustup-home/toolchains/beta-2023-04-20-x86_64-unknown-linux-gnu/lib/rustlib/x86_64-unknown-linux-gnu/lib/librustc-beta_rt.tsan.a
[INFO] [stdout]            crate `rustc`: /opt/rustwide/rustup-home/toolchains/beta-2023-04-20-x86_64-unknown-linux-gnu/lib/rustlib/x86_64-unknown-linux-gnu/lib/librustc-beta_rt.lsan.a
[INFO] [stdout]    = help: please recompile that crate using --crate-type lib
[INFO] [stdout] 
[INFO] [stdout] 
[INFO] [stdout] error[E0463]: can't find crate for `syntax`
[INFO] [stdout]   --> /opt/rustwide/cargo-home/registry/src/index.crates.io-6f17d22bba15001f/oak-0.3.5/src/liboak/lib.rs:21:1
[INFO] [stdout]    |
[INFO] [stdout] 21 | extern crate syntax;
[INFO] [stdout]    | ^^^^^^^^^^^^^^^^^^^^ can't find crate
[INFO] [stdout] 
[INFO] [stdout] 
[INFO] [stdout] error[E0432]: unresolved imports `rust::Span`, `rust::SpannedIdent`, `rust::Spanned`, `rust::Attribute`, `rust::BytePos`, `rust::mk_sp`, `rust::ParserAttr`, `rust::respan`, `rust::Token`, `rust::BinOpToken`, `rust::P`
[INFO] [stdout]   --> /opt/rustwide/cargo-home/registry/src/index.crates.io-6f17d22bba15001f/oak-0.3.5/src/liboak/ast.rs:20:9
[INFO] [stdout]    |
[INFO] [stdout] 20 | pub use rust::Span;
[INFO] [stdout]    |         ^^^^^^^^^^
[INFO] [stdout]    |
[INFO] [stdout]   ::: /opt/rustwide/cargo-home/registry/src/index.crates.io-6f17d22bba15001f/oak-0.3.5/src/liboak/front/ast.rs:15:16
[INFO] [stdout]    |
[INFO] [stdout] 15 | pub use rust::{SpannedIdent, Spanned, Attribute, BytePos, mk_sp};
[INFO] [stdout]    |                ^^^^^^^^^^^^  ^^^^^^^  ^^^^^^^^^  ^^^^^^^  ^^^^^
[INFO] [stdout]    |                |                      |
[INFO] [stdout]    |                |                      no `Attribute` in `rust`
[INFO] [stdout]    |                no `SpannedIdent` in `rust`
[INFO] [stdout]    |
[INFO] [stdout]   ::: /opt/rustwide/cargo-home/registry/src/index.crates.io-6f17d22bba15001f/oak-0.3.5/src/liboak/front/parser.rs:15:12
[INFO] [stdout]    |
[INFO] [stdout] 15 | use rust::{ParserAttr, respan};
[INFO] [stdout]    |            ^^^^^^^^^^  ^^^^^^
[INFO] [stdout] 16 | use rust::Token as rtok;
[INFO] [stdout]    |     ^^^^^^^^^^^^^^^^^^^
[INFO] [stdout] 17 | use rust::BinOpToken as rbtok;
[INFO] [stdout]    |     ^^^^^^^^^^^^^^^^^^^^^^^^^
[INFO] [stdout]    |
[INFO] [stdout]   ::: /opt/rustwide/cargo-home/registry/src/index.crates.io-6f17d22bba15001f/oak-0.3.5/src/liboak/middle/analysis/attribute.rs:19:12
[INFO] [stdout]    |
[INFO] [stdout] 19 | use rust::{P, MetaItem};
[INFO] [stdout]    |            ^
[INFO] [stdout] 
[INFO] [stdout] 
[INFO] [stdout] error[E0432]: unresolved import `rust::MetaItem`
[INFO] [stdout]   --> /opt/rustwide/cargo-home/registry/src/index.crates.io-6f17d22bba15001f/oak-0.3.5/src/liboak/middle/analysis/attribute.rs:19:15
[INFO] [stdout]    |
[INFO] [stdout] 19 | use rust::{P, MetaItem};
[INFO] [stdout]    |               ^^^^^^^^ no `MetaItem` in `rust`
[INFO] [stdout] 
[INFO] [stdout] 
[INFO] [stdout] error[E0432]: unresolved imports `rust::MetaItem_`, `rust::ExtCtxt`
[INFO] [stdout]   --> /opt/rustwide/cargo-home/registry/src/index.crates.io-6f17d22bba15001f/oak-0.3.5/src/liboak/middle/analysis/attribute.rs:20:11
[INFO] [stdout]    |
[INFO] [stdout] 20 | use rust::MetaItem_::*;
[INFO] [stdout]    |           ^^^^^^^^^ could not find `MetaItem_` in `rust`
[INFO] [stdout]    |
[INFO] [stdout]   ::: /opt/rustwide/cargo-home/registry/src/index.crates.io-6f17d22bba15001f/oak-0.3.5/src/liboak/middle/analysis/ast.rs:17:16
[INFO] [stdout]    |
[INFO] [stdout] 17 | pub use rust::{ExtCtxt,Attribute,SpannedIdent};
[INFO] [stdout]    |                ^^^^^^^
[INFO] [stdout] 
[INFO] [stdout] 
[INFO] [stdout] error[E0432]: unresolved imports `rust::Attribute`, `rust::SpannedIdent`, `rust::ExtCtxt`, `rust::Spanned`
[INFO] [stdout]   --> /opt/rustwide/cargo-home/registry/src/index.crates.io-6f17d22bba15001f/oak-0.3.5/src/liboak/middle/analysis/ast.rs:17:24
[INFO] [stdout]    |
[INFO] [stdout] 17 | pub use rust::{ExtCtxt,Attribute,SpannedIdent};
[INFO] [stdout]    |                        ^^^^^^^^^ ^^^^^^^^^^^^ no `SpannedIdent` in `rust`
[INFO] [stdout]    |                        |
[INFO] [stdout]    |                        no `Attribute` in `rust`
[INFO] [stdout]    |
[INFO] [stdout]   ::: /opt/rustwide/cargo-home/registry/src/index.crates.io-6f17d22bba15001f/oak-0.3.5/src/liboak/middle/typing/ast.rs:19:16
[INFO] [stdout]    |
[INFO] [stdout] 19 | pub use rust::{ExtCtxt, Spanned, SpannedIdent};
[INFO] [stdout]    |                ^^^^^^^  ^^^^^^^
[INFO] [stdout]    |
[INFO] [stdout]    = help: consider importing this unresolved item instead:
[INFO] [stdout]            front::ast::Attribute
[INFO] [stdout]    = help: consider importing this unresolved item instead:
[INFO] [stdout]            front::ast::SpannedIdent
[INFO] [stdout] 
[INFO] [stdout] 
[INFO] [stdout] error[E0432]: unresolved imports `rust::SpannedIdent`, `rust::ExtCtxt`, `rust::Spanned`
[INFO] [stdout]   --> /opt/rustwide/cargo-home/registry/src/index.crates.io-6f17d22bba15001f/oak-0.3.5/src/liboak/middle/typing/ast.rs:19:34
[INFO] [stdout]    |
[INFO] [stdout] 19 | pub use rust::{ExtCtxt, Spanned, SpannedIdent};
[INFO] [stdout]    |                                  ^^^^^^^^^^^^ no `SpannedIdent` in `rust`
[INFO] [stdout]    |
[INFO] [stdout]   ::: /opt/rustwide/cargo-home/registry/src/index.crates.io-6f17d22bba15001f/oak-0.3.5/src/liboak/back/ast.rs:18:16
[INFO] [stdout]    |
[INFO] [stdout] 18 | pub use rust::{ExtCtxt, Spanned, SpannedIdent};
[INFO] [stdout]    |                ^^^^^^^  ^^^^^^^
[INFO] [stdout]    |
[INFO] [stdout]    = help: consider importing this unresolved item instead:
[INFO] [stdout]            middle::analysis::ast::SpannedIdent
[INFO] [stdout] 
[INFO] [stdout] 
[INFO] [stdout] error[E0432]: unresolved imports `rust::SpannedIdent`, `rust::ast::FunctionRetTy::*`, `rust::AstBuilder`, `rust::AstBuilder`
[INFO] [stdout]   --> /opt/rustwide/cargo-home/registry/src/index.crates.io-6f17d22bba15001f/oak-0.3.5/src/liboak/back/ast.rs:18:34
[INFO] [stdout]    |
[INFO] [stdout] 18 | pub use rust::{ExtCtxt, Spanned, SpannedIdent};
[INFO] [stdout]    |                                  ^^^^^^^^^^^^ no `SpannedIdent` in `rust`
[INFO] [stdout]    |
[INFO] [stdout]   ::: /opt/rustwide/cargo-home/registry/src/index.crates.io-6f17d22bba15001f/oak-0.3.5/src/liboak/back/type_gen.rs:24:5
[INFO] [stdout]    |
[INFO] [stdout] 24 | use rust::ast::FunctionRetTy::*;
[INFO] [stdout]    |     ^^^^^^^^^^^^^^^^^^^^^^^^^^^
[INFO] [stdout] 25 | use rust::AstBuilder;
[INFO] [stdout]    |     ^^^^^^^^^^^^^^^^
[INFO] [stdout]    |
[INFO] [stdout]   ::: /opt/rustwide/cargo-home/registry/src/index.crates.io-6f17d22bba15001f/oak-0.3.5/src/liboak/back/code_gen.rs:20:5
[INFO] [stdout]    |
[INFO] [stdout] 20 | use rust::AstBuilder;
[INFO] [stdout]    |     ^^^^^^^^^^^^^^^^
[INFO] [stdout]    |
[INFO] [stdout]    = help: consider importing this unresolved item instead:
[INFO] [stdout]            middle::typing::ast::SpannedIdent
[INFO] [stdout] 
[INFO] [stdout] 
[INFO] [stdout] error[E0432]: unresolved imports `rust::State`, `rust::PrintState`, `rust::Visibility`, `rust::Mod`, `rust::ExtCtxt`
[INFO] [stdout]   --> /opt/rustwide/cargo-home/registry/src/index.crates.io-6f17d22bba15001f/oak-0.3.5/src/liboak/back/mod.rs:33:5
[INFO] [stdout]    |
[INFO] [stdout] 33 | use rust::ExtCtxt;
[INFO] [stdout]    |     ^^^^^^^^^^^^^
[INFO] [stdout]    |
[INFO] [stdout]   ::: /opt/rustwide/cargo-home/registry/src/index.crates.io-6f17d22bba15001f/oak-0.3.5/src/liboak/back/code_printer.rs:16:12
[INFO] [stdout]    |
[INFO] [stdout] 16 | use rust::{State, PrintState, Visibility, Mod};
[INFO] [stdout]    |            ^^^^^  ^^^^^^^^^^  ^^^^^^^^^^  ^^^ no `Mod` in `rust`
[INFO] [stdout]    |            |      |           |
[INFO] [stdout]    |            |      |           no `Visibility` in `rust`
[INFO] [stdout]    |            |      no `PrintState` in `rust`
[INFO] [stdout]    |            no `State` in `rust`
[INFO] [stdout] 
[INFO] [stdout] 
[INFO] [stdout] error[E0432]: unresolved imports `rust::Ident`, `rust::Name`, `rust::str_lit`
[INFO] [stdout]   --> /opt/rustwide/cargo-home/registry/src/index.crates.io-6f17d22bba15001f/oak-0.3.5/src/liboak/identifier.rs:16:16
[INFO] [stdout]    |
[INFO] [stdout] 16 | pub use rust::{Ident, Name, str_lit};
[INFO] [stdout]    |                ^^^^^  ^^^^  ^^^^^^^
[INFO] [stdout]    |                |      |
[INFO] [stdout]    |                |      no `Name` in `rust`
[INFO] [stdout]    |                no `Ident` in `rust`
[INFO] [stdout] 
[INFO] [stdout] 
[INFO] [stdout] error: cannot find macro `quote_ty` in this scope
[INFO] [stdout]   --> /opt/rustwide/cargo-home/registry/src/index.crates.io-6f17d22bba15001f/oak-0.3.5/src/liboak/back/ast.rs:89:12
[INFO] [stdout]    |
[INFO] [stdout] 89 |       _ => quote_ty!(cx, ())
[INFO] [stdout]    |            ^^^^^^^^
[INFO] [stdout] 
[INFO] [stdout] 
[INFO] [stdout] error[E0599]: no method named `char_at` found for reference `&'a str` in the current scope
[INFO] [stdout]   --> /opt/rustwide/cargo-home/registry/src/index.crates.io-6f17d22bba15001f/oak_runtime-0.3.5/src/str_stream.rs:72:35
[INFO] [stdout]    |
[INFO] [stdout] 72 |       let current = self.raw_data.char_at(self.bytes_offset);
[INFO] [stdout]    |                                   ^^^^^^^ help: there is a method with a similar name: `chars`
[INFO] [stdout] 
[INFO] [stdout] 
[INFO] [stdout] error: cannot find macro `quote_expr` in this scope
[INFO] [stdout]   --> /opt/rustwide/cargo-home/registry/src/index.crates.io-6f17d22bba15001f/oak-0.3.5/src/liboak/back/function.rs:43:29
[INFO] [stdout]    |
[INFO] [stdout] 43 |       let recognizer_call = quote_expr!(self.cx, $recognizer(stream));
[INFO] [stdout]    |                             ^^^^^^^^^^
[INFO] [stdout] 
[INFO] [stdout] 
[INFO] [stdout] error: cannot find macro `quote_expr` in this scope
[INFO] [stdout]   --> /opt/rustwide/cargo-home/registry/src/index.crates.io-6f17d22bba15001f/oak-0.3.5/src/liboak/back/function.rs:91:7
[INFO] [stdout]    |
[INFO] [stdout] 91 |       quote_expr!(cx, $recognizer(stream)),
[INFO] [stdout]    |       ^^^^^^^^^^
[INFO] [stdout] 
[INFO] [stdout] 
[INFO] [stdout] error: cannot find macro `quote_expr` in this scope
[INFO] [stdout]   --> /opt/rustwide/cargo-home/registry/src/index.crates.io-6f17d22bba15001f/oak-0.3.5/src/liboak/back/function.rs:92:7
[INFO] [stdout]    |
[INFO] [stdout] 92 |       quote_expr!(cx, $parser(stream)),
[INFO] [stdout]    |       ^^^^^^^^^^
[INFO] [stdout] 
[INFO] [stdout] 
[INFO] [stdout] error: cannot find macro `quote_tokens` in this scope
[INFO] [stdout]    --> /opt/rustwide/cargo-home/registry/src/index.crates.io-6f17d22bba15001f/oak-0.3.5/src/liboak/back/function.rs:104:12
[INFO] [stdout]     |
[INFO] [stdout] 104 |       Some(quote_tokens!(self.cx, pub))
[INFO] [stdout]     |            ^^^^^^^^^^^^
[INFO] [stdout] 
[INFO] [stdout] 
[INFO] [stdout] error: cannot find macro `quote_item` in this scope
[INFO] [stdout]    --> /opt/rustwide/cargo-home/registry/src/index.crates.io-6f17d22bba15001f/oak-0.3.5/src/liboak/back/function.rs:108:20
[INFO] [stdout]     |
[INFO] [stdout] 108 |     let function = quote_item!(self.cx,
[INFO] [stdout]     |                    ^^^^^^^^^^
[INFO] [stdout] 
[INFO] [stdout] 
[INFO] [stdout] error: cannot find macro `quote_ty` in this scope
[INFO] [stdout]    --> /opt/rustwide/cargo-home/registry/src/index.crates.io-6f17d22bba15001f/oak-0.3.5/src/liboak/back/function.rs:120:31
[INFO] [stdout]     |
[INFO] [stdout] 120 |     self.push_fun(name, body, quote_ty!(self.cx, ()), public);
[INFO] [stdout]     |                               ^^^^^^^^
[INFO] [stdout] 
[INFO] [stdout] 
[INFO] [stdout] error: cannot find macro `quote_ty` in this scope
[INFO] [stdout]   --> /opt/rustwide/cargo-home/registry/src/index.crates.io-6f17d22bba15001f/oak-0.3.5/src/liboak/back/type_gen.rs:51:5
[INFO] [stdout]    |
[INFO] [stdout] 51 |     quote_ty!(cx, ())
[INFO] [stdout]    |     ^^^^^^^^
[INFO] [stdout] 
[INFO] [stdout] 
[INFO] [stdout] error: cannot find macro `quote_ty` in this scope
[INFO] [stdout]   --> /opt/rustwide/cargo-home/registry/src/index.crates.io-6f17d22bba15001f/oak-0.3.5/src/liboak/back/type_gen.rs:55:5
[INFO] [stdout]    |
[INFO] [stdout] 55 |     quote_ty!(cx, Vec<$ty>)
[INFO] [stdout]    |     ^^^^^^^^
[INFO] [stdout] 
[INFO] [stdout] 
[INFO] [stdout] error: cannot find macro `quote_ty` in this scope
[INFO] [stdout]   --> /opt/rustwide/cargo-home/registry/src/index.crates.io-6f17d22bba15001f/oak-0.3.5/src/liboak/back/type_gen.rs:59:5
[INFO] [stdout]    |
[INFO] [stdout] 59 |     quote_ty!(cx, Option<$ty>)
[INFO] [stdout]    |     ^^^^^^^^
[INFO] [stdout] 
[INFO] [stdout] 
[INFO] [stdout] error: cannot find macro `quote_ty` in this scope
[INFO] [stdout]   --> /opt/rustwide/cargo-home/registry/src/index.crates.io-6f17d22bba15001f/oak-0.3.5/src/liboak/back/type_gen.rs:63:5
[INFO] [stdout]    |
[INFO] [stdout] 63 |     quote_ty!(cx, char)
[INFO] [stdout]    |     ^^^^^^^^
[INFO] [stdout] 
[INFO] [stdout] 
[INFO] [stdout] error: cannot find macro `quote_item` in this scope
[INFO] [stdout]   --> /opt/rustwide/cargo-home/registry/src/index.crates.io-6f17d22bba15001f/oak-0.3.5/src/liboak/back/code_gen.rs:85:26
[INFO] [stdout]    |
[INFO] [stdout] 85 |     let grammar_module = quote_item!(self.cx,
[INFO] [stdout]    |                          ^^^^^^^^^^
[INFO] [stdout] 
[INFO] [stdout] 
[INFO] [stdout] error: cannot find macro `quote_item` in this scope
[INFO] [stdout]    --> /opt/rustwide/cargo-home/registry/src/index.crates.io-6f17d22bba15001f/oak-0.3.5/src/liboak/back/code_gen.rs:101:25
[INFO] [stdout]     |
[INFO] [stdout] 101 |     let runtime_crate = quote_item!(self.cx,
[INFO] [stdout]     |                         ^^^^^^^^^^
[INFO] [stdout] 
[INFO] [stdout] 
[INFO] [stdout] error: cannot find macro `quote_expr` in this scope
[INFO] [stdout]    --> /opt/rustwide/cargo-home/registry/src/index.crates.io-6f17d22bba15001f/oak-0.3.5/src/liboak/back/code_gen.rs:146:27
[INFO] [stdout]     |
[INFO] [stdout] 146 |     let recognizer_init = quote_expr!(cx, oak_runtime::ParseState::stateless(stream.clone()));
[INFO] [stdout]     |                           ^^^^^^^^^^
[INFO] [stdout] 
[INFO] [stdout] 
[INFO] [stdout] error: cannot find macro `quote_expr` in this scope
[INFO] [stdout]    --> /opt/rustwide/cargo-home/registry/src/index.crates.io-6f17d22bba15001f/oak-0.3.5/src/liboak/back/code_gen.rs:147:23
[INFO] [stdout]     |
[INFO] [stdout] 147 |     let parser_init = quote_expr!(cx, oak_runtime::ParseState::success(stream.clone(), vec![]));
[INFO] [stdout]     |                       ^^^^^^^^^^
[INFO] [stdout] 
[INFO] [stdout] 
[INFO] [stdout] error: cannot find macro `quote_expr` in this scope
[INFO] [stdout]    --> /opt/rustwide/cargo-home/registry/src/index.crates.io-6f17d22bba15001f/oak-0.3.5/src/liboak/back/code_gen.rs:156:5
[INFO] [stdout]     |
[INFO] [stdout] 156 |     quote_expr!(self.cx, {
[INFO] [stdout]     |     ^^^^^^^^^^
[INFO] [stdout] 
[INFO] [stdout] 
[INFO] [stdout] error: cannot find macro `quote_expr` in this scope
[INFO] [stdout]    --> /opt/rustwide/cargo-home/registry/src/index.crates.io-6f17d22bba15001f/oak-0.3.5/src/liboak/back/code_gen.rs:168:21
[INFO] [stdout]     |
[INFO] [stdout] 168 |       |name: Ident| quote_expr!(self.cx, $name(stream)),
[INFO] [stdout]     |                     ^^^^^^^^^^
[INFO] [stdout] 
[INFO] [stdout] 
[INFO] [stdout] error: cannot find macro `quote_expr` in this scope
[INFO] [stdout]    --> /opt/rustwide/cargo-home/registry/src/index.crates.io-6f17d22bba15001f/oak-0.3.5/src/liboak/back/code_gen.rs:171:9
[INFO] [stdout]     |
[INFO] [stdout] 171 |         quote_expr!(self.cx, $name(stream).and_then(|success| {
[INFO] [stdout]     |         ^^^^^^^^^^
[INFO] [stdout] 
[INFO] [stdout] 
[INFO] [stdout] error: cannot find macro `quote_expr` in this scope
[INFO] [stdout]    --> /opt/rustwide/cargo-home/registry/src/index.crates.io-6f17d22bba15001f/oak-0.3.5/src/liboak/back/code_gen.rs:196:11
[INFO] [stdout]     |
[INFO] [stdout] 196 |           quote_expr!(self.cx, $name(stream).and_then(move |$state_name| {
[INFO] [stdout]     |           ^^^^^^^^^^
[INFO] [stdout] 
[INFO] [stdout] 
[INFO] [stdout] error: cannot find macro `quote_expr` in this scope
[INFO] [stdout]    --> /opt/rustwide/cargo-home/registry/src/index.crates.io-6f17d22bba15001f/oak-0.3.5/src/liboak/back/code_gen.rs:211:19
[INFO] [stdout]     |
[INFO] [stdout] 211 |       .map(|name| quote_expr!(self.cx, $name.data))
[INFO] [stdout]     |                   ^^^^^^^^^^
[INFO] [stdout] 
[INFO] [stdout] 
[INFO] [stdout] error: cannot find macro `quote_expr` in this scope
[INFO] [stdout]    --> /opt/rustwide/cargo-home/registry/src/index.crates.io-6f17d22bba15001f/oak-0.3.5/src/liboak/back/code_gen.rs:220:5
[INFO] [stdout]     |
[INFO] [stdout] 220 |     quote_expr!(self.cx, oak_runtime::ParseState::success(stream, $result))
[INFO] [stdout]     |     ^^^^^^^^^^
[INFO] [stdout] 
[INFO] [stdout] 
[INFO] [stdout] error: cannot find macro `quote_expr` in this scope
[INFO] [stdout]    --> /opt/rustwide/cargo-home/registry/src/index.crates.io-6f17d22bba15001f/oak-0.3.5/src/liboak/back/code_gen.rs:227:23
[INFO] [stdout]     |
[INFO] [stdout] 227 |     let access_data = quote_expr!(self.cx, data);
[INFO] [stdout]     |                       ^^^^^^^^^^
[INFO] [stdout] 
[INFO] [stdout] 
[INFO] [stdout] error: cannot find macro `quote_expr` in this scope
[INFO] [stdout]    --> /opt/rustwide/cargo-home/registry/src/index.crates.io-6f17d22bba15001f/oak-0.3.5/src/liboak/back/code_gen.rs:250:7
[INFO] [stdout]     |
[INFO] [stdout] 250 |       quote_expr!(self.cx, oak_runtime::recognize_match_literal(stream, $lit_str)),
[INFO] [stdout]     |       ^^^^^^^^^^
[INFO] [stdout] 
[INFO] [stdout] 
[INFO] [stdout] error: cannot find macro `quote_expr` in this scope
[INFO] [stdout]    --> /opt/rustwide/cargo-home/registry/src/index.crates.io-6f17d22bba15001f/oak-0.3.5/src/liboak/back/code_gen.rs:251:7
[INFO] [stdout]     |
[INFO] [stdout] 251 |       quote_expr!(self.cx, oak_runtime::parse_match_literal(stream, $lit_str))
[INFO] [stdout]     |       ^^^^^^^^^^
[INFO] [stdout] 
[INFO] [stdout] 
[INFO] [stdout] error: cannot find macro `quote_expr` in this scope
[INFO] [stdout]    --> /opt/rustwide/cargo-home/registry/src/index.crates.io-6f17d22bba15001f/oak-0.3.5/src/liboak/back/code_gen.rs:265:7
[INFO] [stdout]     |
[INFO] [stdout] 265 |       quote_expr!(self.cx, oak_runtime::recognize_any_single_char(stream)),
[INFO] [stdout]     |       ^^^^^^^^^^
[INFO] [stdout] 
[INFO] [stdout] 
[INFO] [stdout] error: cannot find macro `quote_expr` in this scope
[INFO] [stdout]    --> /opt/rustwide/cargo-home/registry/src/index.crates.io-6f17d22bba15001f/oak-0.3.5/src/liboak/back/code_gen.rs:266:7
[INFO] [stdout]     |
[INFO] [stdout] 266 |       quote_expr!(self.cx, oak_runtime::parse_any_single_char(stream))
[INFO] [stdout]     |       ^^^^^^^^^^
[INFO] [stdout] 
[INFO] [stdout] 
[INFO] [stdout] error: cannot find macro `quote_expr` in this scope
[INFO] [stdout]    --> /opt/rustwide/cargo-home/registry/src/index.crates.io-6f17d22bba15001f/oak-0.3.5/src/liboak/back/code_gen.rs:276:28
[INFO] [stdout]     |
[INFO] [stdout] 276 |     let cond = seq_it.fold(quote_expr!(cx, (current >= $lo && current <= $hi)),
[INFO] [stdout]     |                            ^^^^^^^^^^
[INFO] [stdout] 
[INFO] [stdout] 
[INFO] [stdout] error: cannot find macro `quote_expr` in this scope
[INFO] [stdout]    --> /opt/rustwide/cargo-home/registry/src/index.crates.io-6f17d22bba15001f/oak-0.3.5/src/liboak/back/code_gen.rs:278:9
[INFO] [stdout]     |
[INFO] [stdout] 278 |         quote_expr!(cx, $accu || (current >= $lo && current <= $hi))
[INFO] [stdout]     |         ^^^^^^^^^^
[INFO] [stdout] 
[INFO] [stdout] 
[INFO] [stdout] error: cannot find macro `quote_expr` in this scope
[INFO] [stdout]    --> /opt/rustwide/cargo-home/registry/src/index.crates.io-6f17d22bba15001f/oak-0.3.5/src/liboak/back/code_gen.rs:285:48
[INFO] [stdout]     |
[INFO] [stdout] 285 |     let make_char_class_body = |result: RExpr| quote_expr!(cx, {
[INFO] [stdout]     |                                                ^^^^^^^^^^
[INFO] [stdout] 
[INFO] [stdout] 
[INFO] [stdout] error: cannot find macro `quote_expr` in this scope
[INFO] [stdout]    --> /opt/rustwide/cargo-home/registry/src/index.crates.io-6f17d22bba15001f/oak-0.3.5/src/liboak/back/code_gen.rs:298:28
[INFO] [stdout]     |
[INFO] [stdout] 298 |       make_char_class_body(quote_expr!(cx, oak_runtime::ParseState::stateless(stream))),
[INFO] [stdout]     |                            ^^^^^^^^^^
[INFO] [stdout] 
[INFO] [stdout] 
[INFO] [stdout] error: cannot find macro `quote_expr` in this scope
[INFO] [stdout]    --> /opt/rustwide/cargo-home/registry/src/index.crates.io-6f17d22bba15001f/oak-0.3.5/src/liboak/back/code_gen.rs:299:28
[INFO] [stdout]     |
[INFO] [stdout] 299 |       make_char_class_body(quote_expr!(cx, oak_runtime::ParseState::success(stream, current)))
[INFO] [stdout]     |                            ^^^^^^^^^^
[INFO] [stdout] 
[INFO] [stdout] 
[INFO] [stdout] error: cannot find macro `quote_expr` in this scope
[INFO] [stdout]    --> /opt/rustwide/cargo-home/registry/src/index.crates.io-6f17d22bba15001f/oak-0.3.5/src/liboak/back/code_gen.rs:318:30
[INFO] [stdout]     |
[INFO] [stdout] 318 |     let init = |name: Ident| quote_expr!(cx, $name(stream));
[INFO] [stdout]     |                              ^^^^^^^^^^
[INFO] [stdout] 
[INFO] [stdout] 
[INFO] [stdout] error: cannot find macro `quote_expr` in this scope
[INFO] [stdout]    --> /opt/rustwide/cargo-home/registry/src/index.crates.io-6f17d22bba15001f/oak-0.3.5/src/liboak/back/code_gen.rs:320:7
[INFO] [stdout]     |
[INFO] [stdout] 320 |       quote_expr!(cx, $name(stream.clone()).or_else_merge(|| $accu))
[INFO] [stdout]     |       ^^^^^^^^^^
[INFO] [stdout] 
[INFO] [stdout] 
[INFO] [stdout] error: cannot find macro `quote_expr` in this scope
[INFO] [stdout]    --> /opt/rustwide/cargo-home/registry/src/index.crates.io-6f17d22bba15001f/oak-0.3.5/src/liboak/back/code_gen.rs:339:18
[INFO] [stdout]     |
[INFO] [stdout] 339 |     let result = quote_expr!(cx, state);
[INFO] [stdout]     |                  ^^^^^^^^^^
[INFO] [stdout] 
[INFO] [stdout] 
[INFO] [stdout] error: cannot find macro `quote_expr` in this scope
[INFO] [stdout]    --> /opt/rustwide/cargo-home/registry/src/index.crates.io-6f17d22bba15001f/oak-0.3.5/src/liboak/back/code_gen.rs:345:18
[INFO] [stdout]     |
[INFO] [stdout] 345 |     let result = quote_expr!(cx, {
[INFO] [stdout]     |                  ^^^^^^^^^^
[INFO] [stdout] 
[INFO] [stdout] 
[INFO] [stdout] error: cannot find macro `quote_expr` in this scope
[INFO] [stdout]    --> /opt/rustwide/cargo-home/registry/src/index.crates.io-6f17d22bba15001f/oak-0.3.5/src/liboak/back/code_gen.rs:357:27
[INFO] [stdout]     |
[INFO] [stdout] 357 |     let recognizer_body = quote_expr!(self.cx,
[INFO] [stdout]     |                           ^^^^^^^^^^
[INFO] [stdout] 
[INFO] [stdout] 
[INFO] [stdout] error: cannot find macro `quote_expr` in this scope
[INFO] [stdout]    --> /opt/rustwide/cargo-home/registry/src/index.crates.io-6f17d22bba15001f/oak-0.3.5/src/liboak/back/code_gen.rs:360:23
[INFO] [stdout]     |
[INFO] [stdout] 360 |     let parser_body = quote_expr!(self.cx,
[INFO] [stdout]     |                       ^^^^^^^^^^
[INFO] [stdout] 
[INFO] [stdout] 
[INFO] [stdout] error: cannot find macro `quote_expr` in this scope
[INFO] [stdout]    --> /opt/rustwide/cargo-home/registry/src/index.crates.io-6f17d22bba15001f/oak-0.3.5/src/liboak/back/code_gen.rs:370:16
[INFO] [stdout]     |
[INFO] [stdout] 370 |     let body = quote_expr!(self.cx,
[INFO] [stdout]     |                ^^^^^^^^^^
[INFO] [stdout] 
[INFO] [stdout] 
[INFO] [stdout] error: cannot find macro `quote_expr` in this scope
[INFO] [stdout]    --> /opt/rustwide/cargo-home/registry/src/index.crates.io-6f17d22bba15001f/oak-0.3.5/src/liboak/back/code_gen.rs:379:16
[INFO] [stdout]     |
[INFO] [stdout] 379 |     let body = quote_expr!(self.cx,
[INFO] [stdout]     |                ^^^^^^^^^^
[INFO] [stdout] 
[INFO] [stdout] 
[INFO] [stdout] error: cannot find macro `quote_expr` in this scope
[INFO] [stdout]    --> /opt/rustwide/cargo-home/registry/src/index.crates.io-6f17d22bba15001f/oak-0.3.5/src/liboak/back/code_gen.rs:390:27
[INFO] [stdout]     |
[INFO] [stdout] 390 |     let recognizer_body = quote_expr!(self.cx,
[INFO] [stdout]     |                           ^^^^^^^^^^
[INFO] [stdout] 
[INFO] [stdout] 
[INFO] [stdout] error: cannot find macro `quote_expr` in this scope
[INFO] [stdout]    --> /opt/rustwide/cargo-home/registry/src/index.crates.io-6f17d22bba15001f/oak-0.3.5/src/liboak/back/code_gen.rs:394:23
[INFO] [stdout]     |
[INFO] [stdout] 394 |     let parser_body = quote_expr!(self.cx,
[INFO] [stdout]     |                       ^^^^^^^^^^
[INFO] [stdout] 
[INFO] [stdout] 
[INFO] [stdout] error: aborting due to 3 previous errors
[INFO] [stdout] 
[INFO] [stdout] 
[INFO] [stdout] Some errors have detailed explanations: E0554, E0599, E0635.
[INFO] [stdout] 
[INFO] [stdout] For more information about an error, try `rustc --explain E0554`.
[INFO] [stdout] 
[INFO] [stdout] error: cannot find attribute `plugin_registrar` in this scope
[INFO] [stdout]   --> /opt/rustwide/cargo-home/registry/src/index.crates.io-6f17d22bba15001f/oak-0.3.5/src/liboak/lib.rs:35:3
[INFO] [stdout]    |
[INFO] [stdout] 35 | #[plugin_registrar]
[INFO] [stdout]    |   ^^^^^^^^^^^^^^^^
[INFO] [stdout]    |
[INFO] [stdout]    = note: `plugin_registrar` is in scope, but it is a function, not an attribute
[INFO] [stdout] 
[INFO] [stdout] 
[INFO] [stderr] error: could not compile `oak_runtime` (lib) due to 4 previous errors
[INFO] [stderr] warning: build failed, waiting for other jobs to finish...
[INFO] [stdout] error[E0433]: failed to resolve: could not find `Item_` in `rust`
[INFO] [stdout]   --> /opt/rustwide/cargo-home/registry/src/index.crates.io-6f17d22bba15001f/oak-0.3.5/src/liboak/middle/analysis/duplicate.rs:39:19
[INFO] [stdout]    |
[INFO] [stdout] 39 |     if let &rust::Item_::ItemFn(..) = &item.node {
[INFO] [stdout]    |                   ^^^^^ could not find `Item_` in `rust`
[INFO] [stdout] 
[INFO] [stdout] 
[INFO] [stdout] error[E0433]: failed to resolve: could not find `Item_` in `rust`
[INFO] [stdout]    --> /opt/rustwide/cargo-home/registry/src/index.crates.io-6f17d22bba15001f/oak-0.3.5/src/liboak/middle/typing/inference.rs:154:14
[INFO] [stdout]     |
[INFO] [stdout] 154 |       &rust::Item_::ItemFn(ref decl, _,_,_,_,_) => decl.output.clone(),
[INFO] [stdout]     |              ^^^^^ could not find `Item_` in `rust`
[INFO] [stdout] 
[INFO] [stdout] 
[INFO] [stdout] error[E0433]: failed to resolve: could not find `Ty_` in `rust`
[INFO] [stdout]   --> /opt/rustwide/cargo-home/registry/src/index.crates.io-6f17d22bba15001f/oak-0.3.5/src/liboak/back/type_gen.rs:89:32
[INFO] [stdout]    |
[INFO] [stdout] 89 |         cx.ty(expr.span, rust::Ty_::TyTup(tys))
[INFO] [stdout]    |                                ^^^ could not find `Ty_` in `rust`
[INFO] [stdout] 
[INFO] [stdout] 
[INFO] [stdout] error[E0433]: failed to resolve: could not find `Visibility` in `rust`
[INFO] [stdout]    --> /opt/rustwide/cargo-home/registry/src/index.crates.io-6f17d22bba15001f/oak-0.3.5/src/liboak/back/code_gen.rs:117:22
[INFO] [stdout]     |
[INFO] [stdout] 117 |           vis: rust::Visibility::Public,
[INFO] [stdout]     |                      ^^^^^^^^^^ could not find `Visibility` in `rust`
[INFO] [stdout] 
[INFO] [stdout] 
[INFO] [stdout] error[E0433]: failed to resolve: could not find `Item_` in `rust`
[INFO] [stdout]   --> /opt/rustwide/cargo-home/registry/src/index.crates.io-6f17d22bba15001f/oak-0.3.5/src/liboak/back/code_printer.rs:27:19
[INFO] [stdout]    |
[INFO] [stdout] 27 |     if let &rust::Item_::ItemMod(ref module) = &grammar_module.node {
[INFO] [stdout]    |                   ^^^^^ could not find `Item_` in `rust`
[INFO] [stdout] 
[INFO] [stdout] 
[INFO] [stdout] error[E0433]: failed to resolve: could not find `Visibility` in `rust`
[INFO] [stdout]   --> /opt/rustwide/cargo-home/registry/src/index.crates.io-6f17d22bba15001f/oak-0.3.5/src/liboak/back/code_printer.rs:53:24
[INFO] [stdout]    |
[INFO] [stdout] 53 |   if item.vis == rust::Visibility::Public {
[INFO] [stdout]    |                        ^^^^^^^^^^ could not find `Visibility` in `rust`
[INFO] [stdout] 
[INFO] [stdout] 
[INFO] [stdout] error[E0433]: failed to resolve: could not find `Item_` in `rust`
[INFO] [stdout]   --> /opt/rustwide/cargo-home/registry/src/index.crates.io-6f17d22bba15001f/oak-0.3.5/src/liboak/back/code_printer.rs:54:19
[INFO] [stdout]    |
[INFO] [stdout] 54 |     if let &rust::Item_::ItemFn(ref decl, unsafety, constness, abi, ref generics, _) = &item.node {
[INFO] [stdout]    |                   ^^^^^ could not find `Item_` in `rust`
[INFO] [stdout] 
[INFO] [stdout] 
[INFO] [stdout] error[E0412]: cannot find type `Ty` in module `rust`
[INFO] [stdout]   --> /opt/rustwide/cargo-home/registry/src/index.crates.io-6f17d22bba15001f/oak-0.3.5/src/liboak/ast.rs:25:30
[INFO] [stdout]    |
[INFO] [stdout] 25 | pub type RTy = rust::P<rust::Ty>;
[INFO] [stdout]    |                              ^^ not found in `rust`
[INFO] [stdout] 
[INFO] [stdout] 
[INFO] [stdout] error[E0412]: cannot find type `Expr` in module `rust`
[INFO] [stdout]   --> /opt/rustwide/cargo-home/registry/src/index.crates.io-6f17d22bba15001f/oak-0.3.5/src/liboak/ast.rs:26:32
[INFO] [stdout]    |
[INFO] [stdout] 26 | pub type RExpr = rust::P<rust::Expr>;
[INFO] [stdout]    |                                ^^^^ not found in `rust`
[INFO] [stdout] 
[INFO] [stdout] 
[INFO] [stdout] error[E0412]: cannot find type `Item` in module `rust`
[INFO] [stdout]   --> /opt/rustwide/cargo-home/registry/src/index.crates.io-6f17d22bba15001f/oak-0.3.5/src/liboak/ast.rs:27:32
[INFO] [stdout]    |
[INFO] [stdout] 27 | pub type RItem = rust::P<rust::Item>;
[INFO] [stdout]    |                                ^^^^ not found in `rust`
[INFO] [stdout] 
[INFO] [stdout] 
[INFO] [stdout] error[E0412]: cannot find type `Attribute` in module `rust`
[INFO] [stdout]   --> /opt/rustwide/cargo-home/registry/src/index.crates.io-6f17d22bba15001f/oak-0.3.5/src/liboak/front/parser.rs:28:26
[INFO] [stdout]    |
[INFO] [stdout] 28 |   inner_attrs: Vec<rust::Attribute>,
[INFO] [stdout]    |                          ^^^^^^^^^ not found in `rust`
[INFO] [stdout] 
[INFO] [stdout] 
[INFO] [stdout] error[E0412]: cannot find type `Ident` in module `rust`
[INFO] [stdout]   --> /opt/rustwide/cargo-home/registry/src/index.crates.io-6f17d22bba15001f/oak-0.3.5/src/liboak/front/parser.rs:29:23
[INFO] [stdout]    |
[INFO] [stdout] 29 |   grammar_name: rust::Ident
[INFO] [stdout]    |                       ^^^^^ not found in `rust`
[INFO] [stdout] 
[INFO] [stdout] 
[INFO] [stdout] error[E0412]: cannot find type `CrateConfig` in module `rust`
[INFO] [stdout]   --> /opt/rustwide/cargo-home/registry/src/index.crates.io-6f17d22bba15001f/oak-0.3.5/src/liboak/front/parser.rs:35:21
[INFO] [stdout]    |
[INFO] [stdout] 35 |          cfg: rust::CrateConfig,
[INFO] [stdout]    |                     ^^^^^^^^^^^ not found in `rust`
[INFO] [stdout] 
[INFO] [stdout] 
[INFO] [stdout] error[E0412]: cannot find type `TokenTree` in module `rust`
[INFO] [stdout]   --> /opt/rustwide/cargo-home/registry/src/index.crates.io-6f17d22bba15001f/oak-0.3.5/src/liboak/front/parser.rs:36:25
[INFO] [stdout]    |
[INFO] [stdout] 36 |          tts: Vec<rust::TokenTree>,
[INFO] [stdout]    |                         ^^^^^^^^^ not found in `rust`
[INFO] [stdout] 
[INFO] [stdout] 
[INFO] [stdout] error[E0412]: cannot find type `Ident` in module `rust`
[INFO] [stdout]   --> /opt/rustwide/cargo-home/registry/src/index.crates.io-6f17d22bba15001f/oak-0.3.5/src/liboak/front/parser.rs:37:30
[INFO] [stdout]    |
[INFO] [stdout] 37 |          grammar_name: rust::Ident) -> Parser<'a>
[INFO] [stdout]    |                              ^^^^^ not found in `rust`
[INFO] [stdout] 
[INFO] [stdout] 
[INFO] [stdout] error[E0412]: cannot find type `SpannedIdent` in module `rust`
[INFO] [stdout]   --> /opt/rustwide/cargo-home/registry/src/index.crates.io-6f17d22bba15001f/oak-0.3.5/src/liboak/front/parser.rs:81:42
[INFO] [stdout]    |
[INFO] [stdout] 81 |   fn parse_rule_decl(&mut self) -> rust::SpannedIdent {
[INFO] [stdout]    |                                          ^^^^^^^^^^^^ not found in `rust`
[INFO] [stdout] 
[INFO] [stdout] 
[INFO] [stdout] error[E0412]: cannot find type `Item` in module `rust`
[INFO] [stdout]   --> /opt/rustwide/cargo-home/registry/src/index.crates.io-6f17d22bba15001f/oak-0.3.5/src/liboak/middle/analysis/duplicate.rs:54:26
[INFO] [stdout]    |
[INFO] [stdout] 54 | impl ItemIdent for rust::Item {
[INFO] [stdout]    |                          ^^^^ not found in `rust`
[INFO] [stdout] 
[INFO] [stdout] 
[INFO] [stdout] error[E0412]: cannot find type `Item` in module `rust`
[INFO] [stdout]   --> /opt/rustwide/cargo-home/registry/src/index.crates.io-6f17d22bba15001f/oak-0.3.5/src/liboak/middle/analysis/duplicate.rs:60:25
[INFO] [stdout]    |
[INFO] [stdout] 60 | impl ItemSpan for rust::Item {
[INFO] [stdout]    |                         ^^^^ not found in `rust`
[INFO] [stdout] 
[INFO] [stdout] 
[INFO] [stdout] error[E0531]: cannot find tuple struct or tuple variant `MetaWord` in this scope
[INFO] [stdout]   --> /opt/rustwide/cargo-home/registry/src/index.crates.io-6f17d22bba15001f/oak-0.3.5/src/liboak/middle/analysis/attribute.rs:42:6
[INFO] [stdout]    |
[INFO] [stdout] 42 |     &MetaWord(ref name) if *name == "debug_api" => {
[INFO] [stdout]    |      ^^^^^^^^ not found in this scope
[INFO] [stdout] 
[INFO] [stdout] 
[INFO] [stdout] error[E0531]: cannot find tuple struct or tuple variant `MetaWord` in this scope
[INFO] [stdout]   --> /opt/rustwide/cargo-home/registry/src/index.crates.io-6f17d22bba15001f/oak-0.3.5/src/liboak/middle/analysis/attribute.rs:45:6
[INFO] [stdout]    |
[INFO] [stdout] 45 |     &MetaWord(ref name) if *name == "show_api" => {
[INFO] [stdout]    |      ^^^^^^^^ not found in this scope
[INFO] [stdout] 
[INFO] [stdout] 
[INFO] [stdout] error[E0531]: cannot find tuple struct or tuple variant `MetaWord` in this scope
[INFO] [stdout]   --> /opt/rustwide/cargo-home/registry/src/index.crates.io-6f17d22bba15001f/oak-0.3.5/src/liboak/middle/analysis/attribute.rs:48:8
[INFO] [stdout]    |
[INFO] [stdout] 48 |       &MetaWord(ref name)
[INFO] [stdout]    |        ^^^^^^^^ not found in this scope
[INFO] [stdout] 
[INFO] [stdout] 
[INFO] [stdout] error[E0531]: cannot find tuple struct or tuple variant `MetaList` in this scope
[INFO] [stdout]   --> /opt/rustwide/cargo-home/registry/src/index.crates.io-6f17d22bba15001f/oak-0.3.5/src/liboak/middle/analysis/attribute.rs:49:8
[INFO] [stdout]    |
[INFO] [stdout] 49 |     | &MetaList(ref name, _)
[INFO] [stdout]    |        ^^^^^^^^ not found in this scope
[INFO] [stdout] 
[INFO] [stdout] 
[INFO] [stdout] error[E0531]: cannot find tuple struct or tuple variant `MetaNameValue` in this scope
[INFO] [stdout]   --> /opt/rustwide/cargo-home/registry/src/index.crates.io-6f17d22bba15001f/oak-0.3.5/src/liboak/middle/analysis/attribute.rs:50:8
[INFO] [stdout]    |
[INFO] [stdout] 50 |     | &MetaNameValue(ref name, _) => {
[INFO] [stdout]    |        ^^^^^^^^^^^^^ not found in this scope
[INFO] [stdout] 
[INFO] [stdout] 
[INFO] [stdout] error[E0531]: cannot find tuple struct or tuple variant `MetaWord` in this scope
[INFO] [stdout]   --> /opt/rustwide/cargo-home/registry/src/index.crates.io-6f17d22bba15001f/oak-0.3.5/src/liboak/middle/analysis/attribute.rs:69:8
[INFO] [stdout]    |
[INFO] [stdout] 69 |       &MetaWord(ref name)
[INFO] [stdout]    |        ^^^^^^^^ not found in this scope
[INFO] [stdout] 
[INFO] [stdout] 
[INFO] [stdout] error[E0531]: cannot find tuple struct or tuple variant `MetaList` in this scope
[INFO] [stdout]   --> /opt/rustwide/cargo-home/registry/src/index.crates.io-6f17d22bba15001f/oak-0.3.5/src/liboak/middle/analysis/attribute.rs:70:8
[INFO] [stdout]    |
[INFO] [stdout] 70 |     | &MetaList(ref name, _)
[INFO] [stdout]    |        ^^^^^^^^ not found in this scope
[INFO] [stdout] 
[INFO] [stdout] 
[INFO] [stdout] error[E0531]: cannot find tuple struct or tuple variant `MetaNameValue` in this scope
[INFO] [stdout]   --> /opt/rustwide/cargo-home/registry/src/index.crates.io-6f17d22bba15001f/oak-0.3.5/src/liboak/middle/analysis/attribute.rs:71:8
[INFO] [stdout]    |
[INFO] [stdout] 71 |     | &MetaNameValue(ref name, _) => {
[INFO] [stdout]    |        ^^^^^^^^^^^^^ not found in this scope
[INFO] [stdout] 
[INFO] [stdout] 
[INFO] [stdout] error[E0412]: cannot find type `FunctionRetTy` in module `rust`
[INFO] [stdout]    --> /opt/rustwide/cargo-home/registry/src/index.crates.io-6f17d22bba15001f/oak-0.3.5/src/liboak/middle/typing/ast.rs:139:16
[INFO] [stdout]     |
[INFO] [stdout] 139 |   Action(rust::FunctionRetTy)
[INFO] [stdout]     |                ^^^^^^^^^^^^^ not found in `rust`
[INFO] [stdout] 
[INFO] [stdout] 
[INFO] [stdout] error[E0531]: cannot find tuple struct or tuple variant `NoReturn` in this scope
[INFO] [stdout]   --> /opt/rustwide/cargo-home/registry/src/index.crates.io-6f17d22bba15001f/oak-0.3.5/src/liboak/back/type_gen.rs:69:9
[INFO] [stdout]    |
[INFO] [stdout] 69 |         NoReturn(_) | DefaultReturn(_) => TypeGenerator::unit_ty(cx),
[INFO] [stdout]    |         ^^^^^^^^ not found in this scope
[INFO] [stdout] 
[INFO] [stdout] 
[INFO] [stdout] error[E0531]: cannot find tuple struct or tuple variant `DefaultReturn` in this scope
[INFO] [stdout]   --> /opt/rustwide/cargo-home/registry/src/index.crates.io-6f17d22bba15001f/oak-0.3.5/src/liboak/back/type_gen.rs:69:23
[INFO] [stdout]    |
[INFO] [stdout] 69 |         NoReturn(_) | DefaultReturn(_) => TypeGenerator::unit_ty(cx),
[INFO] [stdout]    |                       ^^^^^^^^^^^^^ not found in this scope
[INFO] [stdout] 
[INFO] [stdout] 
[INFO] [stdout] error[E0531]: cannot find tuple struct or tuple variant `Return` in this scope
[INFO] [stdout]   --> /opt/rustwide/cargo-home/registry/src/index.crates.io-6f17d22bba15001f/oak-0.3.5/src/liboak/back/type_gen.rs:70:9
[INFO] [stdout]    |
[INFO] [stdout] 70 |         Return(ty) => ty
[INFO] [stdout]    |         ^^^^^^ not found in this scope
[INFO] [stdout] 
[INFO] [stdout] 
[INFO] [stdout] error[E0531]: cannot find tuple struct or tuple variant `ItemMod` in module `rust`
[INFO] [stdout]    --> /opt/rustwide/cargo-home/registry/src/index.crates.io-6f17d22bba15001f/oak-0.3.5/src/liboak/back/code_gen.rs:106:14
[INFO] [stdout]     |
[INFO] [stdout] 106 |       &rust::ItemMod(ref module_code) => {
[INFO] [stdout]     |              ^^^^^^^ not found in `rust`
[INFO] [stdout] 
[INFO] [stdout] 
[INFO] [stdout] error[E0422]: cannot find struct, variant or union type `Item` in module `rust`
[INFO] [stdout]    --> /opt/rustwide/cargo-home/registry/src/index.crates.io-6f17d22bba15001f/oak-0.3.5/src/liboak/back/code_gen.rs:109:23
[INFO] [stdout]     |
[INFO] [stdout] 109 |         rust::P(rust::Item {
[INFO] [stdout]     |                       ^^^^ not found in `rust`
[INFO] [stdout] 
[INFO] [stdout] 
[INFO] [stdout] error[E0425]: cannot find value `DUMMY_NODE_ID` in module `rust`
[INFO] [stdout]    --> /opt/rustwide/cargo-home/registry/src/index.crates.io-6f17d22bba15001f/oak-0.3.5/src/liboak/back/code_gen.rs:112:21
[INFO] [stdout]     |
[INFO] [stdout] 112 |           id: rust::DUMMY_NODE_ID,
[INFO] [stdout]     |                     ^^^^^^^^^^^^^ not found in `rust`
[INFO] [stdout] 
[INFO] [stdout] 
[INFO] [stdout] error[E0425]: cannot find function, tuple struct or tuple variant `ItemMod` in module `rust`
[INFO] [stdout]    --> /opt/rustwide/cargo-home/registry/src/index.crates.io-6f17d22bba15001f/oak-0.3.5/src/liboak/back/code_gen.rs:113:23
[INFO] [stdout]     |
[INFO] [stdout] 113 |           node: rust::ItemMod(rust::Mod{
[INFO] [stdout]     |                       ^^^^^^^ not found in `rust`
[INFO] [stdout] 
[INFO] [stdout] 
[INFO] [stdout] error[E0422]: cannot find struct, variant or union type `Mod` in module `rust`
[INFO] [stdout]    --> /opt/rustwide/cargo-home/registry/src/index.crates.io-6f17d22bba15001f/oak-0.3.5/src/liboak/back/code_gen.rs:113:37
[INFO] [stdout]     |
[INFO] [stdout] 113 |           node: rust::ItemMod(rust::Mod{
[INFO] [stdout]     |                                     ^^^ not found in `rust`
[INFO] [stdout] 
[INFO] [stdout] 
[INFO] [stdout] error[E0425]: cannot find function `item_to_string` in module `rust`
[INFO] [stdout]   --> /opt/rustwide/cargo-home/registry/src/index.crates.io-6f17d22bba15001f/oak-0.3.5/src/liboak/back/code_printer.rs:24:13
[INFO] [stdout]    |
[INFO] [stdout] 24 |       rust::item_to_string(grammar_module).as_str());
[INFO] [stdout]    |             ^^^^^^^^^^^^^^ not found in `rust`
[INFO] [stdout] 
[INFO] [stdout] 
[INFO] [stdout] error[E0425]: cannot find function `to_string` in module `rust`
[INFO] [stdout]   --> /opt/rustwide/cargo-home/registry/src/index.crates.io-6f17d22bba15001f/oak-0.3.5/src/liboak/back/code_printer.rs:28:23
[INFO] [stdout]    |
[INFO] [stdout] 28 |       let res = rust::to_string(|s| {
[INFO] [stdout]    |                       ^^^^^^^^^ not found in `rust`
[INFO] [stdout] 
[INFO] [stdout] 
[INFO] [stdout] error[E0425]: cannot find function `visibility_qualified` in module `rust`
[INFO] [stdout]   --> /opt/rustwide/cargo-home/registry/src/index.crates.io-6f17d22bba15001f/oak-0.3.5/src/liboak/back/code_printer.rs:41:22
[INFO] [stdout]    |
[INFO] [stdout] 41 |   try!(s.head(&rust::visibility_qualified(vis, "mod")));
[INFO] [stdout]    |                      ^^^^^^^^^^^^^^^^^^^^ not found in `rust`
[INFO] [stdout] 
[INFO] [stdout] 
[INFO] [stdout] error[E0425]: cannot find function `ty_to_string` in module `rust`
[INFO] [stdout]   --> /opt/rustwide/cargo-home/registry/src/index.crates.io-6f17d22bba15001f/oak-0.3.5/src/liboak/back/sum_type.rs:72:32
[INFO] [stdout]    |
[INFO] [stdout] 72 |       let rust_ty_desc = rust::ty_to_string(&*rust_ty);
[INFO] [stdout]    |                                ^^^^^^^^^^^^ not found in `rust`
[INFO] [stdout] 
[INFO] [stdout] 
[INFO] [stdout] error[E0412]: cannot find type `Ident` in module `rust`
[INFO] [stdout]   --> /opt/rustwide/cargo-home/registry/src/index.crates.io-6f17d22bba15001f/oak-0.3.5/src/liboak/lib.rs:42:81
[INFO] [stdout]    |
[INFO] [stdout] 42 | fn expand<'cx>(cx: &'cx mut rust::ExtCtxt, _sp: rust::Span, grammar_name: rust::Ident,
[INFO] [stdout]    |                                                                                 ^^^^^ not found in `rust`
[INFO] [stdout] 
[INFO] [stdout] 
[INFO] [stdout] error[E0412]: cannot find type `TokenTree` in module `rust`
[INFO] [stdout]   --> /opt/rustwide/cargo-home/registry/src/index.crates.io-6f17d22bba15001f/oak-0.3.5/src/liboak/lib.rs:43:18
[INFO] [stdout]    |
[INFO] [stdout] 43 |   tts: Vec<rust::TokenTree>) -> Box<rust::MacResult + 'cx>
[INFO] [stdout]    |                  ^^^^^^^^^ not found in `rust`
[INFO] [stdout] 
[INFO] [stdout] 
[INFO] [stdout] error[E0412]: cannot find type `Ident` in module `rust`
[INFO] [stdout]   --> /opt/rustwide/cargo-home/registry/src/index.crates.io-6f17d22bba15001f/oak-0.3.5/src/liboak/lib.rs:48:63
[INFO] [stdout]    |
[INFO] [stdout] 48 | fn parse<'cx>(cx: &'cx mut rust::ExtCtxt, grammar_name: rust::Ident,
[INFO] [stdout]    |                                                               ^^^^^ not found in `rust`
[INFO] [stdout] 
[INFO] [stdout] 
[INFO] [stdout] error[E0412]: cannot find type `TokenTree` in module `rust`
[INFO] [stdout]   --> /opt/rustwide/cargo-home/registry/src/index.crates.io-6f17d22bba15001f/oak-0.3.5/src/liboak/lib.rs:49:18
[INFO] [stdout]    |
[INFO] [stdout] 49 |   tts: Vec<rust::TokenTree>) -> Box<rust::MacResult + 'cx>
[INFO] [stdout]    |                  ^^^^^^^^^ not found in `rust`
[INFO] [stdout] 
[INFO] [stdout] 
[INFO] [stdout] error[E0554]: `#![feature]` may not be used on the beta release channel
[INFO] [stdout]   --> /opt/rustwide/cargo-home/registry/src/index.crates.io-6f17d22bba15001f/oak-0.3.5/src/liboak/lib.rs:17:1
[INFO] [stdout]    |
[INFO] [stdout] 17 | #![feature(convert, rustc_private, plugin_registrar, quote, box_syntax, vec_push_all, drain, str_escape)]
[INFO] [stdout]    | ^^^^^^^^^^^^^^^^^^^^^^^^^^^^^^^^^^^^^^^^^^^^^^^^^^^^^^^^^^^^^^^^^^^^^^^^^^^^^^^^^^^^^^^^^^^^^^^^^^^^^^^^^
[INFO] [stdout] 
[INFO] [stdout] 
[INFO] [stdout] error[E0554]: `#![feature]` may not be used on the beta release channel
[INFO] [stdout]   --> /opt/rustwide/cargo-home/registry/src/index.crates.io-6f17d22bba15001f/oak-0.3.5/src/liboak/lib.rs:17:12
[INFO] [stdout]    |
[INFO] [stdout] 17 | #![feature(convert, rustc_private, plugin_registrar, quote, box_syntax, vec_push_all, drain, str_escape)]
[INFO] [stdout]    |            ^^^^^^^
[INFO] [stdout] 
[INFO] [stdout] 
[INFO] [stdout] error[E0554]: `#![feature]` may not be used on the beta release channel
[INFO] [stdout]   --> /opt/rustwide/cargo-home/registry/src/index.crates.io-6f17d22bba15001f/oak-0.3.5/src/liboak/lib.rs:17:73
[INFO] [stdout]    |
[INFO] [stdout] 17 | #![feature(convert, rustc_private, plugin_registrar, quote, box_syntax, vec_push_all, drain, str_escape)]
[INFO] [stdout]    |                                                                         ^^^^^^^^^^^^
[INFO] [stdout] 
[INFO] [stdout] 
[INFO] [stdout] error[E0554]: `#![feature]` may not be used on the beta release channel
[INFO] [stdout]   --> /opt/rustwide/cargo-home/registry/src/index.crates.io-6f17d22bba15001f/oak-0.3.5/src/liboak/lib.rs:17:87
[INFO] [stdout]    |
[INFO] [stdout] 17 | #![feature(convert, rustc_private, plugin_registrar, quote, box_syntax, vec_push_all, drain, str_escape)]
[INFO] [stdout]    |                                                                                       ^^^^^
[INFO] [stdout] 
[INFO] [stdout] 
[INFO] [stdout] error[E0554]: `#![feature]` may not be used on the beta release channel
[INFO] [stdout]   --> /opt/rustwide/cargo-home/registry/src/index.crates.io-6f17d22bba15001f/oak-0.3.5/src/liboak/lib.rs:17:94
[INFO] [stdout]    |
[INFO] [stdout] 17 | #![feature(convert, rustc_private, plugin_registrar, quote, box_syntax, vec_push_all, drain, str_escape)]
[INFO] [stdout]    |                                                                                              ^^^^^^^^^^
[INFO] [stdout] 
[INFO] [stdout] 
[INFO] [stdout] error[E0635]: unknown feature `convert`
[INFO] [stdout]   --> /opt/rustwide/cargo-home/registry/src/index.crates.io-6f17d22bba15001f/oak-0.3.5/src/liboak/lib.rs:17:12
[INFO] [stdout]    |
[INFO] [stdout] 17 | #![feature(convert, rustc_private, plugin_registrar, quote, box_syntax, vec_push_all, drain, str_escape)]
[INFO] [stdout]    |            ^^^^^^^
[INFO] [stdout] 
[INFO] [stdout] 
[INFO] [stdout] error[E0635]: unknown feature `vec_push_all`
[INFO] [stdout]   --> /opt/rustwide/cargo-home/registry/src/index.crates.io-6f17d22bba15001f/oak-0.3.5/src/liboak/lib.rs:17:73
[INFO] [stdout]    |
[INFO] [stdout] 17 | #![feature(convert, rustc_private, plugin_registrar, quote, box_syntax, vec_push_all, drain, str_escape)]
[INFO] [stdout]    |                                                                         ^^^^^^^^^^^^
[INFO] [stdout] 
[INFO] [stdout] 
[INFO] [stdout] error: aborting due to 114 previous errors
[INFO] [stdout] 
[INFO] [stdout] 
[INFO] [stdout] Some errors have detailed explanations: E0412, E0422, E0425, E0432, E0433, E0462, E0463, E0531, E0554...
[INFO] [stdout] 
[INFO] [stdout] For more information about an error, try `rustc --explain E0412`.
[INFO] [stdout] 
[INFO] [stderr] error: could not compile `oak` (lib) due to 115 previous errors
[INFO] running `Command { std: "docker" "inspect" "3bfb6ae7788ef2f2b66765f6654ef7a3eb62a1bb27e7c7b7e269bfe8fe3a5b51", kill_on_drop: false }`
[INFO] running `Command { std: "docker" "rm" "-f" "3bfb6ae7788ef2f2b66765f6654ef7a3eb62a1bb27e7c7b7e269bfe8fe3a5b51", kill_on_drop: false }`
[INFO] [stdout] 3bfb6ae7788ef2f2b66765f6654ef7a3eb62a1bb27e7c7b7e269bfe8fe3a5b51
