[INFO] cloning repository https://github.com/ixmorrow/solana-messengerapp
[INFO] running `Command { std: "git" "-c" "credential.helper=" "-c" "credential.helper=/workspace/cargo-home/bin/git-credential-null" "clone" "--bare" "https://github.com/ixmorrow/solana-messengerapp" "/workspace/cache/git-repos/https%3A%2F%2Fgithub.com%2Fixmorrow%2Fsolana-messengerapp", kill_on_drop: false }`
[INFO] [stderr] Cloning into bare repository '/workspace/cache/git-repos/https%3A%2F%2Fgithub.com%2Fixmorrow%2Fsolana-messengerapp'...
[INFO] running `Command { std: "git" "rev-parse" "HEAD", kill_on_drop: false }`
[INFO] [stdout] 8f926fa863de5e0a17400bf3d7f2e36033506d37
[INFO] documenting ixmorrow/solana-messengerapp against beta-2023-04-20 for beta-1.70-rustdoc-1
[INFO] running `Command { std: "git" "clone" "/workspace/cache/git-repos/https%3A%2F%2Fgithub.com%2Fixmorrow%2Fsolana-messengerapp" "/workspace/builds/worker-0-tc2/source", kill_on_drop: false }`
[INFO] [stderr] Cloning into '/workspace/builds/worker-0-tc2/source'...
[INFO] [stderr] done.
[INFO] validating manifest of git repo https://github.com/ixmorrow/solana-messengerapp on toolchain beta-2023-04-20
[INFO] running `Command { std: CARGO_HOME="/workspace/cargo-home" RUSTUP_HOME="/workspace/rustup-home" "/workspace/cargo-home/bin/cargo" "+beta-2023-04-20" "metadata" "--manifest-path" "Cargo.toml" "--no-deps", kill_on_drop: false }`
[INFO] started tweaking git repo https://github.com/ixmorrow/solana-messengerapp
[INFO] finished tweaking git repo https://github.com/ixmorrow/solana-messengerapp
[INFO] tweaked toml for git repo https://github.com/ixmorrow/solana-messengerapp written to /workspace/builds/worker-0-tc2/source/Cargo.toml
[INFO] crate git repo https://github.com/ixmorrow/solana-messengerapp already has a lockfile, it will not be regenerated
[INFO] running `Command { std: CARGO_HOME="/workspace/cargo-home" RUSTUP_HOME="/workspace/rustup-home" "/workspace/cargo-home/bin/cargo" "+beta-2023-04-20" "fetch" "--manifest-path" "Cargo.toml", kill_on_drop: false }`
[INFO] [stderr]     Blocking waiting for file lock on package cache
[INFO] running `Command { std: "docker" "create" "-v" "/var/lib/crater-agent-workspace/builds/worker-0-tc2/target:/opt/rustwide/target:rw,Z" "-v" "/var/lib/crater-agent-workspace/builds/worker-0-tc2/source:/opt/rustwide/workdir:ro,Z" "-v" "/var/lib/crater-agent-workspace/cargo-home:/opt/rustwide/cargo-home:ro,Z" "-v" "/var/lib/crater-agent-workspace/rustup-home:/opt/rustwide/rustup-home:ro,Z" "-e" "SOURCE_DIR=/opt/rustwide/workdir" "-e" "CARGO_TARGET_DIR=/opt/rustwide/target" "-e" "CARGO_HOME=/opt/rustwide/cargo-home" "-e" "RUSTUP_HOME=/opt/rustwide/rustup-home" "-w" "/opt/rustwide/workdir" "-m" "1610612736" "--user" "0:0" "--network" "none" "ghcr.io/rust-lang/crates-build-env/linux@sha256:5ff2268d62e97bff2cde7d5815dd6ed5b47097566f13b8d0ca110b04b60e07ed" "/opt/rustwide/cargo-home/bin/cargo" "+beta-2023-04-20" "metadata" "--no-deps" "--format-version=1", kill_on_drop: false }`
[INFO] [stdout] 9970105ed3afb5fbb5a9d11527d6b897743836d5a2e745039db7e5e9bf82c13a
[INFO] running `Command { std: "docker" "start" "-a" "9970105ed3afb5fbb5a9d11527d6b897743836d5a2e745039db7e5e9bf82c13a", kill_on_drop: false }`
[INFO] running `Command { std: "docker" "inspect" "9970105ed3afb5fbb5a9d11527d6b897743836d5a2e745039db7e5e9bf82c13a", kill_on_drop: false }`
[INFO] running `Command { std: "docker" "rm" "-f" "9970105ed3afb5fbb5a9d11527d6b897743836d5a2e745039db7e5e9bf82c13a", kill_on_drop: false }`
[INFO] [stdout] 9970105ed3afb5fbb5a9d11527d6b897743836d5a2e745039db7e5e9bf82c13a
[INFO] running `Command { std: "docker" "create" "-v" "/var/lib/crater-agent-workspace/builds/worker-0-tc2/target:/opt/rustwide/target:rw,Z" "-v" "/var/lib/crater-agent-workspace/builds/worker-0-tc2/source:/opt/rustwide/workdir:ro,Z" "-v" "/var/lib/crater-agent-workspace/cargo-home:/opt/rustwide/cargo-home:ro,Z" "-v" "/var/lib/crater-agent-workspace/rustup-home:/opt/rustwide/rustup-home:ro,Z" "-e" "SOURCE_DIR=/opt/rustwide/workdir" "-e" "CARGO_TARGET_DIR=/opt/rustwide/target" "-e" "CARGO_INCREMENTAL=0" "-e" "RUST_BACKTRACE=full" "-e" "RUSTFLAGS=--cap-lints=warn" "-e" "RUSTDOCFLAGS=--cap-lints=warn" "-e" "CARGO_HOME=/opt/rustwide/cargo-home" "-e" "RUSTUP_HOME=/opt/rustwide/rustup-home" "-w" "/opt/rustwide/workdir" "-m" "1610612736" "--user" "0:0" "--network" "none" "ghcr.io/rust-lang/crates-build-env/linux@sha256:5ff2268d62e97bff2cde7d5815dd6ed5b47097566f13b8d0ca110b04b60e07ed" "/opt/rustwide/cargo-home/bin/cargo" "+beta-2023-04-20" "doc" "--frozen" "--no-deps" "--document-private-items" "--message-format=json", kill_on_drop: false }`
[INFO] [stdout] 00dd8beaf84074b808abfa29fe72165a0a12168a7a69584be68ec0b442d559f6
[INFO] running `Command { std: "docker" "start" "-a" "00dd8beaf84074b808abfa29fe72165a0a12168a7a69584be68ec0b442d559f6", kill_on_drop: false }`
[INFO] [stderr]    Compiling proc-macro2 v1.0.35
[INFO] [stderr]    Compiling unicode-xid v0.2.2
[INFO] [stderr]    Compiling syn v1.0.84
[INFO] [stderr]    Compiling serde_derive v1.0.132
[INFO] [stderr]    Compiling serde v1.0.132
[INFO] [stderr]    Compiling version_check v0.9.3
[INFO] [stderr]    Compiling typenum v1.15.0
[INFO] [stderr]    Compiling cfg-if v1.0.0
[INFO] [stderr]    Compiling libc v0.2.112
[INFO] [stderr]    Compiling semver v1.0.4
[INFO] [stderr]    Compiling memchr v2.4.1
[INFO] [stderr]    Compiling serde_json v1.0.73
[INFO] [stderr]    Compiling block-padding v0.2.1
[INFO] [stderr]    Compiling anyhow v1.0.52
[INFO] [stderr]    Compiling cpufeatures v0.2.1
[INFO] [stderr]    Compiling log v0.4.14
[INFO] [stderr]    Compiling ryu v1.0.9
[INFO] [stderr]    Compiling opaque-debug v0.3.0
[INFO] [stderr]    Compiling itoa v1.0.1
[INFO] [stderr]    Compiling unicode-segmentation v1.8.0
[INFO] [stderr]    Compiling crunchy v0.2.2
[INFO] [stderr]    Compiling yansi v0.5.0
[INFO] [stderr]    Compiling bs58 v0.3.1
[INFO] [stderr]     Checking subtle v2.4.1
[INFO] [stderr]    Compiling getrandom v0.1.16
[INFO] [stderr]    Compiling generic-array v0.14.4
[INFO] [stderr]    Compiling proc-macro2-diagnostics v0.9.1
[INFO] [stderr]    Compiling wasm-bindgen-shared v0.2.78
[INFO] [stderr]    Compiling heck v0.3.3
[INFO] [stderr]    Compiling lazy_static v1.4.0
[INFO] [stderr]    Compiling rustversion v1.0.6
[INFO] [stderr]    Compiling feature-probe v0.1.1
[INFO] [stderr]    Compiling rustc_version v0.4.0
[INFO] [stderr]    Compiling bumpalo v3.8.0
[INFO] [stderr]     Checking regex-syntax v0.6.25
[INFO] [stderr]     Checking humantime v2.1.0
[INFO] [stderr]     Checking aho-corasick v0.7.18
[INFO] [stderr]    Compiling quote v1.0.10
[INFO] [stderr]    Compiling cc v1.0.72
[INFO] [stderr]     Checking ppv-lite86 v0.2.15
[INFO] [stderr]    Compiling autocfg v1.0.1
[INFO] [stderr]    Compiling bv v0.11.1
[INFO] [stderr]     Checking termcolor v1.1.2
[INFO] [stderr]     Checking atty v0.2.14
[INFO] [stderr]    Compiling solana-frozen-abi-macro v1.9.2
[INFO] [stderr]    Compiling solana-frozen-abi v1.9.2
[INFO] [stderr]     Checking arrayref v0.3.6
[INFO] [stderr]    Compiling wasm-bindgen v0.2.78
[INFO] [stderr]     Checking rand_core v0.5.1
[INFO] [stderr]     Checking ahash v0.4.7
[INFO] [stderr]    Compiling bs58 v0.4.0
[INFO] [stderr]    Compiling solana-program v1.9.2
[INFO] [stderr]     Checking memmap2 v0.5.0
[INFO] [stderr]     Checking constant_time_eq v0.1.5
[INFO] [stderr]     Checking rand_chacha v0.2.2
[INFO] [stderr]     Checking hashbrown v0.9.1
[INFO] [stderr]     Checking either v1.6.1
[INFO] [stderr]     Checking byteorder v1.4.3
[INFO] [stderr]    Compiling num-traits v0.2.14
[INFO] [stderr]     Checking keccak v0.1.0
[INFO] [stderr]     Checking zeroize v1.4.3
[INFO] [stderr]     Checking base64 v0.12.3
[INFO] [stderr]     Checking rand v0.7.3
[INFO] [stderr]     Checking arrayvec v0.7.2
[INFO] [stderr]     Checking itertools v0.10.3
[INFO] [stderr]     Checking bitflags v1.3.2
[INFO] [stderr]     Checking base64 v0.13.0
[INFO] [stderr]    Compiling blake3 v1.2.0
[INFO] [stderr]     Checking regex v1.5.4
[INFO] [stderr]     Checking env_logger v0.9.0
[INFO] [stderr]     Checking solana-logger v1.9.2
[INFO] [stderr]    Compiling wasm-bindgen-backend v0.2.78
[INFO] [stderr]    Compiling borsh-derive-internal v0.9.1
[INFO] [stderr]    Compiling borsh-schema-derive-internal v0.9.1
[INFO] [stderr]    Compiling thiserror-impl v1.0.30
[INFO] [stderr]    Compiling bytemuck_derive v1.0.1
[INFO] [stderr]    Compiling solana-sdk-macro v1.9.2
[INFO] [stderr]    Compiling num-derive v0.3.3
[INFO] [stderr]    Compiling wasm-bindgen-macro-support v0.2.78
[INFO] [stderr]     Checking bytemuck v1.7.3
[INFO] [stderr]    Compiling wasm-bindgen-macro v0.2.78
[INFO] [stderr]    Compiling thiserror v1.0.30
[INFO] [stderr]     Checking serde_bytes v0.11.5
[INFO] [stderr]     Checking bincode v1.3.3
[INFO] [stderr]    Compiling toml v0.5.8
[INFO] [stderr]     Checking digest v0.9.0
[INFO] [stderr]     Checking block-buffer v0.9.0
[INFO] [stderr]     Checking crypto-mac v0.8.0
[INFO] [stderr]     Checking crypto-mac v0.11.1
[INFO] [stderr]     Checking hmac v0.8.1
[INFO] [stderr]     Checking sha2 v0.9.8
[INFO] [stderr]     Checking libsecp256k1-core v0.2.2
[INFO] [stderr]     Checking sha3 v0.9.1
[INFO] [stderr]     Checking curve25519-dalek v3.2.0
[INFO] [stderr]     Checking hmac-drbg v0.3.0
[INFO] [stderr]    Compiling proc-macro-crate v0.1.5
[INFO] [stderr]    Compiling anchor-syn v0.19.0
[INFO] [stderr]    Compiling borsh-derive v0.9.1
[INFO] [stderr]    Compiling libsecp256k1-gen-ecmult v0.2.1
[INFO] [stderr]    Compiling libsecp256k1-gen-genmult v0.2.1
[INFO] [stderr]    Compiling libsecp256k1 v0.6.0
[INFO] [stderr]     Checking borsh v0.9.1
[INFO] [stderr]    Compiling anchor-attribute-event v0.19.0
[INFO] [stderr]    Compiling anchor-attribute-constant v0.19.0
[INFO] [stderr]    Compiling anchor-attribute-account v0.19.0
[INFO] [stderr]    Compiling anchor-derive-accounts v0.19.0
[INFO] [stderr]    Compiling anchor-attribute-state v0.19.0
[INFO] [stderr]    Compiling anchor-attribute-access-control v0.19.0
[INFO] [stderr]    Compiling anchor-attribute-program v0.19.0
[INFO] [stderr]    Compiling anchor-attribute-interface v0.19.0
[INFO] [stderr]    Compiling anchor-attribute-error v0.19.0
[INFO] [stdout] error: linking with `cc` failed: exit status: 1
[INFO] [stdout]   |
[INFO] [stdout]   = note: LC_ALL="C" PATH="/opt/rustwide/rustup-home/toolchains/beta-2023-04-20-x86_64-unknown-linux-gnu/lib/rustlib/x86_64-unknown-linux-gnu/bin:/opt/rustwide/cargo-home/bin:/usr/local/sbin:/usr/local/bin:/usr/sbin:/usr/bin:/sbin:/bin" VSLANG="1033" "cc" "-Wl,--version-script=/tmp/rustctVcwMe/list" "-Wl,--no-undefined-version" "-m64" "/tmp/rustctVcwMe/symbols.o" "/opt/rustwide/target/debug/deps/anchor_attribute_program-6709c9256bbe8bc5.anchor_attribute_program.68f7d8ff-cgu.0.rcgu.o" "/opt/rustwide/target/debug/deps/anchor_attribute_program-6709c9256bbe8bc5.anchor_attribute_program.68f7d8ff-cgu.1.rcgu.o" "/opt/rustwide/target/debug/deps/anchor_attribute_program-6709c9256bbe8bc5.anchor_attribute_program.68f7d8ff-cgu.10.rcgu.o" "/opt/rustwide/target/debug/deps/anchor_attribute_program-6709c9256bbe8bc5.anchor_attribute_program.68f7d8ff-cgu.11.rcgu.o" "/opt/rustwide/target/debug/deps/anchor_attribute_program-6709c9256bbe8bc5.anchor_attribute_program.68f7d8ff-cgu.12.rcgu.o" "/opt/rustwide/target/debug/deps/anchor_attribute_program-6709c9256bbe8bc5.anchor_attribute_program.68f7d8ff-cgu.13.rcgu.o" "/opt/rustwide/target/debug/deps/anchor_attribute_program-6709c9256bbe8bc5.anchor_attribute_program.68f7d8ff-cgu.14.rcgu.o" "/opt/rustwide/target/debug/deps/anchor_attribute_program-6709c9256bbe8bc5.anchor_attribute_program.68f7d8ff-cgu.15.rcgu.o" "/opt/rustwide/target/debug/deps/anchor_attribute_program-6709c9256bbe8bc5.anchor_attribute_program.68f7d8ff-cgu.2.rcgu.o" "/opt/rustwide/target/debug/deps/anchor_attribute_program-6709c9256bbe8bc5.anchor_attribute_program.68f7d8ff-cgu.3.rcgu.o" "/opt/rustwide/target/debug/deps/anchor_attribute_program-6709c9256bbe8bc5.anchor_attribute_program.68f7d8ff-cgu.4.rcgu.o" "/opt/rustwide/target/debug/deps/anchor_attribute_program-6709c9256bbe8bc5.anchor_attribute_program.68f7d8ff-cgu.5.rcgu.o" "/opt/rustwide/target/debug/deps/anchor_attribute_program-6709c9256bbe8bc5.anchor_attribute_program.68f7d8ff-cgu.6.rcgu.o" "/opt/rustwide/target/debug/deps/anchor_attribute_program-6709c9256bbe8bc5.anchor_attribute_program.68f7d8ff-cgu.7.rcgu.o" "/opt/rustwide/target/debug/deps/anchor_attribute_program-6709c9256bbe8bc5.anchor_attribute_program.68f7d8ff-cgu.8.rcgu.o" "/opt/rustwide/target/debug/deps/anchor_attribute_program-6709c9256bbe8bc5.anchor_attribute_program.68f7d8ff-cgu.9.rcgu.o" "/opt/rustwide/target/debug/deps/anchor_attribute_program-6709c9256bbe8bc5.glmpzdgvxhm7tno.rcgu.rmeta" "/opt/rustwide/target/debug/deps/anchor_attribute_program-6709c9256bbe8bc5.2vk36n5lzwa2gi2j.rcgu.o" "-Wl,--as-needed" "-L" "/opt/rustwide/target/debug/deps" "-L" "/opt/rustwide/rustup-home/toolchains/beta-2023-04-20-x86_64-unknown-linux-gnu/lib/rustlib/x86_64-unknown-linux-gnu/lib" "-Wl,-Bstatic" "/opt/rustwide/target/debug/deps/libanchor_syn-3339ff1d9a329a1e.rlib" "/opt/rustwide/target/debug/deps/libanyhow-185a277a6227cc00.rlib" "/opt/rustwide/target/debug/deps/libbs58-e5af11e1b2f0e10d.rlib" "/opt/rustwide/target/debug/deps/libthiserror-260f57287a10cd9d.rlib" "/opt/rustwide/target/debug/deps/libsha2-4b592fe88ad9cb9f.rlib" "/opt/rustwide/target/debug/deps/libcpufeatures-ae4c8430969e3d61.rlib" "/opt/rustwide/target/debug/deps/libcfg_if-74c9c72b00f2b333.rlib" "/opt/rustwide/target/debug/deps/libopaque_debug-37842fe39ed2f232.rlib" "/opt/rustwide/target/debug/deps/libdigest-4469842e7330b3c1.rlib" "/opt/rustwide/target/debug/deps/libblock_buffer-eb1eec173896a889.rlib" "/opt/rustwide/target/debug/deps/libblock_padding-d2802f0f0b355628.rlib" "/opt/rustwide/target/debug/deps/libgeneric_array-c69ab85957bff54a.rlib" "/opt/rustwide/target/debug/deps/libtypenum-196f8be3f6a33069.rlib" "/opt/rustwide/target/debug/deps/libserde-609d6ab434b6d576.rlib" "/opt/rustwide/target/debug/deps/libproc_macro2_diagnostics-b8c20d5a20038f5a.rlib" "/opt/rustwide/target/debug/deps/libyansi-de85cbb61e0c29b4.rlib" "/opt/rustwide/target/debug/deps/libheck-fe81a574b32495f3.rlib" "/opt/rustwide/target/debug/deps/libunicode_segmentation-b78d47ce331db8c6.rlib" "/opt/rustwide/target/debug/deps/libsyn-6aa2763f01bc2a43.rlib" "/opt/rustwide/target/debug/deps/libquote-f9735f76536e8aa2.rlib" "/opt/rustwide/target/debug/deps/libproc_macro2-7a403371fdfe4141.rlib" "/opt/rustwide/target/debug/deps/libunicode_xid-fb78da16da33d955.rlib" "/opt/rustwide/rustup-home/toolchains/beta-2023-04-20-x86_64-unknown-linux-gnu/lib/rustlib/x86_64-unknown-linux-gnu/lib/libproc_macro-4ae0b5c8ec17d92d.rlib" "/opt/rustwide/rustup-home/toolchains/beta-2023-04-20-x86_64-unknown-linux-gnu/lib/rustlib/x86_64-unknown-linux-gnu/lib/libstd-0e29cc23c5e02021.rlib" "/opt/rustwide/rustup-home/toolchains/beta-2023-04-20-x86_64-unknown-linux-gnu/lib/rustlib/x86_64-unknown-linux-gnu/lib/libpanic_unwind-d903621768a861d9.rlib" "/opt/rustwide/rustup-home/toolchains/beta-2023-04-20-x86_64-unknown-linux-gnu/lib/rustlib/x86_64-unknown-linux-gnu/lib/libobject-6d0225e655f31c13.rlib" "/opt/rustwide/rustup-home/toolchains/beta-2023-04-20-x86_64-unknown-linux-gnu/lib/rustlib/x86_64-unknown-linux-gnu/lib/libmemchr-9dbaf4eac7eaa079.rlib" "/opt/rustwide/rustup-home/toolchains/beta-2023-04-20-x86_64-unknown-linux-gnu/lib/rustlib/x86_64-unknown-linux-gnu/lib/libaddr2line-27f05b3d42a66dd0.rlib" "/opt/rustwide/rustup-home/toolchains/beta-2023-04-20-x86_64-unknown-linux-gnu/lib/rustlib/x86_64-unknown-linux-gnu/lib/libgimli-4d73f1030321c9a2.rlib" "/opt/rustwide/rustup-home/toolchains/beta-2023-04-20-x86_64-unknown-linux-gnu/lib/rustlib/x86_64-unknown-linux-gnu/lib/librustc_demangle-2846c9e58abd0acb.rlib" "/opt/rustwide/rustup-home/toolchains/beta-2023-04-20-x86_64-unknown-linux-gnu/lib/rustlib/x86_64-unknown-linux-gnu/lib/libstd_detect-a53d0f50415947be.rlib" "/opt/rustwide/rustup-home/toolchains/beta-2023-04-20-x86_64-unknown-linux-gnu/lib/rustlib/x86_64-unknown-linux-gnu/lib/libhashbrown-d48e4b6abc25b9dc.rlib" "/opt/rustwide/rustup-home/toolchains/beta-2023-04-20-x86_64-unknown-linux-gnu/lib/rustlib/x86_64-unknown-linux-gnu/lib/libminiz_oxide-2991859439ef1207.rlib" "/opt/rustwide/rustup-home/toolchains/beta-2023-04-20-x86_64-unknown-linux-gnu/lib/rustlib/x86_64-unknown-linux-gnu/lib/libadler-8a687517e4221bae.rlib" "/opt/rustwide/rustup-home/toolchains/beta-2023-04-20-x86_64-unknown-linux-gnu/lib/rustlib/x86_64-unknown-linux-gnu/lib/librustc_std_workspace_alloc-e07b554f6a67f5b3.rlib" "/opt/rustwide/rustup-home/toolchains/beta-2023-04-20-x86_64-unknown-linux-gnu/lib/rustlib/x86_64-unknown-linux-gnu/lib/libunwind-b68238b7c3c619dd.rlib" "/opt/rustwide/rustup-home/toolchains/beta-2023-04-20-x86_64-unknown-linux-gnu/lib/rustlib/x86_64-unknown-linux-gnu/lib/libcfg_if-d5e213e896c017e4.rlib" "/opt/rustwide/rustup-home/toolchains/beta-2023-04-20-x86_64-unknown-linux-gnu/lib/rustlib/x86_64-unknown-linux-gnu/lib/liblibc-0211a3b2e61d8689.rlib" "/opt/rustwide/rustup-home/toolchains/beta-2023-04-20-x86_64-unknown-linux-gnu/lib/rustlib/x86_64-unknown-linux-gnu/lib/liballoc-b371f055239ba51f.rlib" "/opt/rustwide/rustup-home/toolchains/beta-2023-04-20-x86_64-unknown-linux-gnu/lib/rustlib/x86_64-unknown-linux-gnu/lib/librustc_std_workspace_core-e60518d2760eb01e.rlib" "/opt/rustwide/rustup-home/toolchains/beta-2023-04-20-x86_64-unknown-linux-gnu/lib/rustlib/x86_64-unknown-linux-gnu/lib/libcore-1ad943f92a4b1081.rlib" "/opt/rustwide/rustup-home/toolchains/beta-2023-04-20-x86_64-unknown-linux-gnu/lib/rustlib/x86_64-unknown-linux-gnu/lib/libcompiler_builtins-f0d6e4d0fc1e80b4.rlib" "-Wl,-Bdynamic" "-lgcc_s" "-lutil" "-lrt" "-lpthread" "-lm" "-ldl" "-lc" "-Wl,--eh-frame-hdr" "-Wl,-z,noexecstack" "-L" "/opt/rustwide/rustup-home/toolchains/beta-2023-04-20-x86_64-unknown-linux-gnu/lib/rustlib/x86_64-unknown-linux-gnu/lib" "-o" "/opt/rustwide/target/debug/deps/libanchor_attribute_program-6709c9256bbe8bc5.so" "-Wl,--gc-sections" "-shared" "-Wl,-z,relro,-z,now" "-nodefaultlibs"
[INFO] [stdout]   = note: /usr/bin/ld: final link failed: No space left on device
[INFO] [stdout]           collect2: error: ld returned 1 exit status
[INFO] [stdout]           
[INFO] [stdout] 
[INFO] [stdout] 
[INFO] [stdout] error: linking with `cc` failed: exit status: 1
[INFO] [stdout]   |
[INFO] [stdout]   = note: LC_ALL="C" PATH="/opt/rustwide/rustup-home/toolchains/beta-2023-04-20-x86_64-unknown-linux-gnu/lib/rustlib/x86_64-unknown-linux-gnu/bin:/opt/rustwide/cargo-home/bin:/usr/local/sbin:/usr/local/bin:/usr/sbin:/usr/bin:/sbin:/bin" VSLANG="1033" "cc" "-Wl,--version-script=/tmp/rustc4dv0K5/list" "-Wl,--no-undefined-version" "-m64" "/tmp/rustc4dv0K5/symbols.o" "/opt/rustwide/target/debug/deps/anchor_attribute_account-af58ca64bcb43dfc.anchor_attribute_account.744d68fc-cgu.0.rcgu.o" "/opt/rustwide/target/debug/deps/anchor_attribute_account-af58ca64bcb43dfc.anchor_attribute_account.744d68fc-cgu.1.rcgu.o" "/opt/rustwide/target/debug/deps/anchor_attribute_account-af58ca64bcb43dfc.anchor_attribute_account.744d68fc-cgu.10.rcgu.o" "/opt/rustwide/target/debug/deps/anchor_attribute_account-af58ca64bcb43dfc.anchor_attribute_account.744d68fc-cgu.11.rcgu.o" "/opt/rustwide/target/debug/deps/anchor_attribute_account-af58ca64bcb43dfc.anchor_attribute_account.744d68fc-cgu.12.rcgu.o" "/opt/rustwide/target/debug/deps/anchor_attribute_account-af58ca64bcb43dfc.anchor_attribute_account.744d68fc-cgu.13.rcgu.o" "/opt/rustwide/target/debug/deps/anchor_attribute_account-af58ca64bcb43dfc.anchor_attribute_account.744d68fc-cgu.14.rcgu.o" "/opt/rustwide/target/debug/deps/anchor_attribute_account-af58ca64bcb43dfc.anchor_attribute_account.744d68fc-cgu.15.rcgu.o" "/opt/rustwide/target/debug/deps/anchor_attribute_account-af58ca64bcb43dfc.anchor_attribute_account.744d68fc-cgu.2.rcgu.o" "/opt/rustwide/target/debug/deps/anchor_attribute_account-af58ca64bcb43dfc.anchor_attribute_account.744d68fc-cgu.3.rcgu.o" "/opt/rustwide/target/debug/deps/anchor_attribute_account-af58ca64bcb43dfc.anchor_attribute_account.744d68fc-cgu.4.rcgu.o" "/opt/rustwide/target/debug/deps/anchor_attribute_account-af58ca64bcb43dfc.anchor_attribute_account.744d68fc-cgu.5.rcgu.o" "/opt/rustwide/target/debug/deps/anchor_attribute_account-af58ca64bcb43dfc.anchor_attribute_account.744d68fc-cgu.6.rcgu.o" "/opt/rustwide/target/debug/deps/anchor_attribute_account-af58ca64bcb43dfc.anchor_attribute_account.744d68fc-cgu.7.rcgu.o" "/opt/rustwide/target/debug/deps/anchor_attribute_account-af58ca64bcb43dfc.anchor_attribute_account.744d68fc-cgu.8.rcgu.o" "/opt/rustwide/target/debug/deps/anchor_attribute_account-af58ca64bcb43dfc.anchor_attribute_account.744d68fc-cgu.9.rcgu.o" "/opt/rustwide/target/debug/deps/anchor_attribute_account-af58ca64bcb43dfc.3pp5cyeyrvrdfdg6.rcgu.rmeta" "/opt/rustwide/target/debug/deps/anchor_attribute_account-af58ca64bcb43dfc.13956hqq5uk21x5q.rcgu.o" "-Wl,--as-needed" "-L" "/opt/rustwide/target/debug/deps" "-L" "/opt/rustwide/rustup-home/toolchains/beta-2023-04-20-x86_64-unknown-linux-gnu/lib/rustlib/x86_64-unknown-linux-gnu/lib" "-Wl,-Bstatic" "/opt/rustwide/target/debug/deps/libanchor_syn-3339ff1d9a329a1e.rlib" "/opt/rustwide/target/debug/deps/libanyhow-185a277a6227cc00.rlib" "/opt/rustwide/target/debug/deps/libbs58-e5af11e1b2f0e10d.rlib" "/opt/rustwide/target/debug/deps/libthiserror-260f57287a10cd9d.rlib" "/opt/rustwide/target/debug/deps/libsha2-4b592fe88ad9cb9f.rlib" "/opt/rustwide/target/debug/deps/libcpufeatures-ae4c8430969e3d61.rlib" "/opt/rustwide/target/debug/deps/libcfg_if-74c9c72b00f2b333.rlib" "/opt/rustwide/target/debug/deps/libopaque_debug-37842fe39ed2f232.rlib" "/opt/rustwide/target/debug/deps/libdigest-4469842e7330b3c1.rlib" "/opt/rustwide/target/debug/deps/libblock_buffer-eb1eec173896a889.rlib" "/opt/rustwide/target/debug/deps/libblock_padding-d2802f0f0b355628.rlib" "/opt/rustwide/target/debug/deps/libgeneric_array-c69ab85957bff54a.rlib" "/opt/rustwide/target/debug/deps/libtypenum-196f8be3f6a33069.rlib" "/opt/rustwide/target/debug/deps/libserde-609d6ab434b6d576.rlib" "/opt/rustwide/target/debug/deps/libproc_macro2_diagnostics-b8c20d5a20038f5a.rlib" "/opt/rustwide/target/debug/deps/libyansi-de85cbb61e0c29b4.rlib" "/opt/rustwide/target/debug/deps/libheck-fe81a574b32495f3.rlib" "/opt/rustwide/target/debug/deps/libunicode_segmentation-b78d47ce331db8c6.rlib" "/opt/rustwide/target/debug/deps/libbs58-85600433dba67ab1.rlib" "/opt/rustwide/target/debug/deps/libsyn-6aa2763f01bc2a43.rlib" "/opt/rustwide/target/debug/deps/libquote-f9735f76536e8aa2.rlib" "/opt/rustwide/target/debug/deps/libproc_macro2-7a403371fdfe4141.rlib" "/opt/rustwide/target/debug/deps/libunicode_xid-fb78da16da33d955.rlib" "/opt/rustwide/rustup-home/toolchains/beta-2023-04-20-x86_64-unknown-linux-gnu/lib/rustlib/x86_64-unknown-linux-gnu/lib/libproc_macro-4ae0b5c8ec17d92d.rlib" "/opt/rustwide/rustup-home/toolchains/beta-2023-04-20-x86_64-unknown-linux-gnu/lib/rustlib/x86_64-unknown-linux-gnu/lib/libstd-0e29cc23c5e02021.rlib" "/opt/rustwide/rustup-home/toolchains/beta-2023-04-20-x86_64-unknown-linux-gnu/lib/rustlib/x86_64-unknown-linux-gnu/lib/libpanic_unwind-d903621768a861d9.rlib" "/opt/rustwide/rustup-home/toolchains/beta-2023-04-20-x86_64-unknown-linux-gnu/lib/rustlib/x86_64-unknown-linux-gnu/lib/libobject-6d0225e655f31c13.rlib" "/opt/rustwide/rustup-home/toolchains/beta-2023-04-20-x86_64-unknown-linux-gnu/lib/rustlib/x86_64-unknown-linux-gnu/lib/libmemchr-9dbaf4eac7eaa079.rlib" "/opt/rustwide/rustup-home/toolchains/beta-2023-04-20-x86_64-unknown-linux-gnu/lib/rustlib/x86_64-unknown-linux-gnu/lib/libaddr2line-27f05b3d42a66dd0.rlib" "/opt/rustwide/rustup-home/toolchains/beta-2023-04-20-x86_64-unknown-linux-gnu/lib/rustlib/x86_64-unknown-linux-gnu/lib/libgimli-4d73f1030321c9a2.rlib" "/opt/rustwide/rustup-home/toolchains/beta-2023-04-20-x86_64-unknown-linux-gnu/lib/rustlib/x86_64-unknown-linux-gnu/lib/librustc_demangle-2846c9e58abd0acb.rlib" "/opt/rustwide/rustup-home/toolchains/beta-2023-04-20-x86_64-unknown-linux-gnu/lib/rustlib/x86_64-unknown-linux-gnu/lib/libstd_detect-a53d0f50415947be.rlib" "/opt/rustwide/rustup-home/toolchains/beta-2023-04-20-x86_64-unknown-linux-gnu/lib/rustlib/x86_64-unknown-linux-gnu/lib/libhashbrown-d48e4b6abc25b9dc.rlib" "/opt/rustwide/rustup-home/toolchains/beta-2023-04-20-x86_64-unknown-linux-gnu/lib/rustlib/x86_64-unknown-linux-gnu/lib/libminiz_oxide-2991859439ef1207.rlib" "/opt/rustwide/rustup-home/toolchains/beta-2023-04-20-x86_64-unknown-linux-gnu/lib/rustlib/x86_64-unknown-linux-gnu/lib/libadler-8a687517e4221bae.rlib" "/opt/rustwide/rustup-home/toolchains/beta-2023-04-20-x86_64-unknown-linux-gnu/lib/rustlib/x86_64-unknown-linux-gnu/lib/librustc_std_workspace_alloc-e07b554f6a67f5b3.rlib" "/opt/rustwide/rustup-home/toolchains/beta-2023-04-20-x86_64-unknown-linux-gnu/lib/rustlib/x86_64-unknown-linux-gnu/lib/libunwind-b68238b7c3c619dd.rlib" "/opt/rustwide/rustup-home/toolchains/beta-2023-04-20-x86_64-unknown-linux-gnu/lib/rustlib/x86_64-unknown-linux-gnu/lib/libcfg_if-d5e213e896c017e4.rlib" "/opt/rustwide/rustup-home/toolchains/beta-2023-04-20-x86_64-unknown-linux-gnu/lib/rustlib/x86_64-unknown-linux-gnu/lib/liblibc-0211a3b2e61d8689.rlib" "/opt/rustwide/rustup-home/toolchains/beta-2023-04-20-x86_64-unknown-linux-gnu/lib/rustlib/x86_64-unknown-linux-gnu/lib/liballoc-b371f055239ba51f.rlib" "/opt/rustwide/rustup-home/toolchains/beta-2023-04-20-x86_64-unknown-linux-gnu/lib/rustlib/x86_64-unknown-linux-gnu/lib/librustc_std_workspace_core-e60518d2760eb01e.rlib" "/opt/rustwide/rustup-home/toolchains/beta-2023-04-20-x86_64-unknown-linux-gnu/lib/rustlib/x86_64-unknown-linux-gnu/lib/libcore-1ad943f92a4b1081.rlib" "/opt/rustwide/rustup-home/toolchains/beta-2023-04-20-x86_64-unknown-linux-gnu/lib/rustlib/x86_64-unknown-linux-gnu/lib/libcompiler_builtins-f0d6e4d0fc1e80b4.rlib" "-Wl,-Bdynamic" "-lgcc_s" "-lutil" "-lrt" "-lpthread" "-lm" "-ldl" "-lc" "-Wl,--eh-frame-hdr" "-Wl,-z,noexecstack" "-L" "/opt/rustwide/rustup-home/toolchains/beta-2023-04-20-x86_64-unknown-linux-gnu/lib/rustlib/x86_64-unknown-linux-gnu/lib" "-o" "/opt/rustwide/target/debug/deps/libanchor_attribute_account-af58ca64bcb43dfc.so" "-Wl,--gc-sections" "-shared" "-Wl,-z,relro,-z,now" "-nodefaultlibs"
[INFO] [stdout]   = note: /usr/bin/ld: final link failed: No space left on device
[INFO] [stdout]           collect2: error: ld returned 1 exit status
[INFO] [stdout]           
[INFO] [stdout] 
[INFO] [stdout] 
[INFO] [stdout] error: aborting due to previous error
[INFO] [stdout] 
[INFO] [stdout] 
[INFO] [stdout] error: aborting due to previous error
[INFO] [stdout] 
[INFO] [stdout] 
[INFO] [stderr] error: could not compile `anchor-attribute-program` (lib) due to 2 previous errors
[INFO] [stderr] warning: build failed, waiting for other jobs to finish...
[INFO] [stderr] error: could not compile `anchor-attribute-account` (lib) due to 2 previous errors
[INFO] [stdout] error: linking with `cc` failed: exit status: 1
[INFO] [stdout]   |
[INFO] [stdout]   = note: LC_ALL="C" PATH="/opt/rustwide/rustup-home/toolchains/beta-2023-04-20-x86_64-unknown-linux-gnu/lib/rustlib/x86_64-unknown-linux-gnu/bin:/opt/rustwide/cargo-home/bin:/usr/local/sbin:/usr/local/bin:/usr/sbin:/usr/bin:/sbin:/bin" VSLANG="1033" "cc" "-Wl,--version-script=/tmp/rustcupRafJ/list" "-Wl,--no-undefined-version" "-m64" "/tmp/rustcupRafJ/symbols.o" "/opt/rustwide/target/debug/deps/anchor_attribute_access_control-dd1971ea86f5604e.anchor_attribute_access_control.c6879e97-cgu.0.rcgu.o" "/opt/rustwide/target/debug/deps/anchor_attribute_access_control-dd1971ea86f5604e.anchor_attribute_access_control.c6879e97-cgu.1.rcgu.o" "/opt/rustwide/target/debug/deps/anchor_attribute_access_control-dd1971ea86f5604e.anchor_attribute_access_control.c6879e97-cgu.10.rcgu.o" "/opt/rustwide/target/debug/deps/anchor_attribute_access_control-dd1971ea86f5604e.anchor_attribute_access_control.c6879e97-cgu.11.rcgu.o" "/opt/rustwide/target/debug/deps/anchor_attribute_access_control-dd1971ea86f5604e.anchor_attribute_access_control.c6879e97-cgu.12.rcgu.o" "/opt/rustwide/target/debug/deps/anchor_attribute_access_control-dd1971ea86f5604e.anchor_attribute_access_control.c6879e97-cgu.13.rcgu.o" "/opt/rustwide/target/debug/deps/anchor_attribute_access_control-dd1971ea86f5604e.anchor_attribute_access_control.c6879e97-cgu.14.rcgu.o" "/opt/rustwide/target/debug/deps/anchor_attribute_access_control-dd1971ea86f5604e.anchor_attribute_access_control.c6879e97-cgu.15.rcgu.o" "/opt/rustwide/target/debug/deps/anchor_attribute_access_control-dd1971ea86f5604e.anchor_attribute_access_control.c6879e97-cgu.2.rcgu.o" "/opt/rustwide/target/debug/deps/anchor_attribute_access_control-dd1971ea86f5604e.anchor_attribute_access_control.c6879e97-cgu.3.rcgu.o" "/opt/rustwide/target/debug/deps/anchor_attribute_access_control-dd1971ea86f5604e.anchor_attribute_access_control.c6879e97-cgu.4.rcgu.o" "/opt/rustwide/target/debug/deps/anchor_attribute_access_control-dd1971ea86f5604e.anchor_attribute_access_control.c6879e97-cgu.5.rcgu.o" "/opt/rustwide/target/debug/deps/anchor_attribute_access_control-dd1971ea86f5604e.anchor_attribute_access_control.c6879e97-cgu.6.rcgu.o" "/opt/rustwide/target/debug/deps/anchor_attribute_access_control-dd1971ea86f5604e.anchor_attribute_access_control.c6879e97-cgu.7.rcgu.o" "/opt/rustwide/target/debug/deps/anchor_attribute_access_control-dd1971ea86f5604e.anchor_attribute_access_control.c6879e97-cgu.8.rcgu.o" "/opt/rustwide/target/debug/deps/anchor_attribute_access_control-dd1971ea86f5604e.anchor_attribute_access_control.c6879e97-cgu.9.rcgu.o" "/opt/rustwide/target/debug/deps/anchor_attribute_access_control-dd1971ea86f5604e.9g7cqizoueqz2yi.rcgu.rmeta" "/opt/rustwide/target/debug/deps/anchor_attribute_access_control-dd1971ea86f5604e.5fn87lxumicndw7k.rcgu.o" "-Wl,--as-needed" "-L" "/opt/rustwide/target/debug/deps" "-L" "/opt/rustwide/rustup-home/toolchains/beta-2023-04-20-x86_64-unknown-linux-gnu/lib/rustlib/x86_64-unknown-linux-gnu/lib" "-Wl,-Bstatic" "/opt/rustwide/target/debug/deps/libsyn-6aa2763f01bc2a43.rlib" "/opt/rustwide/target/debug/deps/libquote-f9735f76536e8aa2.rlib" "/opt/rustwide/target/debug/deps/libproc_macro2-7a403371fdfe4141.rlib" "/opt/rustwide/target/debug/deps/libunicode_xid-fb78da16da33d955.rlib" "/opt/rustwide/rustup-home/toolchains/beta-2023-04-20-x86_64-unknown-linux-gnu/lib/rustlib/x86_64-unknown-linux-gnu/lib/libproc_macro-4ae0b5c8ec17d92d.rlib" "/opt/rustwide/rustup-home/toolchains/beta-2023-04-20-x86_64-unknown-linux-gnu/lib/rustlib/x86_64-unknown-linux-gnu/lib/libstd-0e29cc23c5e02021.rlib" "/opt/rustwide/rustup-home/toolchains/beta-2023-04-20-x86_64-unknown-linux-gnu/lib/rustlib/x86_64-unknown-linux-gnu/lib/libpanic_unwind-d903621768a861d9.rlib" "/opt/rustwide/rustup-home/toolchains/beta-2023-04-20-x86_64-unknown-linux-gnu/lib/rustlib/x86_64-unknown-linux-gnu/lib/libobject-6d0225e655f31c13.rlib" "/opt/rustwide/rustup-home/toolchains/beta-2023-04-20-x86_64-unknown-linux-gnu/lib/rustlib/x86_64-unknown-linux-gnu/lib/libmemchr-9dbaf4eac7eaa079.rlib" "/opt/rustwide/rustup-home/toolchains/beta-2023-04-20-x86_64-unknown-linux-gnu/lib/rustlib/x86_64-unknown-linux-gnu/lib/libaddr2line-27f05b3d42a66dd0.rlib" "/opt/rustwide/rustup-home/toolchains/beta-2023-04-20-x86_64-unknown-linux-gnu/lib/rustlib/x86_64-unknown-linux-gnu/lib/libgimli-4d73f1030321c9a2.rlib" "/opt/rustwide/rustup-home/toolchains/beta-2023-04-20-x86_64-unknown-linux-gnu/lib/rustlib/x86_64-unknown-linux-gnu/lib/librustc_demangle-2846c9e58abd0acb.rlib" "/opt/rustwide/rustup-home/toolchains/beta-2023-04-20-x86_64-unknown-linux-gnu/lib/rustlib/x86_64-unknown-linux-gnu/lib/libstd_detect-a53d0f50415947be.rlib" "/opt/rustwide/rustup-home/toolchains/beta-2023-04-20-x86_64-unknown-linux-gnu/lib/rustlib/x86_64-unknown-linux-gnu/lib/libhashbrown-d48e4b6abc25b9dc.rlib" "/opt/rustwide/rustup-home/toolchains/beta-2023-04-20-x86_64-unknown-linux-gnu/lib/rustlib/x86_64-unknown-linux-gnu/lib/libminiz_oxide-2991859439ef1207.rlib" "/opt/rustwide/rustup-home/toolchains/beta-2023-04-20-x86_64-unknown-linux-gnu/lib/rustlib/x86_64-unknown-linux-gnu/lib/libadler-8a687517e4221bae.rlib" "/opt/rustwide/rustup-home/toolchains/beta-2023-04-20-x86_64-unknown-linux-gnu/lib/rustlib/x86_64-unknown-linux-gnu/lib/librustc_std_workspace_alloc-e07b554f6a67f5b3.rlib" "/opt/rustwide/rustup-home/toolchains/beta-2023-04-20-x86_64-unknown-linux-gnu/lib/rustlib/x86_64-unknown-linux-gnu/lib/libunwind-b68238b7c3c619dd.rlib" "/opt/rustwide/rustup-home/toolchains/beta-2023-04-20-x86_64-unknown-linux-gnu/lib/rustlib/x86_64-unknown-linux-gnu/lib/libcfg_if-d5e213e896c017e4.rlib" "/opt/rustwide/rustup-home/toolchains/beta-2023-04-20-x86_64-unknown-linux-gnu/lib/rustlib/x86_64-unknown-linux-gnu/lib/liblibc-0211a3b2e61d8689.rlib" "/opt/rustwide/rustup-home/toolchains/beta-2023-04-20-x86_64-unknown-linux-gnu/lib/rustlib/x86_64-unknown-linux-gnu/lib/liballoc-b371f055239ba51f.rlib" "/opt/rustwide/rustup-home/toolchains/beta-2023-04-20-x86_64-unknown-linux-gnu/lib/rustlib/x86_64-unknown-linux-gnu/lib/librustc_std_workspace_core-e60518d2760eb01e.rlib" "/opt/rustwide/rustup-home/toolchains/beta-2023-04-20-x86_64-unknown-linux-gnu/lib/rustlib/x86_64-unknown-linux-gnu/lib/libcore-1ad943f92a4b1081.rlib" "/opt/rustwide/rustup-home/toolchains/beta-2023-04-20-x86_64-unknown-linux-gnu/lib/rustlib/x86_64-unknown-linux-gnu/lib/libcompiler_builtins-f0d6e4d0fc1e80b4.rlib" "-Wl,-Bdynamic" "-lgcc_s" "-lutil" "-lrt" "-lpthread" "-lm" "-ldl" "-lc" "-Wl,--eh-frame-hdr" "-Wl,-z,noexecstack" "-L" "/opt/rustwide/rustup-home/toolchains/beta-2023-04-20-x86_64-unknown-linux-gnu/lib/rustlib/x86_64-unknown-linux-gnu/lib" "-o" "/opt/rustwide/target/debug/deps/libanchor_attribute_access_control-dd1971ea86f5604e.so" "-Wl,--gc-sections" "-shared" "-Wl,-z,relro,-z,now" "-nodefaultlibs"
[INFO] [stdout]   = note: /usr/bin/ld: final link failed: No space left on device
[INFO] [stdout]           collect2: error: ld returned 1 exit status
[INFO] [stdout]           
[INFO] [stdout] 
[INFO] [stdout] 
[INFO] [stdout] error: aborting due to previous error
[INFO] [stdout] 
[INFO] [stdout] 
[INFO] [stderr] error: could not compile `anchor-attribute-access-control` (lib) due to 2 previous errors
[INFO] [stdout] error: linking with `cc` failed: exit status: 1
[INFO] [stdout]   |
[INFO] [stdout]   = note: LC_ALL="C" PATH="/opt/rustwide/rustup-home/toolchains/beta-2023-04-20-x86_64-unknown-linux-gnu/lib/rustlib/x86_64-unknown-linux-gnu/bin:/opt/rustwide/cargo-home/bin:/usr/local/sbin:/usr/local/bin:/usr/sbin:/usr/bin:/sbin:/bin" VSLANG="1033" "cc" "-Wl,--version-script=/tmp/rustcnqjGdw/list" "-Wl,--no-undefined-version" "-m64" "/tmp/rustcnqjGdw/symbols.o" "/opt/rustwide/target/debug/deps/anchor_derive_accounts-92de93ce068dd7ea.anchor_derive_accounts.ee2d0838-cgu.0.rcgu.o" "/opt/rustwide/target/debug/deps/anchor_derive_accounts-92de93ce068dd7ea.anchor_derive_accounts.ee2d0838-cgu.1.rcgu.o" "/opt/rustwide/target/debug/deps/anchor_derive_accounts-92de93ce068dd7ea.anchor_derive_accounts.ee2d0838-cgu.10.rcgu.o" "/opt/rustwide/target/debug/deps/anchor_derive_accounts-92de93ce068dd7ea.anchor_derive_accounts.ee2d0838-cgu.11.rcgu.o" "/opt/rustwide/target/debug/deps/anchor_derive_accounts-92de93ce068dd7ea.anchor_derive_accounts.ee2d0838-cgu.12.rcgu.o" "/opt/rustwide/target/debug/deps/anchor_derive_accounts-92de93ce068dd7ea.anchor_derive_accounts.ee2d0838-cgu.13.rcgu.o" "/opt/rustwide/target/debug/deps/anchor_derive_accounts-92de93ce068dd7ea.anchor_derive_accounts.ee2d0838-cgu.14.rcgu.o" "/opt/rustwide/target/debug/deps/anchor_derive_accounts-92de93ce068dd7ea.anchor_derive_accounts.ee2d0838-cgu.15.rcgu.o" "/opt/rustwide/target/debug/deps/anchor_derive_accounts-92de93ce068dd7ea.anchor_derive_accounts.ee2d0838-cgu.2.rcgu.o" "/opt/rustwide/target/debug/deps/anchor_derive_accounts-92de93ce068dd7ea.anchor_derive_accounts.ee2d0838-cgu.3.rcgu.o" "/opt/rustwide/target/debug/deps/anchor_derive_accounts-92de93ce068dd7ea.anchor_derive_accounts.ee2d0838-cgu.4.rcgu.o" "/opt/rustwide/target/debug/deps/anchor_derive_accounts-92de93ce068dd7ea.anchor_derive_accounts.ee2d0838-cgu.5.rcgu.o" "/opt/rustwide/target/debug/deps/anchor_derive_accounts-92de93ce068dd7ea.anchor_derive_accounts.ee2d0838-cgu.6.rcgu.o" "/opt/rustwide/target/debug/deps/anchor_derive_accounts-92de93ce068dd7ea.anchor_derive_accounts.ee2d0838-cgu.7.rcgu.o" "/opt/rustwide/target/debug/deps/anchor_derive_accounts-92de93ce068dd7ea.anchor_derive_accounts.ee2d0838-cgu.8.rcgu.o" "/opt/rustwide/target/debug/deps/anchor_derive_accounts-92de93ce068dd7ea.anchor_derive_accounts.ee2d0838-cgu.9.rcgu.o" "/opt/rustwide/target/debug/deps/anchor_derive_accounts-92de93ce068dd7ea.3nvxerips9x4fu7z.rcgu.rmeta" "/opt/rustwide/target/debug/deps/anchor_derive_accounts-92de93ce068dd7ea.5386axmq6kgqywf3.rcgu.o" "-Wl,--as-needed" "-L" "/opt/rustwide/target/debug/deps" "-L" "/opt/rustwide/rustup-home/toolchains/beta-2023-04-20-x86_64-unknown-linux-gnu/lib/rustlib/x86_64-unknown-linux-gnu/lib" "-Wl,-Bstatic" "/opt/rustwide/target/debug/deps/libanchor_syn-3339ff1d9a329a1e.rlib" "/opt/rustwide/target/debug/deps/libanyhow-185a277a6227cc00.rlib" "/opt/rustwide/target/debug/deps/libbs58-e5af11e1b2f0e10d.rlib" "/opt/rustwide/target/debug/deps/libthiserror-260f57287a10cd9d.rlib" "/opt/rustwide/target/debug/deps/libsha2-4b592fe88ad9cb9f.rlib" "/opt/rustwide/target/debug/deps/libcpufeatures-ae4c8430969e3d61.rlib" "/opt/rustwide/target/debug/deps/libcfg_if-74c9c72b00f2b333.rlib" "/opt/rustwide/target/debug/deps/libopaque_debug-37842fe39ed2f232.rlib" "/opt/rustwide/target/debug/deps/libdigest-4469842e7330b3c1.rlib" "/opt/rustwide/target/debug/deps/libblock_buffer-eb1eec173896a889.rlib" "/opt/rustwide/target/debug/deps/libblock_padding-d2802f0f0b355628.rlib" "/opt/rustwide/target/debug/deps/libgeneric_array-c69ab85957bff54a.rlib" "/opt/rustwide/target/debug/deps/libtypenum-196f8be3f6a33069.rlib" "/opt/rustwide/target/debug/deps/libserde-609d6ab434b6d576.rlib" "/opt/rustwide/target/debug/deps/libproc_macro2_diagnostics-b8c20d5a20038f5a.rlib" "/opt/rustwide/target/debug/deps/libyansi-de85cbb61e0c29b4.rlib" "/opt/rustwide/target/debug/deps/libheck-fe81a574b32495f3.rlib" "/opt/rustwide/target/debug/deps/libunicode_segmentation-b78d47ce331db8c6.rlib" "/opt/rustwide/target/debug/deps/libsyn-6aa2763f01bc2a43.rlib" "/opt/rustwide/target/debug/deps/libquote-f9735f76536e8aa2.rlib" "/opt/rustwide/target/debug/deps/libproc_macro2-7a403371fdfe4141.rlib" "/opt/rustwide/target/debug/deps/libunicode_xid-fb78da16da33d955.rlib" "/opt/rustwide/rustup-home/toolchains/beta-2023-04-20-x86_64-unknown-linux-gnu/lib/rustlib/x86_64-unknown-linux-gnu/lib/libproc_macro-4ae0b5c8ec17d92d.rlib" "/opt/rustwide/rustup-home/toolchains/beta-2023-04-20-x86_64-unknown-linux-gnu/lib/rustlib/x86_64-unknown-linux-gnu/lib/libstd-0e29cc23c5e02021.rlib" "/opt/rustwide/rustup-home/toolchains/beta-2023-04-20-x86_64-unknown-linux-gnu/lib/rustlib/x86_64-unknown-linux-gnu/lib/libpanic_unwind-d903621768a861d9.rlib" "/opt/rustwide/rustup-home/toolchains/beta-2023-04-20-x86_64-unknown-linux-gnu/lib/rustlib/x86_64-unknown-linux-gnu/lib/libobject-6d0225e655f31c13.rlib" "/opt/rustwide/rustup-home/toolchains/beta-2023-04-20-x86_64-unknown-linux-gnu/lib/rustlib/x86_64-unknown-linux-gnu/lib/libmemchr-9dbaf4eac7eaa079.rlib" "/opt/rustwide/rustup-home/toolchains/beta-2023-04-20-x86_64-unknown-linux-gnu/lib/rustlib/x86_64-unknown-linux-gnu/lib/libaddr2line-27f05b3d42a66dd0.rlib" "/opt/rustwide/rustup-home/toolchains/beta-2023-04-20-x86_64-unknown-linux-gnu/lib/rustlib/x86_64-unknown-linux-gnu/lib/libgimli-4d73f1030321c9a2.rlib" "/opt/rustwide/rustup-home/toolchains/beta-2023-04-20-x86_64-unknown-linux-gnu/lib/rustlib/x86_64-unknown-linux-gnu/lib/librustc_demangle-2846c9e58abd0acb.rlib" "/opt/rustwide/rustup-home/toolchains/beta-2023-04-20-x86_64-unknown-linux-gnu/lib/rustlib/x86_64-unknown-linux-gnu/lib/libstd_detect-a53d0f50415947be.rlib" "/opt/rustwide/rustup-home/toolchains/beta-2023-04-20-x86_64-unknown-linux-gnu/lib/rustlib/x86_64-unknown-linux-gnu/lib/libhashbrown-d48e4b6abc25b9dc.rlib" "/opt/rustwide/rustup-home/toolchains/beta-2023-04-20-x86_64-unknown-linux-gnu/lib/rustlib/x86_64-unknown-linux-gnu/lib/libminiz_oxide-2991859439ef1207.rlib" "/opt/rustwide/rustup-home/toolchains/beta-2023-04-20-x86_64-unknown-linux-gnu/lib/rustlib/x86_64-unknown-linux-gnu/lib/libadler-8a687517e4221bae.rlib" "/opt/rustwide/rustup-home/toolchains/beta-2023-04-20-x86_64-unknown-linux-gnu/lib/rustlib/x86_64-unknown-linux-gnu/lib/librustc_std_workspace_alloc-e07b554f6a67f5b3.rlib" "/opt/rustwide/rustup-home/toolchains/beta-2023-04-20-x86_64-unknown-linux-gnu/lib/rustlib/x86_64-unknown-linux-gnu/lib/libunwind-b68238b7c3c619dd.rlib" "/opt/rustwide/rustup-home/toolchains/beta-2023-04-20-x86_64-unknown-linux-gnu/lib/rustlib/x86_64-unknown-linux-gnu/lib/libcfg_if-d5e213e896c017e4.rlib" "/opt/rustwide/rustup-home/toolchains/beta-2023-04-20-x86_64-unknown-linux-gnu/lib/rustlib/x86_64-unknown-linux-gnu/lib/liblibc-0211a3b2e61d8689.rlib" "/opt/rustwide/rustup-home/toolchains/beta-2023-04-20-x86_64-unknown-linux-gnu/lib/rustlib/x86_64-unknown-linux-gnu/lib/liballoc-b371f055239ba51f.rlib" "/opt/rustwide/rustup-home/toolchains/beta-2023-04-20-x86_64-unknown-linux-gnu/lib/rustlib/x86_64-unknown-linux-gnu/lib/librustc_std_workspace_core-e60518d2760eb01e.rlib" "/opt/rustwide/rustup-home/toolchains/beta-2023-04-20-x86_64-unknown-linux-gnu/lib/rustlib/x86_64-unknown-linux-gnu/lib/libcore-1ad943f92a4b1081.rlib" "/opt/rustwide/rustup-home/toolchains/beta-2023-04-20-x86_64-unknown-linux-gnu/lib/rustlib/x86_64-unknown-linux-gnu/lib/libcompiler_builtins-f0d6e4d0fc1e80b4.rlib" "-Wl,-Bdynamic" "-lgcc_s" "-lutil" "-lrt" "-lpthread" "-lm" "-ldl" "-lc" "-Wl,--eh-frame-hdr" "-Wl,-z,noexecstack" "-L" "/opt/rustwide/rustup-home/toolchains/beta-2023-04-20-x86_64-unknown-linux-gnu/lib/rustlib/x86_64-unknown-linux-gnu/lib" "-o" "/opt/rustwide/target/debug/deps/libanchor_derive_accounts-92de93ce068dd7ea.so" "-Wl,--gc-sections" "-shared" "-Wl,-z,relro,-z,now" "-nodefaultlibs"
[INFO] [stdout]   = note: /usr/bin/ld: final link failed: No space left on device
[INFO] [stdout]           collect2: error: ld returned 1 exit status
[INFO] [stdout]           
[INFO] [stdout] 
[INFO] [stdout] 
[INFO] [stdout] error: aborting due to previous error
[INFO] [stdout] 
[INFO] [stdout] 
[INFO] [stderr] error: could not compile `anchor-derive-accounts` (lib) due to 2 previous errors
[INFO] [stderr] thread 'rustc' panicked at 'assertion failed: pos.get() <= self.position()', compiler/rustc_metadata/src/rmeta/encoder.rs:433:9
[INFO] [stderr] error: could not compile `libsecp256k1` (lib)
[INFO] running `Command { std: "docker" "inspect" "00dd8beaf84074b808abfa29fe72165a0a12168a7a69584be68ec0b442d559f6", kill_on_drop: false }`
[INFO] running `Command { std: "docker" "rm" "-f" "00dd8beaf84074b808abfa29fe72165a0a12168a7a69584be68ec0b442d559f6", kill_on_drop: false }`
[INFO] [stdout] 00dd8beaf84074b808abfa29fe72165a0a12168a7a69584be68ec0b442d559f6
