[INFO] cloning repository https://github.com/iwillspeak/rusty
[INFO] running `Command { std: "git" "-c" "credential.helper=" "-c" "credential.helper=/workspace/cargo-home/bin/git-credential-null" "clone" "--bare" "https://github.com/iwillspeak/rusty" "/workspace/cache/git-repos/https%3A%2F%2Fgithub.com%2Fiwillspeak%2Frusty", kill_on_drop: false }`
[INFO] [stderr] Cloning into bare repository '/workspace/cache/git-repos/https%3A%2F%2Fgithub.com%2Fiwillspeak%2Frusty'...
[INFO] running `Command { std: "git" "rev-parse" "HEAD", kill_on_drop: false }`
[INFO] [stdout] 2da75c18bf3d654d1d2f5541900ab5c9df209687
[INFO] documenting iwillspeak/rusty against beta-2023-04-20 for beta-1.70-rustdoc-1
[INFO] running `Command { std: "git" "clone" "/workspace/cache/git-repos/https%3A%2F%2Fgithub.com%2Fiwillspeak%2Frusty" "/workspace/builds/worker-3-tc2/source", kill_on_drop: false }`
[INFO] [stderr] Cloning into '/workspace/builds/worker-3-tc2/source'...
[INFO] [stderr] done.
[INFO] validating manifest of git repo https://github.com/iwillspeak/rusty on toolchain beta-2023-04-20
[INFO] running `Command { std: CARGO_HOME="/workspace/cargo-home" RUSTUP_HOME="/workspace/rustup-home" "/workspace/cargo-home/bin/cargo" "+beta-2023-04-20" "metadata" "--manifest-path" "Cargo.toml" "--no-deps", kill_on_drop: false }`
[INFO] started tweaking git repo https://github.com/iwillspeak/rusty
[INFO] finished tweaking git repo https://github.com/iwillspeak/rusty
[INFO] tweaked toml for git repo https://github.com/iwillspeak/rusty written to /workspace/builds/worker-3-tc2/source/Cargo.toml
[INFO] crate git repo https://github.com/iwillspeak/rusty already has a lockfile, it will not be regenerated
[INFO] running `Command { std: CARGO_HOME="/workspace/cargo-home" RUSTUP_HOME="/workspace/rustup-home" "/workspace/cargo-home/bin/cargo" "+beta-2023-04-20" "fetch" "--manifest-path" "Cargo.toml", kill_on_drop: false }`
[INFO] [stderr]     Updating crates.io index
[INFO] [stderr]  Downloading crates ...
[INFO] [stderr]   Downloaded libc v0.1.2
[INFO] [stderr]   Downloaded rustc-serialize v0.3.1
[INFO] [stderr]   Downloaded docopt v0.6.45
[INFO] [stderr]   Downloaded regex v0.1.18
[INFO] [stderr]   Downloaded rustlex v0.2.0
[INFO] running `Command { std: "docker" "create" "-v" "/var/lib/crater-agent-workspace/builds/worker-3-tc2/target:/opt/rustwide/target:rw,Z" "-v" "/var/lib/crater-agent-workspace/builds/worker-3-tc2/source:/opt/rustwide/workdir:ro,Z" "-v" "/var/lib/crater-agent-workspace/cargo-home:/opt/rustwide/cargo-home:ro,Z" "-v" "/var/lib/crater-agent-workspace/rustup-home:/opt/rustwide/rustup-home:ro,Z" "-e" "SOURCE_DIR=/opt/rustwide/workdir" "-e" "CARGO_TARGET_DIR=/opt/rustwide/target" "-e" "CARGO_HOME=/opt/rustwide/cargo-home" "-e" "RUSTUP_HOME=/opt/rustwide/rustup-home" "-w" "/opt/rustwide/workdir" "-m" "1610612736" "--user" "0:0" "--network" "none" "ghcr.io/rust-lang/crates-build-env/linux@sha256:5ff2268d62e97bff2cde7d5815dd6ed5b47097566f13b8d0ca110b04b60e07ed" "/opt/rustwide/cargo-home/bin/cargo" "+beta-2023-04-20" "metadata" "--no-deps" "--format-version=1", kill_on_drop: false }`
[INFO] [stdout] cf29d565323ba1b4753cb80a11d2f3f5d03088b441af03ef4b303b923e24eb93
[INFO] running `Command { std: "docker" "start" "-a" "cf29d565323ba1b4753cb80a11d2f3f5d03088b441af03ef4b303b923e24eb93", kill_on_drop: false }`
[INFO] running `Command { std: "docker" "inspect" "cf29d565323ba1b4753cb80a11d2f3f5d03088b441af03ef4b303b923e24eb93", kill_on_drop: false }`
[INFO] running `Command { std: "docker" "rm" "-f" "cf29d565323ba1b4753cb80a11d2f3f5d03088b441af03ef4b303b923e24eb93", kill_on_drop: false }`
[INFO] [stdout] cf29d565323ba1b4753cb80a11d2f3f5d03088b441af03ef4b303b923e24eb93
[INFO] running `Command { std: "docker" "create" "-v" "/var/lib/crater-agent-workspace/builds/worker-3-tc2/target:/opt/rustwide/target:rw,Z" "-v" "/var/lib/crater-agent-workspace/builds/worker-3-tc2/source:/opt/rustwide/workdir:ro,Z" "-v" "/var/lib/crater-agent-workspace/cargo-home:/opt/rustwide/cargo-home:ro,Z" "-v" "/var/lib/crater-agent-workspace/rustup-home:/opt/rustwide/rustup-home:ro,Z" "-e" "SOURCE_DIR=/opt/rustwide/workdir" "-e" "CARGO_TARGET_DIR=/opt/rustwide/target" "-e" "CARGO_INCREMENTAL=0" "-e" "RUST_BACKTRACE=full" "-e" "RUSTFLAGS=--cap-lints=warn" "-e" "RUSTDOCFLAGS=--cap-lints=warn" "-e" "CARGO_HOME=/opt/rustwide/cargo-home" "-e" "RUSTUP_HOME=/opt/rustwide/rustup-home" "-w" "/opt/rustwide/workdir" "-m" "1610612736" "--user" "0:0" "--network" "none" "ghcr.io/rust-lang/crates-build-env/linux@sha256:5ff2268d62e97bff2cde7d5815dd6ed5b47097566f13b8d0ca110b04b60e07ed" "/opt/rustwide/cargo-home/bin/cargo" "+beta-2023-04-20" "doc" "--frozen" "--no-deps" "--document-private-items" "--message-format=json", kill_on_drop: false }`
[INFO] [stdout] 16ffc2407e2322a06bbcf658fa660cfcee5901085c0df3060b99bb82b682e521
[INFO] running `Command { std: "docker" "start" "-a" "16ffc2407e2322a06bbcf658fa660cfcee5901085c0df3060b99bb82b682e521", kill_on_drop: false }`
[INFO] [stderr]     Checking rustc-serialize v0.3.1
[INFO] [stderr]     Checking regex v0.1.18
[INFO] [stderr]     Checking libc v0.1.2
[INFO] [stderr]     Checking rustlex v0.2.0
[INFO] [stdout] error[E0557]: feature has been removed
[INFO] [stdout]  --> /opt/rustwide/cargo-home/registry/src/index.crates.io-6f17d22bba15001f/rustlex-0.2.0/src/lib.rs:1:12
[INFO] [stdout]   |
[INFO] [stdout] 1 | #![feature(plugin_registrar,rustc_private,collections,core)]
[INFO] [stdout]   |            ^^^^^^^^^^^^^^^^ feature has been removed
[INFO] [stdout]   |
[INFO] [stdout]   = note: a __rustc_plugin_registrar symbol must now be defined instead
[INFO] [stdout] 
[INFO] [stdout] 
[INFO] [stdout] error[E0557]: feature has been removed
[INFO] [stdout]  --> /opt/rustwide/cargo-home/registry/src/index.crates.io-6f17d22bba15001f/rustlex-0.2.0/src/lib.rs:2:12
[INFO] [stdout]   |
[INFO] [stdout] 2 | #![feature(quote)]
[INFO] [stdout]   |            ^^^^^ feature has been removed
[INFO] [stdout] 
[INFO] [stdout] 
[INFO] [stdout] error: expected identifier, found `"std"`
[INFO] [stdout]   --> /opt/rustwide/cargo-home/registry/src/index.crates.io-6f17d22bba15001f/libc-0.1.2/rust/src/liblibc/lib.rs:80:46
[INFO] [stdout]    |
[INFO] [stdout] 80 | #[cfg(feature = "cargo-build")] extern crate "std" as core;
[INFO] [stdout]    |                                              ^^^^^ expected identifier
[INFO] [stdout] 
[INFO] [stdout] 
[INFO] [stdout] error: aborting due to previous error
[INFO] [stdout] 
[INFO] [stdout] 
[INFO] [stdout] error[E0463]: can't find crate for `collections`
[INFO] [stdout]  --> /opt/rustwide/cargo-home/registry/src/index.crates.io-6f17d22bba15001f/rustlex-0.2.0/src/lib.rs:7:1
[INFO] [stdout]   |
[INFO] [stdout] 7 | extern crate collections;
[INFO] [stdout]   | ^^^^^^^^^^^^^^^^^^^^^^^^^ can't find crate
[INFO] [stdout] 
[INFO] [stdout] 
[INFO] [stdout] error[E0463]: can't find crate for `syntax`
[INFO] [stdout]  --> /opt/rustwide/cargo-home/registry/src/index.crates.io-6f17d22bba15001f/rustlex-0.2.0/src/lib.rs:8:1
[INFO] [stdout]   |
[INFO] [stdout] 8 | extern crate syntax;
[INFO] [stdout]   | ^^^^^^^^^^^^^^^^^^^^ can't find crate
[INFO] [stdout] 
[INFO] [stdout] 
[INFO] [stdout] error[E0463]: can't find crate for `unicode`
[INFO] [stdout]    --> /opt/rustwide/cargo-home/registry/src/index.crates.io-6f17d22bba15001f/regex-0.1.18/src/lib.rs:377:1
[INFO] [stdout]     |
[INFO] [stdout] 377 | extern crate unicode;
[INFO] [stdout]     | ^^^^^^^^^^^^^^^^^^^^^ can't find crate
[INFO] [stdout] 
[INFO] [stdout] 
[INFO] [stderr] error: could not compile `libc` (lib) due to 2 previous errors
[INFO] [stderr] warning: build failed, waiting for other jobs to finish...
[INFO] [stdout] error[E0462]: found staticlib `rustc` instead of rlib or dylib
[INFO] [stdout]  --> /opt/rustwide/cargo-home/registry/src/index.crates.io-6f17d22bba15001f/rustlex-0.2.0/src/lib.rs:9:1
[INFO] [stdout]   |
[INFO] [stdout] 9 | extern crate rustc;
[INFO] [stdout]   | ^^^^^^^^^^^^^^^^^^^
[INFO] [stdout]   |
[INFO] [stdout]   = note: the following crate versions were found:
[INFO] [stdout]           crate `rustc`: /opt/rustwide/rustup-home/toolchains/beta-2023-04-20-x86_64-unknown-linux-gnu/lib/rustlib/x86_64-unknown-linux-gnu/lib/librustc-beta_rt.msan.a
[INFO] [stdout]           crate `rustc`: /opt/rustwide/rustup-home/toolchains/beta-2023-04-20-x86_64-unknown-linux-gnu/lib/rustlib/x86_64-unknown-linux-gnu/lib/librustc-beta_rt.asan.a
[INFO] [stdout]           crate `rustc`: /opt/rustwide/rustup-home/toolchains/beta-2023-04-20-x86_64-unknown-linux-gnu/lib/rustlib/x86_64-unknown-linux-gnu/lib/librustc-beta_rt.tsan.a
[INFO] [stdout]           crate `rustc`: /opt/rustwide/rustup-home/toolchains/beta-2023-04-20-x86_64-unknown-linux-gnu/lib/rustlib/x86_64-unknown-linux-gnu/lib/librustc-beta_rt.lsan.a
[INFO] [stdout]   = help: please recompile that crate using --crate-type lib
[INFO] [stdout] 
[INFO] [stdout] 
[INFO] [stdout] error[E0463]: can't find crate for `log`
[INFO] [stdout]   --> /opt/rustwide/cargo-home/registry/src/index.crates.io-6f17d22bba15001f/rustlex-0.2.0/src/lib.rs:11:14
[INFO] [stdout]    |
[INFO] [stdout] 11 | #[macro_use] extern crate log;
[INFO] [stdout]    |              ^^^^^^^^^^^^^^^^^ can't find crate
[INFO] [stdout] 
[INFO] [stdout] 
[INFO] [stdout] error[E0463]: can't find crate for `unicode`
[INFO] [stdout]   --> /opt/rustwide/cargo-home/registry/src/index.crates.io-6f17d22bba15001f/rustc-serialize-0.3.1/src/lib.rs:23:1
[INFO] [stdout]    |
[INFO] [stdout] 23 | extern crate unicode;
[INFO] [stdout]    | ^^^^^^^^^^^^^^^^^^^^^ can't find crate
[INFO] [stdout] 
[INFO] [stdout] 
[INFO] [stdout] error[E0364]: `No` is private, and cannot be re-exported
[INFO] [stdout]  --> /opt/rustwide/cargo-home/registry/src/index.crates.io-6f17d22bba15001f/rustlex-0.2.0/src/nfa.rs:6:24
[INFO] [stdout]   |
[INFO] [stdout] 6 | pub use self::Etrans::{No, One, Two, More};
[INFO] [stdout]   |                        ^^
[INFO] [stdout]   |
[INFO] [stdout] note: consider marking `No` as `pub` in the imported module
[INFO] [stdout]  --> /opt/rustwide/cargo-home/registry/src/index.crates.io-6f17d22bba15001f/rustlex-0.2.0/src/nfa.rs:6:24
[INFO] [stdout]   |
[INFO] [stdout] 6 | pub use self::Etrans::{No, One, Two, More};
[INFO] [stdout]   |                        ^^
[INFO] [stdout] 
[INFO] [stdout] 
[INFO] [stdout] error[E0364]: `One` is private, and cannot be re-exported
[INFO] [stdout]  --> /opt/rustwide/cargo-home/registry/src/index.crates.io-6f17d22bba15001f/rustlex-0.2.0/src/nfa.rs:6:28
[INFO] [stdout]   |
[INFO] [stdout] 6 | pub use self::Etrans::{No, One, Two, More};
[INFO] [stdout]   |                            ^^^
[INFO] [stdout]   |
[INFO] [stdout] note: consider marking `One` as `pub` in the imported module
[INFO] [stdout]  --> /opt/rustwide/cargo-home/registry/src/index.crates.io-6f17d22bba15001f/rustlex-0.2.0/src/nfa.rs:6:28
[INFO] [stdout]   |
[INFO] [stdout] 6 | pub use self::Etrans::{No, One, Two, More};
[INFO] [stdout]   |                            ^^^
[INFO] [stdout] 
[INFO] [stdout] 
[INFO] [stdout] error[E0364]: `Two` is private, and cannot be re-exported
[INFO] [stdout]  --> /opt/rustwide/cargo-home/registry/src/index.crates.io-6f17d22bba15001f/rustlex-0.2.0/src/nfa.rs:6:33
[INFO] [stdout]   |
[INFO] [stdout] 6 | pub use self::Etrans::{No, One, Two, More};
[INFO] [stdout]   |                                 ^^^
[INFO] [stdout]   |
[INFO] [stdout] note: consider marking `Two` as `pub` in the imported module
[INFO] [stdout]  --> /opt/rustwide/cargo-home/registry/src/index.crates.io-6f17d22bba15001f/rustlex-0.2.0/src/nfa.rs:6:33
[INFO] [stdout]   |
[INFO] [stdout] 6 | pub use self::Etrans::{No, One, Two, More};
[INFO] [stdout]   |                                 ^^^
[INFO] [stdout] 
[INFO] [stdout] 
[INFO] [stdout] error[E0364]: `More` is private, and cannot be re-exported
[INFO] [stdout]  --> /opt/rustwide/cargo-home/registry/src/index.crates.io-6f17d22bba15001f/rustlex-0.2.0/src/nfa.rs:6:38
[INFO] [stdout]   |
[INFO] [stdout] 6 | pub use self::Etrans::{No, One, Two, More};
[INFO] [stdout]   |                                      ^^^^
[INFO] [stdout]   |
[INFO] [stdout] note: consider marking `More` as `pub` in the imported module
[INFO] [stdout]  --> /opt/rustwide/cargo-home/registry/src/index.crates.io-6f17d22bba15001f/rustlex-0.2.0/src/nfa.rs:6:38
[INFO] [stdout]   |
[INFO] [stdout] 6 | pub use self::Etrans::{No, One, Two, More};
[INFO] [stdout]   |                                      ^^^^
[INFO] [stdout] 
[INFO] [stdout] 
[INFO] [stdout] error[E0432]: unresolved import `std::borrow::IntoCow`
[INFO] [stdout]   --> /opt/rustwide/cargo-home/registry/src/index.crates.io-6f17d22bba15001f/regex-0.1.18/src/re.rs:11:19
[INFO] [stdout]    |
[INFO] [stdout] 11 | use std::borrow::{IntoCow, Cow};
[INFO] [stdout]    |                   ^^^^^^^ no `IntoCow` in `borrow`
[INFO] [stdout] 
[INFO] [stdout] 
[INFO] [stdout] error[E0432]: unresolved import `std::str::SearchStep`
[INFO] [stdout]   --> /opt/rustwide/cargo-home/registry/src/index.crates.io-6f17d22bba15001f/regex-0.1.18/src/re.rs:15:35
[INFO] [stdout]    |
[INFO] [stdout] 15 | use std::str::{Pattern, Searcher, SearchStep};
[INFO] [stdout]    |                                   ^^^^^^^^^^
[INFO] [stdout]    |                                   |
[INFO] [stdout]    |                                   no `SearchStep` in `str`
[INFO] [stdout]    |                                   help: a similar name exists in the module: `Searcher`
[INFO] [stdout]    |
[INFO] [stdout]    = help: consider importing this enum instead:
[INFO] [stdout]            std::str::pattern::SearchStep
[INFO] [stdout] 
[INFO] [stdout] 
[INFO] [stdout] error: cannot find macro `error` in this scope
[INFO] [stdout]    --> /opt/rustwide/cargo-home/registry/src/index.crates.io-6f17d22bba15001f/rustlex-0.2.0/src/dfa.rs:225:17
[INFO] [stdout]     |
[INFO] [stdout] 225 |                 error!("action {} unreachable", action);
[INFO] [stdout]     |                 ^^^^^
[INFO] [stdout] 
[INFO] [stdout] 
[INFO] [stdout] error: cannot find macro `quote_ty` in this scope
[INFO] [stdout]   --> /opt/rustwide/cargo-home/registry/src/index.crates.io-6f17d22bba15001f/rustlex-0.2.0/src/codegen.rs:79:17
[INFO] [stdout]    |
[INFO] [stdout] 79 |             ty: quote_ty!(&*cx, ::rustlex::rt::RustLexLexer<R>),
[INFO] [stdout]    |                 ^^^^^^^^
[INFO] [stdout] 
[INFO] [stdout] 
[INFO] [stdout] error: cannot find macro `quote_ty` in this scope
[INFO] [stdout]   --> /opt/rustwide/cargo-home/registry/src/index.crates.io-6f17d22bba15001f/rustlex-0.2.0/src/codegen.rs:92:17
[INFO] [stdout]    |
[INFO] [stdout] 92 |             ty: quote_ty!(&*cx, usize),
[INFO] [stdout]    |                 ^^^^^^^^
[INFO] [stdout] 
[INFO] [stdout] 
[INFO] [stdout] error: cannot find macro `info` in this scope
[INFO] [stdout]    --> /opt/rustwide/cargo-home/registry/src/index.crates.io-6f17d22bba15001f/rustlex-0.2.0/src/codegen.rs:130:5
[INFO] [stdout]     |
[INFO] [stdout] 130 |     info!("done!");
[INFO] [stdout]     |     ^^^^
[INFO] [stdout] 
[INFO] [stdout] 
[INFO] [stdout] error: cannot find macro `quote_expr` in this scope
[INFO] [stdout]    --> /opt/rustwide/cargo-home/registry/src/index.crates.io-6f17d22bba15001f/rustlex-0.2.0/src/codegen.rs:144:22
[INFO] [stdout]     |
[INFO] [stdout] 144 |     let match_expr = quote_expr!(&*cx, last_matching_action);
[INFO] [stdout]     |                      ^^^^^^^^^^
[INFO] [stdout] 
[INFO] [stdout] 
[INFO] [stdout] error: cannot find macro `quote_expr` in this scope
[INFO] [stdout]    --> /opt/rustwide/cargo-home/registry/src/index.crates.io-6f17d22bba15001f/rustlex-0.2.0/src/codegen.rs:149:24
[INFO] [stdout]     |
[INFO] [stdout] 149 |         let pat_expr = quote_expr!(&*cx, $i);
[INFO] [stdout]     |                        ^^^^^^^^^^
[INFO] [stdout] 
[INFO] [stdout] 
[INFO] [stdout] error: cannot find macro `quote_expr` in this scope
[INFO] [stdout]    --> /opt/rustwide/cargo-home/registry/src/index.crates.io-6f17d22bba15001f/rustlex-0.2.0/src/codegen.rs:152:41
[INFO] [stdout]     |
[INFO] [stdout] 152 |         let arm = cx.arm(sp, vec!(pat), quote_expr!(&*cx, (box $new_act) as Box<Fn(_) -> _>));
[INFO] [stdout]     |                                         ^^^^^^^^^^
[INFO] [stdout] 
[INFO] [stdout] 
[INFO] [stdout] error: cannot find macro `quote_expr` in this scope
[INFO] [stdout]    --> /opt/rustwide/cargo-home/registry/src/index.crates.io-6f17d22bba15001f/rustlex-0.2.0/src/codegen.rs:157:19
[INFO] [stdout]     |
[INFO] [stdout] 157 |     let def_act = quote_expr!(&*cx, Box::new(|lexer:&mut $ident<R>| {
[INFO] [stdout]     |                   ^^^^^^^^^^
[INFO] [stdout] 
[INFO] [stdout] 
[INFO] [stdout] error[E0425]: cannot find function `from_str_radix` in module `num`
[INFO] [stdout]    --> /opt/rustwide/cargo-home/registry/src/index.crates.io-6f17d22bba15001f/regex-0.1.18/src/parse.rs:681:20
[INFO] [stdout]     |
[INFO] [stdout] 681 |         match num::from_str_radix::<u32>(&s, 8) {
[INFO] [stdout]     |                    ^^^^^^^^^^^^^^ not found in `num`
[INFO] [stdout] 
[INFO] [stdout] 
[INFO] [stdout] error: cannot find macro `quote_item` in this scope
[INFO] [stdout]    --> /opt/rustwide/cargo-home/registry/src/index.crates.io-6f17d22bba15001f/rustlex-0.2.0/src/codegen.rs:199:5
[INFO] [stdout]     |
[INFO] [stdout] 199 |     quote_item!(cx,
[INFO] [stdout]     |     ^^^^^^^^^^
[INFO] [stdout] 
[INFO] [stdout] 
[INFO] [stdout] error[E0425]: cannot find function `from_str_radix` in module `num`
[INFO] [stdout]    --> /opt/rustwide/cargo-home/registry/src/index.crates.io-6f17d22bba15001f/regex-0.1.18/src/parse.rs:722:20
[INFO] [stdout]     |
[INFO] [stdout] 722 |         match num::from_str_radix::<u32>(s, 16) {
[INFO] [stdout]     |                    ^^^^^^^^^^^^^^ not found in `num`
[INFO] [stdout] 
[INFO] [stdout] 
[INFO] [stdout] error[E0603]: trait `Pattern` is private
[INFO] [stdout]   --> /opt/rustwide/cargo-home/registry/src/index.crates.io-6f17d22bba15001f/regex-0.1.18/src/re.rs:15:16
[INFO] [stdout]    |
[INFO] [stdout] 15 | use std::str::{Pattern, Searcher, SearchStep};
[INFO] [stdout]    |                ^^^^^^^ private trait
[INFO] [stdout]    |
[INFO] [stdout] note: the trait `Pattern` is defined here
[INFO] [stdout]   --> /rustc/1b7dd2252b99671ce5d1cb9664c5f8636329436d/library/alloc/src/str.rs:14:47
[INFO] [stdout] 
[INFO] [stdout] 
[INFO] [stdout] error[E0603]: trait `Searcher` is private
[INFO] [stdout]   --> /opt/rustwide/cargo-home/registry/src/index.crates.io-6f17d22bba15001f/regex-0.1.18/src/re.rs:15:25
[INFO] [stdout]    |
[INFO] [stdout] 15 | use std::str::{Pattern, Searcher, SearchStep};
[INFO] [stdout]    |                         ^^^^^^^^ private trait
[INFO] [stdout]    |
[INFO] [stdout] note: the trait `Searcher` is defined here
[INFO] [stdout]   --> /rustc/1b7dd2252b99671ce5d1cb9664c5f8636329436d/library/alloc/src/str.rs:14:73
[INFO] [stdout] 
[INFO] [stdout] 
[INFO] [stdout] error: cannot find macro `quote_item` in this scope
[INFO] [stdout]    --> /opt/rustwide/cargo-home/registry/src/index.crates.io-6f17d22bba15001f/rustlex-0.2.0/src/codegen.rs:228:5
[INFO] [stdout]     |
[INFO] [stdout] 228 |     quote_item!(cx,
[INFO] [stdout]     |     ^^^^^^^^^^
[INFO] [stdout] 
[INFO] [stdout] 
[INFO] [stdout] error: cannot find macro `quote_expr` in this scope
[INFO] [stdout]    --> /opt/rustwide/cargo-home/registry/src/index.crates.io-6f17d22bba15001f/rustlex-0.2.0/src/codegen.rs:249:9
[INFO] [stdout]     |
[INFO] [stdout] 249 |         quote_expr!(&*cx, ::rustlex::rt::RustLexLexer::new(reader))));
[INFO] [stdout]     |         ^^^^^^^^^^
[INFO] [stdout] 
[INFO] [stdout] 
[INFO] [stdout] error: cannot find macro `quote_expr` in this scope
[INFO] [stdout]    --> /opt/rustwide/cargo-home/registry/src/index.crates.io-6f17d22bba15001f/rustlex-0.2.0/src/codegen.rs:251:9
[INFO] [stdout]     |
[INFO] [stdout] 251 |         quote_expr!(&*cx, $initial)));
[INFO] [stdout]     |         ^^^^^^^^^^
[INFO] [stdout] 
[INFO] [stdout] 
[INFO] [stdout] error: cannot find macro `quote_item` in this scope
[INFO] [stdout]    --> /opt/rustwide/cargo-home/registry/src/index.crates.io-6f17d22bba15001f/rustlex-0.2.0/src/codegen.rs:259:9
[INFO] [stdout]     |
[INFO] [stdout] 259 |         quote_item!(cx,
[INFO] [stdout]     |         ^^^^^^^^^^
[INFO] [stdout] 
[INFO] [stdout] 
[INFO] [stdout] error: cannot find macro `quote_item` in this scope
[INFO] [stdout]    --> /opt/rustwide/cargo-home/registry/src/index.crates.io-6f17d22bba15001f/rustlex-0.2.0/src/codegen.rs:269:16
[INFO] [stdout]     |
[INFO] [stdout] 269 |     items.push(quote_item!(cx,
[INFO] [stdout]     |                ^^^^^^^^^^
[INFO] [stdout] 
[INFO] [stdout] 
[INFO] [stdout] error: cannot find macro `quote_item` in this scope
[INFO] [stdout]    --> /opt/rustwide/cargo-home/registry/src/index.crates.io-6f17d22bba15001f/rustlex-0.2.0/src/codegen.rs:308:16
[INFO] [stdout]     |
[INFO] [stdout] 308 |     items.push(quote_item!(cx,
[INFO] [stdout]     |                ^^^^^^^^^^
[INFO] [stdout] 
[INFO] [stdout] 
[INFO] [stdout] error: cannot find macro `info` in this scope
[INFO] [stdout]   --> /opt/rustwide/cargo-home/registry/src/index.crates.io-6f17d22bba15001f/rustlex-0.2.0/src/lexer.rs:93:13
[INFO] [stdout]    |
[INFO] [stdout] 93 |             info!("building...");
[INFO] [stdout]    |             ^^^^
[INFO] [stdout] 
[INFO] [stdout] 
[INFO] [stdout] error: cannot find macro `info` in this scope
[INFO] [stdout]   --> /opt/rustwide/cargo-home/registry/src/index.crates.io-6f17d22bba15001f/rustlex-0.2.0/src/lexer.rs:95:13
[INFO] [stdout]    |
[INFO] [stdout] 95 |             info!("determinizing...");
[INFO] [stdout]    |             ^^^^
[INFO] [stdout] 
[INFO] [stdout] 
[INFO] [stdout] error: cannot find macro `info` in this scope
[INFO] [stdout]    --> /opt/rustwide/cargo-home/registry/src/index.crates.io-6f17d22bba15001f/rustlex-0.2.0/src/lexer.rs:102:9
[INFO] [stdout]     |
[INFO] [stdout] 102 |         info!("minimizing...");
[INFO] [stdout]     |         ^^^^
[INFO] [stdout] 
[INFO] [stdout] 
[INFO] [stdout] error: cannot find macro `info` in this scope
[INFO] [stdout]    --> /opt/rustwide/cargo-home/registry/src/index.crates.io-6f17d22bba15001f/rustlex-0.2.0/src/lexer.rs:128:9
[INFO] [stdout]     |
[INFO] [stdout] 128 |         info!("generating code...");
[INFO] [stdout]     |         ^^^^
[INFO] [stdout] 
[INFO] [stdout] 
[INFO] [stdout] error: cannot find attribute `plugin_registrar` in this scope
[INFO] [stdout]   --> /opt/rustwide/cargo-home/registry/src/index.crates.io-6f17d22bba15001f/rustlex-0.2.0/src/lib.rs:41:3
[INFO] [stdout]    |
[INFO] [stdout] 41 | #[plugin_registrar]
[INFO] [stdout]    |   ^^^^^^^^^^^^^^^^
[INFO] [stdout]    |
[INFO] [stdout]    = note: `plugin_registrar` is in scope, but it is a function, not an attribute
[INFO] [stdout] 
[INFO] [stdout] 
[INFO] [stdout] error[E0642]: patterns aren't allowed in functions without bodies
[INFO] [stdout]    --> /opt/rustwide/cargo-home/registry/src/index.crates.io-6f17d22bba15001f/rustc-serialize-0.3.1/src/serialize.rs:144:45
[INFO] [stdout]     |
[INFO] [stdout] 144 | ...                   &f_name: &str,
[INFO] [stdout]     |                       ^^^^^^^ pattern not allowed in function without body
[INFO] [stdout] 
[INFO] [stdout] 
[INFO] [stdout] error[E0554]: `#![feature]` may not be used on the beta release channel
[INFO] [stdout]  --> /opt/rustwide/cargo-home/registry/src/index.crates.io-6f17d22bba15001f/rustlex-0.2.0/src/lib.rs:1:1
[INFO] [stdout]   |
[INFO] [stdout] 1 | #![feature(plugin_registrar,rustc_private,collections,core)]
[INFO] [stdout]   | ^^^^^^^^^^^^^^^^^^^^^^^^^^^^^^^^^^^^^^^^^^^^^^^^^^^^^^^^^^^^
[INFO] [stdout] 
[INFO] [stdout] 
[INFO] [stdout] error[E0554]: `#![feature]` may not be used on the beta release channel
[INFO] [stdout]  --> /opt/rustwide/cargo-home/registry/src/index.crates.io-6f17d22bba15001f/rustlex-0.2.0/src/lib.rs:2:1
[INFO] [stdout]   |
[INFO] [stdout] 2 | #![feature(quote)]
[INFO] [stdout]   | ^^^^^^^^^^^^^^^^^^
[INFO] [stdout] 
[INFO] [stdout] 
[INFO] [stdout] error[E0554]: `#![feature]` may not be used on the beta release channel
[INFO] [stdout]    --> /opt/rustwide/cargo-home/registry/src/index.crates.io-6f17d22bba15001f/regex-0.1.18/src/lib.rs:374:12
[INFO] [stdout]     |
[INFO] [stdout] 374 | #![feature(core, unicode)]
[INFO] [stdout]     |            ^^^^
[INFO] [stdout] 
[INFO] [stdout] 
[INFO] [stdout] error[E0554]: `#![feature]` may not be used on the beta release channel
[INFO] [stdout]    --> /opt/rustwide/cargo-home/registry/src/index.crates.io-6f17d22bba15001f/regex-0.1.18/src/lib.rs:374:18
[INFO] [stdout]     |
[INFO] [stdout] 374 | #![feature(core, unicode)]
[INFO] [stdout]     |                  ^^^^^^^
[INFO] [stdout] 
[INFO] [stdout] 
[INFO] [stdout] error[E0635]: unknown feature `unicode`
[INFO] [stdout]    --> /opt/rustwide/cargo-home/registry/src/index.crates.io-6f17d22bba15001f/regex-0.1.18/src/lib.rs:374:18
[INFO] [stdout]     |
[INFO] [stdout] 374 | #![feature(core, unicode)]
[INFO] [stdout]     |                  ^^^^^^^
[INFO] [stdout] 
[INFO] [stdout] 
[INFO] [stdout] error[E0432]: unresolved import `std::ffi::AsOsStr`
[INFO] [stdout]   --> /opt/rustwide/cargo-home/registry/src/index.crates.io-6f17d22bba15001f/rustc-serialize-0.3.1/src/serialize.rs:18:16
[INFO] [stdout]    |
[INFO] [stdout] 18 | use std::ffi::{AsOsStr, OsString};
[INFO] [stdout]    |                ^^^^^^^
[INFO] [stdout]    |                |
[INFO] [stdout]    |                no `AsOsStr` in `ffi`
[INFO] [stdout]    |                help: a similar name exists in the module: `OsStr`
[INFO] [stdout] 
[INFO] [stdout] 
[INFO] [stdout] error[E0432]: unresolved import `std::old_path`
[INFO] [stdout]   --> /opt/rustwide/cargo-home/registry/src/index.crates.io-6f17d22bba15001f/rustc-serialize-0.3.1/src/serialize.rs:19:10
[INFO] [stdout]    |
[INFO] [stdout] 19 | use std::old_path::{PosixPath, WindowsPath};
[INFO] [stdout]    |          ^^^^^^^^ could not find `old_path` in `std`
[INFO] [stdout] 
[INFO] [stdout] 
[INFO] [stdout] error[E0432]: unresolved import `std::os::unix::OsStrExt`
[INFO] [stdout]    --> /opt/rustwide/cargo-home/registry/src/index.crates.io-6f17d22bba15001f/rustc-serialize-0.3.1/src/serialize.rs:572:13
[INFO] [stdout]     |
[INFO] [stdout] 572 |         use std::os::unix::OsStrExt;
[INFO] [stdout]     |             ^^^^^^^^^^^^^^^^^^^^^^^ no `OsStrExt` in `os::unix`
[INFO] [stdout]     |
[INFO] [stdout] help: consider importing this trait instead
[INFO] [stdout]     |
[INFO] [stdout] 572 |         use std::os::unix::prelude::OsStrExt;
[INFO] [stdout]     |             ~~~~~~~~~~~~~~~~~~~~~~~~~~~~~~~~
[INFO] [stdout] 
[INFO] [stdout] 
[INFO] [stdout] error[E0432]: unresolved import `std::os::unix::OsStringExt`
[INFO] [stdout]    --> /opt/rustwide/cargo-home/registry/src/index.crates.io-6f17d22bba15001f/rustc-serialize-0.3.1/src/serialize.rs:592:13
[INFO] [stdout]     |
[INFO] [stdout] 592 |         use std::os::unix::OsStringExt;
[INFO] [stdout]     |             ^^^^^^^^^^^^^^^^^^^^^^^^^^ no `OsStringExt` in `os::unix`
[INFO] [stdout]     |
[INFO] [stdout] help: consider importing this trait instead
[INFO] [stdout]     |
[INFO] [stdout] 592 |         use std::os::unix::prelude::OsStringExt;
[INFO] [stdout]     |             ~~~~~~~~~~~~~~~~~~~~~~~~~~~~~~~~~~~
[INFO] [stdout] 
[INFO] [stdout] 
[INFO] [stdout] error[E0432]: unresolved import `std::collections::VecMap`
[INFO] [stdout]   --> /opt/rustwide/cargo-home/registry/src/index.crates.io-6f17d22bba15001f/rustc-serialize-0.3.1/src/collection_impls.rs:17:84
[INFO] [stdout]    |
[INFO] [stdout] 17 | use std::collections::{LinkedList, VecDeque, BTreeMap, BTreeSet, HashMap, HashSet, VecMap};
[INFO] [stdout]    |                                                                                    ^^^^^^ no `VecMap` in `collections`
[INFO] [stdout] 
[INFO] [stdout] 
[INFO] [stdout] error[E0432]: unresolved import `std::collections::hash_state`
[INFO] [stdout]   --> /opt/rustwide/cargo-home/registry/src/index.crates.io-6f17d22bba15001f/rustc-serialize-0.3.1/src/collection_impls.rs:18:23
[INFO] [stdout]    |
[INFO] [stdout] 18 | use std::collections::hash_state::HashState;
[INFO] [stdout]    |                       ^^^^^^^^^^ could not find `hash_state` in `collections`
[INFO] [stdout] 
[INFO] [stdout] 
[INFO] [stdout] error[E0432]: unresolved imports `std::num::Float`, `std::num::Int`
[INFO] [stdout]    --> /opt/rustwide/cargo-home/registry/src/index.crates.io-6f17d22bba15001f/rustc-serialize-0.3.1/src/json.rs:249:16
[INFO] [stdout]     |
[INFO] [stdout] 249 | use std::num::{Float, Int};
[INFO] [stdout]     |                ^^^^^  ^^^ no `Int` in `num`
[INFO] [stdout]     |                |
[INFO] [stdout]     |                no `Float` in `num`
[INFO] [stdout] 
[INFO] [stdout] 
[INFO] [stdout] error[E0554]: `#![feature]` may not be used on the beta release channel
[INFO] [stdout]  --> /opt/rustwide/cargo-home/registry/src/index.crates.io-6f17d22bba15001f/rustlex-0.2.0/src/lib.rs:1:43
[INFO] [stdout]   |
[INFO] [stdout] 1 | #![feature(plugin_registrar,rustc_private,collections,core)]
[INFO] [stdout]   |                                           ^^^^^^^^^^^
[INFO] [stdout] 
[INFO] [stdout] 
[INFO] [stdout] error[E0554]: `#![feature]` may not be used on the beta release channel
[INFO] [stdout]  --> /opt/rustwide/cargo-home/registry/src/index.crates.io-6f17d22bba15001f/rustlex-0.2.0/src/lib.rs:1:55
[INFO] [stdout]   |
[INFO] [stdout] 1 | #![feature(plugin_registrar,rustc_private,collections,core)]
[INFO] [stdout]   |                                                       ^^^^
[INFO] [stdout] 
[INFO] [stdout] 
[INFO] [stdout] error[E0635]: unknown feature `collections`
[INFO] [stdout]  --> /opt/rustwide/cargo-home/registry/src/index.crates.io-6f17d22bba15001f/rustlex-0.2.0/src/lib.rs:1:43
[INFO] [stdout]   |
[INFO] [stdout] 1 | #![feature(plugin_registrar,rustc_private,collections,core)]
[INFO] [stdout]   |                                           ^^^^^^^^^^^
[INFO] [stdout] 
[INFO] [stdout] 
[INFO] [stdout] error: aborting due to 10 previous errors
[INFO] [stdout] 
[INFO] [stdout] 
[INFO] [stdout] Some errors have detailed explanations: E0425, E0432, E0463, E0554, E0603, E0635.
[INFO] [stdout] 
[INFO] [stdout] For more information about an error, try `rustc --explain E0425`.
[INFO] [stdout] 
[INFO] [stdout] error: aborting due to 35 previous errors
[INFO] [stdout] 
[INFO] [stdout] 
[INFO] [stdout] Some errors have detailed explanations: E0364, E0462, E0463, E0554, E0557, E0635.
[INFO] [stdout] 
[INFO] [stdout] For more information about an error, try `rustc --explain E0364`.
[INFO] [stdout] 
[INFO] [stderr] error: could not compile `regex` (lib) due to 11 previous errors
[INFO] [stderr] error: could not compile `rustlex` (lib) due to 36 previous errors
[INFO] [stdout] error[E0405]: cannot find trait `FromError` in module `std::error`
[INFO] [stdout]    --> /opt/rustwide/cargo-home/registry/src/index.crates.io-6f17d22bba15001f/rustc-serialize-0.3.1/src/json.rs:419:18
[INFO] [stdout]     |
[INFO] [stdout] 419 | impl std::error::FromError<fmt::Error> for EncoderError {
[INFO] [stdout]     |                  ^^^^^^^^^ not found in `std::error`
[INFO] [stdout] 
[INFO] [stdout] 
[INFO] [stdout] error[E0425]: cannot find function `cast` in module `num`
[INFO] [stdout]     --> /opt/rustwide/cargo-home/registry/src/index.crates.io-6f17d22bba15001f/rustc-serialize-0.3.1/src/json.rs:1095:34
[INFO] [stdout]      |
[INFO] [stdout] 1095 |             Json::U64(n) => num::cast(n),
[INFO] [stdout]      |                                  ^^^^ not found in `num`
[INFO] [stdout] 
[INFO] [stdout] 
[INFO] [stdout] error[E0425]: cannot find function `cast` in module `num`
[INFO] [stdout]     --> /opt/rustwide/cargo-home/registry/src/index.crates.io-6f17d22bba15001f/rustc-serialize-0.3.1/src/json.rs:1104:34
[INFO] [stdout]      |
[INFO] [stdout] 1104 |             Json::I64(n) => num::cast(n),
[INFO] [stdout]      |                                  ^^^^ not found in `num`
[INFO] [stdout] 
[INFO] [stdout] 
[INFO] [stdout] error[E0425]: cannot find function `cast` in module `num`
[INFO] [stdout]     --> /opt/rustwide/cargo-home/registry/src/index.crates.io-6f17d22bba15001f/rustc-serialize-0.3.1/src/json.rs:1114:34
[INFO] [stdout]      |
[INFO] [stdout] 1114 |             Json::I64(n) => num::cast(n),
[INFO] [stdout]      |                                  ^^^^ not found in `num`
[INFO] [stdout] 
[INFO] [stdout] 
[INFO] [stdout] error[E0425]: cannot find function `cast` in module `num`
[INFO] [stdout]     --> /opt/rustwide/cargo-home/registry/src/index.crates.io-6f17d22bba15001f/rustc-serialize-0.3.1/src/json.rs:1115:34
[INFO] [stdout]      |
[INFO] [stdout] 1115 |             Json::U64(n) => num::cast(n),
[INFO] [stdout]      |                                  ^^^^ not found in `num`
[INFO] [stdout] 
[INFO] [stdout] 
[INFO] [stdout] error[E0425]: cannot find function `cast` in module `num`
[INFO] [stdout]     --> /opt/rustwide/cargo-home/registry/src/index.crates.io-6f17d22bba15001f/rustc-serialize-0.3.1/src/json.rs:2031:44
[INFO] [stdout]      |
[INFO] [stdout] 2031 |                 Json::I64(f) => match num::cast(f) {
[INFO] [stdout]      |                                            ^^^^ not found in `num`
[INFO] [stdout] ...
[INFO] [stdout] 2059 |     read_primitive! { read_usize, usize }
[INFO] [stdout]      |     ------------------------------------- in this macro invocation
[INFO] [stdout]      |
[INFO] [stdout]      = note: this error originates in the macro `read_primitive` (in Nightly builds, run with -Z macro-backtrace for more info)
[INFO] [stdout] 
[INFO] [stdout] 
[INFO] [stdout] error[E0425]: cannot find function `cast` in module `num`
[INFO] [stdout]     --> /opt/rustwide/cargo-home/registry/src/index.crates.io-6f17d22bba15001f/rustc-serialize-0.3.1/src/json.rs:2035:44
[INFO] [stdout]      |
[INFO] [stdout] 2035 |                 Json::U64(f) => match num::cast(f) {
[INFO] [stdout]      |                                            ^^^^ not found in `num`
[INFO] [stdout] ...
[INFO] [stdout] 2059 |     read_primitive! { read_usize, usize }
[INFO] [stdout]      |     ------------------------------------- in this macro invocation
[INFO] [stdout]      |
[INFO] [stdout]      = note: this error originates in the macro `read_primitive` (in Nightly builds, run with -Z macro-backtrace for more info)
[INFO] [stdout] 
[INFO] [stdout] 
[INFO] [stdout] error[E0425]: cannot find function `cast` in module `num`
[INFO] [stdout]     --> /opt/rustwide/cargo-home/registry/src/index.crates.io-6f17d22bba15001f/rustc-serialize-0.3.1/src/json.rs:2031:44
[INFO] [stdout]      |
[INFO] [stdout] 2031 |                 Json::I64(f) => match num::cast(f) {
[INFO] [stdout]      |                                            ^^^^ not found in `num`
[INFO] [stdout] ...
[INFO] [stdout] 2060 |     read_primitive! { read_u8, u8 }
[INFO] [stdout]      |     ------------------------------- in this macro invocation
[INFO] [stdout]      |
[INFO] [stdout]      = note: this error originates in the macro `read_primitive` (in Nightly builds, run with -Z macro-backtrace for more info)
[INFO] [stdout] 
[INFO] [stdout] 
[INFO] [stdout] error[E0425]: cannot find function `cast` in module `num`
[INFO] [stdout]     --> /opt/rustwide/cargo-home/registry/src/index.crates.io-6f17d22bba15001f/rustc-serialize-0.3.1/src/json.rs:2035:44
[INFO] [stdout]      |
[INFO] [stdout] 2035 |                 Json::U64(f) => match num::cast(f) {
[INFO] [stdout]      |                                            ^^^^ not found in `num`
[INFO] [stdout] ...
[INFO] [stdout] 2060 |     read_primitive! { read_u8, u8 }
[INFO] [stdout]      |     ------------------------------- in this macro invocation
[INFO] [stdout]      |
[INFO] [stdout]      = note: this error originates in the macro `read_primitive` (in Nightly builds, run with -Z macro-backtrace for more info)
[INFO] [stdout] 
[INFO] [stdout] 
[INFO] [stdout] error[E0425]: cannot find function `cast` in module `num`
[INFO] [stdout]     --> /opt/rustwide/cargo-home/registry/src/index.crates.io-6f17d22bba15001f/rustc-serialize-0.3.1/src/json.rs:2031:44
[INFO] [stdout]      |
[INFO] [stdout] 2031 |                 Json::I64(f) => match num::cast(f) {
[INFO] [stdout]      |                                            ^^^^ not found in `num`
[INFO] [stdout] ...
[INFO] [stdout] 2061 |     read_primitive! { read_u16, u16 }
[INFO] [stdout]      |     --------------------------------- in this macro invocation
[INFO] [stdout]      |
[INFO] [stdout]      = note: this error originates in the macro `read_primitive` (in Nightly builds, run with -Z macro-backtrace for more info)
[INFO] [stdout] 
[INFO] [stdout] 
[INFO] [stdout] error[E0425]: cannot find function `cast` in module `num`
[INFO] [stdout]     --> /opt/rustwide/cargo-home/registry/src/index.crates.io-6f17d22bba15001f/rustc-serialize-0.3.1/src/json.rs:2035:44
[INFO] [stdout]      |
[INFO] [stdout] 2035 |                 Json::U64(f) => match num::cast(f) {
[INFO] [stdout]      |                                            ^^^^ not found in `num`
[INFO] [stdout] ...
[INFO] [stdout] 2061 |     read_primitive! { read_u16, u16 }
[INFO] [stdout]      |     --------------------------------- in this macro invocation
[INFO] [stdout]      |
[INFO] [stdout]      = note: this error originates in the macro `read_primitive` (in Nightly builds, run with -Z macro-backtrace for more info)
[INFO] [stdout] 
[INFO] [stdout] 
[INFO] [stdout] error[E0425]: cannot find function `cast` in module `num`
[INFO] [stdout]     --> /opt/rustwide/cargo-home/registry/src/index.crates.io-6f17d22bba15001f/rustc-serialize-0.3.1/src/json.rs:2031:44
[INFO] [stdout]      |
[INFO] [stdout] 2031 |                 Json::I64(f) => match num::cast(f) {
[INFO] [stdout]      |                                            ^^^^ not found in `num`
[INFO] [stdout] ...
[INFO] [stdout] 2062 |     read_primitive! { read_u32, u32 }
[INFO] [stdout]      |     --------------------------------- in this macro invocation
[INFO] [stdout]      |
[INFO] [stdout]      = note: this error originates in the macro `read_primitive` (in Nightly builds, run with -Z macro-backtrace for more info)
[INFO] [stdout] 
[INFO] [stdout] 
[INFO] [stdout] error[E0425]: cannot find function `cast` in module `num`
[INFO] [stdout]     --> /opt/rustwide/cargo-home/registry/src/index.crates.io-6f17d22bba15001f/rustc-serialize-0.3.1/src/json.rs:2035:44
[INFO] [stdout]      |
[INFO] [stdout] 2035 |                 Json::U64(f) => match num::cast(f) {
[INFO] [stdout]      |                                            ^^^^ not found in `num`
[INFO] [stdout] ...
[INFO] [stdout] 2062 |     read_primitive! { read_u32, u32 }
[INFO] [stdout]      |     --------------------------------- in this macro invocation
[INFO] [stdout]      |
[INFO] [stdout]      = note: this error originates in the macro `read_primitive` (in Nightly builds, run with -Z macro-backtrace for more info)
[INFO] [stdout] 
[INFO] [stdout] 
[INFO] [stdout] error[E0425]: cannot find function `cast` in module `num`
[INFO] [stdout]     --> /opt/rustwide/cargo-home/registry/src/index.crates.io-6f17d22bba15001f/rustc-serialize-0.3.1/src/json.rs:2031:44
[INFO] [stdout]      |
[INFO] [stdout] 2031 |                 Json::I64(f) => match num::cast(f) {
[INFO] [stdout]      |                                            ^^^^ not found in `num`
[INFO] [stdout] ...
[INFO] [stdout] 2063 |     read_primitive! { read_u64, u64 }
[INFO] [stdout]      |     --------------------------------- in this macro invocation
[INFO] [stdout]      |
[INFO] [stdout]      = note: this error originates in the macro `read_primitive` (in Nightly builds, run with -Z macro-backtrace for more info)
[INFO] [stdout] 
[INFO] [stdout] 
[INFO] [stdout] error[E0425]: cannot find function `cast` in module `num`
[INFO] [stdout]     --> /opt/rustwide/cargo-home/registry/src/index.crates.io-6f17d22bba15001f/rustc-serialize-0.3.1/src/json.rs:2035:44
[INFO] [stdout]      |
[INFO] [stdout] 2035 |                 Json::U64(f) => match num::cast(f) {
[INFO] [stdout]      |                                            ^^^^ not found in `num`
[INFO] [stdout] ...
[INFO] [stdout] 2063 |     read_primitive! { read_u64, u64 }
[INFO] [stdout]      |     --------------------------------- in this macro invocation
[INFO] [stdout]      |
[INFO] [stdout]      = note: this error originates in the macro `read_primitive` (in Nightly builds, run with -Z macro-backtrace for more info)
[INFO] [stdout] 
[INFO] [stdout] 
[INFO] [stdout] error[E0425]: cannot find function `cast` in module `num`
[INFO] [stdout]     --> /opt/rustwide/cargo-home/registry/src/index.crates.io-6f17d22bba15001f/rustc-serialize-0.3.1/src/json.rs:2031:44
[INFO] [stdout]      |
[INFO] [stdout] 2031 |                 Json::I64(f) => match num::cast(f) {
[INFO] [stdout]      |                                            ^^^^ not found in `num`
[INFO] [stdout] ...
[INFO] [stdout] 2064 |     read_primitive! { read_isize, isize }
[INFO] [stdout]      |     ------------------------------------- in this macro invocation
[INFO] [stdout]      |
[INFO] [stdout]      = note: this error originates in the macro `read_primitive` (in Nightly builds, run with -Z macro-backtrace for more info)
[INFO] [stdout] 
[INFO] [stdout] 
[INFO] [stdout] error[E0425]: cannot find function `cast` in module `num`
[INFO] [stdout]     --> /opt/rustwide/cargo-home/registry/src/index.crates.io-6f17d22bba15001f/rustc-serialize-0.3.1/src/json.rs:2035:44
[INFO] [stdout]      |
[INFO] [stdout] 2035 |                 Json::U64(f) => match num::cast(f) {
[INFO] [stdout]      |                                            ^^^^ not found in `num`
[INFO] [stdout] ...
[INFO] [stdout] 2064 |     read_primitive! { read_isize, isize }
[INFO] [stdout]      |     ------------------------------------- in this macro invocation
[INFO] [stdout]      |
[INFO] [stdout]      = note: this error originates in the macro `read_primitive` (in Nightly builds, run with -Z macro-backtrace for more info)
[INFO] [stdout] 
[INFO] [stdout] 
[INFO] [stdout] error[E0425]: cannot find function `cast` in module `num`
[INFO] [stdout]     --> /opt/rustwide/cargo-home/registry/src/index.crates.io-6f17d22bba15001f/rustc-serialize-0.3.1/src/json.rs:2031:44
[INFO] [stdout]      |
[INFO] [stdout] 2031 |                 Json::I64(f) => match num::cast(f) {
[INFO] [stdout]      |                                            ^^^^ not found in `num`
[INFO] [stdout] ...
[INFO] [stdout] 2065 |     read_primitive! { read_i8, i8 }
[INFO] [stdout]      |     ------------------------------- in this macro invocation
[INFO] [stdout]      |
[INFO] [stdout]      = note: this error originates in the macro `read_primitive` (in Nightly builds, run with -Z macro-backtrace for more info)
[INFO] [stdout] 
[INFO] [stdout] 
[INFO] [stdout] error[E0425]: cannot find function `cast` in module `num`
[INFO] [stdout]     --> /opt/rustwide/cargo-home/registry/src/index.crates.io-6f17d22bba15001f/rustc-serialize-0.3.1/src/json.rs:2035:44
[INFO] [stdout]      |
[INFO] [stdout] 2035 |                 Json::U64(f) => match num::cast(f) {
[INFO] [stdout]      |                                            ^^^^ not found in `num`
[INFO] [stdout] ...
[INFO] [stdout] 2065 |     read_primitive! { read_i8, i8 }
[INFO] [stdout]      |     ------------------------------- in this macro invocation
[INFO] [stdout]      |
[INFO] [stdout]      = note: this error originates in the macro `read_primitive` (in Nightly builds, run with -Z macro-backtrace for more info)
[INFO] [stdout] 
[INFO] [stdout] 
[INFO] [stdout] error[E0425]: cannot find function `cast` in module `num`
[INFO] [stdout]     --> /opt/rustwide/cargo-home/registry/src/index.crates.io-6f17d22bba15001f/rustc-serialize-0.3.1/src/json.rs:2031:44
[INFO] [stdout]      |
[INFO] [stdout] 2031 |                 Json::I64(f) => match num::cast(f) {
[INFO] [stdout]      |                                            ^^^^ not found in `num`
[INFO] [stdout] ...
[INFO] [stdout] 2066 |     read_primitive! { read_i16, i16 }
[INFO] [stdout]      |     --------------------------------- in this macro invocation
[INFO] [stdout]      |
[INFO] [stdout]      = note: this error originates in the macro `read_primitive` (in Nightly builds, run with -Z macro-backtrace for more info)
[INFO] [stdout] 
[INFO] [stdout] 
[INFO] [stdout] error[E0425]: cannot find function `cast` in module `num`
[INFO] [stdout]     --> /opt/rustwide/cargo-home/registry/src/index.crates.io-6f17d22bba15001f/rustc-serialize-0.3.1/src/json.rs:2035:44
[INFO] [stdout]      |
[INFO] [stdout] 2035 |                 Json::U64(f) => match num::cast(f) {
[INFO] [stdout]      |                                            ^^^^ not found in `num`
[INFO] [stdout] ...
[INFO] [stdout] 2066 |     read_primitive! { read_i16, i16 }
[INFO] [stdout]      |     --------------------------------- in this macro invocation
[INFO] [stdout]      |
[INFO] [stdout]      = note: this error originates in the macro `read_primitive` (in Nightly builds, run with -Z macro-backtrace for more info)
[INFO] [stdout] 
[INFO] [stdout] 
[INFO] [stdout] error[E0425]: cannot find function `cast` in module `num`
[INFO] [stdout]     --> /opt/rustwide/cargo-home/registry/src/index.crates.io-6f17d22bba15001f/rustc-serialize-0.3.1/src/json.rs:2031:44
[INFO] [stdout]      |
[INFO] [stdout] 2031 |                 Json::I64(f) => match num::cast(f) {
[INFO] [stdout]      |                                            ^^^^ not found in `num`
[INFO] [stdout] ...
[INFO] [stdout] 2067 |     read_primitive! { read_i32, i32 }
[INFO] [stdout]      |     --------------------------------- in this macro invocation
[INFO] [stdout]      |
[INFO] [stdout]      = note: this error originates in the macro `read_primitive` (in Nightly builds, run with -Z macro-backtrace for more info)
[INFO] [stdout] 
[INFO] [stdout] 
[INFO] [stdout] error[E0425]: cannot find function `cast` in module `num`
[INFO] [stdout]     --> /opt/rustwide/cargo-home/registry/src/index.crates.io-6f17d22bba15001f/rustc-serialize-0.3.1/src/json.rs:2035:44
[INFO] [stdout]      |
[INFO] [stdout] 2035 |                 Json::U64(f) => match num::cast(f) {
[INFO] [stdout]      |                                            ^^^^ not found in `num`
[INFO] [stdout] ...
[INFO] [stdout] 2067 |     read_primitive! { read_i32, i32 }
[INFO] [stdout]      |     --------------------------------- in this macro invocation
[INFO] [stdout]      |
[INFO] [stdout]      = note: this error originates in the macro `read_primitive` (in Nightly builds, run with -Z macro-backtrace for more info)
[INFO] [stdout] 
[INFO] [stdout] 
[INFO] [stdout] error[E0425]: cannot find function `cast` in module `num`
[INFO] [stdout]     --> /opt/rustwide/cargo-home/registry/src/index.crates.io-6f17d22bba15001f/rustc-serialize-0.3.1/src/json.rs:2031:44
[INFO] [stdout]      |
[INFO] [stdout] 2031 |                 Json::I64(f) => match num::cast(f) {
[INFO] [stdout]      |                                            ^^^^ not found in `num`
[INFO] [stdout] ...
[INFO] [stdout] 2068 |     read_primitive! { read_i64, i64 }
[INFO] [stdout]      |     --------------------------------- in this macro invocation
[INFO] [stdout]      |
[INFO] [stdout]      = note: this error originates in the macro `read_primitive` (in Nightly builds, run with -Z macro-backtrace for more info)
[INFO] [stdout] 
[INFO] [stdout] 
[INFO] [stdout] error[E0425]: cannot find function `cast` in module `num`
[INFO] [stdout]     --> /opt/rustwide/cargo-home/registry/src/index.crates.io-6f17d22bba15001f/rustc-serialize-0.3.1/src/json.rs:2035:44
[INFO] [stdout]      |
[INFO] [stdout] 2035 |                 Json::U64(f) => match num::cast(f) {
[INFO] [stdout]      |                                            ^^^^ not found in `num`
[INFO] [stdout] ...
[INFO] [stdout] 2068 |     read_primitive! { read_i64, i64 }
[INFO] [stdout]      |     --------------------------------- in this macro invocation
[INFO] [stdout]      |
[INFO] [stdout]      = note: this error originates in the macro `read_primitive` (in Nightly builds, run with -Z macro-backtrace for more info)
[INFO] [stdout] 
[INFO] [stdout] 
[INFO] [stdout] error[E0554]: `#![feature]` may not be used on the beta release channel
[INFO] [stdout]   --> /opt/rustwide/cargo-home/registry/src/index.crates.io-6f17d22bba15001f/rustc-serialize-0.3.1/src/lib.rs:13:12
[INFO] [stdout]    |
[INFO] [stdout] 13 | #![feature(core, collections, unicode, io, std_misc, old_path, path, os)]
[INFO] [stdout]    |            ^^^^
[INFO] [stdout] 
[INFO] [stdout] 
[INFO] [stdout] error[E0554]: `#![feature]` may not be used on the beta release channel
[INFO] [stdout]   --> /opt/rustwide/cargo-home/registry/src/index.crates.io-6f17d22bba15001f/rustc-serialize-0.3.1/src/lib.rs:13:18
[INFO] [stdout]    |
[INFO] [stdout] 13 | #![feature(core, collections, unicode, io, std_misc, old_path, path, os)]
[INFO] [stdout]    |                  ^^^^^^^^^^^
[INFO] [stdout] 
[INFO] [stdout] 
[INFO] [stdout] error[E0554]: `#![feature]` may not be used on the beta release channel
[INFO] [stdout]   --> /opt/rustwide/cargo-home/registry/src/index.crates.io-6f17d22bba15001f/rustc-serialize-0.3.1/src/lib.rs:13:31
[INFO] [stdout]    |
[INFO] [stdout] 13 | #![feature(core, collections, unicode, io, std_misc, old_path, path, os)]
[INFO] [stdout]    |                               ^^^^^^^
[INFO] [stdout] 
[INFO] [stdout] 
[INFO] [stdout] error[E0554]: `#![feature]` may not be used on the beta release channel
[INFO] [stdout]   --> /opt/rustwide/cargo-home/registry/src/index.crates.io-6f17d22bba15001f/rustc-serialize-0.3.1/src/lib.rs:13:40
[INFO] [stdout]    |
[INFO] [stdout] 13 | #![feature(core, collections, unicode, io, std_misc, old_path, path, os)]
[INFO] [stdout]    |                                        ^^
[INFO] [stdout] 
[INFO] [stdout] 
[INFO] [stdout] error[E0554]: `#![feature]` may not be used on the beta release channel
[INFO] [stdout]   --> /opt/rustwide/cargo-home/registry/src/index.crates.io-6f17d22bba15001f/rustc-serialize-0.3.1/src/lib.rs:13:44
[INFO] [stdout]    |
[INFO] [stdout] 13 | #![feature(core, collections, unicode, io, std_misc, old_path, path, os)]
[INFO] [stdout]    |                                            ^^^^^^^^
[INFO] [stdout] 
[INFO] [stdout] 
[INFO] [stdout] error[E0554]: `#![feature]` may not be used on the beta release channel
[INFO] [stdout]   --> /opt/rustwide/cargo-home/registry/src/index.crates.io-6f17d22bba15001f/rustc-serialize-0.3.1/src/lib.rs:13:54
[INFO] [stdout]    |
[INFO] [stdout] 13 | #![feature(core, collections, unicode, io, std_misc, old_path, path, os)]
[INFO] [stdout]    |                                                      ^^^^^^^^
[INFO] [stdout] 
[INFO] [stdout] 
[INFO] [stdout] error[E0554]: `#![feature]` may not be used on the beta release channel
[INFO] [stdout]   --> /opt/rustwide/cargo-home/registry/src/index.crates.io-6f17d22bba15001f/rustc-serialize-0.3.1/src/lib.rs:13:64
[INFO] [stdout]    |
[INFO] [stdout] 13 | #![feature(core, collections, unicode, io, std_misc, old_path, path, os)]
[INFO] [stdout]    |                                                                ^^^^
[INFO] [stdout] 
[INFO] [stdout] 
[INFO] [stdout] error[E0554]: `#![feature]` may not be used on the beta release channel
[INFO] [stdout]   --> /opt/rustwide/cargo-home/registry/src/index.crates.io-6f17d22bba15001f/rustc-serialize-0.3.1/src/lib.rs:13:70
[INFO] [stdout]    |
[INFO] [stdout] 13 | #![feature(core, collections, unicode, io, std_misc, old_path, path, os)]
[INFO] [stdout]    |                                                                      ^^
[INFO] [stdout] 
[INFO] [stdout] 
[INFO] [stdout] error[E0635]: unknown feature `path`
[INFO] [stdout]   --> /opt/rustwide/cargo-home/registry/src/index.crates.io-6f17d22bba15001f/rustc-serialize-0.3.1/src/lib.rs:13:64
[INFO] [stdout]    |
[INFO] [stdout] 13 | #![feature(core, collections, unicode, io, std_misc, old_path, path, os)]
[INFO] [stdout]    |                                                                ^^^^
[INFO] [stdout] 
[INFO] [stdout] 
[INFO] [stdout] error[E0635]: unknown feature `collections`
[INFO] [stdout]   --> /opt/rustwide/cargo-home/registry/src/index.crates.io-6f17d22bba15001f/rustc-serialize-0.3.1/src/lib.rs:13:18
[INFO] [stdout]    |
[INFO] [stdout] 13 | #![feature(core, collections, unicode, io, std_misc, old_path, path, os)]
[INFO] [stdout]    |                  ^^^^^^^^^^^
[INFO] [stdout] 
[INFO] [stdout] 
[INFO] [stdout] error[E0635]: unknown feature `unicode`
[INFO] [stdout]   --> /opt/rustwide/cargo-home/registry/src/index.crates.io-6f17d22bba15001f/rustc-serialize-0.3.1/src/lib.rs:13:31
[INFO] [stdout]    |
[INFO] [stdout] 13 | #![feature(core, collections, unicode, io, std_misc, old_path, path, os)]
[INFO] [stdout]    |                               ^^^^^^^
[INFO] [stdout] 
[INFO] [stdout] 
[INFO] [stdout] error[E0635]: unknown feature `io`
[INFO] [stdout]   --> /opt/rustwide/cargo-home/registry/src/index.crates.io-6f17d22bba15001f/rustc-serialize-0.3.1/src/lib.rs:13:40
[INFO] [stdout]    |
[INFO] [stdout] 13 | #![feature(core, collections, unicode, io, std_misc, old_path, path, os)]
[INFO] [stdout]    |                                        ^^
[INFO] [stdout] 
[INFO] [stdout] 
[INFO] [stdout] error[E0635]: unknown feature `std_misc`
[INFO] [stdout]   --> /opt/rustwide/cargo-home/registry/src/index.crates.io-6f17d22bba15001f/rustc-serialize-0.3.1/src/lib.rs:13:44
[INFO] [stdout]    |
[INFO] [stdout] 13 | #![feature(core, collections, unicode, io, std_misc, old_path, path, os)]
[INFO] [stdout]    |                                            ^^^^^^^^
[INFO] [stdout] 
[INFO] [stdout] 
[INFO] [stdout] error[E0635]: unknown feature `old_path`
[INFO] [stdout]   --> /opt/rustwide/cargo-home/registry/src/index.crates.io-6f17d22bba15001f/rustc-serialize-0.3.1/src/lib.rs:13:54
[INFO] [stdout]    |
[INFO] [stdout] 13 | #![feature(core, collections, unicode, io, std_misc, old_path, path, os)]
[INFO] [stdout]    |                                                      ^^^^^^^^
[INFO] [stdout] 
[INFO] [stdout] 
[INFO] [stdout] error: aborting due to 48 previous errors
[INFO] [stdout] 
[INFO] [stdout] 
[INFO] [stdout] Some errors have detailed explanations: E0405, E0425, E0432, E0463, E0554, E0635, E0642.
[INFO] [stdout] 
[INFO] [stdout] For more information about an error, try `rustc --explain E0405`.
[INFO] [stdout] 
[INFO] [stderr] error: could not compile `rustc-serialize` (lib) due to 49 previous errors
[INFO] running `Command { std: "docker" "inspect" "16ffc2407e2322a06bbcf658fa660cfcee5901085c0df3060b99bb82b682e521", kill_on_drop: false }`
[INFO] running `Command { std: "docker" "rm" "-f" "16ffc2407e2322a06bbcf658fa660cfcee5901085c0df3060b99bb82b682e521", kill_on_drop: false }`
[INFO] [stdout] 16ffc2407e2322a06bbcf658fa660cfcee5901085c0df3060b99bb82b682e521
