[INFO] cloning repository https://github.com/ivyjsgit/orbutils-clone
[INFO] running `Command { std: "git" "-c" "credential.helper=" "-c" "credential.helper=/workspace/cargo-home/bin/git-credential-null" "clone" "--bare" "https://github.com/ivyjsgit/orbutils-clone" "/workspace/cache/git-repos/https%3A%2F%2Fgithub.com%2Fivyjsgit%2Forbutils-clone", kill_on_drop: false }`
[INFO] [stderr] Cloning into bare repository '/workspace/cache/git-repos/https%3A%2F%2Fgithub.com%2Fivyjsgit%2Forbutils-clone'...
[INFO] running `Command { std: "git" "rev-parse" "HEAD", kill_on_drop: false }`
[INFO] [stdout] d46abf768571dcd6c23ff40e903a991c601d44f7
[INFO] documenting ivyjsgit/orbutils-clone against 1.69.0 for beta-1.70-rustdoc-1
[INFO] running `Command { std: "git" "clone" "/workspace/cache/git-repos/https%3A%2F%2Fgithub.com%2Fivyjsgit%2Forbutils-clone" "/workspace/builds/worker-3-tc1/source", kill_on_drop: false }`
[INFO] [stderr] Cloning into '/workspace/builds/worker-3-tc1/source'...
[INFO] [stderr] done.
[INFO] validating manifest of git repo https://github.com/ivyjsgit/orbutils-clone on toolchain 1.69.0
[INFO] running `Command { std: CARGO_HOME="/workspace/cargo-home" RUSTUP_HOME="/workspace/rustup-home" "/workspace/cargo-home/bin/cargo" "+1.69.0" "metadata" "--manifest-path" "Cargo.toml" "--no-deps", kill_on_drop: false }`
[INFO] started tweaking git repo https://github.com/ivyjsgit/orbutils-clone
[INFO] finished tweaking git repo https://github.com/ivyjsgit/orbutils-clone
[INFO] tweaked toml for git repo https://github.com/ivyjsgit/orbutils-clone written to /workspace/builds/worker-3-tc1/source/Cargo.toml
[INFO] crate git repo https://github.com/ivyjsgit/orbutils-clone already has a lockfile, it will not be regenerated
[INFO] running `Command { std: CARGO_HOME="/workspace/cargo-home" RUSTUP_HOME="/workspace/rustup-home" "/workspace/cargo-home/bin/cargo" "+1.69.0" "fetch" "--manifest-path" "Cargo.toml", kill_on_drop: false }`
[INFO] [stderr]     Updating git repository `https://gitlab.redox-os.org/redox-os/event.git`
[INFO] [stderr]     Blocking waiting for file lock on package cache
[INFO] [stderr]  Downloading crates ...
[INFO] [stderr]   Downloaded resize v0.3.0
[INFO] [stderr]   Downloaded bytecount v0.1.7
[INFO] [stderr]   Downloaded cssparser-macros v0.3.5
[INFO] [stderr]   Downloaded orbtk v0.2.29
[INFO] [stderr]   Downloaded calculate v0.5.1
[INFO] [stderr]   Downloaded orbclient v0.3.21
[INFO] [stderr]   Downloaded decimal v2.0.4
[INFO] [stderr]   Downloaded orbimage v0.1.17
[INFO] [stderr]   Downloaded cssparser v0.16.1
[INFO] [stderr]   Downloaded liner v0.4.4
[INFO] [stderr]   Downloaded orbfont v0.1.8
[INFO] running `Command { std: "docker" "create" "-v" "/var/lib/crater-agent-workspace/builds/worker-3-tc1/target:/opt/rustwide/target:rw,Z" "-v" "/var/lib/crater-agent-workspace/builds/worker-3-tc1/source:/opt/rustwide/workdir:ro,Z" "-v" "/var/lib/crater-agent-workspace/cargo-home:/opt/rustwide/cargo-home:ro,Z" "-v" "/var/lib/crater-agent-workspace/rustup-home:/opt/rustwide/rustup-home:ro,Z" "-e" "SOURCE_DIR=/opt/rustwide/workdir" "-e" "CARGO_TARGET_DIR=/opt/rustwide/target" "-e" "CARGO_HOME=/opt/rustwide/cargo-home" "-e" "RUSTUP_HOME=/opt/rustwide/rustup-home" "-w" "/opt/rustwide/workdir" "-m" "1610612736" "--user" "0:0" "--network" "none" "ghcr.io/rust-lang/crates-build-env/linux@sha256:5ff2268d62e97bff2cde7d5815dd6ed5b47097566f13b8d0ca110b04b60e07ed" "/opt/rustwide/cargo-home/bin/cargo" "+1.69.0" "metadata" "--no-deps" "--format-version=1", kill_on_drop: false }`
[INFO] [stdout] 448a665dee507fadb3b66ee12a26156b27738dcb3744538989c95d26839aeaa3
[INFO] running `Command { std: "docker" "start" "-a" "448a665dee507fadb3b66ee12a26156b27738dcb3744538989c95d26839aeaa3", kill_on_drop: false }`
[INFO] running `Command { std: "docker" "inspect" "448a665dee507fadb3b66ee12a26156b27738dcb3744538989c95d26839aeaa3", kill_on_drop: false }`
[INFO] running `Command { std: "docker" "rm" "-f" "448a665dee507fadb3b66ee12a26156b27738dcb3744538989c95d26839aeaa3", kill_on_drop: false }`
[INFO] [stdout] 448a665dee507fadb3b66ee12a26156b27738dcb3744538989c95d26839aeaa3
[INFO] running `Command { std: "docker" "create" "-v" "/var/lib/crater-agent-workspace/builds/worker-3-tc1/target:/opt/rustwide/target:rw,Z" "-v" "/var/lib/crater-agent-workspace/builds/worker-3-tc1/source:/opt/rustwide/workdir:ro,Z" "-v" "/var/lib/crater-agent-workspace/cargo-home:/opt/rustwide/cargo-home:ro,Z" "-v" "/var/lib/crater-agent-workspace/rustup-home:/opt/rustwide/rustup-home:ro,Z" "-e" "SOURCE_DIR=/opt/rustwide/workdir" "-e" "CARGO_TARGET_DIR=/opt/rustwide/target" "-e" "CARGO_INCREMENTAL=0" "-e" "RUST_BACKTRACE=full" "-e" "RUSTFLAGS=--cap-lints=warn" "-e" "RUSTDOCFLAGS=--cap-lints=warn" "-e" "CARGO_HOME=/opt/rustwide/cargo-home" "-e" "RUSTUP_HOME=/opt/rustwide/rustup-home" "-w" "/opt/rustwide/workdir" "-m" "1610612736" "--user" "0:0" "--network" "none" "ghcr.io/rust-lang/crates-build-env/linux@sha256:5ff2268d62e97bff2cde7d5815dd6ed5b47097566f13b8d0ca110b04b60e07ed" "/opt/rustwide/cargo-home/bin/cargo" "+1.69.0" "doc" "--frozen" "--no-deps" "--document-private-items" "--message-format=json", kill_on_drop: false }`
[INFO] [stdout] 1562aa7ea03e25b86e7953386d8b84e9bdea81055e15259ead6874f4911e87da
[INFO] running `Command { std: "docker" "start" "-a" "1562aa7ea03e25b86e7953386d8b84e9bdea81055e15259ead6874f4911e87da", kill_on_drop: false }`
[INFO] [stderr]    Compiling libc v0.2.50
[INFO] [stderr]    Compiling autocfg v0.1.2
[INFO] [stderr]    Compiling rand_core v0.4.0
[INFO] [stderr]     Checking cfg-if v0.1.7
[INFO] [stderr]    Compiling arrayvec v0.4.10
[INFO] [stderr]    Compiling version_check v0.1.5
[INFO] [stderr]    Compiling proc-macro2 v0.4.27
[INFO] [stderr]    Compiling num-traits v0.2.6
[INFO] [stderr]     Checking nodrop v0.1.13
[INFO] [stderr]    Compiling unicode-xid v0.1.0
[INFO] [stderr]    Compiling rand_core v0.3.1
[INFO] [stderr]    Compiling syn v0.15.29
[INFO] [stderr]    Compiling num-integer v0.1.39
[INFO] [stderr]    Compiling unicase v1.4.2
[INFO] [stderr]    Compiling byteorder v1.3.1
[INFO] [stderr]    Compiling rand_chacha v0.1.1
[INFO] [stderr]    Compiling rand_pcg v0.1.2
[INFO] [stderr]    Compiling rand v0.6.5
[INFO] [stderr]    Compiling cc v1.0.31
[INFO] [stderr]    Compiling quote v0.6.11
[INFO] [stderr]    Compiling num-iter v0.1.37
[INFO] [stderr]    Compiling rand_os v0.1.3
[INFO] [stderr]    Compiling rand_hc v0.1.0
[INFO] [stderr]    Compiling rand_isaac v0.1.1
[INFO] [stderr]    Compiling rand_xorshift v0.1.1
[INFO] [stderr]    Compiling rand_jitter v0.1.3
[INFO] [stderr]    Compiling siphasher v0.2.3
[INFO] [stderr]     Checking crossbeam-utils v0.2.2
[INFO] [stderr]     Checking memoffset v0.2.1
[INFO] [stderr]    Compiling phf_shared v0.7.24
[INFO] [stderr]    Compiling rayon-core v1.4.1
[INFO] [stderr]     Checking lazy_static v1.3.0
[INFO] [stderr]     Checking scopeguard v0.3.3
[INFO] [stderr]     Checking bitflags v1.0.4
[INFO] [stderr]     Checking rand v0.4.6
[INFO] [stderr]     Checking crossbeam-epoch v0.3.1
[INFO] [stderr]    Compiling sdl2-sys v0.31.0
[INFO] [stderr]     Checking num_cpus v1.10.0
[INFO] [stderr]    Compiling rayon v1.0.3
[INFO] [stderr]     Checking adler32 v1.0.3
[INFO] [stderr]    Compiling unicode-xid v0.0.4
[INFO] [stderr]     Checking crossbeam-deque v0.2.0
[INFO] [stderr]    Compiling num-derive v0.2.4
[INFO] [stderr]    Compiling synom v0.11.3
[INFO] [stderr]    Compiling backtrace-sys v0.1.28
[INFO] [stderr]     Checking rand v0.3.23
[INFO] [stderr]     Checking num v0.1.42
[INFO] [stderr]    Compiling phf_generator v0.7.24
[INFO] [stderr]    Compiling phf_codegen v0.7.24
[INFO] [stderr]     Checking lzw v0.10.0
[INFO] [stderr]     Checking bitflags v0.7.0
[INFO] [stderr]    Compiling quote v0.3.15
[INFO] [stderr]     Checking scoped_threadpool v0.1.9
[INFO] [stderr]    Compiling num-rational v0.2.1
[INFO] [stderr]     Checking either v1.5.1
[INFO] [stderr]     Checking lazy_static v0.2.11
[INFO] [stderr]     Checking inflate v0.4.5
[INFO] [stderr]     Checking sdl2 v0.31.0
[INFO] [stderr]    Compiling syn v0.11.11
[INFO] [stderr]     Checking deflate v0.7.19
[INFO] [stderr]    Compiling backtrace v0.3.14
[INFO] [stderr]    Compiling failure_derive v0.1.5
[INFO] [stderr]     Checking color_quant v1.0.1
[INFO] [stderr]     Checking unicode-width v0.1.5
[INFO] [stderr]    Compiling serde v1.0.89
[INFO] [stderr]     Checking gif v0.10.1
[INFO] [stderr]     Checking png v0.14.0
[INFO] [stderr]     Checking phf v0.7.24
[INFO] [stderr]    Compiling decimal v2.0.4
[INFO] [stderr]     Checking orbclient v0.3.21
[INFO] [stderr]     Checking stb_truetype v0.2.6
[INFO] [stderr]     Checking log v0.4.6
[INFO] [stderr]     Checking jpeg-decoder v0.1.15
[INFO] [stderr]     Checking safe-transmute v0.10.1
[INFO] [stderr]    Compiling procedural-masquerade v0.1.6
[INFO] [stderr]     Checking linked-hash-map v0.5.2
[INFO] [stderr]     Checking rustc-demangle v0.1.13
[INFO] [stdout] error[E0793]: reference to packed field is unaligned
[INFO] [stdout]   --> /opt/rustwide/cargo-home/registry/src/github.com-1ecc6299db9ec823/orbclient-0.3.21/src/renderer.rs:45:32
[INFO] [stdout]    |
[INFO] [stdout] 45 |             let old = unsafe { &mut data[y as usize * w as usize + x as usize].data };
[INFO] [stdout]    |                                ^^^^^^^^^^^^^^^^^^^^^^^^^^^^^^^^^^^^^^^^^^^^^^^^^^^^
[INFO] [stdout]    |
[INFO] [stdout]    = note: fields of packed structs are not properly aligned, and creating a misaligned reference is undefined behavior (even if that reference is never dereferenced)
[INFO] [stdout]    = help: copy the field contents to a local variable, or replace the reference with a raw pointer and use `read_unaligned`/`write_unaligned` (loads and stores via `*p` must be properly aligned even when using raw pointers)
[INFO] [stdout] 
[INFO] [stdout] 
[INFO] [stderr]     Checking constant_time_eq v0.1.3
[INFO] [stdout] error[E0793]: reference to packed field is unaligned
[INFO] [stdout]    --> /opt/rustwide/cargo-home/registry/src/github.com-1ecc6299db9ec823/orbclient-0.3.21/src/renderer.rs:365:36
[INFO] [stdout]     |
[INFO] [stdout] 365 |                 let old = unsafe { &mut data[y as usize * self_w as usize + x as usize].data };
[INFO] [stdout]     |                                    ^^^^^^^^^^^^^^^^^^^^^^^^^^^^^^^^^^^^^^^^^^^^^^^^^^^^^^^^^
[INFO] [stdout]     |
[INFO] [stdout]     = note: fields of packed structs are not properly aligned, and creating a misaligned reference is undefined behavior (even if that reference is never dereferenced)
[INFO] [stdout]     = help: copy the field contents to a local variable, or replace the reference with a raw pointer and use `read_unaligned`/`write_unaligned` (loads and stores via `*p` must be properly aligned even when using raw pointers)
[INFO] [stdout] 
[INFO] [stdout] 
[INFO] [stdout] error[E0793]: reference to packed field is unaligned
[INFO] [stdout]    --> /opt/rustwide/cargo-home/registry/src/github.com-1ecc6299db9ec823/orbclient-0.3.21/src/renderer.rs:530:44
[INFO] [stdout]     |
[INFO] [stdout] 530 |                         let old = unsafe { &mut window_data[start + k].data };
[INFO] [stdout]     |                                            ^^^^^^^^^^^^^^^^^^^^^^^^^^^^^^^^
[INFO] [stdout]     |
[INFO] [stdout]     = note: fields of packed structs are not properly aligned, and creating a misaligned reference is undefined behavior (even if that reference is never dereferenced)
[INFO] [stdout]     = help: copy the field contents to a local variable, or replace the reference with a raw pointer and use `read_unaligned`/`write_unaligned` (loads and stores via `*p` must be properly aligned even when using raw pointers)
[INFO] [stdout] 
[INFO] [stdout] 
[INFO] [stdout] error: aborting due to 3 previous errors
[INFO] [stdout] 
[INFO] [stdout] 
[INFO] [stdout] For more information about this error, try `rustc --explain E0793`.
[INFO] [stdout] 
[INFO] [stderr] error: could not compile `orbclient` due to 4 previous errors
[INFO] [stderr] warning: build failed, waiting for other jobs to finish...
[INFO] running `Command { std: "docker" "inspect" "1562aa7ea03e25b86e7953386d8b84e9bdea81055e15259ead6874f4911e87da", kill_on_drop: false }`
[INFO] running `Command { std: "docker" "rm" "-f" "1562aa7ea03e25b86e7953386d8b84e9bdea81055e15259ead6874f4911e87da", kill_on_drop: false }`
[INFO] [stdout] 1562aa7ea03e25b86e7953386d8b84e9bdea81055e15259ead6874f4911e87da
