[INFO] cloning repository https://github.com/ivnm210/msp430fr5949
[INFO] running `Command { std: "git" "-c" "credential.helper=" "-c" "credential.helper=/workspace/cargo-home/bin/git-credential-null" "clone" "--bare" "https://github.com/ivnm210/msp430fr5949" "/workspace/cache/git-repos/https%3A%2F%2Fgithub.com%2Fivnm210%2Fmsp430fr5949", kill_on_drop: false }`
[INFO] [stderr] Cloning into bare repository '/workspace/cache/git-repos/https%3A%2F%2Fgithub.com%2Fivnm210%2Fmsp430fr5949'...
[INFO] running `Command { std: "git" "rev-parse" "HEAD", kill_on_drop: false }`
[INFO] [stdout] 1b3f470a80ab9445acb928c1f9cef68f4a3cbc3d
[INFO] documenting ivnm210/msp430fr5949 against 1.69.0 for beta-1.70-rustdoc-1
[INFO] running `Command { std: "git" "clone" "/workspace/cache/git-repos/https%3A%2F%2Fgithub.com%2Fivnm210%2Fmsp430fr5949" "/workspace/builds/worker-5-tc1/source", kill_on_drop: false }`
[INFO] [stderr] Cloning into '/workspace/builds/worker-5-tc1/source'...
[INFO] [stderr] done.
[INFO] validating manifest of git repo https://github.com/ivnm210/msp430fr5949 on toolchain 1.69.0
[INFO] running `Command { std: CARGO_HOME="/workspace/cargo-home" RUSTUP_HOME="/workspace/rustup-home" "/workspace/cargo-home/bin/cargo" "+1.69.0" "metadata" "--manifest-path" "Cargo.toml" "--no-deps", kill_on_drop: false }`
[INFO] started tweaking git repo https://github.com/ivnm210/msp430fr5949
[INFO] finished tweaking git repo https://github.com/ivnm210/msp430fr5949
[INFO] tweaked toml for git repo https://github.com/ivnm210/msp430fr5949 written to /workspace/builds/worker-5-tc1/source/Cargo.toml
[INFO] crate git repo https://github.com/ivnm210/msp430fr5949 already has a lockfile, it will not be regenerated
[INFO] running `Command { std: CARGO_HOME="/workspace/cargo-home" RUSTUP_HOME="/workspace/rustup-home" "/workspace/cargo-home/bin/cargo" "+1.69.0" "fetch" "--manifest-path" "Cargo.toml", kill_on_drop: false }`
[INFO] [stderr]  Downloading crates ...
[INFO] [stderr]   Downloaded msp430-atomic v0.1.4
[INFO] running `Command { std: "docker" "create" "-v" "/var/lib/crater-agent-workspace/builds/worker-5-tc1/target:/opt/rustwide/target:rw,Z" "-v" "/var/lib/crater-agent-workspace/builds/worker-5-tc1/source:/opt/rustwide/workdir:ro,Z" "-v" "/var/lib/crater-agent-workspace/cargo-home:/opt/rustwide/cargo-home:ro,Z" "-v" "/var/lib/crater-agent-workspace/rustup-home:/opt/rustwide/rustup-home:ro,Z" "-e" "SOURCE_DIR=/opt/rustwide/workdir" "-e" "CARGO_TARGET_DIR=/opt/rustwide/target" "-e" "CARGO_HOME=/opt/rustwide/cargo-home" "-e" "RUSTUP_HOME=/opt/rustwide/rustup-home" "-w" "/opt/rustwide/workdir" "-m" "1610612736" "--user" "0:0" "--network" "none" "ghcr.io/rust-lang/crates-build-env/linux@sha256:5ff2268d62e97bff2cde7d5815dd6ed5b47097566f13b8d0ca110b04b60e07ed" "/opt/rustwide/cargo-home/bin/cargo" "+1.69.0" "metadata" "--no-deps" "--format-version=1", kill_on_drop: false }`
[INFO] [stdout] 17ee02b2b848096c545b109f2ba1b60d2cef19c1297973bf0fc77d4e63bac69b
[INFO] running `Command { std: "docker" "start" "-a" "17ee02b2b848096c545b109f2ba1b60d2cef19c1297973bf0fc77d4e63bac69b", kill_on_drop: false }`
[INFO] running `Command { std: "docker" "inspect" "17ee02b2b848096c545b109f2ba1b60d2cef19c1297973bf0fc77d4e63bac69b", kill_on_drop: false }`
[INFO] running `Command { std: "docker" "rm" "-f" "17ee02b2b848096c545b109f2ba1b60d2cef19c1297973bf0fc77d4e63bac69b", kill_on_drop: false }`
[INFO] [stdout] 17ee02b2b848096c545b109f2ba1b60d2cef19c1297973bf0fc77d4e63bac69b
[INFO] running `Command { std: "docker" "create" "-v" "/var/lib/crater-agent-workspace/builds/worker-5-tc1/target:/opt/rustwide/target:rw,Z" "-v" "/var/lib/crater-agent-workspace/builds/worker-5-tc1/source:/opt/rustwide/workdir:ro,Z" "-v" "/var/lib/crater-agent-workspace/cargo-home:/opt/rustwide/cargo-home:ro,Z" "-v" "/var/lib/crater-agent-workspace/rustup-home:/opt/rustwide/rustup-home:ro,Z" "-e" "SOURCE_DIR=/opt/rustwide/workdir" "-e" "CARGO_TARGET_DIR=/opt/rustwide/target" "-e" "CARGO_INCREMENTAL=0" "-e" "RUST_BACKTRACE=full" "-e" "RUSTFLAGS=--cap-lints=warn" "-e" "RUSTDOCFLAGS=--cap-lints=warn" "-e" "CARGO_HOME=/opt/rustwide/cargo-home" "-e" "RUSTUP_HOME=/opt/rustwide/rustup-home" "-w" "/opt/rustwide/workdir" "-m" "1610612736" "--user" "0:0" "--network" "none" "ghcr.io/rust-lang/crates-build-env/linux@sha256:5ff2268d62e97bff2cde7d5815dd6ed5b47097566f13b8d0ca110b04b60e07ed" "/opt/rustwide/cargo-home/bin/cargo" "+1.69.0" "doc" "--frozen" "--no-deps" "--document-private-items" "--message-format=json", kill_on_drop: false }`
[INFO] [stdout] ebef571982702d77a291b6d229e0f8244380df3e1291a8eb9c495b40c12e77c3
[INFO] running `Command { std: "docker" "start" "-a" "ebef571982702d77a291b6d229e0f8244380df3e1291a8eb9c495b40c12e77c3", kill_on_drop: false }`
[INFO] [stderr]     Blocking waiting for file lock on package cache
[INFO] [stderr]     Checking critical-section v1.1.1
[INFO] [stderr]    Compiling msp430fr5949 v0.1.1 (/opt/rustwide/workdir)
[INFO] [stderr]     Checking bare-metal v1.0.0
[INFO] [stderr]     Checking vcell v0.1.3
[INFO] [stderr]     Checking msp430-atomic v0.1.4
[INFO] [stderr]     Checking msp430 v0.4.0
[INFO] [stdout] error[E0425]: cannot find function `atomic_store` in module `core::intrinsics`
[INFO] [stdout]    --> /opt/rustwide/cargo-home/registry/src/github.com-1ecc6299db9ec823/msp430-atomic-0.1.4/src/lib.rs:679:37
[INFO] [stdout]     |
[INFO] [stdout] 679 |                   ::core::intrinsics::atomic_store(dst, val);
[INFO] [stdout]     |                                       ^^^^^^^^^^^^ not found in `core::intrinsics`
[INFO] [stdout] ...
[INFO] [stdout] 720 | / atomic_int! {
[INFO] [stdout] 721 | |     i8 AtomicI8 ATOMIC_I8_INIT ".b"
[INFO] [stdout] 722 | | }
[INFO] [stdout]     | |_- in this macro invocation
[INFO] [stdout]     |
[INFO] [stdout]     = note: this error originates in the macro `atomic_int` (in Nightly builds, run with -Z macro-backtrace for more info)
[INFO] [stdout] 
[INFO] [stdout] 
[INFO] [stdout] error[E0425]: cannot find function `atomic_load` in module `core::intrinsics`
[INFO] [stdout]    --> /opt/rustwide/cargo-home/registry/src/github.com-1ecc6299db9ec823/msp430-atomic-0.1.4/src/lib.rs:684:37
[INFO] [stdout]     |
[INFO] [stdout] 684 |                   ::core::intrinsics::atomic_load(dst)
[INFO] [stdout]     |                                       ^^^^^^^^^^^ not found in `core::intrinsics`
[INFO] [stdout] ...
[INFO] [stdout] 720 | / atomic_int! {
[INFO] [stdout] 721 | |     i8 AtomicI8 ATOMIC_I8_INIT ".b"
[INFO] [stdout] 722 | | }
[INFO] [stdout]     | |_- in this macro invocation
[INFO] [stdout]     |
[INFO] [stdout]     = note: this error originates in the macro `atomic_int` (in Nightly builds, run with -Z macro-backtrace for more info)
[INFO] [stdout] 
[INFO] [stdout] 
[INFO] [stdout] error[E0425]: cannot find function `atomic_xadd` in module `core::intrinsics`
[INFO] [stdout]    --> /opt/rustwide/cargo-home/registry/src/github.com-1ecc6299db9ec823/msp430-atomic-0.1.4/src/lib.rs:689:37
[INFO] [stdout]     |
[INFO] [stdout] 689 |                   ::core::intrinsics::atomic_xadd(dst, val);
[INFO] [stdout]     |                                       ^^^^^^^^^^^ not found in `core::intrinsics`
[INFO] [stdout] ...
[INFO] [stdout] 720 | / atomic_int! {
[INFO] [stdout] 721 | |     i8 AtomicI8 ATOMIC_I8_INIT ".b"
[INFO] [stdout] 722 | | }
[INFO] [stdout]     | |_- in this macro invocation
[INFO] [stdout]     |
[INFO] [stdout]     = note: this error originates in the macro `atomic_int` (in Nightly builds, run with -Z macro-backtrace for more info)
[INFO] [stdout] 
[INFO] [stdout] 
[INFO] [stdout] error[E0425]: cannot find function `atomic_xsub` in module `core::intrinsics`
[INFO] [stdout]    --> /opt/rustwide/cargo-home/registry/src/github.com-1ecc6299db9ec823/msp430-atomic-0.1.4/src/lib.rs:694:37
[INFO] [stdout]     |
[INFO] [stdout] 694 |                   ::core::intrinsics::atomic_xsub(dst, val);
[INFO] [stdout]     |                                       ^^^^^^^^^^^ not found in `core::intrinsics`
[INFO] [stdout] ...
[INFO] [stdout] 720 | / atomic_int! {
[INFO] [stdout] 721 | |     i8 AtomicI8 ATOMIC_I8_INIT ".b"
[INFO] [stdout] 722 | | }
[INFO] [stdout]     | |_- in this macro invocation
[INFO] [stdout]     |
[INFO] [stdout]     = note: this error originates in the macro `atomic_int` (in Nightly builds, run with -Z macro-backtrace for more info)
[INFO] [stdout] 
[INFO] [stdout] 
[INFO] [stdout] error[E0425]: cannot find function `atomic_and` in module `core::intrinsics`
[INFO] [stdout]    --> /opt/rustwide/cargo-home/registry/src/github.com-1ecc6299db9ec823/msp430-atomic-0.1.4/src/lib.rs:699:37
[INFO] [stdout]     |
[INFO] [stdout] 699 |                   ::core::intrinsics::atomic_and(dst, val);
[INFO] [stdout]     |                                       ^^^^^^^^^^ not found in `core::intrinsics`
[INFO] [stdout] ...
[INFO] [stdout] 720 | / atomic_int! {
[INFO] [stdout] 721 | |     i8 AtomicI8 ATOMIC_I8_INIT ".b"
[INFO] [stdout] 722 | | }
[INFO] [stdout]     | |_- in this macro invocation
[INFO] [stdout]     |
[INFO] [stdout]     = note: this error originates in the macro `atomic_int` (in Nightly builds, run with -Z macro-backtrace for more info)
[INFO] [stdout] 
[INFO] [stdout] 
[INFO] [stdout] error[E0425]: cannot find function `atomic_and` in module `core::intrinsics`
[INFO] [stdout]    --> /opt/rustwide/cargo-home/registry/src/github.com-1ecc6299db9ec823/msp430-atomic-0.1.4/src/lib.rs:704:37
[INFO] [stdout]     |
[INFO] [stdout] 704 |                   ::core::intrinsics::atomic_and(dst, !val);
[INFO] [stdout]     |                                       ^^^^^^^^^^ not found in `core::intrinsics`
[INFO] [stdout] ...
[INFO] [stdout] 720 | / atomic_int! {
[INFO] [stdout] 721 | |     i8 AtomicI8 ATOMIC_I8_INIT ".b"
[INFO] [stdout] 722 | | }
[INFO] [stdout]     | |_- in this macro invocation
[INFO] [stdout]     |
[INFO] [stdout]     = note: this error originates in the macro `atomic_int` (in Nightly builds, run with -Z macro-backtrace for more info)
[INFO] [stdout] 
[INFO] [stdout] 
[INFO] [stdout] error[E0425]: cannot find function `atomic_or` in module `core::intrinsics`
[INFO] [stdout]    --> /opt/rustwide/cargo-home/registry/src/github.com-1ecc6299db9ec823/msp430-atomic-0.1.4/src/lib.rs:709:37
[INFO] [stdout]     |
[INFO] [stdout] 709 |                   ::core::intrinsics::atomic_or(dst, val);
[INFO] [stdout]     |                                       ^^^^^^^^^ not found in `core::intrinsics`
[INFO] [stdout] ...
[INFO] [stdout] 720 | / atomic_int! {
[INFO] [stdout] 721 | |     i8 AtomicI8 ATOMIC_I8_INIT ".b"
[INFO] [stdout] 722 | | }
[INFO] [stdout]     | |_- in this macro invocation
[INFO] [stdout]     |
[INFO] [stdout]     = note: this error originates in the macro `atomic_int` (in Nightly builds, run with -Z macro-backtrace for more info)
[INFO] [stdout] 
[INFO] [stdout] 
[INFO] [stdout] error[E0425]: cannot find function `atomic_xor` in module `core::intrinsics`
[INFO] [stdout]    --> /opt/rustwide/cargo-home/registry/src/github.com-1ecc6299db9ec823/msp430-atomic-0.1.4/src/lib.rs:714:37
[INFO] [stdout]     |
[INFO] [stdout] 714 |                   ::core::intrinsics::atomic_xor(dst, val);
[INFO] [stdout]     |                                       ^^^^^^^^^^ not found in `core::intrinsics`
[INFO] [stdout] ...
[INFO] [stdout] 720 | / atomic_int! {
[INFO] [stdout] 721 | |     i8 AtomicI8 ATOMIC_I8_INIT ".b"
[INFO] [stdout] 722 | | }
[INFO] [stdout]     | |_- in this macro invocation
[INFO] [stdout]     |
[INFO] [stdout]     = note: this error originates in the macro `atomic_int` (in Nightly builds, run with -Z macro-backtrace for more info)
[INFO] [stdout] 
[INFO] [stdout] 
[INFO] [stdout] error[E0425]: cannot find function `atomic_store` in module `core::intrinsics`
[INFO] [stdout]    --> /opt/rustwide/cargo-home/registry/src/github.com-1ecc6299db9ec823/msp430-atomic-0.1.4/src/lib.rs:679:37
[INFO] [stdout]     |
[INFO] [stdout] 679 |                   ::core::intrinsics::atomic_store(dst, val);
[INFO] [stdout]     |                                       ^^^^^^^^^^^^ not found in `core::intrinsics`
[INFO] [stdout] ...
[INFO] [stdout] 724 | / atomic_int! {
[INFO] [stdout] 725 | |     u8 AtomicU8 ATOMIC_U8_INIT ".b"
[INFO] [stdout] 726 | | }
[INFO] [stdout]     | |_- in this macro invocation
[INFO] [stdout]     |
[INFO] [stdout]     = note: this error originates in the macro `atomic_int` (in Nightly builds, run with -Z macro-backtrace for more info)
[INFO] [stdout] 
[INFO] [stdout] 
[INFO] [stdout] error[E0425]: cannot find function `atomic_load` in module `core::intrinsics`
[INFO] [stdout]    --> /opt/rustwide/cargo-home/registry/src/github.com-1ecc6299db9ec823/msp430-atomic-0.1.4/src/lib.rs:684:37
[INFO] [stdout]     |
[INFO] [stdout] 684 |                   ::core::intrinsics::atomic_load(dst)
[INFO] [stdout]     |                                       ^^^^^^^^^^^ not found in `core::intrinsics`
[INFO] [stdout] ...
[INFO] [stdout] 724 | / atomic_int! {
[INFO] [stdout] 725 | |     u8 AtomicU8 ATOMIC_U8_INIT ".b"
[INFO] [stdout] 726 | | }
[INFO] [stdout]     | |_- in this macro invocation
[INFO] [stdout]     |
[INFO] [stdout]     = note: this error originates in the macro `atomic_int` (in Nightly builds, run with -Z macro-backtrace for more info)
[INFO] [stdout] 
[INFO] [stdout] 
[INFO] [stdout] error[E0425]: cannot find function `atomic_xadd` in module `core::intrinsics`
[INFO] [stdout]    --> /opt/rustwide/cargo-home/registry/src/github.com-1ecc6299db9ec823/msp430-atomic-0.1.4/src/lib.rs:689:37
[INFO] [stdout]     |
[INFO] [stdout] 689 |                   ::core::intrinsics::atomic_xadd(dst, val);
[INFO] [stdout]     |                                       ^^^^^^^^^^^ not found in `core::intrinsics`
[INFO] [stdout] ...
[INFO] [stdout] 724 | / atomic_int! {
[INFO] [stdout] 725 | |     u8 AtomicU8 ATOMIC_U8_INIT ".b"
[INFO] [stdout] 726 | | }
[INFO] [stdout]     | |_- in this macro invocation
[INFO] [stdout]     |
[INFO] [stdout]     = note: this error originates in the macro `atomic_int` (in Nightly builds, run with -Z macro-backtrace for more info)
[INFO] [stdout] 
[INFO] [stdout] 
[INFO] [stdout] error[E0425]: cannot find function `atomic_xsub` in module `core::intrinsics`
[INFO] [stdout]    --> /opt/rustwide/cargo-home/registry/src/github.com-1ecc6299db9ec823/msp430-atomic-0.1.4/src/lib.rs:694:37
[INFO] [stdout]     |
[INFO] [stdout] 694 |                   ::core::intrinsics::atomic_xsub(dst, val);
[INFO] [stdout]     |                                       ^^^^^^^^^^^ not found in `core::intrinsics`
[INFO] [stdout] ...
[INFO] [stdout] 724 | / atomic_int! {
[INFO] [stdout] 725 | |     u8 AtomicU8 ATOMIC_U8_INIT ".b"
[INFO] [stdout] 726 | | }
[INFO] [stdout]     | |_- in this macro invocation
[INFO] [stdout]     |
[INFO] [stdout]     = note: this error originates in the macro `atomic_int` (in Nightly builds, run with -Z macro-backtrace for more info)
[INFO] [stdout] 
[INFO] [stdout] 
[INFO] [stdout] error[E0425]: cannot find function `atomic_and` in module `core::intrinsics`
[INFO] [stdout]    --> /opt/rustwide/cargo-home/registry/src/github.com-1ecc6299db9ec823/msp430-atomic-0.1.4/src/lib.rs:699:37
[INFO] [stdout]     |
[INFO] [stdout] 699 |                   ::core::intrinsics::atomic_and(dst, val);
[INFO] [stdout]     |                                       ^^^^^^^^^^ not found in `core::intrinsics`
[INFO] [stdout] ...
[INFO] [stdout] 724 | / atomic_int! {
[INFO] [stdout] 725 | |     u8 AtomicU8 ATOMIC_U8_INIT ".b"
[INFO] [stdout] 726 | | }
[INFO] [stdout]     | |_- in this macro invocation
[INFO] [stdout]     |
[INFO] [stdout]     = note: this error originates in the macro `atomic_int` (in Nightly builds, run with -Z macro-backtrace for more info)
[INFO] [stdout] 
[INFO] [stdout] 
[INFO] [stdout] error[E0425]: cannot find function `atomic_and` in module `core::intrinsics`
[INFO] [stdout]    --> /opt/rustwide/cargo-home/registry/src/github.com-1ecc6299db9ec823/msp430-atomic-0.1.4/src/lib.rs:704:37
[INFO] [stdout]     |
[INFO] [stdout] 704 |                   ::core::intrinsics::atomic_and(dst, !val);
[INFO] [stdout]     |                                       ^^^^^^^^^^ not found in `core::intrinsics`
[INFO] [stdout] ...
[INFO] [stdout] 724 | / atomic_int! {
[INFO] [stdout] 725 | |     u8 AtomicU8 ATOMIC_U8_INIT ".b"
[INFO] [stdout] 726 | | }
[INFO] [stdout]     | |_- in this macro invocation
[INFO] [stdout]     |
[INFO] [stdout]     = note: this error originates in the macro `atomic_int` (in Nightly builds, run with -Z macro-backtrace for more info)
[INFO] [stdout] 
[INFO] [stdout] 
[INFO] [stdout] error[E0425]: cannot find function `atomic_or` in module `core::intrinsics`
[INFO] [stdout]    --> /opt/rustwide/cargo-home/registry/src/github.com-1ecc6299db9ec823/msp430-atomic-0.1.4/src/lib.rs:709:37
[INFO] [stdout]     |
[INFO] [stdout] 709 |                   ::core::intrinsics::atomic_or(dst, val);
[INFO] [stdout]     |                                       ^^^^^^^^^ not found in `core::intrinsics`
[INFO] [stdout] ...
[INFO] [stdout] 724 | / atomic_int! {
[INFO] [stdout] 725 | |     u8 AtomicU8 ATOMIC_U8_INIT ".b"
[INFO] [stdout] 726 | | }
[INFO] [stdout]     | |_- in this macro invocation
[INFO] [stdout]     |
[INFO] [stdout]     = note: this error originates in the macro `atomic_int` (in Nightly builds, run with -Z macro-backtrace for more info)
[INFO] [stdout] 
[INFO] [stdout] 
[INFO] [stdout] error[E0425]: cannot find function `atomic_xor` in module `core::intrinsics`
[INFO] [stdout]    --> /opt/rustwide/cargo-home/registry/src/github.com-1ecc6299db9ec823/msp430-atomic-0.1.4/src/lib.rs:714:37
[INFO] [stdout]     |
[INFO] [stdout] 714 |                   ::core::intrinsics::atomic_xor(dst, val);
[INFO] [stdout]     |                                       ^^^^^^^^^^ not found in `core::intrinsics`
[INFO] [stdout] ...
[INFO] [stdout] 724 | / atomic_int! {
[INFO] [stdout] 725 | |     u8 AtomicU8 ATOMIC_U8_INIT ".b"
[INFO] [stdout] 726 | | }
[INFO] [stdout]     | |_- in this macro invocation
[INFO] [stdout]     |
[INFO] [stdout]     = note: this error originates in the macro `atomic_int` (in Nightly builds, run with -Z macro-backtrace for more info)
[INFO] [stdout] 
[INFO] [stdout] 
[INFO] [stdout] error[E0425]: cannot find function `atomic_store` in module `core::intrinsics`
[INFO] [stdout]    --> /opt/rustwide/cargo-home/registry/src/github.com-1ecc6299db9ec823/msp430-atomic-0.1.4/src/lib.rs:679:37
[INFO] [stdout]     |
[INFO] [stdout] 679 |                   ::core::intrinsics::atomic_store(dst, val);
[INFO] [stdout]     |                                       ^^^^^^^^^^^^ not found in `core::intrinsics`
[INFO] [stdout] ...
[INFO] [stdout] 728 | / atomic_int! {
[INFO] [stdout] 729 | |     i16 AtomicI16 ATOMIC_I16_INIT ".w"
[INFO] [stdout] 730 | | }
[INFO] [stdout]     | |_- in this macro invocation
[INFO] [stdout]     |
[INFO] [stdout]     = note: this error originates in the macro `atomic_int` (in Nightly builds, run with -Z macro-backtrace for more info)
[INFO] [stdout] 
[INFO] [stdout] 
[INFO] [stdout] error[E0425]: cannot find function `atomic_load` in module `core::intrinsics`
[INFO] [stdout]    --> /opt/rustwide/cargo-home/registry/src/github.com-1ecc6299db9ec823/msp430-atomic-0.1.4/src/lib.rs:684:37
[INFO] [stdout]     |
[INFO] [stdout] 684 |                   ::core::intrinsics::atomic_load(dst)
[INFO] [stdout]     |                                       ^^^^^^^^^^^ not found in `core::intrinsics`
[INFO] [stdout] ...
[INFO] [stdout] 728 | / atomic_int! {
[INFO] [stdout] 729 | |     i16 AtomicI16 ATOMIC_I16_INIT ".w"
[INFO] [stdout] 730 | | }
[INFO] [stdout]     | |_- in this macro invocation
[INFO] [stdout]     |
[INFO] [stdout]     = note: this error originates in the macro `atomic_int` (in Nightly builds, run with -Z macro-backtrace for more info)
[INFO] [stdout] 
[INFO] [stdout] 
[INFO] [stdout] error[E0425]: cannot find function `atomic_xadd` in module `core::intrinsics`
[INFO] [stdout]    --> /opt/rustwide/cargo-home/registry/src/github.com-1ecc6299db9ec823/msp430-atomic-0.1.4/src/lib.rs:689:37
[INFO] [stdout]     |
[INFO] [stdout] 689 |                   ::core::intrinsics::atomic_xadd(dst, val);
[INFO] [stdout]     |                                       ^^^^^^^^^^^ not found in `core::intrinsics`
[INFO] [stdout] ...
[INFO] [stdout] 728 | / atomic_int! {
[INFO] [stdout] 729 | |     i16 AtomicI16 ATOMIC_I16_INIT ".w"
[INFO] [stdout] 730 | | }
[INFO] [stdout]     | |_- in this macro invocation
[INFO] [stdout]     |
[INFO] [stdout]     = note: this error originates in the macro `atomic_int` (in Nightly builds, run with -Z macro-backtrace for more info)
[INFO] [stdout] 
[INFO] [stdout] 
[INFO] [stdout] error[E0425]: cannot find function `atomic_xsub` in module `core::intrinsics`
[INFO] [stdout]    --> /opt/rustwide/cargo-home/registry/src/github.com-1ecc6299db9ec823/msp430-atomic-0.1.4/src/lib.rs:694:37
[INFO] [stdout]     |
[INFO] [stdout] 694 |                   ::core::intrinsics::atomic_xsub(dst, val);
[INFO] [stdout]     |                                       ^^^^^^^^^^^ not found in `core::intrinsics`
[INFO] [stdout] ...
[INFO] [stdout] 728 | / atomic_int! {
[INFO] [stdout] 729 | |     i16 AtomicI16 ATOMIC_I16_INIT ".w"
[INFO] [stdout] 730 | | }
[INFO] [stdout]     | |_- in this macro invocation
[INFO] [stdout]     |
[INFO] [stdout]     = note: this error originates in the macro `atomic_int` (in Nightly builds, run with -Z macro-backtrace for more info)
[INFO] [stdout] 
[INFO] [stdout] 
[INFO] [stdout] error[E0425]: cannot find function `atomic_and` in module `core::intrinsics`
[INFO] [stdout]    --> /opt/rustwide/cargo-home/registry/src/github.com-1ecc6299db9ec823/msp430-atomic-0.1.4/src/lib.rs:699:37
[INFO] [stdout]     |
[INFO] [stdout] 699 |                   ::core::intrinsics::atomic_and(dst, val);
[INFO] [stdout]     |                                       ^^^^^^^^^^ not found in `core::intrinsics`
[INFO] [stdout] ...
[INFO] [stdout] 728 | / atomic_int! {
[INFO] [stdout] 729 | |     i16 AtomicI16 ATOMIC_I16_INIT ".w"
[INFO] [stdout] 730 | | }
[INFO] [stdout]     | |_- in this macro invocation
[INFO] [stdout]     |
[INFO] [stdout]     = note: this error originates in the macro `atomic_int` (in Nightly builds, run with -Z macro-backtrace for more info)
[INFO] [stdout] 
[INFO] [stdout] 
[INFO] [stdout] error[E0425]: cannot find function `atomic_and` in module `core::intrinsics`
[INFO] [stdout]    --> /opt/rustwide/cargo-home/registry/src/github.com-1ecc6299db9ec823/msp430-atomic-0.1.4/src/lib.rs:704:37
[INFO] [stdout]     |
[INFO] [stdout] 704 |                   ::core::intrinsics::atomic_and(dst, !val);
[INFO] [stdout]     |                                       ^^^^^^^^^^ not found in `core::intrinsics`
[INFO] [stdout] ...
[INFO] [stdout] 728 | / atomic_int! {
[INFO] [stdout] 729 | |     i16 AtomicI16 ATOMIC_I16_INIT ".w"
[INFO] [stdout] 730 | | }
[INFO] [stdout]     | |_- in this macro invocation
[INFO] [stdout]     |
[INFO] [stdout]     = note: this error originates in the macro `atomic_int` (in Nightly builds, run with -Z macro-backtrace for more info)
[INFO] [stdout] 
[INFO] [stdout] 
[INFO] [stdout] error[E0425]: cannot find function `atomic_or` in module `core::intrinsics`
[INFO] [stdout]    --> /opt/rustwide/cargo-home/registry/src/github.com-1ecc6299db9ec823/msp430-atomic-0.1.4/src/lib.rs:709:37
[INFO] [stdout]     |
[INFO] [stdout] 709 |                   ::core::intrinsics::atomic_or(dst, val);
[INFO] [stdout]     |                                       ^^^^^^^^^ not found in `core::intrinsics`
[INFO] [stdout] ...
[INFO] [stdout] 728 | / atomic_int! {
[INFO] [stdout] 729 | |     i16 AtomicI16 ATOMIC_I16_INIT ".w"
[INFO] [stdout] 730 | | }
[INFO] [stdout]     | |_- in this macro invocation
[INFO] [stdout]     |
[INFO] [stdout]     = note: this error originates in the macro `atomic_int` (in Nightly builds, run with -Z macro-backtrace for more info)
[INFO] [stdout] 
[INFO] [stdout] 
[INFO] [stdout] error[E0425]: cannot find function `atomic_xor` in module `core::intrinsics`
[INFO] [stdout]    --> /opt/rustwide/cargo-home/registry/src/github.com-1ecc6299db9ec823/msp430-atomic-0.1.4/src/lib.rs:714:37
[INFO] [stdout]     |
[INFO] [stdout] 714 |                   ::core::intrinsics::atomic_xor(dst, val);
[INFO] [stdout]     |                                       ^^^^^^^^^^ not found in `core::intrinsics`
[INFO] [stdout] ...
[INFO] [stdout] 728 | / atomic_int! {
[INFO] [stdout] 729 | |     i16 AtomicI16 ATOMIC_I16_INIT ".w"
[INFO] [stdout] 730 | | }
[INFO] [stdout]     | |_- in this macro invocation
[INFO] [stdout]     |
[INFO] [stdout]     = note: this error originates in the macro `atomic_int` (in Nightly builds, run with -Z macro-backtrace for more info)
[INFO] [stdout] 
[INFO] [stdout] 
[INFO] [stdout] error[E0425]: cannot find function `atomic_store` in module `core::intrinsics`
[INFO] [stdout]    --> /opt/rustwide/cargo-home/registry/src/github.com-1ecc6299db9ec823/msp430-atomic-0.1.4/src/lib.rs:679:37
[INFO] [stdout]     |
[INFO] [stdout] 679 |                   ::core::intrinsics::atomic_store(dst, val);
[INFO] [stdout]     |                                       ^^^^^^^^^^^^ not found in `core::intrinsics`
[INFO] [stdout] ...
[INFO] [stdout] 732 | / atomic_int! {
[INFO] [stdout] 733 | |     u16 AtomicU16 ATOMIC_U16_INIT ".w"
[INFO] [stdout] 734 | | }
[INFO] [stdout]     | |_- in this macro invocation
[INFO] [stdout]     |
[INFO] [stdout]     = note: this error originates in the macro `atomic_int` (in Nightly builds, run with -Z macro-backtrace for more info)
[INFO] [stdout] 
[INFO] [stdout] 
[INFO] [stdout] error[E0425]: cannot find function `atomic_load` in module `core::intrinsics`
[INFO] [stdout]    --> /opt/rustwide/cargo-home/registry/src/github.com-1ecc6299db9ec823/msp430-atomic-0.1.4/src/lib.rs:684:37
[INFO] [stdout]     |
[INFO] [stdout] 684 |                   ::core::intrinsics::atomic_load(dst)
[INFO] [stdout]     |                                       ^^^^^^^^^^^ not found in `core::intrinsics`
[INFO] [stdout] ...
[INFO] [stdout] 732 | / atomic_int! {
[INFO] [stdout] 733 | |     u16 AtomicU16 ATOMIC_U16_INIT ".w"
[INFO] [stdout] 734 | | }
[INFO] [stdout]     | |_- in this macro invocation
[INFO] [stdout]     |
[INFO] [stdout]     = note: this error originates in the macro `atomic_int` (in Nightly builds, run with -Z macro-backtrace for more info)
[INFO] [stdout] 
[INFO] [stdout] 
[INFO] [stdout] error[E0425]: cannot find function `atomic_xadd` in module `core::intrinsics`
[INFO] [stdout]    --> /opt/rustwide/cargo-home/registry/src/github.com-1ecc6299db9ec823/msp430-atomic-0.1.4/src/lib.rs:689:37
[INFO] [stdout]     |
[INFO] [stdout] 689 |                   ::core::intrinsics::atomic_xadd(dst, val);
[INFO] [stdout]     |                                       ^^^^^^^^^^^ not found in `core::intrinsics`
[INFO] [stdout] ...
[INFO] [stdout] 732 | / atomic_int! {
[INFO] [stdout] 733 | |     u16 AtomicU16 ATOMIC_U16_INIT ".w"
[INFO] [stdout] 734 | | }
[INFO] [stdout]     | |_- in this macro invocation
[INFO] [stdout]     |
[INFO] [stdout]     = note: this error originates in the macro `atomic_int` (in Nightly builds, run with -Z macro-backtrace for more info)
[INFO] [stdout] 
[INFO] [stdout] 
[INFO] [stdout] error[E0425]: cannot find function `atomic_xsub` in module `core::intrinsics`
[INFO] [stdout]    --> /opt/rustwide/cargo-home/registry/src/github.com-1ecc6299db9ec823/msp430-atomic-0.1.4/src/lib.rs:694:37
[INFO] [stdout]     |
[INFO] [stdout] 694 |                   ::core::intrinsics::atomic_xsub(dst, val);
[INFO] [stdout]     |                                       ^^^^^^^^^^^ not found in `core::intrinsics`
[INFO] [stdout] ...
[INFO] [stdout] 732 | / atomic_int! {
[INFO] [stdout] 733 | |     u16 AtomicU16 ATOMIC_U16_INIT ".w"
[INFO] [stdout] 734 | | }
[INFO] [stdout]     | |_- in this macro invocation
[INFO] [stdout]     |
[INFO] [stdout]     = note: this error originates in the macro `atomic_int` (in Nightly builds, run with -Z macro-backtrace for more info)
[INFO] [stdout] 
[INFO] [stdout] 
[INFO] [stdout] error[E0425]: cannot find function `atomic_and` in module `core::intrinsics`
[INFO] [stdout]    --> /opt/rustwide/cargo-home/registry/src/github.com-1ecc6299db9ec823/msp430-atomic-0.1.4/src/lib.rs:699:37
[INFO] [stdout]     |
[INFO] [stdout] 699 |                   ::core::intrinsics::atomic_and(dst, val);
[INFO] [stdout]     |                                       ^^^^^^^^^^ not found in `core::intrinsics`
[INFO] [stdout] ...
[INFO] [stdout] 732 | / atomic_int! {
[INFO] [stdout] 733 | |     u16 AtomicU16 ATOMIC_U16_INIT ".w"
[INFO] [stdout] 734 | | }
[INFO] [stdout]     | |_- in this macro invocation
[INFO] [stdout]     |
[INFO] [stdout]     = note: this error originates in the macro `atomic_int` (in Nightly builds, run with -Z macro-backtrace for more info)
[INFO] [stdout] 
[INFO] [stdout] 
[INFO] [stdout] error[E0425]: cannot find function `atomic_and` in module `core::intrinsics`
[INFO] [stdout]    --> /opt/rustwide/cargo-home/registry/src/github.com-1ecc6299db9ec823/msp430-atomic-0.1.4/src/lib.rs:704:37
[INFO] [stdout]     |
[INFO] [stdout] 704 |                   ::core::intrinsics::atomic_and(dst, !val);
[INFO] [stdout]     |                                       ^^^^^^^^^^ not found in `core::intrinsics`
[INFO] [stdout] ...
[INFO] [stdout] 732 | / atomic_int! {
[INFO] [stdout] 733 | |     u16 AtomicU16 ATOMIC_U16_INIT ".w"
[INFO] [stdout] 734 | | }
[INFO] [stdout]     | |_- in this macro invocation
[INFO] [stdout]     |
[INFO] [stdout]     = note: this error originates in the macro `atomic_int` (in Nightly builds, run with -Z macro-backtrace for more info)
[INFO] [stdout] 
[INFO] [stdout] 
[INFO] [stdout] error[E0425]: cannot find function `atomic_or` in module `core::intrinsics`
[INFO] [stdout]    --> /opt/rustwide/cargo-home/registry/src/github.com-1ecc6299db9ec823/msp430-atomic-0.1.4/src/lib.rs:709:37
[INFO] [stdout]     |
[INFO] [stdout] 709 |                   ::core::intrinsics::atomic_or(dst, val);
[INFO] [stdout]     |                                       ^^^^^^^^^ not found in `core::intrinsics`
[INFO] [stdout] ...
[INFO] [stdout] 732 | / atomic_int! {
[INFO] [stdout] 733 | |     u16 AtomicU16 ATOMIC_U16_INIT ".w"
[INFO] [stdout] 734 | | }
[INFO] [stdout]     | |_- in this macro invocation
[INFO] [stdout]     |
[INFO] [stdout]     = note: this error originates in the macro `atomic_int` (in Nightly builds, run with -Z macro-backtrace for more info)
[INFO] [stdout] 
[INFO] [stdout] 
[INFO] [stdout] error[E0425]: cannot find function `atomic_xor` in module `core::intrinsics`
[INFO] [stdout]    --> /opt/rustwide/cargo-home/registry/src/github.com-1ecc6299db9ec823/msp430-atomic-0.1.4/src/lib.rs:714:37
[INFO] [stdout]     |
[INFO] [stdout] 714 |                   ::core::intrinsics::atomic_xor(dst, val);
[INFO] [stdout]     |                                       ^^^^^^^^^^ not found in `core::intrinsics`
[INFO] [stdout] ...
[INFO] [stdout] 732 | / atomic_int! {
[INFO] [stdout] 733 | |     u16 AtomicU16 ATOMIC_U16_INIT ".w"
[INFO] [stdout] 734 | | }
[INFO] [stdout]     | |_- in this macro invocation
[INFO] [stdout]     |
[INFO] [stdout]     = note: this error originates in the macro `atomic_int` (in Nightly builds, run with -Z macro-backtrace for more info)
[INFO] [stdout] 
[INFO] [stdout] 
[INFO] [stdout] error[E0425]: cannot find function `atomic_store` in module `core::intrinsics`
[INFO] [stdout]    --> /opt/rustwide/cargo-home/registry/src/github.com-1ecc6299db9ec823/msp430-atomic-0.1.4/src/lib.rs:679:37
[INFO] [stdout]     |
[INFO] [stdout] 679 |                   ::core::intrinsics::atomic_store(dst, val);
[INFO] [stdout]     |                                       ^^^^^^^^^^^^ not found in `core::intrinsics`
[INFO] [stdout] ...
[INFO] [stdout] 736 | / atomic_int! {
[INFO] [stdout] 737 | |     isize AtomicIsize ATOMIC_ISIZE_INIT ".w"
[INFO] [stdout] 738 | | }
[INFO] [stdout]     | |_- in this macro invocation
[INFO] [stdout]     |
[INFO] [stdout]     = note: this error originates in the macro `atomic_int` (in Nightly builds, run with -Z macro-backtrace for more info)
[INFO] [stdout] 
[INFO] [stdout] 
[INFO] [stdout] error[E0425]: cannot find function `atomic_load` in module `core::intrinsics`
[INFO] [stdout]    --> /opt/rustwide/cargo-home/registry/src/github.com-1ecc6299db9ec823/msp430-atomic-0.1.4/src/lib.rs:684:37
[INFO] [stdout]     |
[INFO] [stdout] 684 |                   ::core::intrinsics::atomic_load(dst)
[INFO] [stdout]     |                                       ^^^^^^^^^^^ not found in `core::intrinsics`
[INFO] [stdout] ...
[INFO] [stdout] 736 | / atomic_int! {
[INFO] [stdout] 737 | |     isize AtomicIsize ATOMIC_ISIZE_INIT ".w"
[INFO] [stdout] 738 | | }
[INFO] [stdout]     | |_- in this macro invocation
[INFO] [stdout]     |
[INFO] [stdout]     = note: this error originates in the macro `atomic_int` (in Nightly builds, run with -Z macro-backtrace for more info)
[INFO] [stdout] 
[INFO] [stdout] 
[INFO] [stdout] error[E0425]: cannot find function `atomic_xadd` in module `core::intrinsics`
[INFO] [stdout]    --> /opt/rustwide/cargo-home/registry/src/github.com-1ecc6299db9ec823/msp430-atomic-0.1.4/src/lib.rs:689:37
[INFO] [stdout]     |
[INFO] [stdout] 689 |                   ::core::intrinsics::atomic_xadd(dst, val);
[INFO] [stdout]     |                                       ^^^^^^^^^^^ not found in `core::intrinsics`
[INFO] [stdout] ...
[INFO] [stdout] 736 | / atomic_int! {
[INFO] [stdout] 737 | |     isize AtomicIsize ATOMIC_ISIZE_INIT ".w"
[INFO] [stdout] 738 | | }
[INFO] [stdout]     | |_- in this macro invocation
[INFO] [stdout]     |
[INFO] [stdout]     = note: this error originates in the macro `atomic_int` (in Nightly builds, run with -Z macro-backtrace for more info)
[INFO] [stdout] 
[INFO] [stdout] 
[INFO] [stdout] error[E0425]: cannot find function `atomic_xsub` in module `core::intrinsics`
[INFO] [stdout]    --> /opt/rustwide/cargo-home/registry/src/github.com-1ecc6299db9ec823/msp430-atomic-0.1.4/src/lib.rs:694:37
[INFO] [stdout]     |
[INFO] [stdout] 694 |                   ::core::intrinsics::atomic_xsub(dst, val);
[INFO] [stdout]     |                                       ^^^^^^^^^^^ not found in `core::intrinsics`
[INFO] [stdout] ...
[INFO] [stdout] 736 | / atomic_int! {
[INFO] [stdout] 737 | |     isize AtomicIsize ATOMIC_ISIZE_INIT ".w"
[INFO] [stdout] 738 | | }
[INFO] [stdout]     | |_- in this macro invocation
[INFO] [stdout]     |
[INFO] [stdout]     = note: this error originates in the macro `atomic_int` (in Nightly builds, run with -Z macro-backtrace for more info)
[INFO] [stdout] 
[INFO] [stdout] 
[INFO] [stdout] error[E0425]: cannot find function `atomic_and` in module `core::intrinsics`
[INFO] [stdout]    --> /opt/rustwide/cargo-home/registry/src/github.com-1ecc6299db9ec823/msp430-atomic-0.1.4/src/lib.rs:699:37
[INFO] [stdout]     |
[INFO] [stdout] 699 |                   ::core::intrinsics::atomic_and(dst, val);
[INFO] [stdout]     |                                       ^^^^^^^^^^ not found in `core::intrinsics`
[INFO] [stdout] ...
[INFO] [stdout] 736 | / atomic_int! {
[INFO] [stdout] 737 | |     isize AtomicIsize ATOMIC_ISIZE_INIT ".w"
[INFO] [stdout] 738 | | }
[INFO] [stdout]     | |_- in this macro invocation
[INFO] [stdout]     |
[INFO] [stdout]     = note: this error originates in the macro `atomic_int` (in Nightly builds, run with -Z macro-backtrace for more info)
[INFO] [stdout] 
[INFO] [stdout] 
[INFO] [stdout] error[E0425]: cannot find function `atomic_and` in module `core::intrinsics`
[INFO] [stdout]    --> /opt/rustwide/cargo-home/registry/src/github.com-1ecc6299db9ec823/msp430-atomic-0.1.4/src/lib.rs:704:37
[INFO] [stdout]     |
[INFO] [stdout] 704 |                   ::core::intrinsics::atomic_and(dst, !val);
[INFO] [stdout]     |                                       ^^^^^^^^^^ not found in `core::intrinsics`
[INFO] [stdout] ...
[INFO] [stdout] 736 | / atomic_int! {
[INFO] [stdout] 737 | |     isize AtomicIsize ATOMIC_ISIZE_INIT ".w"
[INFO] [stdout] 738 | | }
[INFO] [stdout]     | |_- in this macro invocation
[INFO] [stdout]     |
[INFO] [stdout]     = note: this error originates in the macro `atomic_int` (in Nightly builds, run with -Z macro-backtrace for more info)
[INFO] [stdout] 
[INFO] [stdout] 
[INFO] [stdout] error[E0425]: cannot find function `atomic_or` in module `core::intrinsics`
[INFO] [stdout]    --> /opt/rustwide/cargo-home/registry/src/github.com-1ecc6299db9ec823/msp430-atomic-0.1.4/src/lib.rs:709:37
[INFO] [stdout]     |
[INFO] [stdout] 709 |                   ::core::intrinsics::atomic_or(dst, val);
[INFO] [stdout]     |                                       ^^^^^^^^^ not found in `core::intrinsics`
[INFO] [stdout] ...
[INFO] [stdout] 736 | / atomic_int! {
[INFO] [stdout] 737 | |     isize AtomicIsize ATOMIC_ISIZE_INIT ".w"
[INFO] [stdout] 738 | | }
[INFO] [stdout]     | |_- in this macro invocation
[INFO] [stdout]     |
[INFO] [stdout]     = note: this error originates in the macro `atomic_int` (in Nightly builds, run with -Z macro-backtrace for more info)
[INFO] [stdout] 
[INFO] [stdout] 
[INFO] [stdout] error[E0425]: cannot find function `atomic_xor` in module `core::intrinsics`
[INFO] [stdout]    --> /opt/rustwide/cargo-home/registry/src/github.com-1ecc6299db9ec823/msp430-atomic-0.1.4/src/lib.rs:714:37
[INFO] [stdout]     |
[INFO] [stdout] 714 |                   ::core::intrinsics::atomic_xor(dst, val);
[INFO] [stdout]     |                                       ^^^^^^^^^^ not found in `core::intrinsics`
[INFO] [stdout] ...
[INFO] [stdout] 736 | / atomic_int! {
[INFO] [stdout] 737 | |     isize AtomicIsize ATOMIC_ISIZE_INIT ".w"
[INFO] [stdout] 738 | | }
[INFO] [stdout]     | |_- in this macro invocation
[INFO] [stdout]     |
[INFO] [stdout]     = note: this error originates in the macro `atomic_int` (in Nightly builds, run with -Z macro-backtrace for more info)
[INFO] [stdout] 
[INFO] [stdout] 
[INFO] [stdout] error[E0425]: cannot find function `atomic_store` in module `core::intrinsics`
[INFO] [stdout]    --> /opt/rustwide/cargo-home/registry/src/github.com-1ecc6299db9ec823/msp430-atomic-0.1.4/src/lib.rs:679:37
[INFO] [stdout]     |
[INFO] [stdout] 679 |                   ::core::intrinsics::atomic_store(dst, val);
[INFO] [stdout]     |                                       ^^^^^^^^^^^^ not found in `core::intrinsics`
[INFO] [stdout] ...
[INFO] [stdout] 740 | / atomic_int! {
[INFO] [stdout] 741 | |     usize AtomicUsize ATOMIC_USIZE_INIT ".w"
[INFO] [stdout] 742 | | }
[INFO] [stdout]     | |_- in this macro invocation
[INFO] [stdout]     |
[INFO] [stdout]     = note: this error originates in the macro `atomic_int` (in Nightly builds, run with -Z macro-backtrace for more info)
[INFO] [stdout] 
[INFO] [stdout] 
[INFO] [stdout] error[E0425]: cannot find function `atomic_load` in module `core::intrinsics`
[INFO] [stdout]    --> /opt/rustwide/cargo-home/registry/src/github.com-1ecc6299db9ec823/msp430-atomic-0.1.4/src/lib.rs:684:37
[INFO] [stdout]     |
[INFO] [stdout] 684 |                   ::core::intrinsics::atomic_load(dst)
[INFO] [stdout]     |                                       ^^^^^^^^^^^ not found in `core::intrinsics`
[INFO] [stdout] ...
[INFO] [stdout] 740 | / atomic_int! {
[INFO] [stdout] 741 | |     usize AtomicUsize ATOMIC_USIZE_INIT ".w"
[INFO] [stdout] 742 | | }
[INFO] [stdout]     | |_- in this macro invocation
[INFO] [stdout]     |
[INFO] [stdout]     = note: this error originates in the macro `atomic_int` (in Nightly builds, run with -Z macro-backtrace for more info)
[INFO] [stdout] 
[INFO] [stdout] 
[INFO] [stdout] error[E0425]: cannot find function `atomic_xadd` in module `core::intrinsics`
[INFO] [stdout]    --> /opt/rustwide/cargo-home/registry/src/github.com-1ecc6299db9ec823/msp430-atomic-0.1.4/src/lib.rs:689:37
[INFO] [stdout]     |
[INFO] [stdout] 689 |                   ::core::intrinsics::atomic_xadd(dst, val);
[INFO] [stdout]     |                                       ^^^^^^^^^^^ not found in `core::intrinsics`
[INFO] [stdout] ...
[INFO] [stdout] 740 | / atomic_int! {
[INFO] [stdout] 741 | |     usize AtomicUsize ATOMIC_USIZE_INIT ".w"
[INFO] [stdout] 742 | | }
[INFO] [stdout]     | |_- in this macro invocation
[INFO] [stdout]     |
[INFO] [stdout]     = note: this error originates in the macro `atomic_int` (in Nightly builds, run with -Z macro-backtrace for more info)
[INFO] [stdout] 
[INFO] [stdout] 
[INFO] [stdout] error[E0425]: cannot find function `atomic_xsub` in module `core::intrinsics`
[INFO] [stdout]    --> /opt/rustwide/cargo-home/registry/src/github.com-1ecc6299db9ec823/msp430-atomic-0.1.4/src/lib.rs:694:37
[INFO] [stdout]     |
[INFO] [stdout] 694 |                   ::core::intrinsics::atomic_xsub(dst, val);
[INFO] [stdout]     |                                       ^^^^^^^^^^^ not found in `core::intrinsics`
[INFO] [stdout] ...
[INFO] [stdout] 740 | / atomic_int! {
[INFO] [stdout] 741 | |     usize AtomicUsize ATOMIC_USIZE_INIT ".w"
[INFO] [stdout] 742 | | }
[INFO] [stdout]     | |_- in this macro invocation
[INFO] [stdout]     |
[INFO] [stdout]     = note: this error originates in the macro `atomic_int` (in Nightly builds, run with -Z macro-backtrace for more info)
[INFO] [stdout] 
[INFO] [stdout] 
[INFO] [stdout] error[E0425]: cannot find function `atomic_and` in module `core::intrinsics`
[INFO] [stdout]    --> /opt/rustwide/cargo-home/registry/src/github.com-1ecc6299db9ec823/msp430-atomic-0.1.4/src/lib.rs:699:37
[INFO] [stdout]     |
[INFO] [stdout] 699 |                   ::core::intrinsics::atomic_and(dst, val);
[INFO] [stdout]     |                                       ^^^^^^^^^^ not found in `core::intrinsics`
[INFO] [stdout] ...
[INFO] [stdout] 740 | / atomic_int! {
[INFO] [stdout] 741 | |     usize AtomicUsize ATOMIC_USIZE_INIT ".w"
[INFO] [stdout] 742 | | }
[INFO] [stdout]     | |_- in this macro invocation
[INFO] [stdout]     |
[INFO] [stdout]     = note: this error originates in the macro `atomic_int` (in Nightly builds, run with -Z macro-backtrace for more info)
[INFO] [stdout] 
[INFO] [stdout] 
[INFO] [stdout] error[E0425]: cannot find function `atomic_and` in module `core::intrinsics`
[INFO] [stdout]    --> /opt/rustwide/cargo-home/registry/src/github.com-1ecc6299db9ec823/msp430-atomic-0.1.4/src/lib.rs:704:37
[INFO] [stdout]     |
[INFO] [stdout] 704 |                   ::core::intrinsics::atomic_and(dst, !val);
[INFO] [stdout]     |                                       ^^^^^^^^^^ not found in `core::intrinsics`
[INFO] [stdout] ...
[INFO] [stdout] 740 | / atomic_int! {
[INFO] [stdout] 741 | |     usize AtomicUsize ATOMIC_USIZE_INIT ".w"
[INFO] [stdout] 742 | | }
[INFO] [stdout]     | |_- in this macro invocation
[INFO] [stdout]     |
[INFO] [stdout]     = note: this error originates in the macro `atomic_int` (in Nightly builds, run with -Z macro-backtrace for more info)
[INFO] [stdout] 
[INFO] [stdout] 
[INFO] [stdout] error[E0425]: cannot find function `atomic_or` in module `core::intrinsics`
[INFO] [stdout]    --> /opt/rustwide/cargo-home/registry/src/github.com-1ecc6299db9ec823/msp430-atomic-0.1.4/src/lib.rs:709:37
[INFO] [stdout]     |
[INFO] [stdout] 709 |                   ::core::intrinsics::atomic_or(dst, val);
[INFO] [stdout]     |                                       ^^^^^^^^^ not found in `core::intrinsics`
[INFO] [stdout] ...
[INFO] [stdout] 740 | / atomic_int! {
[INFO] [stdout] 741 | |     usize AtomicUsize ATOMIC_USIZE_INIT ".w"
[INFO] [stdout] 742 | | }
[INFO] [stdout]     | |_- in this macro invocation
[INFO] [stdout]     |
[INFO] [stdout]     = note: this error originates in the macro `atomic_int` (in Nightly builds, run with -Z macro-backtrace for more info)
[INFO] [stdout] 
[INFO] [stdout] 
[INFO] [stdout] error[E0425]: cannot find function `atomic_xor` in module `core::intrinsics`
[INFO] [stdout]    --> /opt/rustwide/cargo-home/registry/src/github.com-1ecc6299db9ec823/msp430-atomic-0.1.4/src/lib.rs:714:37
[INFO] [stdout]     |
[INFO] [stdout] 714 |                   ::core::intrinsics::atomic_xor(dst, val);
[INFO] [stdout]     |                                       ^^^^^^^^^^ not found in `core::intrinsics`
[INFO] [stdout] ...
[INFO] [stdout] 740 | / atomic_int! {
[INFO] [stdout] 741 | |     usize AtomicUsize ATOMIC_USIZE_INIT ".w"
[INFO] [stdout] 742 | | }
[INFO] [stdout]     | |_- in this macro invocation
[INFO] [stdout]     |
[INFO] [stdout]     = note: this error originates in the macro `atomic_int` (in Nightly builds, run with -Z macro-backtrace for more info)
[INFO] [stdout] 
[INFO] [stdout] 
[INFO] [stdout] error[E0554]: `#![feature]` may not be used on the stable release channel
[INFO] [stdout]   --> /opt/rustwide/cargo-home/registry/src/github.com-1ecc6299db9ec823/msp430-atomic-0.1.4/src/lib.rs:71:1
[INFO] [stdout]    |
[INFO] [stdout] 71 | #![feature(asm_experimental_arch)]
[INFO] [stdout]    | ^^^^^^^^^^^^^^^^^^^^^^^^^^^^^^^^^^
[INFO] [stdout] 
[INFO] [stdout] 
[INFO] [stdout] error[E0554]: `#![feature]` may not be used on the stable release channel
[INFO] [stdout]   --> /opt/rustwide/cargo-home/registry/src/github.com-1ecc6299db9ec823/msp430-atomic-0.1.4/src/lib.rs:72:42
[INFO] [stdout]    |
[INFO] [stdout] 72 | #![cfg_attr(not(target_arch = "msp430"), feature(core_intrinsics))]
[INFO] [stdout]    |                                          ^^^^^^^^^^^^^^^^^^^^^^^^
[INFO] [stdout] 
[INFO] [stdout] 
[INFO] [stdout] error[E0554]: `#![feature]` may not be used on the stable release channel
[INFO] [stdout]   --> /opt/rustwide/cargo-home/registry/src/github.com-1ecc6299db9ec823/msp430-atomic-0.1.4/src/lib.rs:72:50
[INFO] [stdout]    |
[INFO] [stdout] 72 | #![cfg_attr(not(target_arch = "msp430"), feature(core_intrinsics))]
[INFO] [stdout]    |                                                  ^^^^^^^^^^^^^^^
[INFO] [stdout] 
[INFO] [stdout] 
[INFO] [stdout] error: aborting due to 51 previous errors
[INFO] [stdout] 
[INFO] [stdout] 
[INFO] [stdout] Some errors have detailed explanations: E0425, E0554.
[INFO] [stdout] 
[INFO] [stdout] For more information about an error, try `rustc --explain E0425`.
[INFO] [stdout] 
[INFO] [stderr] error: could not compile `msp430-atomic` due to 52 previous errors
[INFO] [stderr] warning: build failed, waiting for other jobs to finish...
[INFO] [stdout] error[E0554]: `#![feature]` may not be used on the stable release channel
[INFO] [stdout]   --> /opt/rustwide/cargo-home/registry/src/github.com-1ecc6299db9ec823/msp430-0.4.0/src/lib.rs:13:1
[INFO] [stdout]    |
[INFO] [stdout] 13 | #![feature(asm_experimental_arch)]
[INFO] [stdout]    | ^^^^^^^^^^^^^^^^^^^^^^^^^^^^^^^^^^
[INFO] [stdout] 
[INFO] [stdout] 
[INFO] [stdout] error: aborting due to previous error
[INFO] [stdout] 
[INFO] [stdout] 
[INFO] [stdout] For more information about this error, try `rustc --explain E0554`.
[INFO] [stdout] 
[INFO] [stderr] error: could not compile `msp430` due to 2 previous errors
[INFO] running `Command { std: "docker" "inspect" "ebef571982702d77a291b6d229e0f8244380df3e1291a8eb9c495b40c12e77c3", kill_on_drop: false }`
[INFO] running `Command { std: "docker" "rm" "-f" "ebef571982702d77a291b6d229e0f8244380df3e1291a8eb9c495b40c12e77c3", kill_on_drop: false }`
[INFO] [stdout] ebef571982702d77a291b6d229e0f8244380df3e1291a8eb9c495b40c12e77c3
