[INFO] cloning repository https://github.com/itzcookiie/rust-y-code
[INFO] running `Command { std: "git" "-c" "credential.helper=" "-c" "credential.helper=/workspace/cargo-home/bin/git-credential-null" "clone" "--bare" "https://github.com/itzcookiie/rust-y-code" "/workspace/cache/git-repos/https%3A%2F%2Fgithub.com%2Fitzcookiie%2Frust-y-code", kill_on_drop: false }`
[INFO] [stderr] Cloning into bare repository '/workspace/cache/git-repos/https%3A%2F%2Fgithub.com%2Fitzcookiie%2Frust-y-code'...
[INFO] running `Command { std: "git" "rev-parse" "HEAD", kill_on_drop: false }`
[INFO] [stdout] b730b502e92b87e66884002fbe44c873d510fbf3
[INFO] documenting itzcookiie/rust-y-code against beta-2023-04-20 for beta-1.70-rustdoc-1
[INFO] running `Command { std: "git" "clone" "/workspace/cache/git-repos/https%3A%2F%2Fgithub.com%2Fitzcookiie%2Frust-y-code" "/workspace/builds/worker-5-tc2/source", kill_on_drop: false }`
[INFO] [stderr] Cloning into '/workspace/builds/worker-5-tc2/source'...
[INFO] [stderr] done.
[INFO] validating manifest of git repo https://github.com/itzcookiie/rust-y-code on toolchain beta-2023-04-20
[INFO] running `Command { std: CARGO_HOME="/workspace/cargo-home" RUSTUP_HOME="/workspace/rustup-home" "/workspace/cargo-home/bin/cargo" "+beta-2023-04-20" "metadata" "--manifest-path" "Cargo.toml" "--no-deps", kill_on_drop: false }`
[INFO] started tweaking git repo https://github.com/itzcookiie/rust-y-code
[INFO] finished tweaking git repo https://github.com/itzcookiie/rust-y-code
[INFO] tweaked toml for git repo https://github.com/itzcookiie/rust-y-code written to /workspace/builds/worker-5-tc2/source/Cargo.toml
[INFO] crate git repo https://github.com/itzcookiie/rust-y-code already has a lockfile, it will not be regenerated
[INFO] running `Command { std: CARGO_HOME="/workspace/cargo-home" RUSTUP_HOME="/workspace/rustup-home" "/workspace/cargo-home/bin/cargo" "+beta-2023-04-20" "fetch" "--manifest-path" "Cargo.toml", kill_on_drop: false }`
[INFO] [stderr]     Updating crates.io index
[INFO] [stderr]  Downloading crates ...
[INFO] [stderr]   Downloaded frunk_proc_macros_impl v0.1.0
[INFO] [stderr]   Downloaded frunk_proc_macros v0.1.0
[INFO] [stderr]   Downloaded io-enum v1.0.1
[INFO] [stderr]   Downloaded frunk_derives v0.4.0
[INFO] [stderr]   Downloaded frunk_proc_macro_helpers v0.1.0
[INFO] [stderr]   Downloaded saturating v0.1.0
[INFO] [stderr]   Downloaded wyz v0.4.0
[INFO] [stderr]   Downloaded nix v0.21.0
[INFO] [stderr]   Downloaded funty v1.2.0
[INFO] [stderr]   Downloaded frunk_core v0.4.0
[INFO] [stderr]   Downloaded frunk v0.4.0
[INFO] [stderr]   Downloaded subprocess v0.2.7
[INFO] [stderr]   Downloaded rust_decimal v1.14.3
[INFO] [stderr]   Downloaded mysql v21.0.1
[INFO] [stderr]   Downloaded bitvec v0.22.3
[INFO] [stderr]   Downloaded mysql_common v0.27.4
[INFO] running `Command { std: "docker" "create" "-v" "/var/lib/crater-agent-workspace/builds/worker-5-tc2/target:/opt/rustwide/target:rw,Z" "-v" "/var/lib/crater-agent-workspace/builds/worker-5-tc2/source:/opt/rustwide/workdir:ro,Z" "-v" "/var/lib/crater-agent-workspace/cargo-home:/opt/rustwide/cargo-home:ro,Z" "-v" "/var/lib/crater-agent-workspace/rustup-home:/opt/rustwide/rustup-home:ro,Z" "-e" "SOURCE_DIR=/opt/rustwide/workdir" "-e" "CARGO_TARGET_DIR=/opt/rustwide/target" "-e" "CARGO_HOME=/opt/rustwide/cargo-home" "-e" "RUSTUP_HOME=/opt/rustwide/rustup-home" "-w" "/opt/rustwide/workdir" "-m" "1610612736" "--user" "0:0" "--network" "none" "ghcr.io/rust-lang/crates-build-env/linux@sha256:5ff2268d62e97bff2cde7d5815dd6ed5b47097566f13b8d0ca110b04b60e07ed" "/opt/rustwide/cargo-home/bin/cargo" "+beta-2023-04-20" "metadata" "--no-deps" "--format-version=1", kill_on_drop: false }`
[INFO] [stdout] 4d292d991f873c556feb84fbb366bfff072672e56c78901d161ad79d8d187fe1
[INFO] running `Command { std: "docker" "start" "-a" "4d292d991f873c556feb84fbb366bfff072672e56c78901d161ad79d8d187fe1", kill_on_drop: false }`
[INFO] running `Command { std: "docker" "inspect" "4d292d991f873c556feb84fbb366bfff072672e56c78901d161ad79d8d187fe1", kill_on_drop: false }`
[INFO] running `Command { std: "docker" "rm" "-f" "4d292d991f873c556feb84fbb366bfff072672e56c78901d161ad79d8d187fe1", kill_on_drop: false }`
[INFO] [stdout] 4d292d991f873c556feb84fbb366bfff072672e56c78901d161ad79d8d187fe1
[INFO] running `Command { std: "docker" "create" "-v" "/var/lib/crater-agent-workspace/builds/worker-5-tc2/target:/opt/rustwide/target:rw,Z" "-v" "/var/lib/crater-agent-workspace/builds/worker-5-tc2/source:/opt/rustwide/workdir:ro,Z" "-v" "/var/lib/crater-agent-workspace/cargo-home:/opt/rustwide/cargo-home:ro,Z" "-v" "/var/lib/crater-agent-workspace/rustup-home:/opt/rustwide/rustup-home:ro,Z" "-e" "SOURCE_DIR=/opt/rustwide/workdir" "-e" "CARGO_TARGET_DIR=/opt/rustwide/target" "-e" "CARGO_INCREMENTAL=0" "-e" "RUST_BACKTRACE=full" "-e" "RUSTFLAGS=--cap-lints=warn" "-e" "RUSTDOCFLAGS=--cap-lints=warn" "-e" "CARGO_HOME=/opt/rustwide/cargo-home" "-e" "RUSTUP_HOME=/opt/rustwide/rustup-home" "-w" "/opt/rustwide/workdir" "-m" "1610612736" "--user" "0:0" "--network" "none" "ghcr.io/rust-lang/crates-build-env/linux@sha256:5ff2268d62e97bff2cde7d5815dd6ed5b47097566f13b8d0ca110b04b60e07ed" "/opt/rustwide/cargo-home/bin/cargo" "+beta-2023-04-20" "doc" "--frozen" "--no-deps" "--document-private-items" "--message-format=json", kill_on_drop: false }`
[INFO] [stdout] 16e6c84ae2751c6b3e5503381101f471fb3b7ea78655d4121b3bddeaefa62b57
[INFO] running `Command { std: "docker" "start" "-a" "16e6c84ae2751c6b3e5503381101f471fb3b7ea78655d4121b3bddeaefa62b57", kill_on_drop: false }`
[INFO] [stderr]    Compiling autocfg v1.0.1
[INFO] [stderr]    Compiling libc v0.2.98
[INFO] [stderr]    Compiling proc-macro2 v1.0.28
[INFO] [stderr]     Checking cfg-if v1.0.0
[INFO] [stderr]    Compiling unicode-xid v0.2.2
[INFO] [stderr]    Compiling syn v1.0.74
[INFO] [stderr]    Compiling version_check v0.9.3
[INFO] [stderr]    Compiling memchr v2.4.0
[INFO] [stderr]    Compiling pkg-config v0.3.19
[INFO] [stderr]    Compiling cc v1.0.69
[INFO] [stderr]    Compiling log v0.4.14
[INFO] [stderr]    Compiling bitflags v1.2.1
[INFO] [stderr]     Checking lazy_static v1.4.0
[INFO] [stderr]    Compiling serde_derive v1.0.126
[INFO] [stderr]     Checking bytes v1.0.1
[INFO] [stderr]     Checking itoa v0.4.7
[INFO] [stderr]    Compiling serde v1.0.126
[INFO] [stderr]     Checking tinyvec_macros v0.1.0
[INFO] [stderr]    Compiling ryu v1.0.5
[INFO] [stderr]     Checking unicode-bidi v0.3.5
[INFO] [stderr]     Checking tinyvec v1.3.1
[INFO] [stderr]     Checking foreign-types-shared v0.1.1
[INFO] [stderr]    Compiling openssl v0.10.35
[INFO] [stderr]     Checking once_cell v1.8.0
[INFO] [stderr]    Compiling native-tls v0.2.7
[INFO] [stderr]     Checking pin-project-lite v0.2.7
[INFO] [stderr]     Checking openssl-probe v0.1.4
[INFO] [stderr]     Checking foreign-types v0.3.2
[INFO] [stderr]     Checking percent-encoding v2.1.0
[INFO] [stderr]    Compiling serde_json v1.0.64
[INFO] [stderr]    Compiling num-traits v0.2.14
[INFO] [stderr]     Checking base64 v0.13.0
[INFO] [stderr]    Compiling futures-core v0.3.16
[INFO] [stderr]    Compiling tokio v1.9.0
[INFO] [stderr]    Compiling indexmap v1.7.0
[INFO] [stderr]     Checking form_urlencoded v1.0.1
[INFO] [stderr]    Compiling num-integer v0.1.44
[INFO] [stderr]    Compiling futures-task v0.3.16
[INFO] [stderr]    Compiling futures-util v0.3.16
[INFO] [stderr]    Compiling proc-macro-hack v0.5.19
[INFO] [stderr]     Checking fnv v1.0.7
[INFO] [stderr]     Checking hashbrown v0.11.2
[INFO] [stderr]    Compiling quote v1.0.9
[INFO] [stderr]     Checking http v0.2.4
[INFO] [stderr]     Checking unicode-normalization v0.1.19
[INFO] [stderr]    Compiling memoffset v0.6.4
[INFO] [stderr]     Checking tracing-core v0.1.18
[INFO] [stderr]    Compiling futures-channel v0.3.16
[INFO] [stderr]    Compiling openssl-sys v0.9.65
[INFO] [stderr]     Checking slab v0.4.3
[INFO] [stderr]     Checking futures-io v0.3.16
[INFO] [stderr]    Compiling glob v0.3.0
[INFO] [stderr]     Checking pin-utils v0.1.0
[INFO] [stderr]     Checking futures-sink v0.3.16
[INFO] [stderr]    Compiling httparse v1.4.1
[INFO] [stderr]     Checking tracing v0.1.26
[INFO] [stderr]    Compiling standback v0.2.17
[INFO] [stderr]     Checking num_cpus v1.13.0
[INFO] [stderr]     Checking socket2 v0.4.0
[INFO] [stderr]     Checking mio v0.7.13
[INFO] [stderr]    Compiling nom v5.1.2
[INFO] [stderr]     Checking try-lock v0.2.3
[INFO] [stderr]    Compiling typenum v1.13.0
[INFO] [stderr]     Checking idna v0.2.3
[INFO] [stderr]     Checking want v0.3.0
[INFO] [stderr]    Compiling atty v0.2.14
[INFO] [stderr]    Compiling clang-sys v1.2.0
[INFO] [stderr]    Compiling aho-corasick v0.7.18
[INFO] [stderr]    Compiling generic-array v0.14.4
[INFO] [stderr]     Checking tower-service v0.3.1
[INFO] [stderr]     Checking httpdate v1.0.1
[INFO] [stderr]    Compiling getrandom v0.1.16
[INFO] [stderr]    Compiling frunk_core v0.4.0
[INFO] [stderr]    Compiling regex-syntax v0.6.25
[INFO] [stderr]     Checking ppv-lite86 v0.2.10
[INFO] [stderr]    Compiling unicode-width v0.1.8
[INFO] [stderr]    Compiling encoding_rs v0.8.28
[INFO] [stderr]     Checking url v2.2.2
[INFO] [stderr]    Compiling textwrap v0.11.0
[INFO] [stderr]    Compiling libloading v0.7.0
[INFO] [stderr]     Checking http-body v0.4.2
[INFO] [stderr]    Compiling proc-macro-error-attr v1.0.4
[INFO] [stderr]    Compiling ansi_term v0.11.0
[INFO] [stderr]    Compiling termcolor v1.1.2
[INFO] [stderr]    Compiling humantime v2.1.0
[INFO] [stderr]    Compiling bindgen v0.58.1
[INFO] [stderr]    Compiling strsim v0.8.0
[INFO] [stderr]    Compiling vec_map v0.8.2
[INFO] [stderr]    Compiling clap v2.33.3
[INFO] [stderr]    Compiling which v3.1.1
[INFO] [stderr]     Checking getrandom v0.2.3
[INFO] [stderr]    Compiling libz-sys v1.1.3
[INFO] [stderr]    Compiling num-bigint v0.3.2
[INFO] [stderr]    Compiling proc-macro-error v1.0.4
[INFO] [stderr]    Compiling shlex v1.0.0
[INFO] [stderr]    Compiling peeking_take_while v0.1.2
[INFO] [stderr]    Compiling radium v0.6.2
[INFO] [stderr]     Checking ipnet v2.3.1
[INFO] [stderr]    Compiling crc32fast v1.2.1
[INFO] [stderr]     Checking mime v0.3.16
[INFO] [stderr]    Compiling const_fn v0.4.8
[INFO] [stderr]     Checking static_assertions v1.1.0
[INFO] [stderr]    Compiling lazycell v1.3.0
[INFO] [stderr]    Compiling rustc-hash v1.1.0
[INFO] [stderr]    Compiling lexical-core v0.7.6
[INFO] [stderr]     Checking arrayvec v0.5.2
[INFO] [stderr]     Checking rand_core v0.6.3
[INFO] [stderr]    Compiling regex v1.5.4
[INFO] [stderr]     Checking rand_core v0.5.1
[INFO] [stderr]    Compiling subprocess v0.2.7
[INFO] [stderr]    Compiling cexpr v0.4.0
[INFO] [stderr]    Compiling num-bigint v0.4.0
[INFO] [stderr]    Compiling cmake v0.1.45
[INFO] [stderr]    Compiling time v0.2.27
[INFO] [stderr]    Compiling frunk_proc_macro_helpers v0.1.0
[INFO] [stderr]    Compiling unicode-segmentation v1.8.0
[INFO] [stderr]     Checking tap v1.0.1
[INFO] [stderr]     Checking wyz v0.4.0
[INFO] [stderr]     Checking tokio-util v0.6.7
[INFO] [stderr]     Checking tokio-native-tls v0.3.0
[INFO] [stderr]    Compiling heck v0.3.3
[INFO] [stderr]     Checking rand_chacha v0.2.2
[INFO] [stderr]    Compiling env_logger v0.8.4
[INFO] [stderr]     Checking rand_chacha v0.3.1
[INFO] [stderr]     Checking h2 v0.3.3
[INFO] [stderr]     Checking digest v0.9.0
[INFO] [stderr]     Checking block-buffer v0.9.0
[INFO] [stderr]     Checking time v0.1.44
[INFO] [stderr]    Compiling io-enum v1.0.1
[INFO] [stderr]     Checking byteorder v1.4.3
[INFO] [stderr]     Checking opaque-debug v0.3.0
[INFO] [stderr]    Compiling crossbeam-utils v0.8.5
[INFO] [stderr]     Checking cpufeatures v0.1.5
[INFO] [stderr]     Checking ahash v0.4.7
[INFO] [stderr]     Checking funty v1.2.0
[INFO] [stderr]     Checking sha2 v0.9.5
[INFO] [stderr]     Checking textwrap v0.12.1
[INFO] [stderr]     Checking hashbrown v0.9.1
[INFO] [stderr]     Checking rand v0.8.4
[INFO] [stderr]     Checking flate2 v1.0.20
[INFO] [stderr]     Checking rand v0.7.3
[INFO] [stderr]    Compiling derive_utils v0.11.2
[INFO] [stderr]     Checking bitvec v0.22.3
[INFO] [stderr]     Checking strsim v0.10.0
[INFO] [stderr]     Checking lexical v5.2.2
[INFO] [stderr]    Compiling mysql v21.0.1
[INFO] [stderr]     Checking saturating v0.1.0
[INFO] [stderr]     Checking cfg-if v0.1.10
[INFO] [stderr]     Checking os_str_bytes v2.4.0
[INFO] [stderr]     Checking uuid v0.8.2
[INFO] [stderr]     Checking smallvec v1.6.1
[INFO] [stderr]     Checking lru v0.6.5
[INFO] [stderr]     Checking pem v0.8.3
[INFO] [stderr]     Checking twox-hash v1.6.0
[INFO] [stderr]     Checking nix v0.21.0
[INFO] [stderr]    Compiling crossbeam-epoch v0.9.5
[INFO] [stderr]     Checking bufstream v0.1.4
[INFO] [stderr]     Checking scopeguard v1.1.0
[INFO] [stderr]    Compiling rayon-core v1.9.1
[INFO] [stderr]    Compiling rayon v1.5.1
[INFO] [stderr]     Checking either v1.6.1
[INFO] [stderr]     Checking crossbeam-channel v0.5.1
[INFO] [stderr]    Compiling num-bigint v0.2.6
[INFO] [stderr]    Compiling mysqlclient-sys v0.2.4
[INFO] [stderr]     Checking idna v0.1.5
[INFO] [stderr]     Checking dotenv v0.15.0
[INFO] [stderr]  Documenting primer v0.1.0 (/opt/rustwide/workdir/primer)
[INFO] [stderr]     Checking crossbeam-deque v0.8.0
[INFO] [stderr]    Compiling frunk_proc_macros_impl v0.1.0
[INFO] [stderr]    Compiling time-macros-impl v0.1.2
[INFO] [stderr]    Compiling frunk_derives v0.4.0
[INFO] [stderr]     Checking hyper v0.14.11
[INFO] [stderr]    Compiling thiserror-impl v1.0.26
[INFO] [stderr]    Compiling clap_derive v3.0.0-beta.2
[INFO] [stderr]    Compiling task_macro v0.1.0 (/opt/rustwide/workdir/tasks/task_macro)
[INFO] [stderr]     Checking url v1.7.2
[INFO] [stdout] warning: unused imports: `DataStruct`, `Data`, `Fields`
[INFO] [stdout]  --> tasks/task_macro/src/lib.rs:3:43
[INFO] [stdout]   |
[INFO] [stdout] 3 | use syn::{parse_macro_input, DeriveInput, Data, DataStruct, Fields};
[INFO] [stdout]   |                                           ^^^^  ^^^^^^^^^^  ^^^^^^
[INFO] [stdout]   |
[INFO] [stdout]   = note: `#[warn(unused_imports)]` on by default
[INFO] [stdout] 
[INFO] [stdout] 
[INFO] [stdout] warning: function `PrintStruct` should have a snake case name
[INFO] [stdout]  --> tasks/task_macro/src/lib.rs:6:8
[INFO] [stdout]   |
[INFO] [stdout] 6 | pub fn PrintStruct(input: TokenStream) -> TokenStream {
[INFO] [stdout]   |        ^^^^^^^^^^^ help: convert the identifier to snake case: `print_struct`
[INFO] [stdout]   |
[INFO] [stdout]   = note: `#[warn(non_snake_case)]` on by default
[INFO] [stdout] 
[INFO] [stdout] 
[INFO] [stderr]    Compiling diesel_derives v1.4.1
[INFO] [stderr]    Compiling macros v0.1.0 (/opt/rustwide/workdir/macros)
[INFO] [stderr]     Checking frunk_proc_macros v0.1.0
[INFO] [stdout] warning: function `MysqlInsert` should have a snake case name
[INFO] [stdout]  --> macros/src/lib.rs:7:8
[INFO] [stdout]   |
[INFO] [stdout] 7 | pub fn MysqlInsert(input: TokenStream) -> TokenStream {
[INFO] [stdout]   |        ^^^^^^^^^^^ help: convert the identifier to snake case: `mysql_insert`
[INFO] [stdout]   |
[INFO] [stdout]   = note: `#[warn(non_snake_case)]` on by default
[INFO] [stdout] 
[INFO] [stdout] 
[INFO] [stdout] warning: 2 warnings emitted
[INFO] [stdout] 
[INFO] [stdout] 
[INFO] [stderr]     Checking frunk v0.4.0
[INFO] [stderr]     Checking time-macros v0.1.1
[INFO] [stderr]     Checking bigdecimal v0.1.2
[INFO] [stderr]     Checking thiserror v1.0.26
[INFO] [stdout] warning: 1 warning emitted
[INFO] [stdout] 
[INFO] [stdout] 
[INFO] [stderr]     Checking clap v3.0.0-beta.2
[INFO] [stderr]     Checking hyper-tls v0.5.0
[INFO] [stderr]    Compiling mysql_common v0.27.4
[INFO] [stderr]  Documenting collections v0.1.0 (/opt/rustwide/workdir/collections)
[INFO] [stderr]     Checking diesel v1.4.7
[INFO] [stderr]  Documenting task_macro v0.1.0 (/opt/rustwide/workdir/tasks/task_macro)
[INFO] [stderr]  Documenting macros v0.1.0 (/opt/rustwide/workdir/macros)
[INFO] [stderr]     Checking serde_urlencoded v0.7.0
[INFO] [stderr]     Checking bigdecimal v0.2.0
[INFO] [stderr]     Checking chrono v0.4.19
[INFO] [stderr]     Checking rust_decimal v1.14.3
[INFO] [stderr]     Checking reqwest v0.11.4
[INFO] [stderr]     Checking cli v0.1.0 (/opt/rustwide/workdir/cli)
[INFO] [stderr]  Documenting cli v0.1.0 (/opt/rustwide/workdir/cli)
[INFO] [stderr]     Checking http v0.1.0 (/opt/rustwide/workdir/http)
[INFO] [stderr]  Documenting http v0.1.0 (/opt/rustwide/workdir/http)
[INFO] [stdout] error[E0432]: unresolved import `deps`
[INFO] [stdout]   --> http/src/lib.rs:21:24
[INFO] [stdout]    |
[INFO] [stdout] 21 | #[derive(Debug, Clone, Serialize, Deserialize)]
[INFO] [stdout]    |                        ^^^^^^^^^ no external crate `deps`
[INFO] [stdout]    |
[INFO] [stdout]    = note: this error originates in the derive macro `Serialize` (in Nightly builds, run with -Z macro-backtrace for more info)
[INFO] [stdout] 
[INFO] [stdout] 
[INFO] [stdout] error[E0432]: unresolved import `deps`
[INFO] [stdout]   --> http/src/lib.rs:21:24
[INFO] [stdout]    |
[INFO] [stdout] 21 | #[derive(Debug, Clone, Serialize, Deserialize)]
[INFO] [stdout]    |                        ^^^^^^^^^ no external crate `deps`
[INFO] [stdout]    |
[INFO] [stdout]    = note: this error originates in the derive macro `Serialize` (in Nightly builds, run with -Z macro-backtrace for more info)
[INFO] [stdout] 
[INFO] [stdout] 
[INFO] [stdout] error[E0432]: unresolved import `deps`
[INFO] [stdout]   --> http/src/lib.rs:21:35
[INFO] [stdout]    |
[INFO] [stdout] 21 | #[derive(Debug, Clone, Serialize, Deserialize)]
[INFO] [stdout]    |                                   ^^^^^^^^^^^ no external crate `deps`
[INFO] [stdout]    |
[INFO] [stdout]    = note: this error originates in the derive macro `Deserialize` (in Nightly builds, run with -Z macro-backtrace for more info)
[INFO] [stdout] 
[INFO] [stdout] 
[INFO] [stdout] error[E0432]: unresolved import `deps`
[INFO] [stdout]   --> http/src/lib.rs:21:35
[INFO] [stdout]    |
[INFO] [stdout] 21 | #[derive(Debug, Clone, Serialize, Deserialize)]
[INFO] [stdout]    |                                   ^^^^^^^^^^^ no external crate `deps`
[INFO] [stdout]    |
[INFO] [stdout]    = note: this error originates in the derive macro `Deserialize` (in Nightly builds, run with -Z macro-backtrace for more info)
[INFO] [stdout] 
[INFO] [stdout] 
[INFO] [stdout] error[E0433]: failed to resolve: use of undeclared crate or module `deps`
[INFO] [stdout]   --> http/src/lib.rs:20:17
[INFO] [stdout]    |
[INFO] [stdout] 20 | #[serde(crate = "deps")]
[INFO] [stdout]    |                 ^^^^^^ use of undeclared crate or module `deps`
[INFO] [stdout] 
[INFO] [stdout] 
[INFO] [stdout] error[E0433]: failed to resolve: use of undeclared crate or module `deps`
[INFO] [stdout]   --> http/src/lib.rs:20:17
[INFO] [stdout]    |
[INFO] [stdout] 20 | #[serde(crate = "deps")]
[INFO] [stdout]    |                 ^^^^^^ use of undeclared crate or module `deps`
[INFO] [stdout] 
[INFO] [stdout] 
[INFO] [stdout] warning: derive helper attribute is used before it is introduced
[INFO] [stdout]   --> http/src/lib.rs:20:3
[INFO] [stdout]    |
[INFO] [stdout] 20 | #[serde(crate = "deps")]
[INFO] [stdout]    |   ^^^^^
[INFO] [stdout] 21 | #[derive(Debug, Clone, Serialize, Deserialize)]
[INFO] [stdout]    |                        --------- the attribute is introduced here
[INFO] [stdout]    |
[INFO] [stdout]    = warning: this was previously accepted by the compiler but is being phased out; it will become a hard error in a future release!
[INFO] [stdout]    = note: for more information, see issue #79202 <https://github.com/rust-lang/rust/issues/79202>
[INFO] [stdout]    = note: `#[warn(legacy_derive_helpers)]` on by default
[INFO] [stdout] 
[INFO] [stdout] 
[INFO] [stdout] warning: unused import: `std::net::TcpStream`
[INFO] [stdout]  --> http/src/lib.rs:2:5
[INFO] [stdout]   |
[INFO] [stdout] 2 | use std::net::TcpStream;
[INFO] [stdout]   |     ^^^^^^^^^^^^^^^^^^^
[INFO] [stdout]   |
[INFO] [stdout]   = note: `#[warn(unused_imports)]` on by default
[INFO] [stdout] 
[INFO] [stdout] 
[INFO] [stdout] warning: unused import: `url::Url`
[INFO] [stdout]  --> http/src/lib.rs:3:5
[INFO] [stdout]   |
[INFO] [stdout] 3 | use url::Url;
[INFO] [stdout]   |     ^^^^^^^^
[INFO] [stdout] 
[INFO] [stdout] 
[INFO] [stdout] warning: unused imports: `Read`, `Write`
[INFO] [stdout]  --> http/src/lib.rs:4:15
[INFO] [stdout]   |
[INFO] [stdout] 4 | use std::io::{Write, Read};
[INFO] [stdout]   |               ^^^^^  ^^^^
[INFO] [stdout] 
[INFO] [stdout] 
[INFO] [stdout] warning: unused import: `serde::de::DeserializeOwned`
[INFO] [stdout]  --> http/src/lib.rs:6:5
[INFO] [stdout]   |
[INFO] [stdout] 6 | use serde::de::DeserializeOwned;
[INFO] [stdout]   |     ^^^^^^^^^^^^^^^^^^^^^^^^^^^
[INFO] [stdout] 
[INFO] [stdout] 
[INFO] [stdout] error: aborting due to 3 previous errors; 5 warnings emitted
[INFO] [stdout] 
[INFO] [stdout] 
[INFO] [stdout] error: aborting due to 3 previous errors
[INFO] [stdout] 
[INFO] [stdout] 
[INFO] [stdout] Some errors have detailed explanations: E0432, E0433.
[INFO] [stdout] 
[INFO] [stdout] Some errors have detailed explanations: E0432, E0433.
[INFO] [stdout] 
[INFO] [stdout] For more information about an error, try `rustc --explain E0432`.
[INFO] [stdout] 
[INFO] [stdout] For more information about an error, try `rustc --explain E0432`.
[INFO] [stdout] 
[INFO] [stderr] error: could not document `http`
[INFO] [stderr] 
[INFO] [stderr] Caused by:
[INFO] [stderr]   process didn't exit successfully: `rustdoc --edition=2018 --crate-type lib --crate-name http http/src/lib.rs -o /opt/rustwide/target/doc --error-format=json --json=diagnostic-rendered-ansi,artifacts,future-incompat --document-private-items -C metadata=ec78fd870a377510 -L dependency=/opt/rustwide/target/debug/deps --extern hyper=/opt/rustwide/target/debug/deps/libhyper-d1848ec4ac330712.rmeta --extern reqwest=/opt/rustwide/target/debug/deps/libreqwest-2ae422668f4a5eb2.rmeta --extern serde=/opt/rustwide/target/debug/deps/libserde-5606f86fbb26b675.rmeta --extern serde_json=/opt/rustwide/target/debug/deps/libserde_json-102a81ff7ee3b90e.rmeta --extern url=/opt/rustwide/target/debug/deps/liburl-1e39b7ab76e83f1a.rmeta --cap-lints=warn --crate-version 0.1.0` (exit status: 1)
[INFO] [stderr] warning: build failed, waiting for other jobs to finish...
[INFO] [stderr] error: could not compile `http` (lib) due to 4 previous errors; 5 warnings emitted
[INFO] running `Command { std: "docker" "inspect" "16e6c84ae2751c6b3e5503381101f471fb3b7ea78655d4121b3bddeaefa62b57", kill_on_drop: false }`
[INFO] running `Command { std: "docker" "rm" "-f" "16e6c84ae2751c6b3e5503381101f471fb3b7ea78655d4121b3bddeaefa62b57", kill_on_drop: false }`
[INFO] [stdout] 16e6c84ae2751c6b3e5503381101f471fb3b7ea78655d4121b3bddeaefa62b57
