[INFO] cloning repository https://github.com/ismrwalter/door
[INFO] running `Command { std: "git" "-c" "credential.helper=" "-c" "credential.helper=/workspace/cargo-home/bin/git-credential-null" "clone" "--bare" "https://github.com/ismrwalter/door" "/workspace/cache/git-repos/https%3A%2F%2Fgithub.com%2Fismrwalter%2Fdoor", kill_on_drop: false }`
[INFO] [stderr] Cloning into bare repository '/workspace/cache/git-repos/https%3A%2F%2Fgithub.com%2Fismrwalter%2Fdoor'...
[INFO] running `Command { std: "git" "rev-parse" "HEAD", kill_on_drop: false }`
[INFO] [stdout] 914194716e2b076edc99d8cf75570b13c74d05b6
[INFO] documenting ismrwalter/door against 1.69.0 for beta-1.70-rustdoc-1
[INFO] running `Command { std: "git" "clone" "/workspace/cache/git-repos/https%3A%2F%2Fgithub.com%2Fismrwalter%2Fdoor" "/workspace/builds/worker-2-tc1/source", kill_on_drop: false }`
[INFO] [stderr] Cloning into '/workspace/builds/worker-2-tc1/source'...
[INFO] [stderr] done.
[INFO] validating manifest of git repo https://github.com/ismrwalter/door on toolchain 1.69.0
[INFO] running `Command { std: CARGO_HOME="/workspace/cargo-home" RUSTUP_HOME="/workspace/rustup-home" "/workspace/cargo-home/bin/cargo" "+1.69.0" "metadata" "--manifest-path" "Cargo.toml" "--no-deps", kill_on_drop: false }`
[INFO] started tweaking git repo https://github.com/ismrwalter/door
[INFO] finished tweaking git repo https://github.com/ismrwalter/door
[INFO] tweaked toml for git repo https://github.com/ismrwalter/door written to /workspace/builds/worker-2-tc1/source/Cargo.toml
[INFO] crate git repo https://github.com/ismrwalter/door already has a lockfile, it will not be regenerated
[INFO] running `Command { std: CARGO_HOME="/workspace/cargo-home" RUSTUP_HOME="/workspace/rustup-home" "/workspace/cargo-home/bin/cargo" "+1.69.0" "fetch" "--manifest-path" "Cargo.toml", kill_on_drop: false }`
[INFO] [stderr]     Updating git repository `https://github.com/rhaiscript/rhai`
[INFO] [stderr]  Downloading crates ...
[INFO] [stderr]   Downloaded path-dedot v3.0.7
[INFO] [stderr]   Downloaded filesystem v0.4.4
[INFO] [stderr]   Downloaded handlebars v3.5.3
[INFO] [stderr]   Downloaded include_dir_macros v0.7.2
[INFO] [stderr]   Downloaded include_dir v0.7.2
[INFO] [stderr]   Downloaded path-absolutize v3.0.6
[INFO] [stderr]   Downloaded roman v0.1.6
[INFO] running `Command { std: "docker" "create" "-v" "/var/lib/crater-agent-workspace/builds/worker-2-tc1/target:/opt/rustwide/target:rw,Z" "-v" "/var/lib/crater-agent-workspace/builds/worker-2-tc1/source:/opt/rustwide/workdir:ro,Z" "-v" "/var/lib/crater-agent-workspace/cargo-home:/opt/rustwide/cargo-home:ro,Z" "-v" "/var/lib/crater-agent-workspace/rustup-home:/opt/rustwide/rustup-home:ro,Z" "-e" "SOURCE_DIR=/opt/rustwide/workdir" "-e" "CARGO_TARGET_DIR=/opt/rustwide/target" "-e" "CARGO_HOME=/opt/rustwide/cargo-home" "-e" "RUSTUP_HOME=/opt/rustwide/rustup-home" "-w" "/opt/rustwide/workdir" "-m" "1610612736" "--user" "0:0" "--network" "none" "ghcr.io/rust-lang/crates-build-env/linux@sha256:5ff2268d62e97bff2cde7d5815dd6ed5b47097566f13b8d0ca110b04b60e07ed" "/opt/rustwide/cargo-home/bin/cargo" "+1.69.0" "metadata" "--no-deps" "--format-version=1", kill_on_drop: false }`
[INFO] [stdout] a3898b3ac4bbd503eb57520ad8e614e2c3bcd314077bb31cd0ad7ebb654f910d
[INFO] running `Command { std: "docker" "start" "-a" "a3898b3ac4bbd503eb57520ad8e614e2c3bcd314077bb31cd0ad7ebb654f910d", kill_on_drop: false }`
[INFO] running `Command { std: "docker" "inspect" "a3898b3ac4bbd503eb57520ad8e614e2c3bcd314077bb31cd0ad7ebb654f910d", kill_on_drop: false }`
[INFO] running `Command { std: "docker" "rm" "-f" "a3898b3ac4bbd503eb57520ad8e614e2c3bcd314077bb31cd0ad7ebb654f910d", kill_on_drop: false }`
[INFO] [stdout] a3898b3ac4bbd503eb57520ad8e614e2c3bcd314077bb31cd0ad7ebb654f910d
[INFO] running `Command { std: "docker" "create" "-v" "/var/lib/crater-agent-workspace/builds/worker-2-tc1/target:/opt/rustwide/target:rw,Z" "-v" "/var/lib/crater-agent-workspace/builds/worker-2-tc1/source:/opt/rustwide/workdir:ro,Z" "-v" "/var/lib/crater-agent-workspace/cargo-home:/opt/rustwide/cargo-home:ro,Z" "-v" "/var/lib/crater-agent-workspace/rustup-home:/opt/rustwide/rustup-home:ro,Z" "-e" "SOURCE_DIR=/opt/rustwide/workdir" "-e" "CARGO_TARGET_DIR=/opt/rustwide/target" "-e" "CARGO_INCREMENTAL=0" "-e" "RUST_BACKTRACE=full" "-e" "RUSTFLAGS=--cap-lints=warn" "-e" "RUSTDOCFLAGS=--cap-lints=warn" "-e" "CARGO_HOME=/opt/rustwide/cargo-home" "-e" "RUSTUP_HOME=/opt/rustwide/rustup-home" "-w" "/opt/rustwide/workdir" "-m" "1610612736" "--user" "0:0" "--network" "none" "ghcr.io/rust-lang/crates-build-env/linux@sha256:5ff2268d62e97bff2cde7d5815dd6ed5b47097566f13b8d0ca110b04b60e07ed" "/opt/rustwide/cargo-home/bin/cargo" "+1.69.0" "doc" "--frozen" "--no-deps" "--document-private-items" "--message-format=json", kill_on_drop: false }`
[INFO] [stdout] 7c0ba2390e6280a192c75ab92990938ae0dfcdc422e360caa00420a5afbe4d9b
[INFO] running `Command { std: "docker" "start" "-a" "7c0ba2390e6280a192c75ab92990938ae0dfcdc422e360caa00420a5afbe4d9b", kill_on_drop: false }`
[INFO] [stderr]    Compiling proc-macro2 v1.0.24
[INFO] [stderr]    Compiling syn v1.0.63
[INFO] [stderr]    Compiling version_check v0.9.2
[INFO] [stderr]    Compiling libc v0.2.88
[INFO] [stderr]    Compiling autocfg v0.1.7
[INFO] [stderr]     Checking rand_core v0.4.2
[INFO] [stderr]    Compiling serde_derive v1.0.124
[INFO] [stderr]    Compiling serde v1.0.124
[INFO] [stderr]     Checking rand_core v0.3.1
[INFO] [stderr]    Compiling num-traits v0.2.14
[INFO] [stderr]     Checking once_cell v1.7.2
[INFO] [stderr]     Checking unicode-width v0.1.8
[INFO] [stderr]    Compiling memchr v2.3.4
[INFO] [stderr]    Compiling ucd-trie v0.1.3
[INFO] [stderr]    Compiling rand_pcg v0.1.2
[INFO] [stderr]    Compiling rand_chacha v0.1.1
[INFO] [stderr]    Compiling num-integer v0.1.44
[INFO] [stderr]    Compiling pest v2.1.3
[INFO] [stderr]    Compiling getrandom v0.2.2
[INFO] [stderr]    Compiling maplit v1.0.2
[INFO] [stderr]    Compiling ryu v1.0.5
[INFO] [stderr]    Compiling quote v1.0.9
[INFO] [stderr]     Checking bitflags v1.2.1
[INFO] [stderr]    Compiling rand v0.6.5
[INFO] [stderr]    Compiling ahash v0.6.3
[INFO] [stderr]    Compiling proc-macro-error-attr v1.0.4
[INFO] [stderr]    Compiling unicase v2.6.0
[INFO] [stderr]    Compiling serde_json v1.0.64
[INFO] [stderr]    Compiling pest_meta v2.1.3
[INFO] [stderr]     Checking time v0.1.43
[INFO] [stderr]     Checking atty v0.2.14
[INFO] [stderr]     Checking rand_os v0.1.3
[INFO] [stderr]    Compiling proc-macro-error v1.0.4
[INFO] [stderr]     Checking rand_isaac v0.1.1
[INFO] [stderr]     Checking rand_xorshift v0.1.1
[INFO] [stderr]     Checking rand_hc v0.1.0
[INFO] [stderr]     Checking rand_jitter v0.1.4
[INFO] [stderr]     Checking itoa v0.4.7
[INFO] [stderr]    Compiling pulldown-cmark v0.8.0
[INFO] [stderr]    Compiling include_dir_macros v0.7.2
[INFO] [stderr]     Checking aho-corasick v0.7.15
[INFO] [stderr]     Checking path-dedot v3.0.7
[INFO] [stderr]     Checking thread_local v1.1.4
[INFO] [stderr]     Checking getopts v0.2.21
[INFO] [stderr]     Checking deunicode v0.4.3
[INFO] [stderr]     Checking regex-syntax v0.6.22
[INFO] [stderr]     Checking either v1.6.1
[INFO] [stderr]     Checking quick-error v2.0.0
[INFO] [stderr]     Checking smallvec v1.6.1
[INFO] [stderr]    Compiling unicode-segmentation v1.7.1
[INFO] [stderr]     Checking slug v0.1.4
[INFO] [stderr]     Checking itertools v0.8.2
[INFO] [stderr]     Checking include_dir v0.7.2
[INFO] [stderr]     Checking path-absolutize v3.0.6
[INFO] [stderr]     Checking textwrap v0.11.0
[INFO] [stderr]     Checking ansi_term v0.11.0
[INFO] [stderr]     Checking vec_map v0.8.2
[INFO] [stderr]    Compiling heck v0.3.2
[INFO] [stderr]     Checking strsim v0.8.0
[INFO] [stderr]     Checking roman v0.1.6
[INFO] [stderr]     Checking colored v1.9.3
[INFO] [stderr]     Checking clap v2.33.3
[INFO] [stderr]    Compiling pest_generator v2.1.3
[INFO] [stderr]     Checking regex v1.4.3
[INFO] [stderr]    Compiling pest_derive v2.1.0
[INFO] [stderr]    Compiling rhai_codegen v0.3.3 (https://github.com/rhaiscript/rhai?rev=f92e6f3983052d8074e6fa943e26f255a72df84c#f92e6f39)
[INFO] [stderr]    Compiling structopt-derive v0.4.14
[INFO] [stderr]     Checking structopt v0.3.21
[INFO] [stderr]     Checking chrono v0.4.19
[INFO] [stderr]     Checking uuid v0.7.4
[INFO] [stderr]     Checking rhai v0.19.14 (https://github.com/rhaiscript/rhai?rev=f92e6f3983052d8074e6fa943e26f255a72df84c#f92e6f39)
[INFO] [stderr]     Checking simple_logger v1.11.0
[INFO] [stderr]     Checking handlebars v3.5.3
[INFO] [stdout] error[E0425]: cannot find value `args` in this scope
[INFO] [stdout]    --> /opt/rustwide/cargo-home/git/checkouts/rhai-f99f240b2f7f4b04/f92e6f3/src/packages/arithmetic.rs:206:42
[INFO] [stdout]     |
[INFO] [stdout] 206 | gen_arithmetic_functions!(arith_basic => INT);
[INFO] [stdout]     |                                          ^^^ not found in this scope
[INFO] [stdout]     |
[INFO] [stdout]     = help: consider importing one of these items:
[INFO] [stdout]             crate::stdlib::env::args
[INFO] [stdout]             std::env::args
[INFO] [stdout] 
[INFO] [stdout] 
[INFO] [stdout] error[E0425]: cannot find value `args` in this scope
[INFO] [stdout]    --> /opt/rustwide/cargo-home/git/checkouts/rhai-f99f240b2f7f4b04/f92e6f3/src/packages/arithmetic.rs:210:44
[INFO] [stdout]     |
[INFO] [stdout] 210 | gen_arithmetic_functions!(arith_numbers => i8, u8, i16, u16, i32, u32, u64);
[INFO] [stdout]     |                                            ^^ not found in this scope
[INFO] [stdout]     |
[INFO] [stdout]     = help: consider importing one of these items:
[INFO] [stdout]             crate::stdlib::env::args
[INFO] [stdout]             std::env::args
[INFO] [stdout] 
[INFO] [stdout] 
[INFO] [stdout] error[E0425]: cannot find value `args` in this scope
[INFO] [stdout]    --> /opt/rustwide/cargo-home/git/checkouts/rhai-f99f240b2f7f4b04/f92e6f3/src/packages/arithmetic.rs:210:48
[INFO] [stdout]     |
[INFO] [stdout] 210 | gen_arithmetic_functions!(arith_numbers => i8, u8, i16, u16, i32, u32, u64);
[INFO] [stdout]     |                                                ^^ not found in this scope
[INFO] [stdout]     |
[INFO] [stdout]     = help: consider importing one of these items:
[INFO] [stdout]             crate::stdlib::env::args
[INFO] [stdout]             std::env::args
[INFO] [stdout] 
[INFO] [stdout] 
[INFO] [stdout] error[E0425]: cannot find value `args` in this scope
[INFO] [stdout]    --> /opt/rustwide/cargo-home/git/checkouts/rhai-f99f240b2f7f4b04/f92e6f3/src/packages/arithmetic.rs:210:52
[INFO] [stdout]     |
[INFO] [stdout] 210 | gen_arithmetic_functions!(arith_numbers => i8, u8, i16, u16, i32, u32, u64);
[INFO] [stdout]     |                                                    ^^^ not found in this scope
[INFO] [stdout]     |
[INFO] [stdout]     = help: consider importing one of these items:
[INFO] [stdout]             crate::stdlib::env::args
[INFO] [stdout]             std::env::args
[INFO] [stdout] 
[INFO] [stdout] 
[INFO] [stdout] error[E0425]: cannot find value `args` in this scope
[INFO] [stdout]    --> /opt/rustwide/cargo-home/git/checkouts/rhai-f99f240b2f7f4b04/f92e6f3/src/packages/arithmetic.rs:210:57
[INFO] [stdout]     |
[INFO] [stdout] 210 | gen_arithmetic_functions!(arith_numbers => i8, u8, i16, u16, i32, u32, u64);
[INFO] [stdout]     |                                                         ^^^ not found in this scope
[INFO] [stdout]     |
[INFO] [stdout]     = help: consider importing one of these items:
[INFO] [stdout]             crate::stdlib::env::args
[INFO] [stdout]             std::env::args
[INFO] [stdout] 
[INFO] [stdout] 
[INFO] [stdout] error[E0425]: cannot find value `args` in this scope
[INFO] [stdout]    --> /opt/rustwide/cargo-home/git/checkouts/rhai-f99f240b2f7f4b04/f92e6f3/src/packages/arithmetic.rs:210:62
[INFO] [stdout]     |
[INFO] [stdout] 210 | gen_arithmetic_functions!(arith_numbers => i8, u8, i16, u16, i32, u32, u64);
[INFO] [stdout]     |                                                              ^^^ not found in this scope
[INFO] [stdout]     |
[INFO] [stdout]     = help: consider importing one of these items:
[INFO] [stdout]             crate::stdlib::env::args
[INFO] [stdout]             std::env::args
[INFO] [stdout] 
[INFO] [stdout] 
[INFO] [stdout] error[E0425]: cannot find value `args` in this scope
[INFO] [stdout]    --> /opt/rustwide/cargo-home/git/checkouts/rhai-f99f240b2f7f4b04/f92e6f3/src/packages/arithmetic.rs:210:67
[INFO] [stdout]     |
[INFO] [stdout] 210 | gen_arithmetic_functions!(arith_numbers => i8, u8, i16, u16, i32, u32, u64);
[INFO] [stdout]     |                                                                   ^^^ not found in this scope
[INFO] [stdout]     |
[INFO] [stdout]     = help: consider importing one of these items:
[INFO] [stdout]             crate::stdlib::env::args
[INFO] [stdout]             std::env::args
[INFO] [stdout] 
[INFO] [stdout] 
[INFO] [stdout] error[E0425]: cannot find value `args` in this scope
[INFO] [stdout]    --> /opt/rustwide/cargo-home/git/checkouts/rhai-f99f240b2f7f4b04/f92e6f3/src/packages/arithmetic.rs:210:72
[INFO] [stdout]     |
[INFO] [stdout] 210 | gen_arithmetic_functions!(arith_numbers => i8, u8, i16, u16, i32, u32, u64);
[INFO] [stdout]     |                                                                        ^^^ not found in this scope
[INFO] [stdout]     |
[INFO] [stdout]     = help: consider importing one of these items:
[INFO] [stdout]             crate::stdlib::env::args
[INFO] [stdout]             std::env::args
[INFO] [stdout] 
[INFO] [stdout] 
[INFO] [stdout] error[E0425]: cannot find value `args` in this scope
[INFO] [stdout]    --> /opt/rustwide/cargo-home/git/checkouts/rhai-f99f240b2f7f4b04/f92e6f3/src/packages/arithmetic.rs:215:44
[INFO] [stdout]     |
[INFO] [stdout] 215 | gen_arithmetic_functions!(arith_num_128 => i128, u128);
[INFO] [stdout]     |                                            ^^^^ not found in this scope
[INFO] [stdout]     |
[INFO] [stdout]     = help: consider importing one of these items:
[INFO] [stdout]             crate::stdlib::env::args
[INFO] [stdout]             std::env::args
[INFO] [stdout] 
[INFO] [stdout] 
[INFO] [stdout] error[E0425]: cannot find value `args` in this scope
[INFO] [stdout]    --> /opt/rustwide/cargo-home/git/checkouts/rhai-f99f240b2f7f4b04/f92e6f3/src/packages/arithmetic.rs:215:50
[INFO] [stdout]     |
[INFO] [stdout] 215 | gen_arithmetic_functions!(arith_num_128 => i128, u128);
[INFO] [stdout]     |                                                  ^^^^ not found in this scope
[INFO] [stdout]     |
[INFO] [stdout]     = help: consider importing one of these items:
[INFO] [stdout]             crate::stdlib::env::args
[INFO] [stdout]             std::env::args
[INFO] [stdout] 
[INFO] [stdout] 
[INFO] [stdout] error[E0425]: cannot find value `args` in this scope
[INFO] [stdout]    --> /opt/rustwide/cargo-home/git/checkouts/rhai-f99f240b2f7f4b04/f92e6f3/src/packages/arithmetic.rs:217:39
[INFO] [stdout]     |
[INFO] [stdout] 217 | gen_signed_functions!(signed_basic => INT);
[INFO] [stdout]     |                                       ^^^ not found in this scope
[INFO] [stdout]     |
[INFO] [stdout]     = help: consider importing one of these items:
[INFO] [stdout]             crate::stdlib::env::args
[INFO] [stdout]             std::env::args
[INFO] [stdout] 
[INFO] [stdout] 
[INFO] [stdout] error[E0425]: cannot find value `args` in this scope
[INFO] [stdout]    --> /opt/rustwide/cargo-home/git/checkouts/rhai-f99f240b2f7f4b04/f92e6f3/src/packages/arithmetic.rs:221:41
[INFO] [stdout]     |
[INFO] [stdout] 221 | gen_signed_functions!(signed_numbers => i8, i16, i32);
[INFO] [stdout]     |                                         ^^ not found in this scope
[INFO] [stdout]     |
[INFO] [stdout]     = help: consider importing one of these items:
[INFO] [stdout]             crate::stdlib::env::args
[INFO] [stdout]             std::env::args
[INFO] [stdout] 
[INFO] [stdout] 
[INFO] [stdout] error[E0425]: cannot find value `args` in this scope
[INFO] [stdout]    --> /opt/rustwide/cargo-home/git/checkouts/rhai-f99f240b2f7f4b04/f92e6f3/src/packages/arithmetic.rs:221:45
[INFO] [stdout]     |
[INFO] [stdout] 221 | gen_signed_functions!(signed_numbers => i8, i16, i32);
[INFO] [stdout]     |                                             ^^^ not found in this scope
[INFO] [stdout]     |
[INFO] [stdout]     = help: consider importing one of these items:
[INFO] [stdout]             crate::stdlib::env::args
[INFO] [stdout]             std::env::args
[INFO] [stdout] 
[INFO] [stdout] 
[INFO] [stdout] error[E0425]: cannot find value `args` in this scope
[INFO] [stdout]    --> /opt/rustwide/cargo-home/git/checkouts/rhai-f99f240b2f7f4b04/f92e6f3/src/packages/arithmetic.rs:221:50
[INFO] [stdout]     |
[INFO] [stdout] 221 | gen_signed_functions!(signed_numbers => i8, i16, i32);
[INFO] [stdout]     |                                                  ^^^ not found in this scope
[INFO] [stdout]     |
[INFO] [stdout]     = help: consider importing one of these items:
[INFO] [stdout]             crate::stdlib::env::args
[INFO] [stdout]             std::env::args
[INFO] [stdout] 
[INFO] [stdout] 
[INFO] [stdout] error[E0425]: cannot find value `args` in this scope
[INFO] [stdout]    --> /opt/rustwide/cargo-home/git/checkouts/rhai-f99f240b2f7f4b04/f92e6f3/src/packages/arithmetic.rs:226:41
[INFO] [stdout]     |
[INFO] [stdout] 226 | gen_signed_functions!(signed_num_128 => i128);
[INFO] [stdout]     |                                         ^^^^ not found in this scope
[INFO] [stdout]     |
[INFO] [stdout]     = help: consider importing one of these items:
[INFO] [stdout]             crate::stdlib::env::args
[INFO] [stdout]             std::env::args
[INFO] [stdout] 
[INFO] [stdout] 
[INFO] [stdout] error[E0425]: cannot find value `args` in this scope
[INFO] [stdout]   --> /opt/rustwide/cargo-home/git/checkouts/rhai-f99f240b2f7f4b04/f92e6f3/src/packages/logic.rs:70:31
[INFO] [stdout]    |
[INFO] [stdout] 70 | gen_cmp_functions!(numbers => i8, u8, i16, u16, i32, u32, u64);
[INFO] [stdout]    |                               ^^ not found in this scope
[INFO] [stdout]    |
[INFO] [stdout]    = help: consider importing one of these items:
[INFO] [stdout]            crate::stdlib::env::args
[INFO] [stdout]            std::env::args
[INFO] [stdout] 
[INFO] [stdout] 
[INFO] [stdout] error[E0425]: cannot find value `args` in this scope
[INFO] [stdout]   --> /opt/rustwide/cargo-home/git/checkouts/rhai-f99f240b2f7f4b04/f92e6f3/src/packages/logic.rs:70:35
[INFO] [stdout]    |
[INFO] [stdout] 70 | gen_cmp_functions!(numbers => i8, u8, i16, u16, i32, u32, u64);
[INFO] [stdout]    |                                   ^^ not found in this scope
[INFO] [stdout]    |
[INFO] [stdout]    = help: consider importing one of these items:
[INFO] [stdout]            crate::stdlib::env::args
[INFO] [stdout]            std::env::args
[INFO] [stdout] 
[INFO] [stdout] 
[INFO] [stdout] error[E0425]: cannot find value `args` in this scope
[INFO] [stdout]   --> /opt/rustwide/cargo-home/git/checkouts/rhai-f99f240b2f7f4b04/f92e6f3/src/packages/logic.rs:70:39
[INFO] [stdout]    |
[INFO] [stdout] 70 | gen_cmp_functions!(numbers => i8, u8, i16, u16, i32, u32, u64);
[INFO] [stdout]    |                                       ^^^ not found in this scope
[INFO] [stdout]    |
[INFO] [stdout]    = help: consider importing one of these items:
[INFO] [stdout]            crate::stdlib::env::args
[INFO] [stdout]            std::env::args
[INFO] [stdout] 
[INFO] [stdout] 
[INFO] [stdout] error[E0425]: cannot find value `args` in this scope
[INFO] [stdout]   --> /opt/rustwide/cargo-home/git/checkouts/rhai-f99f240b2f7f4b04/f92e6f3/src/packages/logic.rs:70:44
[INFO] [stdout]    |
[INFO] [stdout] 70 | gen_cmp_functions!(numbers => i8, u8, i16, u16, i32, u32, u64);
[INFO] [stdout]    |                                            ^^^ not found in this scope
[INFO] [stdout]    |
[INFO] [stdout]    = help: consider importing one of these items:
[INFO] [stdout]            crate::stdlib::env::args
[INFO] [stdout]            std::env::args
[INFO] [stdout] 
[INFO] [stdout] 
[INFO] [stdout] error[E0425]: cannot find value `args` in this scope
[INFO] [stdout]   --> /opt/rustwide/cargo-home/git/checkouts/rhai-f99f240b2f7f4b04/f92e6f3/src/packages/logic.rs:70:49
[INFO] [stdout]    |
[INFO] [stdout] 70 | gen_cmp_functions!(numbers => i8, u8, i16, u16, i32, u32, u64);
[INFO] [stdout]    |                                                 ^^^ not found in this scope
[INFO] [stdout]    |
[INFO] [stdout]    = help: consider importing one of these items:
[INFO] [stdout]            crate::stdlib::env::args
[INFO] [stdout]            std::env::args
[INFO] [stdout] 
[INFO] [stdout] 
[INFO] [stdout] error[E0425]: cannot find value `args` in this scope
[INFO] [stdout]   --> /opt/rustwide/cargo-home/git/checkouts/rhai-f99f240b2f7f4b04/f92e6f3/src/packages/logic.rs:70:54
[INFO] [stdout]    |
[INFO] [stdout] 70 | gen_cmp_functions!(numbers => i8, u8, i16, u16, i32, u32, u64);
[INFO] [stdout]    |                                                      ^^^ not found in this scope
[INFO] [stdout]    |
[INFO] [stdout]    = help: consider importing one of these items:
[INFO] [stdout]            crate::stdlib::env::args
[INFO] [stdout]            std::env::args
[INFO] [stdout] 
[INFO] [stdout] 
[INFO] [stdout] error[E0425]: cannot find value `args` in this scope
[INFO] [stdout]   --> /opt/rustwide/cargo-home/git/checkouts/rhai-f99f240b2f7f4b04/f92e6f3/src/packages/logic.rs:70:59
[INFO] [stdout]    |
[INFO] [stdout] 70 | gen_cmp_functions!(numbers => i8, u8, i16, u16, i32, u32, u64);
[INFO] [stdout]    |                                                           ^^^ not found in this scope
[INFO] [stdout]    |
[INFO] [stdout]    = help: consider importing one of these items:
[INFO] [stdout]            crate::stdlib::env::args
[INFO] [stdout]            std::env::args
[INFO] [stdout] 
[INFO] [stdout] 
[INFO] [stdout] error[E0425]: cannot find value `args` in this scope
[INFO] [stdout]   --> /opt/rustwide/cargo-home/git/checkouts/rhai-f99f240b2f7f4b04/f92e6f3/src/packages/logic.rs:75:31
[INFO] [stdout]    |
[INFO] [stdout] 75 | gen_cmp_functions!(num_128 => i128, u128);
[INFO] [stdout]    |                               ^^^^ not found in this scope
[INFO] [stdout]    |
[INFO] [stdout]    = help: consider importing one of these items:
[INFO] [stdout]            crate::stdlib::env::args
[INFO] [stdout]            std::env::args
[INFO] [stdout] 
[INFO] [stdout] 
[INFO] [stdout] error[E0425]: cannot find value `args` in this scope
[INFO] [stdout]   --> /opt/rustwide/cargo-home/git/checkouts/rhai-f99f240b2f7f4b04/f92e6f3/src/packages/logic.rs:75:37
[INFO] [stdout]    |
[INFO] [stdout] 75 | gen_cmp_functions!(num_128 => i128, u128);
[INFO] [stdout]    |                                     ^^^^ not found in this scope
[INFO] [stdout]    |
[INFO] [stdout]    = help: consider importing one of these items:
[INFO] [stdout]            crate::stdlib::env::args
[INFO] [stdout]            std::env::args
[INFO] [stdout] 
[INFO] [stdout] 
[INFO] [stdout] error[E0425]: cannot find value `args` in this scope
[INFO] [stdout]   --> /opt/rustwide/cargo-home/git/checkouts/rhai-f99f240b2f7f4b04/f92e6f3/src/packages/logic.rs:79:29
[INFO] [stdout]    |
[INFO] [stdout] 79 | gen_cmp_functions!(float => f32);
[INFO] [stdout]    |                             ^^^ not found in this scope
[INFO] [stdout]    |
[INFO] [stdout]    = help: consider importing one of these items:
[INFO] [stdout]            crate::stdlib::env::args
[INFO] [stdout]            std::env::args
[INFO] [stdout] 
[INFO] [stdout] 
[INFO] [stdout] error[E0425]: cannot find value `args` in this scope
[INFO] [stdout]    --> /opt/rustwide/cargo-home/git/checkouts/rhai-f99f240b2f7f4b04/f92e6f3/src/packages/math_basic.rs:445:58
[INFO] [stdout]     |
[INFO] [stdout] 445 | gen_conversion_as_functions!(basic_to_float => to_float (INT) -> FLOAT);
[INFO] [stdout]     |                                                          ^^^ not found in this scope
[INFO] [stdout]     |
[INFO] [stdout]     = help: consider importing one of these items:
[INFO] [stdout]             crate::stdlib::env::args
[INFO] [stdout]             std::env::args
[INFO] [stdout] 
[INFO] [stdout] 
[INFO] [stdout] error[E0425]: cannot find value `args` in this scope
[INFO] [stdout]    --> /opt/rustwide/cargo-home/git/checkouts/rhai-f99f240b2f7f4b04/f92e6f3/src/packages/math_basic.rs:450:60
[INFO] [stdout]     |
[INFO] [stdout] 450 | gen_conversion_as_functions!(numbers_to_float => to_float (i8, u8, i16, u16, i32, u32, i64, u64) -> FLOAT);
[INFO] [stdout]     |                                                            ^^ not found in this scope
[INFO] [stdout]     |
[INFO] [stdout]     = help: consider importing one of these items:
[INFO] [stdout]             crate::stdlib::env::args
[INFO] [stdout]             std::env::args
[INFO] [stdout] 
[INFO] [stdout] 
[INFO] [stdout] error[E0425]: cannot find value `args` in this scope
[INFO] [stdout]    --> /opt/rustwide/cargo-home/git/checkouts/rhai-f99f240b2f7f4b04/f92e6f3/src/packages/math_basic.rs:450:64
[INFO] [stdout]     |
[INFO] [stdout] 450 | gen_conversion_as_functions!(numbers_to_float => to_float (i8, u8, i16, u16, i32, u32, i64, u64) -> FLOAT);
[INFO] [stdout]     |                                                                ^^ not found in this scope
[INFO] [stdout]     |
[INFO] [stdout]     = help: consider importing one of these items:
[INFO] [stdout]             crate::stdlib::env::args
[INFO] [stdout]             std::env::args
[INFO] [stdout] 
[INFO] [stdout] 
[INFO] [stdout] error[E0425]: cannot find value `args` in this scope
[INFO] [stdout]    --> /opt/rustwide/cargo-home/git/checkouts/rhai-f99f240b2f7f4b04/f92e6f3/src/packages/math_basic.rs:450:68
[INFO] [stdout]     |
[INFO] [stdout] 450 | gen_conversion_as_functions!(numbers_to_float => to_float (i8, u8, i16, u16, i32, u32, i64, u64) -> FLOAT);
[INFO] [stdout]     |                                                                    ^^^ not found in this scope
[INFO] [stdout]     |
[INFO] [stdout]     = help: consider importing one of these items:
[INFO] [stdout]             crate::stdlib::env::args
[INFO] [stdout]             std::env::args
[INFO] [stdout] 
[INFO] [stdout] 
[INFO] [stdout] error[E0425]: cannot find value `args` in this scope
[INFO] [stdout]    --> /opt/rustwide/cargo-home/git/checkouts/rhai-f99f240b2f7f4b04/f92e6f3/src/packages/math_basic.rs:450:73
[INFO] [stdout]     |
[INFO] [stdout] 450 | gen_conversion_as_functions!(numbers_to_float => to_float (i8, u8, i16, u16, i32, u32, i64, u64) -> FLOAT);
[INFO] [stdout]     |                                                                         ^^^ not found in this scope
[INFO] [stdout]     |
[INFO] [stdout]     = help: consider importing one of these items:
[INFO] [stdout]             crate::stdlib::env::args
[INFO] [stdout]             std::env::args
[INFO] [stdout] 
[INFO] [stdout] 
[INFO] [stdout] error[E0425]: cannot find value `args` in this scope
[INFO] [stdout]    --> /opt/rustwide/cargo-home/git/checkouts/rhai-f99f240b2f7f4b04/f92e6f3/src/packages/math_basic.rs:450:78
[INFO] [stdout]     |
[INFO] [stdout] 450 | gen_conversion_as_functions!(numbers_to_float => to_float (i8, u8, i16, u16, i32, u32, i64, u64) -> FLOAT);
[INFO] [stdout]     |                                                                              ^^^ not found in this scope
[INFO] [stdout]     |
[INFO] [stdout]     = help: consider importing one of these items:
[INFO] [stdout]             crate::stdlib::env::args
[INFO] [stdout]             std::env::args
[INFO] [stdout] 
[INFO] [stdout] 
[INFO] [stdout] error[E0425]: cannot find value `args` in this scope
[INFO] [stdout]    --> /opt/rustwide/cargo-home/git/checkouts/rhai-f99f240b2f7f4b04/f92e6f3/src/packages/math_basic.rs:450:83
[INFO] [stdout]     |
[INFO] [stdout] 450 | gen_conversion_as_functions!(numbers_to_float => to_float (i8, u8, i16, u16, i32, u32, i64, u64) -> FLOAT);
[INFO] [stdout]     |                                                                                   ^^^ not found in this scope
[INFO] [stdout]     |
[INFO] [stdout]     = help: consider importing one of these items:
[INFO] [stdout]             crate::stdlib::env::args
[INFO] [stdout]             std::env::args
[INFO] [stdout] 
[INFO] [stdout] 
[INFO] [stdout] error[E0425]: cannot find value `args` in this scope
[INFO] [stdout]    --> /opt/rustwide/cargo-home/git/checkouts/rhai-f99f240b2f7f4b04/f92e6f3/src/packages/math_basic.rs:450:88
[INFO] [stdout]     |
[INFO] [stdout] 450 | gen_conversion_as_functions!(numbers_to_float => to_float (i8, u8, i16, u16, i32, u32, i64, u64) -> FLOAT);
[INFO] [stdout]     |                                                                                        ^^^ not found in this scope
[INFO] [stdout]     |
[INFO] [stdout]     = help: consider importing one of these items:
[INFO] [stdout]             crate::stdlib::env::args
[INFO] [stdout]             std::env::args
[INFO] [stdout] 
[INFO] [stdout] 
[INFO] [stdout] error[E0425]: cannot find value `args` in this scope
[INFO] [stdout]    --> /opt/rustwide/cargo-home/git/checkouts/rhai-f99f240b2f7f4b04/f92e6f3/src/packages/math_basic.rs:450:93
[INFO] [stdout]     |
[INFO] [stdout] 450 | gen_conversion_as_functions!(numbers_to_float => to_float (i8, u8, i16, u16, i32, u32, i64, u64) -> FLOAT);
[INFO] [stdout]     |                                                                                             ^^^ not found in this scope
[INFO] [stdout]     |
[INFO] [stdout]     = help: consider importing one of these items:
[INFO] [stdout]             crate::stdlib::env::args
[INFO] [stdout]             std::env::args
[INFO] [stdout] 
[INFO] [stdout] 
[INFO] [stdout] error[E0425]: cannot find value `args` in this scope
[INFO] [stdout]    --> /opt/rustwide/cargo-home/git/checkouts/rhai-f99f240b2f7f4b04/f92e6f3/src/packages/math_basic.rs:456:60
[INFO] [stdout]     |
[INFO] [stdout] 456 | gen_conversion_as_functions!(num_128_to_float => to_float (i128, u128) -> FLOAT);
[INFO] [stdout]     |                                                            ^^^^ not found in this scope
[INFO] [stdout]     |
[INFO] [stdout]     = help: consider importing one of these items:
[INFO] [stdout]             crate::stdlib::env::args
[INFO] [stdout]             std::env::args
[INFO] [stdout] 
[INFO] [stdout] 
[INFO] [stdout] error[E0425]: cannot find value `args` in this scope
[INFO] [stdout]    --> /opt/rustwide/cargo-home/git/checkouts/rhai-f99f240b2f7f4b04/f92e6f3/src/packages/math_basic.rs:456:66
[INFO] [stdout]     |
[INFO] [stdout] 456 | gen_conversion_as_functions!(num_128_to_float => to_float (i128, u128) -> FLOAT);
[INFO] [stdout]     |                                                                  ^^^^ not found in this scope
[INFO] [stdout]     |
[INFO] [stdout]     = help: consider importing one of these items:
[INFO] [stdout]             crate::stdlib::env::args
[INFO] [stdout]             std::env::args
[INFO] [stdout] 
[INFO] [stdout] 
[INFO] [stdout] error[E0425]: cannot find value `args` in this scope
[INFO] [stdout]    --> /opt/rustwide/cargo-home/git/checkouts/rhai-f99f240b2f7f4b04/f92e6f3/src/packages/math_basic.rs:458:54
[INFO] [stdout]     |
[INFO] [stdout] 458 | gen_conversion_as_functions!(basic_to_int => to_int (char) -> INT);
[INFO] [stdout]     |                                                      ^^^^ not found in this scope
[INFO] [stdout]     |
[INFO] [stdout]     = help: consider importing one of these items:
[INFO] [stdout]             crate::stdlib::env::args
[INFO] [stdout]             std::env::args
[INFO] [stdout] 
[INFO] [stdout] 
[INFO] [stdout] error[E0425]: cannot find value `args` in this scope
[INFO] [stdout]    --> /opt/rustwide/cargo-home/git/checkouts/rhai-f99f240b2f7f4b04/f92e6f3/src/packages/math_basic.rs:462:56
[INFO] [stdout]     |
[INFO] [stdout] 462 | gen_conversion_as_functions!(numbers_to_int => to_int (i8, u8, i16, u16, i32, u32, i64, u64) -> INT);
[INFO] [stdout]     |                                                        ^^ not found in this scope
[INFO] [stdout]     |
[INFO] [stdout]     = help: consider importing one of these items:
[INFO] [stdout]             crate::stdlib::env::args
[INFO] [stdout]             std::env::args
[INFO] [stdout] 
[INFO] [stdout] 
[INFO] [stdout] error[E0425]: cannot find value `args` in this scope
[INFO] [stdout]    --> /opt/rustwide/cargo-home/git/checkouts/rhai-f99f240b2f7f4b04/f92e6f3/src/packages/math_basic.rs:462:60
[INFO] [stdout]     |
[INFO] [stdout] 462 | gen_conversion_as_functions!(numbers_to_int => to_int (i8, u8, i16, u16, i32, u32, i64, u64) -> INT);
[INFO] [stdout]     |                                                            ^^ not found in this scope
[INFO] [stdout]     |
[INFO] [stdout]     = help: consider importing one of these items:
[INFO] [stdout]             crate::stdlib::env::args
[INFO] [stdout]             std::env::args
[INFO] [stdout] 
[INFO] [stdout] 
[INFO] [stdout] error[E0425]: cannot find value `args` in this scope
[INFO] [stdout]    --> /opt/rustwide/cargo-home/git/checkouts/rhai-f99f240b2f7f4b04/f92e6f3/src/packages/math_basic.rs:462:64
[INFO] [stdout]     |
[INFO] [stdout] 462 | gen_conversion_as_functions!(numbers_to_int => to_int (i8, u8, i16, u16, i32, u32, i64, u64) -> INT);
[INFO] [stdout]     |                                                                ^^^ not found in this scope
[INFO] [stdout]     |
[INFO] [stdout]     = help: consider importing one of these items:
[INFO] [stdout]             crate::stdlib::env::args
[INFO] [stdout]             std::env::args
[INFO] [stdout] 
[INFO] [stdout] 
[INFO] [stdout] error[E0425]: cannot find value `args` in this scope
[INFO] [stdout]    --> /opt/rustwide/cargo-home/git/checkouts/rhai-f99f240b2f7f4b04/f92e6f3/src/packages/math_basic.rs:462:69
[INFO] [stdout]     |
[INFO] [stdout] 462 | gen_conversion_as_functions!(numbers_to_int => to_int (i8, u8, i16, u16, i32, u32, i64, u64) -> INT);
[INFO] [stdout]     |                                                                     ^^^ not found in this scope
[INFO] [stdout]     |
[INFO] [stdout]     = help: consider importing one of these items:
[INFO] [stdout]             crate::stdlib::env::args
[INFO] [stdout]             std::env::args
[INFO] [stdout] 
[INFO] [stdout] 
[INFO] [stdout] error[E0425]: cannot find value `args` in this scope
[INFO] [stdout]    --> /opt/rustwide/cargo-home/git/checkouts/rhai-f99f240b2f7f4b04/f92e6f3/src/packages/math_basic.rs:462:74
[INFO] [stdout]     |
[INFO] [stdout] 462 | gen_conversion_as_functions!(numbers_to_int => to_int (i8, u8, i16, u16, i32, u32, i64, u64) -> INT);
[INFO] [stdout]     |                                                                          ^^^ not found in this scope
[INFO] [stdout]     |
[INFO] [stdout]     = help: consider importing one of these items:
[INFO] [stdout]             crate::stdlib::env::args
[INFO] [stdout]             std::env::args
[INFO] [stdout] 
[INFO] [stdout] 
[INFO] [stdout] error[E0425]: cannot find value `args` in this scope
[INFO] [stdout]    --> /opt/rustwide/cargo-home/git/checkouts/rhai-f99f240b2f7f4b04/f92e6f3/src/packages/math_basic.rs:462:79
[INFO] [stdout]     |
[INFO] [stdout] 462 | gen_conversion_as_functions!(numbers_to_int => to_int (i8, u8, i16, u16, i32, u32, i64, u64) -> INT);
[INFO] [stdout]     |                                                                               ^^^ not found in this scope
[INFO] [stdout]     |
[INFO] [stdout]     = help: consider importing one of these items:
[INFO] [stdout]             crate::stdlib::env::args
[INFO] [stdout]             std::env::args
[INFO] [stdout] 
[INFO] [stdout] 
[INFO] [stdout] error[E0425]: cannot find value `args` in this scope
[INFO] [stdout]    --> /opt/rustwide/cargo-home/git/checkouts/rhai-f99f240b2f7f4b04/f92e6f3/src/packages/math_basic.rs:462:84
[INFO] [stdout]     |
[INFO] [stdout] 462 | gen_conversion_as_functions!(numbers_to_int => to_int (i8, u8, i16, u16, i32, u32, i64, u64) -> INT);
[INFO] [stdout]     |                                                                                    ^^^ not found in this scope
[INFO] [stdout]     |
[INFO] [stdout]     = help: consider importing one of these items:
[INFO] [stdout]             crate::stdlib::env::args
[INFO] [stdout]             std::env::args
[INFO] [stdout] 
[INFO] [stdout] 
[INFO] [stdout] error[E0425]: cannot find value `args` in this scope
[INFO] [stdout]    --> /opt/rustwide/cargo-home/git/checkouts/rhai-f99f240b2f7f4b04/f92e6f3/src/packages/math_basic.rs:462:89
[INFO] [stdout]     |
[INFO] [stdout] 462 | gen_conversion_as_functions!(numbers_to_int => to_int (i8, u8, i16, u16, i32, u32, i64, u64) -> INT);
[INFO] [stdout]     |                                                                                         ^^^ not found in this scope
[INFO] [stdout]     |
[INFO] [stdout]     = help: consider importing one of these items:
[INFO] [stdout]             crate::stdlib::env::args
[INFO] [stdout]             std::env::args
[INFO] [stdout] 
[INFO] [stdout] 
[INFO] [stdout] error[E0425]: cannot find value `args` in this scope
[INFO] [stdout]    --> /opt/rustwide/cargo-home/git/checkouts/rhai-f99f240b2f7f4b04/f92e6f3/src/packages/math_basic.rs:467:56
[INFO] [stdout]     |
[INFO] [stdout] 467 | gen_conversion_as_functions!(num_128_to_int => to_int (i128, u128) -> INT);
[INFO] [stdout]     |                                                        ^^^^ not found in this scope
[INFO] [stdout]     |
[INFO] [stdout]     = help: consider importing one of these items:
[INFO] [stdout]             crate::stdlib::env::args
[INFO] [stdout]             std::env::args
[INFO] [stdout] 
[INFO] [stdout] 
[INFO] [stdout] error[E0425]: cannot find value `args` in this scope
[INFO] [stdout]    --> /opt/rustwide/cargo-home/git/checkouts/rhai-f99f240b2f7f4b04/f92e6f3/src/packages/math_basic.rs:467:62
[INFO] [stdout]     |
[INFO] [stdout] 467 | gen_conversion_as_functions!(num_128_to_int => to_int (i128, u128) -> INT);
[INFO] [stdout]     |                                                              ^^^^ not found in this scope
[INFO] [stdout]     |
[INFO] [stdout]     = help: consider importing one of these items:
[INFO] [stdout]             crate::stdlib::env::args
[INFO] [stdout]             std::env::args
[INFO] [stdout] 
[INFO] [stdout] 
[INFO] [stdout] error: aborting due to 47 previous errors
[INFO] [stdout] 
[INFO] [stdout] 
[INFO] [stdout] For more information about this error, try `rustc --explain E0425`.
[INFO] [stdout] 
[INFO] [stderr] error: could not compile `rhai` due to 48 previous errors
[INFO] running `Command { std: "docker" "inspect" "7c0ba2390e6280a192c75ab92990938ae0dfcdc422e360caa00420a5afbe4d9b", kill_on_drop: false }`
[INFO] running `Command { std: "docker" "rm" "-f" "7c0ba2390e6280a192c75ab92990938ae0dfcdc422e360caa00420a5afbe4d9b", kill_on_drop: false }`
[INFO] [stdout] 7c0ba2390e6280a192c75ab92990938ae0dfcdc422e360caa00420a5afbe4d9b
