[INFO] cloning repository https://github.com/ishihara1989/orbtk-sample
[INFO] running `Command { std: "git" "-c" "credential.helper=" "-c" "credential.helper=/workspace/cargo-home/bin/git-credential-null" "clone" "--bare" "https://github.com/ishihara1989/orbtk-sample" "/workspace/cache/git-repos/https%3A%2F%2Fgithub.com%2Fishihara1989%2Forbtk-sample", kill_on_drop: false }`
[INFO] [stderr] Cloning into bare repository '/workspace/cache/git-repos/https%3A%2F%2Fgithub.com%2Fishihara1989%2Forbtk-sample'...
[INFO] running `Command { std: "git" "rev-parse" "HEAD", kill_on_drop: false }`
[INFO] [stdout] fd65b4ca4f791494e5ae9f3d4190abfe2343be84
[INFO] documenting ishihara1989/orbtk-sample against 1.69.0 for beta-1.70-rustdoc-1
[INFO] running `Command { std: "git" "clone" "/workspace/cache/git-repos/https%3A%2F%2Fgithub.com%2Fishihara1989%2Forbtk-sample" "/workspace/builds/worker-3-tc1/source", kill_on_drop: false }`
[INFO] [stderr] Cloning into '/workspace/builds/worker-3-tc1/source'...
[INFO] [stderr] done.
[INFO] validating manifest of git repo https://github.com/ishihara1989/orbtk-sample on toolchain 1.69.0
[INFO] running `Command { std: CARGO_HOME="/workspace/cargo-home" RUSTUP_HOME="/workspace/rustup-home" "/workspace/cargo-home/bin/cargo" "+1.69.0" "metadata" "--manifest-path" "Cargo.toml" "--no-deps", kill_on_drop: false }`
[INFO] started tweaking git repo https://github.com/ishihara1989/orbtk-sample
[INFO] finished tweaking git repo https://github.com/ishihara1989/orbtk-sample
[INFO] tweaked toml for git repo https://github.com/ishihara1989/orbtk-sample written to /workspace/builds/worker-3-tc1/source/Cargo.toml
[INFO] crate git repo https://github.com/ishihara1989/orbtk-sample already has a lockfile, it will not be regenerated
[INFO] running `Command { std: CARGO_HOME="/workspace/cargo-home" RUSTUP_HOME="/workspace/rustup-home" "/workspace/cargo-home/bin/cargo" "+1.69.0" "fetch" "--manifest-path" "Cargo.toml", kill_on_drop: false }`
[INFO] [stderr]     Updating git repository `https://github.com/redox-os/orbtk.git`
[INFO] [stderr]     Updating git repository `https://gitlab.redox-os.org/redox-os/dces-rust.git`
[INFO] [stderr]     Updating git repository `https://gitlab.redox-os.org/redox-os/orbclient.git`
[INFO] [stderr]  Downloading crates ...
[INFO] [stderr]   Downloaded sw-composite v0.7.14
[INFO] [stderr]   Downloaded raqote v0.8.0
[INFO] [stderr]   Downloaded sdl2-sys v0.34.3
[INFO] [stderr]   Downloaded syn v1.0.62
[INFO] [stderr]   Downloaded rust_decimal v1.10.3
[INFO] running `Command { std: "docker" "create" "-v" "/var/lib/crater-agent-workspace/builds/worker-3-tc1/target:/opt/rustwide/target:rw,Z" "-v" "/var/lib/crater-agent-workspace/builds/worker-3-tc1/source:/opt/rustwide/workdir:ro,Z" "-v" "/var/lib/crater-agent-workspace/cargo-home:/opt/rustwide/cargo-home:ro,Z" "-v" "/var/lib/crater-agent-workspace/rustup-home:/opt/rustwide/rustup-home:ro,Z" "-e" "SOURCE_DIR=/opt/rustwide/workdir" "-e" "CARGO_TARGET_DIR=/opt/rustwide/target" "-e" "CARGO_HOME=/opt/rustwide/cargo-home" "-e" "RUSTUP_HOME=/opt/rustwide/rustup-home" "-w" "/opt/rustwide/workdir" "-m" "1610612736" "--user" "0:0" "--network" "none" "ghcr.io/rust-lang/crates-build-env/linux@sha256:5ff2268d62e97bff2cde7d5815dd6ed5b47097566f13b8d0ca110b04b60e07ed" "/opt/rustwide/cargo-home/bin/cargo" "+1.69.0" "metadata" "--no-deps" "--format-version=1", kill_on_drop: false }`
[INFO] [stdout] 7de5ef867ce229faef2c7880f8f8eb38e1b807d8933a64dd5788f0cbafb88cf0
[INFO] running `Command { std: "docker" "start" "-a" "7de5ef867ce229faef2c7880f8f8eb38e1b807d8933a64dd5788f0cbafb88cf0", kill_on_drop: false }`
[INFO] running `Command { std: "docker" "inspect" "7de5ef867ce229faef2c7880f8f8eb38e1b807d8933a64dd5788f0cbafb88cf0", kill_on_drop: false }`
[INFO] running `Command { std: "docker" "rm" "-f" "7de5ef867ce229faef2c7880f8f8eb38e1b807d8933a64dd5788f0cbafb88cf0", kill_on_drop: false }`
[INFO] [stdout] 7de5ef867ce229faef2c7880f8f8eb38e1b807d8933a64dd5788f0cbafb88cf0
[INFO] running `Command { std: "docker" "create" "-v" "/var/lib/crater-agent-workspace/builds/worker-3-tc1/target:/opt/rustwide/target:rw,Z" "-v" "/var/lib/crater-agent-workspace/builds/worker-3-tc1/source:/opt/rustwide/workdir:ro,Z" "-v" "/var/lib/crater-agent-workspace/cargo-home:/opt/rustwide/cargo-home:ro,Z" "-v" "/var/lib/crater-agent-workspace/rustup-home:/opt/rustwide/rustup-home:ro,Z" "-e" "SOURCE_DIR=/opt/rustwide/workdir" "-e" "CARGO_TARGET_DIR=/opt/rustwide/target" "-e" "CARGO_INCREMENTAL=0" "-e" "RUST_BACKTRACE=full" "-e" "RUSTFLAGS=--cap-lints=warn" "-e" "RUSTDOCFLAGS=--cap-lints=warn" "-e" "CARGO_HOME=/opt/rustwide/cargo-home" "-e" "RUSTUP_HOME=/opt/rustwide/rustup-home" "-w" "/opt/rustwide/workdir" "-m" "1610612736" "--user" "0:0" "--network" "none" "ghcr.io/rust-lang/crates-build-env/linux@sha256:5ff2268d62e97bff2cde7d5815dd6ed5b47097566f13b8d0ca110b04b60e07ed" "/opt/rustwide/cargo-home/bin/cargo" "+1.69.0" "doc" "--frozen" "--no-deps" "--document-private-items" "--message-format=json", kill_on_drop: false }`
[INFO] [stdout] 55a8e65c79a4ef3841636c502e172e9fd9963a52da21f16b05112178333db318
[INFO] running `Command { std: "docker" "start" "-a" "55a8e65c79a4ef3841636c502e172e9fd9963a52da21f16b05112178333db318", kill_on_drop: false }`
[INFO] [stderr]    Compiling libc v0.2.88
[INFO] [stderr]    Compiling autocfg v1.0.1
[INFO] [stderr]    Compiling cfg-if v1.0.0
[INFO] [stderr]    Compiling proc-macro2 v1.0.24
[INFO] [stderr]    Compiling bitflags v1.2.1
[INFO] [stderr]    Compiling unicode-xid v0.2.1
[INFO] [stderr]    Compiling syn v1.0.62
[INFO] [stderr]    Compiling crc32fast v1.2.1
[INFO] [stderr]    Compiling memchr v2.3.4
[INFO] [stderr]    Compiling getrandom v0.1.16
[INFO] [stderr]    Compiling serde_derive v1.0.124
[INFO] [stderr]    Compiling num-traits v0.2.14
[INFO] [stderr]    Compiling serde v1.0.124
[INFO] [stderr]     Checking byteorder v1.4.2
[INFO] [stderr]    Compiling miniz_oxide v0.4.4
[INFO] [stderr]     Checking adler32 v1.2.0
[INFO] [stderr]    Compiling once_cell v1.7.2
[INFO] [stderr]    Compiling encoding_rs v0.8.28
[INFO] [stderr]    Compiling aho-corasick v0.7.15
[INFO] [stderr]    Compiling quote v1.0.9
[INFO] [stderr]    Compiling thread_local v1.1.3
[INFO] [stderr]    Compiling adler v1.0.2
[INFO] [stderr]    Compiling rand_core v0.5.1
[INFO] [stderr]    Compiling regex-syntax v0.6.22
[INFO] [stderr]    Compiling ppv-lite86 v0.2.10
[INFO] [stderr]     Checking base64 v0.13.0
[INFO] [stderr]    Compiling rand_pcg v0.2.1
[INFO] [stderr]    Compiling xattr v0.2.2
[INFO] [stderr]    Compiling rand_chacha v0.2.2
[INFO] [stderr]    Compiling filetime v0.2.14
[INFO] [stderr]    Compiling siphasher v0.3.3
[INFO] [stderr]    Compiling lazy_static v1.4.0
[INFO] [stderr]    Compiling cc v1.0.67
[INFO] [stderr]    Compiling phf_shared v0.8.0
[INFO] [stderr]    Compiling flate2 v1.0.20
[INFO] [stderr]    Compiling rand v0.7.3
[INFO] [stderr]    Compiling tar v0.4.33
[INFO] [stderr]    Compiling num-integer v0.1.44
[INFO] [stderr]    Compiling cfg-if v0.1.10
[INFO] [stderr]    Compiling cmake v0.1.45
[INFO] [stderr]     Checking arrayvec v0.5.2
[INFO] [stderr]    Compiling version-compare v0.0.10
[INFO] [stderr]    Compiling phf_generator v0.8.0
[INFO] [stderr]    Compiling ryu v1.0.5
[INFO] [stderr]    Compiling regex v1.4.3
[INFO] [stderr]    Compiling phf_codegen v0.8.0
[INFO] [stderr]    Compiling num-rational v0.3.2
[INFO] [stderr]    Compiling num-iter v0.1.42
[INFO] [stderr]    Compiling lexical-core v0.7.5
[INFO] [stderr]    Compiling orbtk_utils v0.3.1-alpha4 (https://github.com/redox-os/orbtk.git?branch=develop#95f04e81)
[INFO] [stderr]     Checking euclid v0.20.14
[INFO] [stderr]     Checking miniz_oxide v0.3.7
[INFO] [stderr]     Checking deflate v0.8.6
[INFO] [stderr]     Checking deflate v0.7.20
[INFO] [stderr]    Compiling unidiff v0.3.3
[INFO] [stderr]     Checking inflate v0.4.5
[INFO] [stderr]    Compiling sdl2 v0.34.3
[INFO] [stderr]     Checking static_assertions v1.1.0
[INFO] [stderr]     Checking ttf-parser v0.6.2
[INFO] [stderr]     Checking lyon_geom v0.15.3
[INFO] [stderr]     Checking png v0.15.3
[INFO] [stderr]     Checking png v0.16.8
[INFO] [stderr]     Checking phf v0.8.0
[INFO] [stderr]     Checking raw-window-handle v0.3.3
[INFO] [stderr]     Checking ab_glyph_rasterizer v0.1.4
[INFO] [stderr]     Checking bytemuck v1.5.1
[INFO] [stderr]     Checking color_quant v1.1.0
[INFO] [stderr]     Checking typed-arena v2.0.1
[INFO] [stderr]     Checking sw-composite v0.7.14
[INFO] [stderr]     Checking fxhash v0.2.1
[INFO] [stderr]     Checking smallvec v1.6.1
[INFO] [stderr]     Checking image v0.23.14
[INFO] [stderr]     Checking raqote v0.8.0
[INFO] [stderr]     Checking owned_ttf_parser v0.6.0
[INFO] [stderr]     Checking dces v0.3.1 (https://gitlab.redox-os.org/redox-os/dces-rust.git?branch=before_resource#f85e608e)
[INFO] [stderr]     Checking num_cpus v1.13.0
[INFO] [stderr]     Checking rusttype v0.9.2
[INFO] [stdout] error[E0310]: the parameter type `Ctx` may not live long enough
[INFO] [stdout]   --> /opt/rustwide/cargo-home/git/checkouts/dces-rust-0e90bfa1cf1cf6e4/f85e608/src/world.rs:28:13
[INFO] [stdout]    |
[INFO] [stdout] 28 | /             cleanup_system
[INFO] [stdout] 29 | |                 .system
[INFO] [stdout] 30 | |                 .run(&mut self.entity_component_manager);
[INFO] [stdout]    | |________________________________________________________^ ...so that the type `Ctx` will meet its required lifetime bounds
[INFO] [stdout]    |
[INFO] [stdout] help: consider adding an explicit lifetime bound...
[INFO] [stdout]    |
[INFO] [stdout] 22 | impl<E, Ctx: 'static> Drop for World<E, Ctx>
[INFO] [stdout]    |            +++++++++
[INFO] [stdout] 
[INFO] [stdout] 
[INFO] [stdout] error[E0310]: the parameter type `E` may not live long enough
[INFO] [stdout]   --> /opt/rustwide/cargo-home/git/checkouts/dces-rust-0e90bfa1cf1cf6e4/f85e608/src/world.rs:28:13
[INFO] [stdout]    |
[INFO] [stdout] 28 | /             cleanup_system
[INFO] [stdout] 29 | |                 .system
[INFO] [stdout] 30 | |                 .run(&mut self.entity_component_manager);
[INFO] [stdout]    | |________________________________________________________^ ...so that the type `E` will meet its required lifetime bounds
[INFO] [stdout]    |
[INFO] [stdout] help: consider adding an explicit lifetime bound...
[INFO] [stdout]    |
[INFO] [stdout] 24 |     E: EntityStore + 'static,
[INFO] [stdout]    |                    +++++++++
[INFO] [stdout] 
[INFO] [stdout] 
[INFO] [stdout] error[E0310]: the parameter type `Ctx` may not live long enough
[INFO] [stdout]    --> /opt/rustwide/cargo-home/git/checkouts/dces-rust-0e90bfa1cf1cf6e4/f85e608/src/world.rs:105:17
[INFO] [stdout]     |
[INFO] [stdout] 105 |                 init_system.system.run(&mut self.entity_component_manager);
[INFO] [stdout]     |                 ^^^^^^^^^^^^^^^^^^^^^^^^^^^^^^^^^^^^^^^^^^^^^^^^^^^^^^^^^^ ...so that the type `Ctx` will meet its required lifetime bounds
[INFO] [stdout]     |
[INFO] [stdout] help: consider adding an explicit lifetime bound...
[INFO] [stdout]     |
[INFO] [stdout] 37  | impl<E, Ctx: 'static> World<E, Ctx>
[INFO] [stdout]     |            +++++++++
[INFO] [stdout] 
[INFO] [stdout] 
[INFO] [stdout] error[E0310]: the parameter type `E` may not live long enough
[INFO] [stdout]    --> /opt/rustwide/cargo-home/git/checkouts/dces-rust-0e90bfa1cf1cf6e4/f85e608/src/world.rs:105:17
[INFO] [stdout]     |
[INFO] [stdout] 105 |                 init_system.system.run(&mut self.entity_component_manager);
[INFO] [stdout]     |                 ^^^^^^^^^^^^^^^^^^^^^^^^^^^^^^^^^^^^^^^^^^^^^^^^^^^^^^^^^^ ...so that the type `E` will meet its required lifetime bounds
[INFO] [stdout]     |
[INFO] [stdout] help: consider adding an explicit lifetime bound...
[INFO] [stdout]     |
[INFO] [stdout] 39  |     E: EntityStore + 'static,
[INFO] [stdout]     |                    +++++++++
[INFO] [stdout] 
[INFO] [stdout] 
[INFO] [stdout] error[E0310]: the parameter type `Ctx` may not live long enough
[INFO] [stdout]    --> /opt/rustwide/cargo-home/git/checkouts/dces-rust-0e90bfa1cf1cf6e4/f85e608/src/world.rs:113:17
[INFO] [stdout]     |
[INFO] [stdout] 113 | /                 self.system_store
[INFO] [stdout] 114 | |                     .borrow_entity_system(*system)
[INFO] [stdout] 115 | |                     .unwrap()
[INFO] [stdout] 116 | |                     .system
[INFO] [stdout] 117 | |                     .run(&mut self.entity_component_manager);
[INFO] [stdout]     | |____________________________________________________________^ ...so that the type `Ctx` will meet its required lifetime bounds
[INFO] [stdout]     |
[INFO] [stdout] help: consider adding an explicit lifetime bound...
[INFO] [stdout]     |
[INFO] [stdout] 37  | impl<E, Ctx: 'static> World<E, Ctx>
[INFO] [stdout]     |            +++++++++
[INFO] [stdout] 
[INFO] [stdout] 
[INFO] [stdout] error[E0310]: the parameter type `E` may not live long enough
[INFO] [stdout]    --> /opt/rustwide/cargo-home/git/checkouts/dces-rust-0e90bfa1cf1cf6e4/f85e608/src/world.rs:113:17
[INFO] [stdout]     |
[INFO] [stdout] 113 | /                 self.system_store
[INFO] [stdout] 114 | |                     .borrow_entity_system(*system)
[INFO] [stdout] 115 | |                     .unwrap()
[INFO] [stdout] 116 | |                     .system
[INFO] [stdout] 117 | |                     .run(&mut self.entity_component_manager);
[INFO] [stdout]     | |____________________________________________________________^ ...so that the type `E` will meet its required lifetime bounds
[INFO] [stdout]     |
[INFO] [stdout] help: consider adding an explicit lifetime bound...
[INFO] [stdout]     |
[INFO] [stdout] 39  |     E: EntityStore + 'static,
[INFO] [stdout]     |                    +++++++++
[INFO] [stdout] 
[INFO] [stdout] 
[INFO] [stdout] error[E0310]: the parameter type `Ctx` may not live long enough
[INFO] [stdout]    --> /opt/rustwide/cargo-home/git/checkouts/dces-rust-0e90bfa1cf1cf6e4/f85e608/src/world.rs:126:17
[INFO] [stdout]     |
[INFO] [stdout] 126 | /                 init_system
[INFO] [stdout] 127 | |                     .system
[INFO] [stdout] 128 | |                     .run_with_context(&mut self.entity_component_manager, ctx);
[INFO] [stdout]     | |______________________________________________________________________________^ ...so that the type `Ctx` will meet its required lifetime bounds
[INFO] [stdout]     |
[INFO] [stdout] help: consider adding an explicit lifetime bound...
[INFO] [stdout]     |
[INFO] [stdout] 37  | impl<E, Ctx: 'static> World<E, Ctx>
[INFO] [stdout]     |            +++++++++
[INFO] [stdout] 
[INFO] [stdout] 
[INFO] [stdout] error[E0310]: the parameter type `E` may not live long enough
[INFO] [stdout]    --> /opt/rustwide/cargo-home/git/checkouts/dces-rust-0e90bfa1cf1cf6e4/f85e608/src/world.rs:126:17
[INFO] [stdout]     |
[INFO] [stdout] 126 | /                 init_system
[INFO] [stdout] 127 | |                     .system
[INFO] [stdout] 128 | |                     .run_with_context(&mut self.entity_component_manager, ctx);
[INFO] [stdout]     | |______________________________________________________________________________^ ...so that the type `E` will meet its required lifetime bounds
[INFO] [stdout]     |
[INFO] [stdout] help: consider adding an explicit lifetime bound...
[INFO] [stdout]     |
[INFO] [stdout] 39  |     E: EntityStore + 'static,
[INFO] [stdout]     |                    +++++++++
[INFO] [stdout] 
[INFO] [stdout] 
[INFO] [stdout] error[E0310]: the parameter type `Ctx` may not live long enough
[INFO] [stdout]    --> /opt/rustwide/cargo-home/git/checkouts/dces-rust-0e90bfa1cf1cf6e4/f85e608/src/world.rs:136:17
[INFO] [stdout]     |
[INFO] [stdout] 136 | /                 self.system_store
[INFO] [stdout] 137 | |                     .borrow_entity_system(*system)
[INFO] [stdout] 138 | |                     .unwrap()
[INFO] [stdout] 139 | |                     .system
[INFO] [stdout] 140 | |                     .run_with_context(&mut self.entity_component_manager, ctx);
[INFO] [stdout]     | |______________________________________________________________________________^ ...so that the type `Ctx` will meet its required lifetime bounds
[INFO] [stdout]     |
[INFO] [stdout] help: consider adding an explicit lifetime bound...
[INFO] [stdout]     |
[INFO] [stdout] 37  | impl<E, Ctx: 'static> World<E, Ctx>
[INFO] [stdout]     |            +++++++++
[INFO] [stdout] 
[INFO] [stdout] 
[INFO] [stdout] error[E0310]: the parameter type `E` may not live long enough
[INFO] [stdout]    --> /opt/rustwide/cargo-home/git/checkouts/dces-rust-0e90bfa1cf1cf6e4/f85e608/src/world.rs:136:17
[INFO] [stdout]     |
[INFO] [stdout] 136 | /                 self.system_store
[INFO] [stdout] 137 | |                     .borrow_entity_system(*system)
[INFO] [stdout] 138 | |                     .unwrap()
[INFO] [stdout] 139 | |                     .system
[INFO] [stdout] 140 | |                     .run_with_context(&mut self.entity_component_manager, ctx);
[INFO] [stdout]     | |______________________________________________________________________________^ ...so that the type `E` will meet its required lifetime bounds
[INFO] [stdout]     |
[INFO] [stdout] help: consider adding an explicit lifetime bound...
[INFO] [stdout]     |
[INFO] [stdout] 39  |     E: EntityStore + 'static,
[INFO] [stdout]     |                    +++++++++
[INFO] [stdout] 
[INFO] [stdout] 
[INFO] [stdout] error: aborting due to 10 previous errors
[INFO] [stdout] 
[INFO] [stdout] 
[INFO] [stdout] For more information about this error, try `rustc --explain E0310`.
[INFO] [stdout] 
[INFO] [stderr] error: could not compile `dces` due to 11 previous errors
[INFO] [stderr] warning: build failed, waiting for other jobs to finish...
[INFO] running `Command { std: "docker" "inspect" "55a8e65c79a4ef3841636c502e172e9fd9963a52da21f16b05112178333db318", kill_on_drop: false }`
[INFO] running `Command { std: "docker" "rm" "-f" "55a8e65c79a4ef3841636c502e172e9fd9963a52da21f16b05112178333db318", kill_on_drop: false }`
[INFO] [stdout] 55a8e65c79a4ef3841636c502e172e9fd9963a52da21f16b05112178333db318
