[INFO] cloning repository https://github.com/is8ac/bnn
[INFO] running `Command { std: "git" "-c" "credential.helper=" "-c" "credential.helper=/workspace/cargo-home/bin/git-credential-null" "clone" "--bare" "https://github.com/is8ac/bnn" "/workspace/cache/git-repos/https%3A%2F%2Fgithub.com%2Fis8ac%2Fbnn", kill_on_drop: false }`
[INFO] [stderr] Cloning into bare repository '/workspace/cache/git-repos/https%3A%2F%2Fgithub.com%2Fis8ac%2Fbnn'...
[INFO] running `Command { std: "git" "rev-parse" "HEAD", kill_on_drop: false }`
[INFO] [stdout] fe0268e202481eec75795833c587677a6473804a
[INFO] documenting is8ac/bnn against beta-2023-04-20 for beta-1.70-rustdoc-1
[INFO] running `Command { std: "git" "clone" "/workspace/cache/git-repos/https%3A%2F%2Fgithub.com%2Fis8ac%2Fbnn" "/workspace/builds/worker-5-tc2/source", kill_on_drop: false }`
[INFO] [stderr] Cloning into '/workspace/builds/worker-5-tc2/source'...
[INFO] [stderr] done.
[INFO] validating manifest of git repo https://github.com/is8ac/bnn on toolchain beta-2023-04-20
[INFO] running `Command { std: CARGO_HOME="/workspace/cargo-home" RUSTUP_HOME="/workspace/rustup-home" "/workspace/cargo-home/bin/cargo" "+beta-2023-04-20" "metadata" "--manifest-path" "Cargo.toml" "--no-deps", kill_on_drop: false }`
[INFO] removed /workspace/builds/worker-5-tc2/source/.cargo/config.toml
[INFO] started tweaking git repo https://github.com/is8ac/bnn
[INFO] finished tweaking git repo https://github.com/is8ac/bnn
[INFO] tweaked toml for git repo https://github.com/is8ac/bnn written to /workspace/builds/worker-5-tc2/source/Cargo.toml
[INFO] crate git repo https://github.com/is8ac/bnn already has a lockfile, it will not be regenerated
[INFO] running `Command { std: CARGO_HOME="/workspace/cargo-home" RUSTUP_HOME="/workspace/rustup-home" "/workspace/cargo-home/bin/cargo" "+beta-2023-04-20" "fetch" "--manifest-path" "Cargo.toml", kill_on_drop: false }`
[INFO] running `Command { std: "docker" "create" "-v" "/var/lib/crater-agent-workspace/builds/worker-5-tc2/target:/opt/rustwide/target:rw,Z" "-v" "/var/lib/crater-agent-workspace/builds/worker-5-tc2/source:/opt/rustwide/workdir:ro,Z" "-v" "/var/lib/crater-agent-workspace/cargo-home:/opt/rustwide/cargo-home:ro,Z" "-v" "/var/lib/crater-agent-workspace/rustup-home:/opt/rustwide/rustup-home:ro,Z" "-e" "SOURCE_DIR=/opt/rustwide/workdir" "-e" "CARGO_TARGET_DIR=/opt/rustwide/target" "-e" "CARGO_HOME=/opt/rustwide/cargo-home" "-e" "RUSTUP_HOME=/opt/rustwide/rustup-home" "-w" "/opt/rustwide/workdir" "-m" "1610612736" "--user" "0:0" "--network" "none" "ghcr.io/rust-lang/crates-build-env/linux@sha256:5ff2268d62e97bff2cde7d5815dd6ed5b47097566f13b8d0ca110b04b60e07ed" "/opt/rustwide/cargo-home/bin/cargo" "+beta-2023-04-20" "metadata" "--no-deps" "--format-version=1", kill_on_drop: false }`
[INFO] [stdout] 4f0753fcde86c63e43d9742f519529cd266fdffc6a7038e805d8f80f39397c1b
[INFO] running `Command { std: "docker" "start" "-a" "4f0753fcde86c63e43d9742f519529cd266fdffc6a7038e805d8f80f39397c1b", kill_on_drop: false }`
[INFO] running `Command { std: "docker" "inspect" "4f0753fcde86c63e43d9742f519529cd266fdffc6a7038e805d8f80f39397c1b", kill_on_drop: false }`
[INFO] running `Command { std: "docker" "rm" "-f" "4f0753fcde86c63e43d9742f519529cd266fdffc6a7038e805d8f80f39397c1b", kill_on_drop: false }`
[INFO] [stdout] 4f0753fcde86c63e43d9742f519529cd266fdffc6a7038e805d8f80f39397c1b
[INFO] running `Command { std: "docker" "create" "-v" "/var/lib/crater-agent-workspace/builds/worker-5-tc2/target:/opt/rustwide/target:rw,Z" "-v" "/var/lib/crater-agent-workspace/builds/worker-5-tc2/source:/opt/rustwide/workdir:ro,Z" "-v" "/var/lib/crater-agent-workspace/cargo-home:/opt/rustwide/cargo-home:ro,Z" "-v" "/var/lib/crater-agent-workspace/rustup-home:/opt/rustwide/rustup-home:ro,Z" "-e" "SOURCE_DIR=/opt/rustwide/workdir" "-e" "CARGO_TARGET_DIR=/opt/rustwide/target" "-e" "CARGO_INCREMENTAL=0" "-e" "RUST_BACKTRACE=full" "-e" "RUSTFLAGS=--cap-lints=warn" "-e" "RUSTDOCFLAGS=--cap-lints=warn" "-e" "CARGO_HOME=/opt/rustwide/cargo-home" "-e" "RUSTUP_HOME=/opt/rustwide/rustup-home" "-w" "/opt/rustwide/workdir" "-m" "1610612736" "--user" "0:0" "--network" "none" "ghcr.io/rust-lang/crates-build-env/linux@sha256:5ff2268d62e97bff2cde7d5815dd6ed5b47097566f13b8d0ca110b04b60e07ed" "/opt/rustwide/cargo-home/bin/cargo" "+beta-2023-04-20" "doc" "--frozen" "--no-deps" "--document-private-items" "--message-format=json", kill_on_drop: false }`
[INFO] [stdout] dc491deaefb6ba3cf05339acb0dde29dab02a345723bba7021bd2fd4f59f3704
[INFO] running `Command { std: "docker" "start" "-a" "dc491deaefb6ba3cf05339acb0dde29dab02a345723bba7021bd2fd4f59f3704", kill_on_drop: false }`
[INFO] [stderr]     Blocking waiting for file lock on package cache
[INFO] [stderr]    Compiling libc v0.2.103
[INFO] [stderr]    Compiling pkg-config v0.3.20
[INFO] [stderr]    Compiling cc v1.0.71
[INFO] [stderr]    Compiling proc-macro2 v1.0.29
[INFO] [stderr]    Compiling version_check v0.9.3
[INFO] [stderr]    Compiling num-traits v0.2.14
[INFO] [stderr]    Compiling syn v1.0.80
[INFO] [stderr]    Compiling num-integer v0.1.44
[INFO] [stderr]    Compiling crossbeam-utils v0.8.5
[INFO] [stderr]    Compiling memoffset v0.6.4
[INFO] [stderr]     Checking byteorder v1.4.3
[INFO] [stderr]    Compiling crc32fast v1.2.1
[INFO] [stderr]     Checking adler32 v1.2.0
[INFO] [stderr]    Compiling num-iter v0.1.42
[INFO] [stderr]    Compiling num-rational v0.3.2
[INFO] [stderr]    Compiling pathfinder_simd v0.5.1
[INFO] [stderr]    Compiling crossbeam-epoch v0.9.5
[INFO] [stderr]    Compiling serde_derive v1.0.130
[INFO] [stderr]     Checking deflate v0.8.6
[INFO] [stderr]     Checking miniz_oxide v0.3.7
[INFO] [stderr]     Checking color_quant v1.1.0
[INFO] [stderr]    Compiling rayon-core v1.9.1
[INFO] [stderr]    Compiling serde v1.0.130
[INFO] [stderr]     Checking jpeg-decoder v0.1.22
[INFO] [stderr]    Compiling cmake v0.1.46
[INFO] [stderr]    Compiling standback v0.2.17
[INFO] [stderr]    Compiling servo-fontconfig-sys v5.1.0
[INFO] [stderr]     Checking plotters-backend v0.3.2
[INFO] [stderr]    Compiling const_fn v0.4.8
[INFO] [stderr]     Checking bytemuck v1.7.2
[INFO] [stderr]     Checking png v0.16.8
[INFO] [stderr]     Checking weezl v0.1.5
[INFO] [stderr]     Checking crossbeam-deque v0.8.1
[INFO] [stderr]    Compiling quote v1.0.10
[INFO] [stderr]     Checking walkdir v2.3.2
[INFO] [stderr]     Checking crossbeam-channel v0.5.1
[INFO] [stderr]    Compiling time v0.2.27
[INFO] [stderr]     Checking getrandom v0.2.3
[INFO] [stderr]     Checking dirs-sys-next v0.1.2
[INFO] [stderr]     Checking time v0.1.43
[INFO] [stderr]     Checking num_cpus v1.13.0
[INFO] [stderr]    Compiling rayon v1.5.1
[INFO] [stderr]     Checking pathfinder_geometry v0.5.1
[INFO] [stderr]     Checking float-ord v0.2.0
[INFO] [stderr]     Checking dirs-next v2.0.0
[INFO] [stderr]     Checking rand_core v0.6.3
[INFO] [stderr]     Checking gif v0.11.3
[INFO] [stderr]     Checking ppv-lite86 v0.2.14
[INFO] [stderr]    Compiling serde_json v1.0.68
[INFO] [stderr]     Checking plotters-svg v0.3.1
[INFO] [stderr]    Compiling freetype-sys v0.13.1
[INFO] [stderr]    Compiling expat-sys v2.1.6
[INFO] [stderr]     Checking ttf-parser v0.12.3
[INFO] [stderr]     Checking either v1.6.1
[INFO] [stderr]     Checking itoa v0.4.8
[INFO] [stderr]     Checking chrono v0.4.19
[INFO] [stderr]     Checking rand_chacha v0.3.1
[INFO] [stderr]     Checking image v0.23.14
[INFO] [stderr]     Checking rand v0.8.4
[INFO] [stderr]     Checking freetype v0.7.0
[INFO] [stderr]     Checking servo-fontconfig v0.5.1
[INFO] [stderr]     Checking font-kit v0.10.1
[INFO] [stderr]    Compiling time-macros-impl v0.1.2
[INFO] [stderr]     Checking plotters-bitmap v0.3.1
[INFO] [stderr]     Checking plotters v0.3.1
[INFO] [stderr]     Checking time-macros v0.1.1
[INFO] [stderr]     Checking bincode v1.3.3
[INFO] [stderr]  Documenting bnn v0.2.0 (/opt/rustwide/workdir)
[INFO] [stderr]     Checking bnn v0.2.0 (/opt/rustwide/workdir)
[INFO] [stdout] error[E0554]: `#![feature]` may not be used on the beta release channel
[INFO] [stdout]  --> src/lib.rs:1:1
[INFO] [stdout]   |
[INFO] [stdout] 1 | #![feature(int_log)]
[INFO] [stdout]   | ^^^^^^^^^^^^^^^^^^^^
[INFO] [stdout] 
[INFO] [stdout] 
[INFO] [stdout] error[E0554]: `#![feature]` may not be used on the beta release channel
[INFO] [stdout]  --> src/lib.rs:4:1
[INFO] [stdout]   |
[INFO] [stdout] 4 | #![feature(test)]
[INFO] [stdout]   | ^^^^^^^^^^^^^^^^^
[INFO] [stdout] 
[INFO] [stdout] 
[INFO] [stdout] error[E0554]: `#![feature]` may not be used on the beta release channel
[INFO] [stdout]  --> src/lib.rs:5:1
[INFO] [stdout]   |
[INFO] [stdout] 5 | #![feature(adt_const_params)]
[INFO] [stdout]   | ^^^^^^^^^^^^^^^^^^^^^^^^^^^^^
[INFO] [stdout] 
[INFO] [stdout] 
[INFO] [stdout] error[E0554]: `#![feature]` may not be used on the beta release channel
[INFO] [stdout]  --> src/lib.rs:6:1
[INFO] [stdout]   |
[INFO] [stdout] 6 | #![feature(generic_const_exprs)]
[INFO] [stdout]   | ^^^^^^^^^^^^^^^^^^^^^^^^^^^^^^^^
[INFO] [stdout] 
[INFO] [stdout] 
[INFO] [stdout] warning: the feature `adt_const_params` is incomplete and may not be safe to use and/or cause compiler crashes
[INFO] [stdout]  --> src/lib.rs:5:12
[INFO] [stdout]   |
[INFO] [stdout] 5 | #![feature(adt_const_params)]
[INFO] [stdout]   |            ^^^^^^^^^^^^^^^^
[INFO] [stdout]   |
[INFO] [stdout]   = note: see issue #95174 <https://github.com/rust-lang/rust/issues/95174> for more information
[INFO] [stdout]   = note: `#[warn(incomplete_features)]` on by default
[INFO] [stdout] 
[INFO] [stdout] 
[INFO] [stdout] warning: the feature `generic_const_exprs` is incomplete and may not be safe to use and/or cause compiler crashes
[INFO] [stdout]  --> src/lib.rs:6:12
[INFO] [stdout]   |
[INFO] [stdout] 6 | #![feature(generic_const_exprs)]
[INFO] [stdout]   |            ^^^^^^^^^^^^^^^^^^^
[INFO] [stdout]   |
[INFO] [stdout]   = note: see issue #76560 <https://github.com/rust-lang/rust/issues/76560> for more information
[INFO] [stdout] 
[INFO] [stdout] 
[INFO] [stdout] error[E0554]: `#![feature]` may not be used on the beta release channel
[INFO] [stdout]  --> src/lib.rs:1:1
[INFO] [stdout]   |
[INFO] [stdout] 1 | #![feature(int_log)]
[INFO] [stdout]   | ^^^^^^^^^^^^^^^^^^^^
[INFO] [stdout] 
[INFO] [stdout] 
[INFO] [stdout] error[E0554]: `#![feature]` may not be used on the beta release channel
[INFO] [stdout]  --> src/lib.rs:4:1
[INFO] [stdout]   |
[INFO] [stdout] 4 | #![feature(test)]
[INFO] [stdout]   | ^^^^^^^^^^^^^^^^^
[INFO] [stdout] 
[INFO] [stdout] 
[INFO] [stdout] error[E0554]: `#![feature]` may not be used on the beta release channel
[INFO] [stdout]  --> src/lib.rs:5:1
[INFO] [stdout]   |
[INFO] [stdout] 5 | #![feature(adt_const_params)]
[INFO] [stdout]   | ^^^^^^^^^^^^^^^^^^^^^^^^^^^^^
[INFO] [stdout] 
[INFO] [stdout] 
[INFO] [stdout] error[E0554]: `#![feature]` may not be used on the beta release channel
[INFO] [stdout]  --> src/lib.rs:6:1
[INFO] [stdout]   |
[INFO] [stdout] 6 | #![feature(generic_const_exprs)]
[INFO] [stdout]   | ^^^^^^^^^^^^^^^^^^^^^^^^^^^^^^^^
[INFO] [stdout] 
[INFO] [stdout] 
[INFO] [stdout] warning: the feature `adt_const_params` is incomplete and may not be safe to use and/or cause compiler crashes
[INFO] [stdout]  --> src/lib.rs:5:12
[INFO] [stdout]   |
[INFO] [stdout] 5 | #![feature(adt_const_params)]
[INFO] [stdout]   |            ^^^^^^^^^^^^^^^^
[INFO] [stdout]   |
[INFO] [stdout]   = note: see issue #95174 <https://github.com/rust-lang/rust/issues/95174> for more information
[INFO] [stdout]   = note: `#[warn(incomplete_features)]` on by default
[INFO] [stdout] 
[INFO] [stdout] 
[INFO] [stdout] warning: the feature `generic_const_exprs` is incomplete and may not be safe to use and/or cause compiler crashes
[INFO] [stdout]  --> src/lib.rs:6:12
[INFO] [stdout]   |
[INFO] [stdout] 6 | #![feature(generic_const_exprs)]
[INFO] [stdout]   |            ^^^^^^^^^^^^^^^^^^^
[INFO] [stdout]   |
[INFO] [stdout]   = note: see issue #76560 <https://github.com/rust-lang/rust/issues/76560> for more information
[INFO] [stdout] 
[INFO] [stdout] 
[INFO] [stdout] error[E0554]: `#![feature]` may not be used on the beta release channel
[INFO] [stdout]  --> src/lib.rs:1:12
[INFO] [stdout]   |
[INFO] [stdout] 1 | #![feature(int_log)]
[INFO] [stdout]   |            ^^^^^^^
[INFO] [stdout] 
[INFO] [stdout] 
[INFO] [stdout] error[E0554]: `#![feature]` may not be used on the beta release channel
[INFO] [stdout]  --> src/lib.rs:4:12
[INFO] [stdout]   |
[INFO] [stdout] 4 | #![feature(test)]
[INFO] [stdout]   |            ^^^^
[INFO] [stdout] 
[INFO] [stdout] 
[INFO] [stdout] warning: the feature `int_log` has been stable since 1.67.0 and no longer requires an attribute to enable
[INFO] [stdout]  --> src/lib.rs:1:12
[INFO] [stdout]   |
[INFO] [stdout] 1 | #![feature(int_log)]
[INFO] [stdout]   |            ^^^^^^^
[INFO] [stdout]   |
[INFO] [stdout]   = note: `#[warn(stable_features)]` on by default
[INFO] [stdout] 
[INFO] [stdout] 
[INFO] [stdout] error[E0599]: no method named `log2` found for type `u32` in the current scope
[INFO] [stdout]    --> src/count_bits.rs:262:12
[INFO] [stdout]     |
[INFO] [stdout] 262 |     [(); E.log2() as usize + 1]: ,
[INFO] [stdout]     |            ^^^^ help: there is a method with a similar name: `ilog2`
[INFO] [stdout] 
[INFO] [stdout] 
[INFO] [stdout] error[E0599]: no method named `log2` found for type `u32` in the current scope
[INFO] [stdout]   --> src/count_bits.rs:46:11
[INFO] [stdout]    |
[INFO] [stdout] 46 |     [T; E.log2() as usize + 1]: ,
[INFO] [stdout]    |           ^^^^ help: there is a method with a similar name: `ilog2`
[INFO] [stdout] 
[INFO] [stdout] 
[INFO] [stdout] error: unconstrained generic constant
[INFO] [stdout]    --> src/count_bits.rs:268:55
[INFO] [stdout]     |
[INFO] [stdout] 268 |         table: &[(Vec<(usize, bool)>, [(usize, bool); E as usize], [u32; N]); 64 * O],
[INFO] [stdout]     |                                                       ^^^^^^^^^^
[INFO] [stdout]     |
[INFO] [stdout]     = help: try adding a `where` bound using this expression: `where [(); E as usize]:`
[INFO] [stdout] note: the requirement `the constant `E as usize` can be evaluated` appears on the `impl`'s method `exp_count_bits` but not on the corresponding trait's method
[INFO] [stdout]    --> src/count_bits.rs:174:8
[INFO] [stdout]     |
[INFO] [stdout] 168 | pub trait ExpCountBits<const I: usize, const O: usize, const N: usize, const E: u32>
[INFO] [stdout]     |           ------------ in this trait
[INFO] [stdout] ...
[INFO] [stdout] 174 |     fn exp_count_bits(
[INFO] [stdout]     |        ^^^^^^^^^^^^^^ this trait's method doesn't have the requirement `the constant `E as usize` can be evaluated`
[INFO] [stdout] 
[INFO] [stdout] 
[INFO] [stdout] error: unconstrained generic constant
[INFO] [stdout]    --> src/count_bits.rs:268:79
[INFO] [stdout]     |
[INFO] [stdout] 268 |         table: &[(Vec<(usize, bool)>, [(usize, bool); E as usize], [u32; N]); 64 * O],
[INFO] [stdout]     |                                                                               ^^^^^^
[INFO] [stdout]     |
[INFO] [stdout]     = help: try adding a `where` bound using this expression: `where [(); 64 * O]:`
[INFO] [stdout] note: the requirement `the constant `64 * O` can be evaluated` appears on the `impl`'s method `exp_count_bits` but not on the corresponding trait's method
[INFO] [stdout]    --> src/count_bits.rs:174:8
[INFO] [stdout]     |
[INFO] [stdout] 168 | pub trait ExpCountBits<const I: usize, const O: usize, const N: usize, const E: u32>
[INFO] [stdout]     |           ------------ in this trait
[INFO] [stdout] ...
[INFO] [stdout] 174 |     fn exp_count_bits(
[INFO] [stdout]     |        ^^^^^^^^^^^^^^ this trait's method doesn't have the requirement `the constant `64 * O` can be evaluated`
[INFO] [stdout] 
[INFO] [stdout] 
[INFO] [stdout] error: unconstrained generic constant
[INFO] [stdout]    --> src/count_bits.rs:270:26
[INFO] [stdout]     |
[INFO] [stdout] 270 |     ) -> Box<[[[u64; N]; 2usize.pow(E)]; 64 * O]> {
[INFO] [stdout]     |                          ^^^^^^^^^^^^^
[INFO] [stdout]     |
[INFO] [stdout]     = help: try adding a `where` bound using this expression: `where [(); 2usize.pow(E)]:`
[INFO] [stdout] note: the requirement `the constant `2usize.pow(E)` can be evaluated` appears on the `impl`'s method `exp_count_bits` but not on the corresponding trait's method
[INFO] [stdout]    --> src/count_bits.rs:174:8
[INFO] [stdout]     |
[INFO] [stdout] 168 | pub trait ExpCountBits<const I: usize, const O: usize, const N: usize, const E: u32>
[INFO] [stdout]     |           ------------ in this trait
[INFO] [stdout] ...
[INFO] [stdout] 174 |     fn exp_count_bits(
[INFO] [stdout]     |        ^^^^^^^^^^^^^^ this trait's method doesn't have the requirement `the constant `2usize.pow(E)` can be evaluated`
[INFO] [stdout] 
[INFO] [stdout] 
[INFO] [stdout] error: unconstrained generic constant
[INFO] [stdout]    --> src/count_bits.rs:270:42
[INFO] [stdout]     |
[INFO] [stdout] 270 |     ) -> Box<[[[u64; N]; 2usize.pow(E)]; 64 * O]> {
[INFO] [stdout]     |                                          ^^^^^^
[INFO] [stdout]     |
[INFO] [stdout]     = help: try adding a `where` bound using this expression: `where [(); 64 * O]:`
[INFO] [stdout] note: the requirement `the constant `64 * O` can be evaluated` appears on the `impl`'s method `exp_count_bits` but not on the corresponding trait's method
[INFO] [stdout]    --> src/count_bits.rs:174:8
[INFO] [stdout]     |
[INFO] [stdout] 168 | pub trait ExpCountBits<const I: usize, const O: usize, const N: usize, const E: u32>
[INFO] [stdout]     |           ------------ in this trait
[INFO] [stdout] ...
[INFO] [stdout] 174 |     fn exp_count_bits(
[INFO] [stdout]     |        ^^^^^^^^^^^^^^ this trait's method doesn't have the requirement `the constant `64 * O` can be evaluated`
[INFO] [stdout] 
[INFO] [stdout] 
[INFO] [stdout] error: unconstrained generic constant
[INFO] [stdout]   --> src/count_bits.rs:46:5
[INFO] [stdout]    |
[INFO] [stdout] 46 |     [T; E.log2() as usize + 1]: ,
[INFO] [stdout]    |     ^^^^^^^^^^^^^^^^^^^^^^^^^^
[INFO] [stdout]    |
[INFO] [stdout]    = help: try adding a `where` bound using this expression: `where [(); E as usize]:`
[INFO] [stdout] note: required by a bound in `exp_count`
[INFO] [stdout]   --> src/count_bits.rs:40:16
[INFO] [stdout]    |
[INFO] [stdout] 38 | fn exp_count<T: BitSlice + Copy, const N: usize, const L: usize, const E: u32>(
[INFO] [stdout]    |    --------- required by a bound in this function
[INFO] [stdout] 39 |     partial_sum: &[T; L],
[INFO] [stdout] 40 |     bits: &[T; E as usize],
[INFO] [stdout]    |                ^^^^^^^^^^ required by this bound in `exp_count`
[INFO] [stdout] 
[INFO] [stdout] 
[INFO] [stdout] error: unconstrained generic constant
[INFO] [stdout]   --> src/count_bits.rs:46:5
[INFO] [stdout]    |
[INFO] [stdout] 46 |     [T; E.log2() as usize + 1]: ,
[INFO] [stdout]    |     ^^^^^^^^^^^^^^^^^^^^^^^^^^
[INFO] [stdout]    |
[INFO] [stdout]    = help: try adding a `where` bound using this expression: `where [(); 2usize.pow(E)]:`
[INFO] [stdout] note: required by a bound in `exp_count`
[INFO] [stdout]   --> src/count_bits.rs:43:31
[INFO] [stdout]    |
[INFO] [stdout] 38 | fn exp_count<T: BitSlice + Copy, const N: usize, const L: usize, const E: u32>(
[INFO] [stdout]    |    --------- required by a bound in this function
[INFO] [stdout] ...
[INFO] [stdout] 43 |     counters: &mut [[u64; N]; 2usize.pow(E)],
[INFO] [stdout]    |                               ^^^^^^^^^^^^^ required by this bound in `exp_count`
[INFO] [stdout] 
[INFO] [stdout] 
[INFO] [stdout] error[E0599]: no method named `log2` found for type `u32` in the current scope
[INFO] [stdout]    --> src/count_bits.rs:381:12
[INFO] [stdout]     |
[INFO] [stdout] 381 |     [(); E.log2() as usize + 1]: ,
[INFO] [stdout]     |            ^^^^ help: there is a method with a similar name: `ilog2`
[INFO] [stdout] 
[INFO] [stdout] 
[INFO] [stdout] error[E0599]: no method named `log2` found for type `u32` in the current scope
[INFO] [stdout]    --> src/count_bits.rs:172:12
[INFO] [stdout]     |
[INFO] [stdout] 172 |     [(); E.log2() as usize + 1]: ,
[INFO] [stdout]     |            ^^^^ help: there is a method with a similar name: `ilog2`
[INFO] [stdout] 
[INFO] [stdout] 
[INFO] [stdout] error: unconstrained generic constant
[INFO] [stdout]    --> src/count_bits.rs:170:5
[INFO] [stdout]     |
[INFO] [stdout] 170 |     [(); E as usize]: ,
[INFO] [stdout]     |     ^^^^^^^^^^^^^^^^
[INFO] [stdout]     |
[INFO] [stdout]     = help: try adding a `where` bound using this expression: `where [(); E as usize]:`
[INFO] [stdout] note: required by a bound in `ExpCountBits`
[INFO] [stdout]    --> src/count_bits.rs:170:10
[INFO] [stdout]     |
[INFO] [stdout] 168 | pub trait ExpCountBits<const I: usize, const O: usize, const N: usize, const E: u32>
[INFO] [stdout]     |           ------------ required by a bound in this trait
[INFO] [stdout] 169 | where
[INFO] [stdout] 170 |     [(); E as usize]: ,
[INFO] [stdout]     |          ^^^^^^^^^^ required by this bound in `ExpCountBits`
[INFO] [stdout] 
[INFO] [stdout] 
[INFO] [stdout] error: unconstrained generic constant
[INFO] [stdout]    --> src/count_bits.rs:170:5
[INFO] [stdout]     |
[INFO] [stdout] 170 |     [(); E as usize]: ,
[INFO] [stdout]     |     ^^^^^^^^^^^^^^^^
[INFO] [stdout]     |
[INFO] [stdout]     = help: try adding a `where` bound using this expression: `where [(); 2usize.pow(E)]:`
[INFO] [stdout] note: required by a bound in `ExpCountBits`
[INFO] [stdout]    --> src/count_bits.rs:171:10
[INFO] [stdout]     |
[INFO] [stdout] 168 | pub trait ExpCountBits<const I: usize, const O: usize, const N: usize, const E: u32>
[INFO] [stdout]     |           ------------ required by a bound in this trait
[INFO] [stdout] ...
[INFO] [stdout] 171 |     [(); 2usize.pow(E)]: ,
[INFO] [stdout]     |          ^^^^^^^^^^^^^ required by this bound in `ExpCountBits`
[INFO] [stdout] 
[INFO] [stdout] 
[INFO] [stdout] error[E0599]: no method named `log2` found for type `u32` in the current scope
[INFO] [stdout]    --> src/count_bits.rs:393:16
[INFO] [stdout]     |
[INFO] [stdout] 393 |         [(); E.log2() as usize + 1]: ,
[INFO] [stdout]     |                ^^^^ help: there is a method with a similar name: `ilog2`
[INFO] [stdout] 
[INFO] [stdout] 
[INFO] [stdout] error: unconstrained generic constant
[INFO] [stdout]    --> src/count_bits.rs:391:14
[INFO] [stdout]     |
[INFO] [stdout] 391 |         [(); E as usize]: ,
[INFO] [stdout]     |              ^^^^^^^^^^
[INFO] [stdout]     |
[INFO] [stdout]     = help: try adding a `where` bound using this expression: `where [(); E as usize]:`
[INFO] [stdout] note: the requirement `the constant `E as usize` can be evaluated` appears on the `impl`'s method `exp_count_bits` but not on the corresponding trait's method
[INFO] [stdout]    --> src/count_bits.rs:174:8
[INFO] [stdout]     |
[INFO] [stdout] 168 | pub trait ExpCountBits<const I: usize, const O: usize, const N: usize, const E: u32>
[INFO] [stdout]     |           ------------ in this trait
[INFO] [stdout] ...
[INFO] [stdout] 174 |     fn exp_count_bits(
[INFO] [stdout]     |        ^^^^^^^^^^^^^^ this trait's method doesn't have the requirement `the constant `E as usize` can be evaluated`
[INFO] [stdout] 
[INFO] [stdout] 
[INFO] [stdout] error: unconstrained generic constant
[INFO] [stdout]    --> src/count_bits.rs:392:14
[INFO] [stdout]     |
[INFO] [stdout] 392 |         [(); 2usize.pow(E)]: ,
[INFO] [stdout]     |              ^^^^^^^^^^^^^
[INFO] [stdout]     |
[INFO] [stdout]     = help: try adding a `where` bound using this expression: `where [(); 2usize.pow(E)]:`
[INFO] [stdout] note: the requirement `the constant `2usize.pow(E)` can be evaluated` appears on the `impl`'s method `exp_count_bits` but not on the corresponding trait's method
[INFO] [stdout]    --> src/count_bits.rs:174:8
[INFO] [stdout]     |
[INFO] [stdout] 168 | pub trait ExpCountBits<const I: usize, const O: usize, const N: usize, const E: u32>
[INFO] [stdout]     |           ------------ in this trait
[INFO] [stdout] ...
[INFO] [stdout] 174 |     fn exp_count_bits(
[INFO] [stdout]     |        ^^^^^^^^^^^^^^ this trait's method doesn't have the requirement `the constant `2usize.pow(E)` can be evaluated`
[INFO] [stdout] 
[INFO] [stdout] 
[INFO] [stdout] error: unconstrained generic constant
[INFO] [stdout]    --> src/count_bits.rs:387:55
[INFO] [stdout]     |
[INFO] [stdout] 387 |         table: &[(Vec<(usize, bool)>, [(usize, bool); E as usize], [u32; N]); 64 * O],
[INFO] [stdout]     |                                                       ^^^^^^^^^^
[INFO] [stdout]     |
[INFO] [stdout]     = help: try adding a `where` bound using this expression: `where [(); E as usize]:`
[INFO] [stdout] note: the requirement `the constant `E as usize` can be evaluated` appears on the `impl`'s method `exp_count_bits` but not on the corresponding trait's method
[INFO] [stdout]    --> src/count_bits.rs:174:8
[INFO] [stdout]     |
[INFO] [stdout] 168 | pub trait ExpCountBits<const I: usize, const O: usize, const N: usize, const E: u32>
[INFO] [stdout]     |           ------------ in this trait
[INFO] [stdout] ...
[INFO] [stdout] 174 |     fn exp_count_bits(
[INFO] [stdout]     |        ^^^^^^^^^^^^^^ this trait's method doesn't have the requirement `the constant `E as usize` can be evaluated`
[INFO] [stdout] 
[INFO] [stdout] 
[INFO] [stdout] error: unconstrained generic constant
[INFO] [stdout]    --> src/count_bits.rs:387:79
[INFO] [stdout]     |
[INFO] [stdout] 387 |         table: &[(Vec<(usize, bool)>, [(usize, bool); E as usize], [u32; N]); 64 * O],
[INFO] [stdout]     |                                                                               ^^^^^^
[INFO] [stdout]     |
[INFO] [stdout]     = help: try adding a `where` bound using this expression: `where [(); 64 * O]:`
[INFO] [stdout] note: the requirement `the constant `64 * O` can be evaluated` appears on the `impl`'s method `exp_count_bits` but not on the corresponding trait's method
[INFO] [stdout]    --> src/count_bits.rs:174:8
[INFO] [stdout]     |
[INFO] [stdout] 168 | pub trait ExpCountBits<const I: usize, const O: usize, const N: usize, const E: u32>
[INFO] [stdout]     |           ------------ in this trait
[INFO] [stdout] ...
[INFO] [stdout] 174 |     fn exp_count_bits(
[INFO] [stdout]     |        ^^^^^^^^^^^^^^ this trait's method doesn't have the requirement `the constant `64 * O` can be evaluated`
[INFO] [stdout] 
[INFO] [stdout] 
[INFO] [stdout] error: unconstrained generic constant
[INFO] [stdout]    --> src/count_bits.rs:389:26
[INFO] [stdout]     |
[INFO] [stdout] 389 |     ) -> Box<[[[u64; N]; 2usize.pow(E)]; 64 * O]>
[INFO] [stdout]     |                          ^^^^^^^^^^^^^
[INFO] [stdout]     |
[INFO] [stdout]     = help: try adding a `where` bound using this expression: `where [(); 2usize.pow(E)]:`
[INFO] [stdout] note: the requirement `the constant `2usize.pow(E)` can be evaluated` appears on the `impl`'s method `exp_count_bits` but not on the corresponding trait's method
[INFO] [stdout]    --> src/count_bits.rs:174:8
[INFO] [stdout]     |
[INFO] [stdout] 168 | pub trait ExpCountBits<const I: usize, const O: usize, const N: usize, const E: u32>
[INFO] [stdout]     |           ------------ in this trait
[INFO] [stdout] ...
[INFO] [stdout] 174 |     fn exp_count_bits(
[INFO] [stdout]     |        ^^^^^^^^^^^^^^ this trait's method doesn't have the requirement `the constant `2usize.pow(E)` can be evaluated`
[INFO] [stdout] 
[INFO] [stdout] 
[INFO] [stdout] error: unconstrained generic constant
[INFO] [stdout]    --> src/count_bits.rs:389:42
[INFO] [stdout]     |
[INFO] [stdout] 389 |     ) -> Box<[[[u64; N]; 2usize.pow(E)]; 64 * O]>
[INFO] [stdout]     |                                          ^^^^^^
[INFO] [stdout]     |
[INFO] [stdout]     = help: try adding a `where` bound using this expression: `where [(); 64 * O]:`
[INFO] [stdout] note: the requirement `the constant `64 * O` can be evaluated` appears on the `impl`'s method `exp_count_bits` but not on the corresponding trait's method
[INFO] [stdout]    --> src/count_bits.rs:174:8
[INFO] [stdout]     |
[INFO] [stdout] 168 | pub trait ExpCountBits<const I: usize, const O: usize, const N: usize, const E: u32>
[INFO] [stdout]     |           ------------ in this trait
[INFO] [stdout] ...
[INFO] [stdout] 174 |     fn exp_count_bits(
[INFO] [stdout]     |        ^^^^^^^^^^^^^^ this trait's method doesn't have the requirement `the constant `64 * O` can be evaluated`
[INFO] [stdout] 
[INFO] [stdout] 
[INFO] [stdout] error[E0599]: no method named `log2` found for type `u32` in the current scope
[INFO] [stdout]    --> src/count_bits.rs:262:12
[INFO] [stdout]     |
[INFO] [stdout] 262 |     [(); E.log2() as usize + 1]: ,
[INFO] [stdout]     |            ^^^^ help: there is a method with a similar name: `ilog2`
[INFO] [stdout] 
[INFO] [stdout] 
[INFO] [stdout] error: unconstrained generic constant
[INFO] [stdout]    --> src/count_bits.rs:254:5
[INFO] [stdout]     |
[INFO] [stdout] 254 |     ExpCountBits<I, O, N, E> for BitSliceBitCounter<T, P>
[INFO] [stdout]     |     ^^^^^^^^^^^^^^^^^^^^^^^^
[INFO] [stdout]     |
[INFO] [stdout]     = help: try adding a `where` bound using this expression: `where [(); 2usize.pow(E)]:`
[INFO] [stdout] note: required by a bound in `ExpCountBits`
[INFO] [stdout]    --> src/count_bits.rs:171:10
[INFO] [stdout]     |
[INFO] [stdout] 168 | pub trait ExpCountBits<const I: usize, const O: usize, const N: usize, const E: u32>
[INFO] [stdout]     |           ------------ required by a bound in this trait
[INFO] [stdout] ...
[INFO] [stdout] 171 |     [(); 2usize.pow(E)]: ,
[INFO] [stdout]     |          ^^^^^^^^^^^^^ required by this bound in `ExpCountBits`
[INFO] [stdout] 
[INFO] [stdout] 
[INFO] [stdout] error: unconstrained generic constant
[INFO] [stdout]    --> src/count_bits.rs:254:5
[INFO] [stdout]     |
[INFO] [stdout] 254 |     ExpCountBits<I, O, N, E> for BitSliceBitCounter<T, P>
[INFO] [stdout]     |     ^^^^^^^^^^^^^^^^^^^^^^^^
[INFO] [stdout]     |
[INFO] [stdout]     = help: try adding a `where` bound using this expression: `where [(); E as usize]:`
[INFO] [stdout] note: required by a bound in `ExpCountBits`
[INFO] [stdout]    --> src/count_bits.rs:170:10
[INFO] [stdout]     |
[INFO] [stdout] 168 | pub trait ExpCountBits<const I: usize, const O: usize, const N: usize, const E: u32>
[INFO] [stdout]     |           ------------ required by a bound in this trait
[INFO] [stdout] 169 | where
[INFO] [stdout] 170 |     [(); E as usize]: ,
[INFO] [stdout]     |          ^^^^^^^^^^ required by this bound in `ExpCountBits`
[INFO] [stdout] 
[INFO] [stdout] 
[INFO] [stdout] error: unconstrained generic constant
[INFO] [stdout]    --> src/count_bits.rs:257:5
[INFO] [stdout]     |
[INFO] [stdout] 257 |     [(); 64 * I]: ,
[INFO] [stdout]     |     ^^^^^^^^^^^^
[INFO] [stdout]     |
[INFO] [stdout]     = help: try adding a `where` bound using this expression: `where [(); 64 * I]:`
[INFO] [stdout] note: required by a bound in `<BitSliceBitCounter<T, P> as ExpCountBits<I, O, N, E>>`
[INFO] [stdout]    --> src/count_bits.rs:257:10
[INFO] [stdout]     |
[INFO] [stdout] 257 |     [(); 64 * I]: ,
[INFO] [stdout]     |          ^^^^^^ required by this bound in `<BitSliceBitCounter<T, P> as ExpCountBits<I, O, N, E>>`
[INFO] [stdout] 
[INFO] [stdout] 
[INFO] [stdout] error: unconstrained generic constant
[INFO] [stdout]    --> src/count_bits.rs:257:5
[INFO] [stdout]     |
[INFO] [stdout] 257 |     [(); 64 * I]: ,
[INFO] [stdout]     |     ^^^^^^^^^^^^
[INFO] [stdout]     |
[INFO] [stdout]     = help: try adding a `where` bound using this expression: `where [(); 64 * O]:`
[INFO] [stdout] note: required by a bound in `<BitSliceBitCounter<T, P> as ExpCountBits<I, O, N, E>>`
[INFO] [stdout]    --> src/count_bits.rs:258:10
[INFO] [stdout]     |
[INFO] [stdout] 258 |     [(); 64 * O]: ,
[INFO] [stdout]     |          ^^^^^^ required by this bound in `<BitSliceBitCounter<T, P> as ExpCountBits<I, O, N, E>>`
[INFO] [stdout] 
[INFO] [stdout] 
[INFO] [stdout] error: unconstrained generic constant
[INFO] [stdout]    --> src/count_bits.rs:257:5
[INFO] [stdout]     |
[INFO] [stdout] 257 |     [(); 64 * I]: ,
[INFO] [stdout]     |     ^^^^^^^^^^^^
[INFO] [stdout]     |
[INFO] [stdout]     = help: try adding a `where` bound using this expression: `where [(); E as usize]:`
[INFO] [stdout] note: required by a bound in `<BitSliceBitCounter<T, P> as ExpCountBits<I, O, N, E>>`
[INFO] [stdout]    --> src/count_bits.rs:260:10
[INFO] [stdout]     |
[INFO] [stdout] 260 |     [(); E as usize]: ,
[INFO] [stdout]     |          ^^^^^^^^^^ required by this bound in `<BitSliceBitCounter<T, P> as ExpCountBits<I, O, N, E>>`
[INFO] [stdout] 
[INFO] [stdout] 
[INFO] [stdout] error: unconstrained generic constant
[INFO] [stdout]    --> src/count_bits.rs:257:5
[INFO] [stdout]     |
[INFO] [stdout] 257 |     [(); 64 * I]: ,
[INFO] [stdout]     |     ^^^^^^^^^^^^
[INFO] [stdout]     |
[INFO] [stdout]     = help: try adding a `where` bound using this expression: `where [(); 2usize.pow(E)]:`
[INFO] [stdout] note: required by a bound in `<BitSliceBitCounter<T, P> as ExpCountBits<I, O, N, E>>`
[INFO] [stdout]    --> src/count_bits.rs:261:10
[INFO] [stdout]     |
[INFO] [stdout] 261 |     [(); 2usize.pow(E)]: ,
[INFO] [stdout]     |          ^^^^^^^^^^^^^ required by this bound in `<BitSliceBitCounter<T, P> as ExpCountBits<I, O, N, E>>`
[INFO] [stdout] 
[INFO] [stdout] 
[INFO] [stdout] error: unconstrained generic constant
[INFO] [stdout]    --> src/count_bits.rs:391:9
[INFO] [stdout]     |
[INFO] [stdout] 391 |         [(); E as usize]: ,
[INFO] [stdout]     |         ^^^^^^^^^^^^^^^^
[INFO] [stdout]     |
[INFO] [stdout]     = help: try adding a `where` bound using this expression: `where [(); E as usize]:`
[INFO] [stdout] note: required by a bound in `<count_bits::PopCountBitCounter as count_bits::ExpCountBits<I, O, N, E>>`
[INFO] [stdout]    --> src/count_bits.rs:379:10
[INFO] [stdout]     |
[INFO] [stdout] 379 |     [(); E as usize]: ,
[INFO] [stdout]     |          ^^^^^^^^^^ required by this bound in `<PopCountBitCounter as ExpCountBits<I, O, N, E>>`
[INFO] [stdout] 
[INFO] [stdout] 
[INFO] [stdout] error: unconstrained generic constant
[INFO] [stdout]    --> src/count_bits.rs:391:9
[INFO] [stdout]     |
[INFO] [stdout] 391 |         [(); E as usize]: ,
[INFO] [stdout]     |         ^^^^^^^^^^^^^^^^
[INFO] [stdout]     |
[INFO] [stdout]     = help: try adding a `where` bound using this expression: `where [(); 2usize.pow(E)]:`
[INFO] [stdout] note: required by a bound in `<count_bits::PopCountBitCounter as count_bits::ExpCountBits<I, O, N, E>>`
[INFO] [stdout]    --> src/count_bits.rs:380:10
[INFO] [stdout]     |
[INFO] [stdout] 380 |     [(); 2usize.pow(E)]: ,
[INFO] [stdout]     |          ^^^^^^^^^^^^^ required by this bound in `<PopCountBitCounter as ExpCountBits<I, O, N, E>>`
[INFO] [stdout] 
[INFO] [stdout] 
[INFO] [stdout] error[E0599]: no method named `log2` found for type `u32` in the current scope
[INFO] [stdout]    --> src/count_bits.rs:381:12
[INFO] [stdout]     |
[INFO] [stdout] 381 |     [(); E.log2() as usize + 1]: ,
[INFO] [stdout]     |            ^^^^ help: there is a method with a similar name: `ilog2`
[INFO] [stdout] 
[INFO] [stdout] 
[INFO] [stdout] error: unconstrained generic constant
[INFO] [stdout]    --> src/count_bits.rs:376:68
[INFO] [stdout]     |
[INFO] [stdout] 376 | impl<const I: usize, const O: usize, const N: usize, const E: u32> ExpCountBits<I, O, N, E>
[INFO] [stdout]     |                                                                    ^^^^^^^^^^^^^^^^^^^^^^^^
[INFO] [stdout]     |
[INFO] [stdout]     = help: try adding a `where` bound using this expression: `where [(); 2usize.pow(E)]:`
[INFO] [stdout] note: required by a bound in `ExpCountBits`
[INFO] [stdout]    --> src/count_bits.rs:171:10
[INFO] [stdout]     |
[INFO] [stdout] 168 | pub trait ExpCountBits<const I: usize, const O: usize, const N: usize, const E: u32>
[INFO] [stdout]     |           ------------ required by a bound in this trait
[INFO] [stdout] ...
[INFO] [stdout] 171 |     [(); 2usize.pow(E)]: ,
[INFO] [stdout]     |          ^^^^^^^^^^^^^ required by this bound in `ExpCountBits`
[INFO] [stdout] 
[INFO] [stdout] 
[INFO] [stdout] error: unconstrained generic constant
[INFO] [stdout]    --> src/count_bits.rs:376:68
[INFO] [stdout]     |
[INFO] [stdout] 376 | impl<const I: usize, const O: usize, const N: usize, const E: u32> ExpCountBits<I, O, N, E>
[INFO] [stdout]     |                                                                    ^^^^^^^^^^^^^^^^^^^^^^^^
[INFO] [stdout]     |
[INFO] [stdout]     = help: try adding a `where` bound using this expression: `where [(); E as usize]:`
[INFO] [stdout] note: required by a bound in `ExpCountBits`
[INFO] [stdout]    --> src/count_bits.rs:170:10
[INFO] [stdout]     |
[INFO] [stdout] 168 | pub trait ExpCountBits<const I: usize, const O: usize, const N: usize, const E: u32>
[INFO] [stdout]     |           ------------ required by a bound in this trait
[INFO] [stdout] 169 | where
[INFO] [stdout] 170 |     [(); E as usize]: ,
[INFO] [stdout]     |          ^^^^^^^^^^ required by this bound in `ExpCountBits`
[INFO] [stdout] 
[INFO] [stdout] 
[INFO] [stdout] error: unconstrained generic constant
[INFO] [stdout]    --> src/count_bits.rs:379:5
[INFO] [stdout]     |
[INFO] [stdout] 379 |     [(); E as usize]: ,
[INFO] [stdout]     |     ^^^^^^^^^^^^^^^^
[INFO] [stdout]     |
[INFO] [stdout]     = help: try adding a `where` bound using this expression: `where [(); E as usize]:`
[INFO] [stdout] note: required by a bound in `<PopCountBitCounter as ExpCountBits<I, O, N, E>>`
[INFO] [stdout]    --> src/count_bits.rs:379:10
[INFO] [stdout]     |
[INFO] [stdout] 379 |     [(); E as usize]: ,
[INFO] [stdout]     |          ^^^^^^^^^^ required by this bound in `<PopCountBitCounter as ExpCountBits<I, O, N, E>>`
[INFO] [stdout] 
[INFO] [stdout] 
[INFO] [stdout] error: unconstrained generic constant
[INFO] [stdout]    --> src/count_bits.rs:379:5
[INFO] [stdout]     |
[INFO] [stdout] 379 |     [(); E as usize]: ,
[INFO] [stdout]     |     ^^^^^^^^^^^^^^^^
[INFO] [stdout]     |
[INFO] [stdout]     = help: try adding a `where` bound using this expression: `where [(); 2usize.pow(E)]:`
[INFO] [stdout] note: required by a bound in `<PopCountBitCounter as ExpCountBits<I, O, N, E>>`
[INFO] [stdout]    --> src/count_bits.rs:380:10
[INFO] [stdout]     |
[INFO] [stdout] 380 |     [(); 2usize.pow(E)]: ,
[INFO] [stdout]     |          ^^^^^^^^^^^^^ required by this bound in `<PopCountBitCounter as ExpCountBits<I, O, N, E>>`
[INFO] [stdout] 
[INFO] [stdout] 
[INFO] [stdout] error: aborting due to 19 previous errors; 2 warnings emitted
[INFO] [stdout] 
[INFO] [stdout] 
[INFO] [stdout] Some errors have detailed explanations: E0554, E0599.
[INFO] [stdout] 
[INFO] [stdout] For more information about an error, try `rustc --explain E0554`.
[INFO] [stdout] 
[INFO] [stdout] error: unconstrained generic constant
[INFO] [stdout]    --> src/count_bits.rs:268:55
[INFO] [stdout]     |
[INFO] [stdout] 268 |         table: &[(Vec<(usize, bool)>, [(usize, bool); E as usize], [u32; N]); 64 * O],
[INFO] [stdout]     |                                                       ^^^^^^^^^^
[INFO] [stdout]     |
[INFO] [stdout]     = help: try adding a `where` bound using this expression: `where [(); E as usize]:`
[INFO] [stdout] note: required by a bound in `<BitSliceBitCounter<T, P> as ExpCountBits<I, O, N, E>>::exp_count_bits`
[INFO] [stdout]    --> src/count_bits.rs:268:55
[INFO] [stdout]     |
[INFO] [stdout] 264 |     fn exp_count_bits(
[INFO] [stdout]     |        -------------- required by a bound in this associated function
[INFO] [stdout] ...
[INFO] [stdout] 268 |         table: &[(Vec<(usize, bool)>, [(usize, bool); E as usize], [u32; N]); 64 * O],
[INFO] [stdout]     |                                                       ^^^^^^^^^^ required by this bound in `<BitSliceBitCounter<T, P> as ExpCountBits<I, O, N, E>>::exp_count_bits`
[INFO] [stdout] 
[INFO] [stdout] 
[INFO] [stdout] error: unconstrained generic constant
[INFO] [stdout]    --> src/count_bits.rs:268:55
[INFO] [stdout]     |
[INFO] [stdout] 268 |         table: &[(Vec<(usize, bool)>, [(usize, bool); E as usize], [u32; N]); 64 * O],
[INFO] [stdout]     |                                                       ^^^^^^^^^^
[INFO] [stdout]     |
[INFO] [stdout]     = help: try adding a `where` bound using this expression: `where [(); 64 * O]:`
[INFO] [stdout] note: required by a bound in `<BitSliceBitCounter<T, P> as ExpCountBits<I, O, N, E>>::exp_count_bits`
[INFO] [stdout]    --> src/count_bits.rs:268:79
[INFO] [stdout]     |
[INFO] [stdout] 264 |     fn exp_count_bits(
[INFO] [stdout]     |        -------------- required by a bound in this associated function
[INFO] [stdout] ...
[INFO] [stdout] 268 |         table: &[(Vec<(usize, bool)>, [(usize, bool); E as usize], [u32; N]); 64 * O],
[INFO] [stdout]     |                                                                               ^^^^^^ required by this bound in `<BitSliceBitCounter<T, P> as ExpCountBits<I, O, N, E>>::exp_count_bits`
[INFO] [stdout] 
[INFO] [stdout] 
[INFO] [stdout] error: unconstrained generic constant
[INFO] [stdout]    --> src/count_bits.rs:268:55
[INFO] [stdout]     |
[INFO] [stdout] 268 |         table: &[(Vec<(usize, bool)>, [(usize, bool); E as usize], [u32; N]); 64 * O],
[INFO] [stdout]     |                                                       ^^^^^^^^^^
[INFO] [stdout]     |
[INFO] [stdout]     = help: try adding a `where` bound using this expression: `where [(); 2usize.pow(E)]:`
[INFO] [stdout] note: required by a bound in `<BitSliceBitCounter<T, P> as ExpCountBits<I, O, N, E>>::exp_count_bits`
[INFO] [stdout]    --> src/count_bits.rs:270:26
[INFO] [stdout]     |
[INFO] [stdout] 264 |     fn exp_count_bits(
[INFO] [stdout]     |        -------------- required by a bound in this associated function
[INFO] [stdout] ...
[INFO] [stdout] 270 |     ) -> Box<[[[u64; N]; 2usize.pow(E)]; 64 * O]> {
[INFO] [stdout]     |                          ^^^^^^^^^^^^^ required by this bound in `<BitSliceBitCounter<T, P> as ExpCountBits<I, O, N, E>>::exp_count_bits`
[INFO] [stdout] 
[INFO] [stdout] 
[INFO] [stdout] error: unconstrained generic constant
[INFO] [stdout]    --> src/count_bits.rs:268:55
[INFO] [stdout]     |
[INFO] [stdout] 268 |         table: &[(Vec<(usize, bool)>, [(usize, bool); E as usize], [u32; N]); 64 * O],
[INFO] [stdout]     |                                                       ^^^^^^^^^^
[INFO] [stdout]     |
[INFO] [stdout]     = help: try adding a `where` bound using this expression: `where [(); 64 * O]:`
[INFO] [stdout] note: required by a bound in `<BitSliceBitCounter<T, P> as ExpCountBits<I, O, N, E>>::exp_count_bits`
[INFO] [stdout]    --> src/count_bits.rs:270:42
[INFO] [stdout]     |
[INFO] [stdout] 264 |     fn exp_count_bits(
[INFO] [stdout]     |        -------------- required by a bound in this associated function
[INFO] [stdout] ...
[INFO] [stdout] 270 |     ) -> Box<[[[u64; N]; 2usize.pow(E)]; 64 * O]> {
[INFO] [stdout]     |                                          ^^^^^^ required by this bound in `<BitSliceBitCounter<T, P> as ExpCountBits<I, O, N, E>>::exp_count_bits`
[INFO] [stdout] 
[INFO] [stdout] 
[INFO] [stderr] error: could not document `bnn`
[INFO] [stderr] 
[INFO] [stderr] Caused by:
[INFO] [stderr]   process didn't exit successfully: `rustdoc --edition=2021 --crate-type lib --crate-name bnn src/lib.rs -o /opt/rustwide/target/doc --error-format=json --json=diagnostic-rendered-ansi,artifacts,future-incompat --document-private-items -C metadata=1506a81e105bb346 -L dependency=/opt/rustwide/target/debug/deps --extern bincode=/opt/rustwide/target/debug/deps/libbincode-cb2450432b4e87d2.rmeta --extern lazy_static=/opt/rustwide/target/debug/deps/liblazy_static-701e134f05ff346a.rmeta --extern num_cpus=/opt/rustwide/target/debug/deps/libnum_cpus-8045d3ae32ec23b2.rmeta --extern plotters=/opt/rustwide/target/debug/deps/libplotters-ca9fb7aaf292a8b6.rmeta --extern rand=/opt/rustwide/target/debug/deps/librand-b58ee9e68190dec5.rmeta --extern rand_core=/opt/rustwide/target/debug/deps/librand_core-3a58f306523d634a.rmeta --extern rayon=/opt/rustwide/target/debug/deps/librayon-dd4d157f3d5652ce.rmeta --extern serde=/opt/rustwide/target/debug/deps/libserde-ffeaf64363437211.rmeta --extern serde_json=/opt/rustwide/target/debug/deps/libserde_json-f5f3a84ca3963c10.rmeta --extern time=/opt/rustwide/target/debug/deps/libtime-262ff708e880ad39.rmeta --cap-lints=warn --crate-version 0.2.0` (exit status: 1)
[INFO] [stderr] warning: build failed, waiting for other jobs to finish...
[INFO] [stdout] error[E0599]: no method named `log2` found for type `u32` in the current scope
[INFO] [stdout]    --> src/count_bits.rs:393:16
[INFO] [stdout]     |
[INFO] [stdout] 393 |         [(); E.log2() as usize + 1]: ,
[INFO] [stdout]     |                ^^^^ help: there is a method with a similar name: `ilog2`
[INFO] [stdout] 
[INFO] [stdout] 
[INFO] [stdout] error: unconstrained generic constant
[INFO] [stdout]    --> src/count_bits.rs:391:9
[INFO] [stdout]     |
[INFO] [stdout] 391 |         [(); E as usize]: ,
[INFO] [stdout]     |         ^^^^^^^^^^^^^^^^
[INFO] [stdout]     |
[INFO] [stdout]     = help: try adding a `where` bound using this expression: `where [(); E as usize]:`
[INFO] [stdout] note: required by a bound in `<PopCountBitCounter as ExpCountBits<I, O, N, E>>::exp_count_bits`
[INFO] [stdout]    --> src/count_bits.rs:391:14
[INFO] [stdout]     |
[INFO] [stdout] 383 |     fn exp_count_bits(
[INFO] [stdout]     |        -------------- required by a bound in this associated function
[INFO] [stdout] ...
[INFO] [stdout] 391 |         [(); E as usize]: ,
[INFO] [stdout]     |              ^^^^^^^^^^ required by this bound in `<PopCountBitCounter as ExpCountBits<I, O, N, E>>::exp_count_bits`
[INFO] [stdout] 
[INFO] [stdout] 
[INFO] [stdout] error: unconstrained generic constant
[INFO] [stdout]    --> src/count_bits.rs:391:9
[INFO] [stdout]     |
[INFO] [stdout] 391 |         [(); E as usize]: ,
[INFO] [stdout]     |         ^^^^^^^^^^^^^^^^
[INFO] [stdout]     |
[INFO] [stdout]     = help: try adding a `where` bound using this expression: `where [(); 2usize.pow(E)]:`
[INFO] [stdout] note: required by a bound in `<PopCountBitCounter as ExpCountBits<I, O, N, E>>::exp_count_bits`
[INFO] [stdout]    --> src/count_bits.rs:392:14
[INFO] [stdout]     |
[INFO] [stdout] 383 |     fn exp_count_bits(
[INFO] [stdout]     |        -------------- required by a bound in this associated function
[INFO] [stdout] ...
[INFO] [stdout] 392 |         [(); 2usize.pow(E)]: ,
[INFO] [stdout]     |              ^^^^^^^^^^^^^ required by this bound in `<PopCountBitCounter as ExpCountBits<I, O, N, E>>::exp_count_bits`
[INFO] [stdout] 
[INFO] [stdout] 
[INFO] [stdout] error: unconstrained generic constant
[INFO] [stdout]    --> src/count_bits.rs:391:9
[INFO] [stdout]     |
[INFO] [stdout] 391 |         [(); E as usize]: ,
[INFO] [stdout]     |         ^^^^^^^^^^^^^^^^
[INFO] [stdout]     |
[INFO] [stdout]     = help: try adding a `where` bound using this expression: `where [(); E as usize]:`
[INFO] [stdout] note: required by a bound in `<PopCountBitCounter as ExpCountBits<I, O, N, E>>::exp_count_bits`
[INFO] [stdout]    --> src/count_bits.rs:387:55
[INFO] [stdout]     |
[INFO] [stdout] 383 |     fn exp_count_bits(
[INFO] [stdout]     |        -------------- required by a bound in this associated function
[INFO] [stdout] ...
[INFO] [stdout] 387 |         table: &[(Vec<(usize, bool)>, [(usize, bool); E as usize], [u32; N]); 64 * O],
[INFO] [stdout]     |                                                       ^^^^^^^^^^ required by this bound in `<PopCountBitCounter as ExpCountBits<I, O, N, E>>::exp_count_bits`
[INFO] [stdout] 
[INFO] [stdout] 
[INFO] [stdout] error: unconstrained generic constant
[INFO] [stdout]    --> src/count_bits.rs:391:9
[INFO] [stdout]     |
[INFO] [stdout] 391 |         [(); E as usize]: ,
[INFO] [stdout]     |         ^^^^^^^^^^^^^^^^
[INFO] [stdout]     |
[INFO] [stdout]     = help: try adding a `where` bound using this expression: `where [(); 64 * O]:`
[INFO] [stdout] note: required by a bound in `<PopCountBitCounter as ExpCountBits<I, O, N, E>>::exp_count_bits`
[INFO] [stdout]    --> src/count_bits.rs:387:79
[INFO] [stdout]     |
[INFO] [stdout] 383 |     fn exp_count_bits(
[INFO] [stdout]     |        -------------- required by a bound in this associated function
[INFO] [stdout] ...
[INFO] [stdout] 387 |         table: &[(Vec<(usize, bool)>, [(usize, bool); E as usize], [u32; N]); 64 * O],
[INFO] [stdout]     |                                                                               ^^^^^^ required by this bound in `<PopCountBitCounter as ExpCountBits<I, O, N, E>>::exp_count_bits`
[INFO] [stdout] 
[INFO] [stdout] 
[INFO] [stdout] error: unconstrained generic constant
[INFO] [stdout]    --> src/count_bits.rs:391:9
[INFO] [stdout]     |
[INFO] [stdout] 391 |         [(); E as usize]: ,
[INFO] [stdout]     |         ^^^^^^^^^^^^^^^^
[INFO] [stdout]     |
[INFO] [stdout]     = help: try adding a `where` bound using this expression: `where [(); 2usize.pow(E)]:`
[INFO] [stdout] note: required by a bound in `<PopCountBitCounter as ExpCountBits<I, O, N, E>>::exp_count_bits`
[INFO] [stdout]    --> src/count_bits.rs:389:26
[INFO] [stdout]     |
[INFO] [stdout] 383 |     fn exp_count_bits(
[INFO] [stdout]     |        -------------- required by a bound in this associated function
[INFO] [stdout] ...
[INFO] [stdout] 389 |     ) -> Box<[[[u64; N]; 2usize.pow(E)]; 64 * O]>
[INFO] [stdout]     |                          ^^^^^^^^^^^^^ required by this bound in `<PopCountBitCounter as ExpCountBits<I, O, N, E>>::exp_count_bits`
[INFO] [stdout] 
[INFO] [stdout] 
[INFO] [stdout] error: unconstrained generic constant
[INFO] [stdout]    --> src/count_bits.rs:391:9
[INFO] [stdout]     |
[INFO] [stdout] 391 |         [(); E as usize]: ,
[INFO] [stdout]     |         ^^^^^^^^^^^^^^^^
[INFO] [stdout]     |
[INFO] [stdout]     = help: try adding a `where` bound using this expression: `where [(); 64 * O]:`
[INFO] [stdout] note: required by a bound in `<PopCountBitCounter as ExpCountBits<I, O, N, E>>::exp_count_bits`
[INFO] [stdout]    --> src/count_bits.rs:389:42
[INFO] [stdout]     |
[INFO] [stdout] 383 |     fn exp_count_bits(
[INFO] [stdout]     |        -------------- required by a bound in this associated function
[INFO] [stdout] ...
[INFO] [stdout] 389 |     ) -> Box<[[[u64; N]; 2usize.pow(E)]; 64 * O]>
[INFO] [stdout]     |                                          ^^^^^^ required by this bound in `<PopCountBitCounter as ExpCountBits<I, O, N, E>>::exp_count_bits`
[INFO] [stdout] 
[INFO] [stdout] 
[INFO] [stdout] error: unconstrained generic constant
[INFO] [stdout]    --> src/count_bits.rs:178:55
[INFO] [stdout]     |
[INFO] [stdout] 178 |         table: &[(Vec<(usize, bool)>, [(usize, bool); E as usize], [u32; N]); 64 * O],
[INFO] [stdout]     |                                                       ^^^^^^^^^^
[INFO] [stdout]     |
[INFO] [stdout]     = help: try adding a `where` bound using this expression: `where [(); E as usize]:`
[INFO] [stdout] note: required by a bound in `ExpCountBits::exp_count_bits`
[INFO] [stdout]    --> src/count_bits.rs:178:55
[INFO] [stdout]     |
[INFO] [stdout] 174 |     fn exp_count_bits(
[INFO] [stdout]     |        -------------- required by a bound in this associated function
[INFO] [stdout] ...
[INFO] [stdout] 178 |         table: &[(Vec<(usize, bool)>, [(usize, bool); E as usize], [u32; N]); 64 * O],
[INFO] [stdout]     |                                                       ^^^^^^^^^^ required by this bound in `ExpCountBits::exp_count_bits`
[INFO] [stdout] 
[INFO] [stdout] 
[INFO] [stdout] error: unconstrained generic constant
[INFO] [stdout]    --> src/count_bits.rs:178:55
[INFO] [stdout]     |
[INFO] [stdout] 178 |         table: &[(Vec<(usize, bool)>, [(usize, bool); E as usize], [u32; N]); 64 * O],
[INFO] [stdout]     |                                                       ^^^^^^^^^^
[INFO] [stdout]     |
[INFO] [stdout]     = help: try adding a `where` bound using this expression: `where [(); 64 * O]:`
[INFO] [stdout] note: required by a bound in `ExpCountBits::exp_count_bits`
[INFO] [stdout]    --> src/count_bits.rs:178:79
[INFO] [stdout]     |
[INFO] [stdout] 174 |     fn exp_count_bits(
[INFO] [stdout]     |        -------------- required by a bound in this associated function
[INFO] [stdout] ...
[INFO] [stdout] 178 |         table: &[(Vec<(usize, bool)>, [(usize, bool); E as usize], [u32; N]); 64 * O],
[INFO] [stdout]     |                                                                               ^^^^^^ required by this bound in `ExpCountBits::exp_count_bits`
[INFO] [stdout] 
[INFO] [stdout] 
[INFO] [stdout] error: unconstrained generic constant
[INFO] [stdout]    --> src/count_bits.rs:178:55
[INFO] [stdout]     |
[INFO] [stdout] 178 |         table: &[(Vec<(usize, bool)>, [(usize, bool); E as usize], [u32; N]); 64 * O],
[INFO] [stdout]     |                                                       ^^^^^^^^^^
[INFO] [stdout]     |
[INFO] [stdout]     = help: try adding a `where` bound using this expression: `where [(); 2usize.pow(E)]:`
[INFO] [stdout] note: required by a bound in `ExpCountBits::exp_count_bits`
[INFO] [stdout]    --> src/count_bits.rs:180:26
[INFO] [stdout]     |
[INFO] [stdout] 174 |     fn exp_count_bits(
[INFO] [stdout]     |        -------------- required by a bound in this associated function
[INFO] [stdout] ...
[INFO] [stdout] 180 |     ) -> Box<[[[u64; N]; 2usize.pow(E)]; 64 * O]>;
[INFO] [stdout]     |                          ^^^^^^^^^^^^^ required by this bound in `ExpCountBits::exp_count_bits`
[INFO] [stdout] 
[INFO] [stdout] 
[INFO] [stdout] error: unconstrained generic constant
[INFO] [stdout]    --> src/count_bits.rs:178:55
[INFO] [stdout]     |
[INFO] [stdout] 178 |         table: &[(Vec<(usize, bool)>, [(usize, bool); E as usize], [u32; N]); 64 * O],
[INFO] [stdout]     |                                                       ^^^^^^^^^^
[INFO] [stdout]     |
[INFO] [stdout]     = help: try adding a `where` bound using this expression: `where [(); 64 * O]:`
[INFO] [stdout] note: required by a bound in `ExpCountBits::exp_count_bits`
[INFO] [stdout]    --> src/count_bits.rs:180:42
[INFO] [stdout]     |
[INFO] [stdout] 174 |     fn exp_count_bits(
[INFO] [stdout]     |        -------------- required by a bound in this associated function
[INFO] [stdout] ...
[INFO] [stdout] 180 |     ) -> Box<[[[u64; N]; 2usize.pow(E)]; 64 * O]>;
[INFO] [stdout]     |                                          ^^^^^^ required by this bound in `ExpCountBits::exp_count_bits`
[INFO] [stdout] 
[INFO] [stdout] 
[INFO] [stdout] error: aborting due to 39 previous errors; 3 warnings emitted
[INFO] [stdout] 
[INFO] [stdout] 
[INFO] [stdout] Some errors have detailed explanations: E0554, E0599.
[INFO] [stdout] 
[INFO] [stdout] For more information about an error, try `rustc --explain E0554`.
[INFO] [stdout] 
[INFO] [stderr] error: could not compile `bnn` (lib) due to 40 previous errors; 3 warnings emitted
[INFO] running `Command { std: "docker" "inspect" "dc491deaefb6ba3cf05339acb0dde29dab02a345723bba7021bd2fd4f59f3704", kill_on_drop: false }`
[INFO] running `Command { std: "docker" "rm" "-f" "dc491deaefb6ba3cf05339acb0dde29dab02a345723bba7021bd2fd4f59f3704", kill_on_drop: false }`
[INFO] [stdout] dc491deaefb6ba3cf05339acb0dde29dab02a345723bba7021bd2fd4f59f3704
