[INFO] cloning repository https://github.com/irisu-white/satori-tools
[INFO] running `Command { std: "git" "-c" "credential.helper=" "-c" "credential.helper=/workspace/cargo-home/bin/git-credential-null" "clone" "--bare" "https://github.com/irisu-white/satori-tools" "/workspace/cache/git-repos/https%3A%2F%2Fgithub.com%2Firisu-white%2Fsatori-tools", kill_on_drop: false }`
[INFO] [stderr] Cloning into bare repository '/workspace/cache/git-repos/https%3A%2F%2Fgithub.com%2Firisu-white%2Fsatori-tools'...
[INFO] running `Command { std: "git" "rev-parse" "HEAD", kill_on_drop: false }`
[INFO] [stdout] ec05e59feb25a9b739c79f6599b11b1c90e67d80
[INFO] documenting irisu-white/satori-tools against 1.69.0 for beta-1.70-rustdoc-1
[INFO] running `Command { std: "git" "clone" "/workspace/cache/git-repos/https%3A%2F%2Fgithub.com%2Firisu-white%2Fsatori-tools" "/workspace/builds/worker-6-tc1/source", kill_on_drop: false }`
[INFO] [stderr] Cloning into '/workspace/builds/worker-6-tc1/source'...
[INFO] [stderr] done.
[INFO] validating manifest of git repo https://github.com/irisu-white/satori-tools on toolchain 1.69.0
[INFO] running `Command { std: CARGO_HOME="/workspace/cargo-home" RUSTUP_HOME="/workspace/rustup-home" "/workspace/cargo-home/bin/cargo" "+1.69.0" "metadata" "--manifest-path" "Cargo.toml" "--no-deps", kill_on_drop: false }`
[INFO] started tweaking git repo https://github.com/irisu-white/satori-tools
[INFO] finished tweaking git repo https://github.com/irisu-white/satori-tools
[INFO] tweaked toml for git repo https://github.com/irisu-white/satori-tools written to /workspace/builds/worker-6-tc1/source/Cargo.toml
[INFO] crate git repo https://github.com/irisu-white/satori-tools already has a lockfile, it will not be regenerated
[INFO] running `Command { std: CARGO_HOME="/workspace/cargo-home" RUSTUP_HOME="/workspace/rustup-home" "/workspace/cargo-home/bin/cargo" "+1.69.0" "fetch" "--manifest-path" "Cargo.toml", kill_on_drop: false }`
[INFO] running `Command { std: "docker" "create" "-v" "/var/lib/crater-agent-workspace/builds/worker-6-tc1/target:/opt/rustwide/target:rw,Z" "-v" "/var/lib/crater-agent-workspace/builds/worker-6-tc1/source:/opt/rustwide/workdir:ro,Z" "-v" "/var/lib/crater-agent-workspace/cargo-home:/opt/rustwide/cargo-home:ro,Z" "-v" "/var/lib/crater-agent-workspace/rustup-home:/opt/rustwide/rustup-home:ro,Z" "-e" "SOURCE_DIR=/opt/rustwide/workdir" "-e" "CARGO_TARGET_DIR=/opt/rustwide/target" "-e" "CARGO_HOME=/opt/rustwide/cargo-home" "-e" "RUSTUP_HOME=/opt/rustwide/rustup-home" "-w" "/opt/rustwide/workdir" "-m" "1610612736" "--user" "0:0" "--network" "none" "ghcr.io/rust-lang/crates-build-env/linux@sha256:5ff2268d62e97bff2cde7d5815dd6ed5b47097566f13b8d0ca110b04b60e07ed" "/opt/rustwide/cargo-home/bin/cargo" "+1.69.0" "metadata" "--no-deps" "--format-version=1", kill_on_drop: false }`
[INFO] [stdout] 563c25418299baa15016ac9138e709784c8a075aa2172778db5134f6acc18c80
[INFO] running `Command { std: "docker" "start" "-a" "563c25418299baa15016ac9138e709784c8a075aa2172778db5134f6acc18c80", kill_on_drop: false }`
[INFO] running `Command { std: "docker" "inspect" "563c25418299baa15016ac9138e709784c8a075aa2172778db5134f6acc18c80", kill_on_drop: false }`
[INFO] running `Command { std: "docker" "rm" "-f" "563c25418299baa15016ac9138e709784c8a075aa2172778db5134f6acc18c80", kill_on_drop: false }`
[INFO] [stdout] 563c25418299baa15016ac9138e709784c8a075aa2172778db5134f6acc18c80
[INFO] running `Command { std: "docker" "create" "-v" "/var/lib/crater-agent-workspace/builds/worker-6-tc1/target:/opt/rustwide/target:rw,Z" "-v" "/var/lib/crater-agent-workspace/builds/worker-6-tc1/source:/opt/rustwide/workdir:ro,Z" "-v" "/var/lib/crater-agent-workspace/cargo-home:/opt/rustwide/cargo-home:ro,Z" "-v" "/var/lib/crater-agent-workspace/rustup-home:/opt/rustwide/rustup-home:ro,Z" "-e" "SOURCE_DIR=/opt/rustwide/workdir" "-e" "CARGO_TARGET_DIR=/opt/rustwide/target" "-e" "CARGO_INCREMENTAL=0" "-e" "RUST_BACKTRACE=full" "-e" "RUSTFLAGS=--cap-lints=warn" "-e" "RUSTDOCFLAGS=--cap-lints=warn" "-e" "CARGO_HOME=/opt/rustwide/cargo-home" "-e" "RUSTUP_HOME=/opt/rustwide/rustup-home" "-w" "/opt/rustwide/workdir" "-m" "1610612736" "--user" "0:0" "--network" "none" "ghcr.io/rust-lang/crates-build-env/linux@sha256:5ff2268d62e97bff2cde7d5815dd6ed5b47097566f13b8d0ca110b04b60e07ed" "/opt/rustwide/cargo-home/bin/cargo" "+1.69.0" "doc" "--frozen" "--no-deps" "--document-private-items" "--message-format=json", kill_on_drop: false }`
[INFO] [stdout] aecc3368e34f385618e2d251ae7a68ae701a4a2846a34a30b44b6d8b772f4ec3
[INFO] running `Command { std: "docker" "start" "-a" "aecc3368e34f385618e2d251ae7a68ae701a4a2846a34a30b44b6d8b772f4ec3", kill_on_drop: false }`
[INFO] [stderr]    Compiling libc v0.2.95
[INFO] [stderr]     Checking ansi_term v0.9.0
[INFO] [stderr]     Checking bitflags v0.9.1
[INFO] [stderr]     Checking strsim v0.6.0
[INFO] [stderr]     Checking textwrap v0.9.0
[INFO] [stderr]     Checking atty v0.2.14
[INFO] [stderr]     Checking clap v2.27.1
[INFO] [stderr]  Documenting satori-tools v0.2.0 (/opt/rustwide/workdir)
[INFO] [stderr]     Checking satori-tools v0.2.0 (/opt/rustwide/workdir)
[INFO] [stdout] error[E0433]: failed to resolve: use of undeclared crate or module `satori`
[INFO] [stdout]  --> src/bin/readelf.rs:3:5
[INFO] [stdout]   |
[INFO] [stdout] 3 | use satori::elf::elf32::{
[INFO] [stdout]   |     ^^^^^^ use of undeclared crate or module `satori`
[INFO] [stdout] 
[INFO] [stdout] 
[INFO] [stdout] error[E0433]: failed to resolve: use of undeclared crate or module `satori`
[INFO] [stdout]  --> src/bin/satori_cmd.rs:1:5
[INFO] [stdout]   |
[INFO] [stdout] 1 | use satori::proc::maps;
[INFO] [stdout]   |     ^^^^^^ use of undeclared crate or module `satori`
[INFO] [stdout] 
[INFO] [stdout] 
[INFO] [stdout] error[E0433]: failed to resolve: use of undeclared crate or module `satori`
[INFO] [stdout]  --> src/bin/memdump.rs:1:5
[INFO] [stdout]   |
[INFO] [stdout] 1 | use satori::proc::maps;
[INFO] [stdout]   |     ^^^^^^ use of undeclared crate or module `satori`
[INFO] [stdout] 
[INFO] [stdout] 
[INFO] [stdout] error[E0433]: failed to resolve: use of undeclared crate or module `satori`
[INFO] [stdout]  --> src/bin/satori_cmd.rs:2:5
[INFO] [stdout]   |
[INFO] [stdout] 2 | use satori::proc::mem;
[INFO] [stdout]   |     ^^^^^^ use of undeclared crate or module `satori`
[INFO] [stdout] 
[INFO] [stdout] 
[INFO] [stdout] error[E0433]: failed to resolve: use of undeclared crate or module `satori`
[INFO] [stdout]  --> src/bin/satori_cmd.rs:3:5
[INFO] [stdout]   |
[INFO] [stdout] 3 | use satori::proc::utils;
[INFO] [stdout]   |     ^^^^^^ use of undeclared crate or module `satori`
[INFO] [stdout] 
[INFO] [stdout] 
[INFO] [stdout] error: aborting due to previous error
[INFO] [stdout] 
[INFO] [stdout] 
[INFO] [stdout] error: aborting due to 3 previous errors
[INFO] [stdout] 
[INFO] [stdout] 
[INFO] [stdout] For more information about this error, try `rustc --explain E0433`.
[INFO] [stdout] 
[INFO] [stdout] For more information about this error, try `rustc --explain E0433`.
[INFO] [stdout] 
[INFO] [stdout] error: aborting due to previous error
[INFO] [stdout] 
[INFO] [stdout] 
[INFO] [stdout] For more information about this error, try `rustc --explain E0433`.
[INFO] [stdout] 
[INFO] [stderr] error: could not document `satori-tools`
[INFO] [stderr] 
[INFO] [stderr] Caused by:
[INFO] [stderr]   process didn't exit successfully: `rustdoc --edition=2018 --crate-type bin --crate-name readelf src/bin/readelf.rs -o /opt/rustwide/target/doc --error-format=json --json=diagnostic-rendered-ansi,artifacts,future-incompat --document-private-items '-Arustdoc::private-intra-doc-links' -C metadata=ec1305db97555a11 -L dependency=/opt/rustwide/target/debug/deps --extern bytes=/opt/rustwide/target/debug/deps/libbytes-a525a492d41260f8.rmeta --extern clap=/opt/rustwide/target/debug/deps/libclap-3eb106a2cba96cee.rmeta --extern satori_tools=/opt/rustwide/target/debug/deps/libsatori_tools-28694621e6195575.rmeta --cap-lints=warn --crate-version 0.2.0` (exit status: 1)
[INFO] [stderr] warning: build failed, waiting for other jobs to finish...
[INFO] [stderr] error: could not document `satori-tools`
[INFO] [stderr] 
[INFO] [stderr] Caused by:
[INFO] [stderr]   process didn't exit successfully: `rustdoc --edition=2018 --crate-type bin --crate-name satori_cmd src/bin/satori_cmd.rs -o /opt/rustwide/target/doc --error-format=json --json=diagnostic-rendered-ansi,artifacts,future-incompat --document-private-items '-Arustdoc::private-intra-doc-links' -C metadata=4c5d0cf7b78a3a12 -L dependency=/opt/rustwide/target/debug/deps --extern bytes=/opt/rustwide/target/debug/deps/libbytes-a525a492d41260f8.rmeta --extern clap=/opt/rustwide/target/debug/deps/libclap-3eb106a2cba96cee.rmeta --extern satori_tools=/opt/rustwide/target/debug/deps/libsatori_tools-28694621e6195575.rmeta --cap-lints=warn --crate-version 0.2.0` (exit status: 1)
[INFO] [stderr] error: could not document `satori-tools`
[INFO] [stderr] 
[INFO] [stderr] Caused by:
[INFO] [stderr]   process didn't exit successfully: `rustdoc --edition=2018 --crate-type bin --crate-name memdump src/bin/memdump.rs -o /opt/rustwide/target/doc --error-format=json --json=diagnostic-rendered-ansi,artifacts,future-incompat --document-private-items '-Arustdoc::private-intra-doc-links' -C metadata=32bc50cdc001455c -L dependency=/opt/rustwide/target/debug/deps --extern bytes=/opt/rustwide/target/debug/deps/libbytes-a525a492d41260f8.rmeta --extern clap=/opt/rustwide/target/debug/deps/libclap-3eb106a2cba96cee.rmeta --extern satori_tools=/opt/rustwide/target/debug/deps/libsatori_tools-28694621e6195575.rmeta --cap-lints=warn --crate-version 0.2.0` (exit status: 1)
[INFO] running `Command { std: "docker" "inspect" "aecc3368e34f385618e2d251ae7a68ae701a4a2846a34a30b44b6d8b772f4ec3", kill_on_drop: false }`
[INFO] running `Command { std: "docker" "rm" "-f" "aecc3368e34f385618e2d251ae7a68ae701a4a2846a34a30b44b6d8b772f4ec3", kill_on_drop: false }`
[INFO] [stdout] aecc3368e34f385618e2d251ae7a68ae701a4a2846a34a30b44b6d8b772f4ec3
