[INFO] cloning repository https://github.com/infinityb/project-euler-solutions
[INFO] running `Command { std: "git" "-c" "credential.helper=" "-c" "credential.helper=/workspace/cargo-home/bin/git-credential-null" "clone" "--bare" "https://github.com/infinityb/project-euler-solutions" "/workspace/cache/git-repos/https%3A%2F%2Fgithub.com%2Finfinityb%2Fproject-euler-solutions", kill_on_drop: false }`
[INFO] [stderr] Cloning into bare repository '/workspace/cache/git-repos/https%3A%2F%2Fgithub.com%2Finfinityb%2Fproject-euler-solutions'...
[INFO] running `Command { std: "git" "rev-parse" "HEAD", kill_on_drop: false }`
[INFO] [stdout] 4e0847a219212deb438eddf25080a94346fc3b16
[INFO] documenting infinityb/project-euler-solutions against 1.69.0 for beta-1.70-rustdoc-1
[INFO] running `Command { std: "git" "clone" "/workspace/cache/git-repos/https%3A%2F%2Fgithub.com%2Finfinityb%2Fproject-euler-solutions" "/workspace/builds/worker-5-tc1/source", kill_on_drop: false }`
[INFO] [stderr] Cloning into '/workspace/builds/worker-5-tc1/source'...
[INFO] [stderr] done.
[INFO] validating manifest of git repo https://github.com/infinityb/project-euler-solutions on toolchain 1.69.0
[INFO] running `Command { std: CARGO_HOME="/workspace/cargo-home" RUSTUP_HOME="/workspace/rustup-home" "/workspace/cargo-home/bin/cargo" "+1.69.0" "metadata" "--manifest-path" "Cargo.toml" "--no-deps", kill_on_drop: false }`
[INFO] started tweaking git repo https://github.com/infinityb/project-euler-solutions
[INFO] finished tweaking git repo https://github.com/infinityb/project-euler-solutions
[INFO] tweaked toml for git repo https://github.com/infinityb/project-euler-solutions written to /workspace/builds/worker-5-tc1/source/Cargo.toml
[INFO] crate git repo https://github.com/infinityb/project-euler-solutions already has a lockfile, it will not be regenerated
[INFO] running `Command { std: CARGO_HOME="/workspace/cargo-home" RUSTUP_HOME="/workspace/rustup-home" "/workspace/cargo-home/bin/cargo" "+1.69.0" "fetch" "--manifest-path" "Cargo.toml", kill_on_drop: false }`
[INFO] [stderr] warning: manifest at `/workspace/builds/worker-5-tc1/source` contains `[project]` instead of `[package]`, this could become a hard error in the future
[INFO] [stderr]     Updating git repository `https://github.com/rust-lang/num`
[INFO] running `Command { std: "docker" "create" "-v" "/var/lib/crater-agent-workspace/builds/worker-5-tc1/target:/opt/rustwide/target:rw,Z" "-v" "/var/lib/crater-agent-workspace/builds/worker-5-tc1/source:/opt/rustwide/workdir:ro,Z" "-v" "/var/lib/crater-agent-workspace/cargo-home:/opt/rustwide/cargo-home:ro,Z" "-v" "/var/lib/crater-agent-workspace/rustup-home:/opt/rustwide/rustup-home:ro,Z" "-e" "SOURCE_DIR=/opt/rustwide/workdir" "-e" "CARGO_TARGET_DIR=/opt/rustwide/target" "-e" "CARGO_HOME=/opt/rustwide/cargo-home" "-e" "RUSTUP_HOME=/opt/rustwide/rustup-home" "-w" "/opt/rustwide/workdir" "-m" "1610612736" "--user" "0:0" "--network" "none" "ghcr.io/rust-lang/crates-build-env/linux@sha256:5ff2268d62e97bff2cde7d5815dd6ed5b47097566f13b8d0ca110b04b60e07ed" "/opt/rustwide/cargo-home/bin/cargo" "+1.69.0" "metadata" "--no-deps" "--format-version=1", kill_on_drop: false }`
[INFO] [stdout] 4b0cdf927d92c0f3d75b6bb6bcf12ec7fe3e8c5bb310812b8cbd499347a5e38e
[INFO] running `Command { std: "docker" "start" "-a" "4b0cdf927d92c0f3d75b6bb6bcf12ec7fe3e8c5bb310812b8cbd499347a5e38e", kill_on_drop: false }`
[INFO] running `Command { std: "docker" "inspect" "4b0cdf927d92c0f3d75b6bb6bcf12ec7fe3e8c5bb310812b8cbd499347a5e38e", kill_on_drop: false }`
[INFO] running `Command { std: "docker" "rm" "-f" "4b0cdf927d92c0f3d75b6bb6bcf12ec7fe3e8c5bb310812b8cbd499347a5e38e", kill_on_drop: false }`
[INFO] [stdout] 4b0cdf927d92c0f3d75b6bb6bcf12ec7fe3e8c5bb310812b8cbd499347a5e38e
[INFO] running `Command { std: "docker" "create" "-v" "/var/lib/crater-agent-workspace/builds/worker-5-tc1/target:/opt/rustwide/target:rw,Z" "-v" "/var/lib/crater-agent-workspace/builds/worker-5-tc1/source:/opt/rustwide/workdir:ro,Z" "-v" "/var/lib/crater-agent-workspace/cargo-home:/opt/rustwide/cargo-home:ro,Z" "-v" "/var/lib/crater-agent-workspace/rustup-home:/opt/rustwide/rustup-home:ro,Z" "-e" "SOURCE_DIR=/opt/rustwide/workdir" "-e" "CARGO_TARGET_DIR=/opt/rustwide/target" "-e" "CARGO_INCREMENTAL=0" "-e" "RUST_BACKTRACE=full" "-e" "RUSTFLAGS=--cap-lints=warn" "-e" "RUSTDOCFLAGS=--cap-lints=warn" "-e" "CARGO_HOME=/opt/rustwide/cargo-home" "-e" "RUSTUP_HOME=/opt/rustwide/rustup-home" "-w" "/opt/rustwide/workdir" "-m" "1610612736" "--user" "0:0" "--network" "none" "ghcr.io/rust-lang/crates-build-env/linux@sha256:5ff2268d62e97bff2cde7d5815dd6ed5b47097566f13b8d0ca110b04b60e07ed" "/opt/rustwide/cargo-home/bin/cargo" "+1.69.0" "doc" "--frozen" "--no-deps" "--document-private-items" "--message-format=json", kill_on_drop: false }`
[INFO] [stdout] 28e36dd30e2ccb9bf64d00b7ab5ceb82d66c1a9b0fee5971fd1c367b26d7751f
[INFO] running `Command { std: "docker" "start" "-a" "28e36dd30e2ccb9bf64d00b7ab5ceb82d66c1a9b0fee5971fd1c367b26d7751f", kill_on_drop: false }`
[INFO] [stderr] warning: manifest at `/opt/rustwide/workdir` contains `[project]` instead of `[package]`, this could become a hard error in the future
[INFO] [stderr]     Checking num v0.0.1 (https://github.com/rust-lang/num#3ac6af6b)
[INFO] [stdout] error: expected one of `!`, `(`, `+`, `::`, `;`, `<`, or `]`, found `,`
[INFO] [stdout]   --> /opt/rustwide/cargo-home/git/checkouts/num-2d8cb5760e17c6fb/3ac6af6/src/bigint.rs:79:27
[INFO] [stdout]    |
[INFO] [stdout] 79 | static ZERO_VEC: [BigDigit, ..1] = [ZERO_BIG_DIGIT];
[INFO] [stdout]    |                           ^ expected one of 7 possible tokens
[INFO] [stdout] 
[INFO] [stdout] 
[INFO] [stdout] error: expected one of `!`, `(`, `+`, `::`, `;`, `<`, or `]`, found `,`
[INFO] [stdout]    --> /opt/rustwide/cargo-home/git/checkouts/num-2d8cb5760e17c6fb/3ac6af6/src/complex.rs:189:38
[INFO] [stdout]     |
[INFO] [stdout] 189 |     pub const all_consts : [Complex64, .. 5] = [_0_0i, _1_0i, _1_1i, _neg1_1i, _05_05i];
[INFO] [stdout]     |                                      ^ expected one of 7 possible tokens
[INFO] [stdout] 
[INFO] [stdout] 
[INFO] [stdout] error: macros that expand to items must be delimited with braces or followed by a semicolon
[INFO] [stdout]    --> /opt/rustwide/cargo-home/git/checkouts/num-2d8cb5760e17c6fb/3ac6af6/src/integer.rs:373:22
[INFO] [stdout]     |
[INFO] [stdout] 373 | impl_integer_for_int!(i8,   test_integer_i8)
[INFO] [stdout]     |                      ^^^^^^^^^^^^^^^^^^^^^^^
[INFO] [stdout]     |
[INFO] [stdout] help: change the delimiters to curly braces
[INFO] [stdout]     |
[INFO] [stdout] 373 | impl_integer_for_int!{i8,   test_integer_i8}
[INFO] [stdout]     |                      ~                     ~
[INFO] [stdout] help: add a semicolon
[INFO] [stdout]     |
[INFO] [stdout] 373 | impl_integer_for_int!(i8,   test_integer_i8);
[INFO] [stdout]     |                                             +
[INFO] [stdout] 
[INFO] [stdout] 
[INFO] [stdout] error: macros that expand to items must be delimited with braces or followed by a semicolon
[INFO] [stdout]    --> /opt/rustwide/cargo-home/git/checkouts/num-2d8cb5760e17c6fb/3ac6af6/src/integer.rs:374:22
[INFO] [stdout]     |
[INFO] [stdout] 374 | impl_integer_for_int!(i16,  test_integer_i16)
[INFO] [stdout]     |                      ^^^^^^^^^^^^^^^^^^^^^^^^
[INFO] [stdout]     |
[INFO] [stdout] help: change the delimiters to curly braces
[INFO] [stdout]     |
[INFO] [stdout] 374 | impl_integer_for_int!{i16,  test_integer_i16}
[INFO] [stdout]     |                      ~                      ~
[INFO] [stdout] help: add a semicolon
[INFO] [stdout]     |
[INFO] [stdout] 374 | impl_integer_for_int!(i16,  test_integer_i16);
[INFO] [stdout]     |                                              +
[INFO] [stdout] 
[INFO] [stdout] 
[INFO] [stdout] error: macros that expand to items must be delimited with braces or followed by a semicolon
[INFO] [stdout]    --> /opt/rustwide/cargo-home/git/checkouts/num-2d8cb5760e17c6fb/3ac6af6/src/integer.rs:375:22
[INFO] [stdout]     |
[INFO] [stdout] 375 | impl_integer_for_int!(i32,  test_integer_i32)
[INFO] [stdout]     |                      ^^^^^^^^^^^^^^^^^^^^^^^^
[INFO] [stdout]     |
[INFO] [stdout] help: change the delimiters to curly braces
[INFO] [stdout]     |
[INFO] [stdout] 375 | impl_integer_for_int!{i32,  test_integer_i32}
[INFO] [stdout]     |                      ~                      ~
[INFO] [stdout] help: add a semicolon
[INFO] [stdout]     |
[INFO] [stdout] 375 | impl_integer_for_int!(i32,  test_integer_i32);
[INFO] [stdout]     |                                              +
[INFO] [stdout] 
[INFO] [stdout] 
[INFO] [stdout] error: macros that expand to items must be delimited with braces or followed by a semicolon
[INFO] [stdout]    --> /opt/rustwide/cargo-home/git/checkouts/num-2d8cb5760e17c6fb/3ac6af6/src/integer.rs:376:22
[INFO] [stdout]     |
[INFO] [stdout] 376 | impl_integer_for_int!(i64,  test_integer_i64)
[INFO] [stdout]     |                      ^^^^^^^^^^^^^^^^^^^^^^^^
[INFO] [stdout]     |
[INFO] [stdout] help: change the delimiters to curly braces
[INFO] [stdout]     |
[INFO] [stdout] 376 | impl_integer_for_int!{i64,  test_integer_i64}
[INFO] [stdout]     |                      ~                      ~
[INFO] [stdout] help: add a semicolon
[INFO] [stdout]     |
[INFO] [stdout] 376 | impl_integer_for_int!(i64,  test_integer_i64);
[INFO] [stdout]     |                                              +
[INFO] [stdout] 
[INFO] [stdout] 
[INFO] [stdout] error: macros that expand to items must be delimited with braces or followed by a semicolon
[INFO] [stdout]    --> /opt/rustwide/cargo-home/git/checkouts/num-2d8cb5760e17c6fb/3ac6af6/src/integer.rs:377:22
[INFO] [stdout]     |
[INFO] [stdout] 377 | impl_integer_for_int!(int,  test_integer_int)
[INFO] [stdout]     |                      ^^^^^^^^^^^^^^^^^^^^^^^^
[INFO] [stdout]     |
[INFO] [stdout] help: change the delimiters to curly braces
[INFO] [stdout]     |
[INFO] [stdout] 377 | impl_integer_for_int!{int,  test_integer_int}
[INFO] [stdout]     |                      ~                      ~
[INFO] [stdout] help: add a semicolon
[INFO] [stdout]     |
[INFO] [stdout] 377 | impl_integer_for_int!(int,  test_integer_int);
[INFO] [stdout]     |                                              +
[INFO] [stdout] 
[INFO] [stdout] 
[INFO] [stdout] error: macros that expand to items must be delimited with braces or followed by a semicolon
[INFO] [stdout]    --> /opt/rustwide/cargo-home/git/checkouts/num-2d8cb5760e17c6fb/3ac6af6/src/integer.rs:492:23
[INFO] [stdout]     |
[INFO] [stdout] 492 | impl_integer_for_uint!(u8,   test_integer_u8)
[INFO] [stdout]     |                       ^^^^^^^^^^^^^^^^^^^^^^^
[INFO] [stdout]     |
[INFO] [stdout] help: change the delimiters to curly braces
[INFO] [stdout]     |
[INFO] [stdout] 492 | impl_integer_for_uint!{u8,   test_integer_u8}
[INFO] [stdout]     |                       ~                     ~
[INFO] [stdout] help: add a semicolon
[INFO] [stdout]     |
[INFO] [stdout] 492 | impl_integer_for_uint!(u8,   test_integer_u8);
[INFO] [stdout]     |                                              +
[INFO] [stdout] 
[INFO] [stdout] 
[INFO] [stdout] error: macros that expand to items must be delimited with braces or followed by a semicolon
[INFO] [stdout]    --> /opt/rustwide/cargo-home/git/checkouts/num-2d8cb5760e17c6fb/3ac6af6/src/integer.rs:493:23
[INFO] [stdout]     |
[INFO] [stdout] 493 | impl_integer_for_uint!(u16,  test_integer_u16)
[INFO] [stdout]     |                       ^^^^^^^^^^^^^^^^^^^^^^^^
[INFO] [stdout]     |
[INFO] [stdout] help: change the delimiters to curly braces
[INFO] [stdout]     |
[INFO] [stdout] 493 | impl_integer_for_uint!{u16,  test_integer_u16}
[INFO] [stdout]     |                       ~                      ~
[INFO] [stdout] help: add a semicolon
[INFO] [stdout]     |
[INFO] [stdout] 493 | impl_integer_for_uint!(u16,  test_integer_u16);
[INFO] [stdout]     |                                               +
[INFO] [stdout] 
[INFO] [stdout] 
[INFO] [stdout] error: macros that expand to items must be delimited with braces or followed by a semicolon
[INFO] [stdout]    --> /opt/rustwide/cargo-home/git/checkouts/num-2d8cb5760e17c6fb/3ac6af6/src/integer.rs:494:23
[INFO] [stdout]     |
[INFO] [stdout] 494 | impl_integer_for_uint!(u32,  test_integer_u32)
[INFO] [stdout]     |                       ^^^^^^^^^^^^^^^^^^^^^^^^
[INFO] [stdout]     |
[INFO] [stdout] help: change the delimiters to curly braces
[INFO] [stdout]     |
[INFO] [stdout] 494 | impl_integer_for_uint!{u32,  test_integer_u32}
[INFO] [stdout]     |                       ~                      ~
[INFO] [stdout] help: add a semicolon
[INFO] [stdout]     |
[INFO] [stdout] 494 | impl_integer_for_uint!(u32,  test_integer_u32);
[INFO] [stdout]     |                                               +
[INFO] [stdout] 
[INFO] [stdout] 
[INFO] [stdout] error: macros that expand to items must be delimited with braces or followed by a semicolon
[INFO] [stdout]    --> /opt/rustwide/cargo-home/git/checkouts/num-2d8cb5760e17c6fb/3ac6af6/src/integer.rs:495:23
[INFO] [stdout]     |
[INFO] [stdout] 495 | impl_integer_for_uint!(u64,  test_integer_u64)
[INFO] [stdout]     |                       ^^^^^^^^^^^^^^^^^^^^^^^^
[INFO] [stdout]     |
[INFO] [stdout] help: change the delimiters to curly braces
[INFO] [stdout]     |
[INFO] [stdout] 495 | impl_integer_for_uint!{u64,  test_integer_u64}
[INFO] [stdout]     |                       ~                      ~
[INFO] [stdout] help: add a semicolon
[INFO] [stdout]     |
[INFO] [stdout] 495 | impl_integer_for_uint!(u64,  test_integer_u64);
[INFO] [stdout]     |                                               +
[INFO] [stdout] 
[INFO] [stdout] 
[INFO] [stdout] error: macros that expand to items must be delimited with braces or followed by a semicolon
[INFO] [stdout]    --> /opt/rustwide/cargo-home/git/checkouts/num-2d8cb5760e17c6fb/3ac6af6/src/integer.rs:496:23
[INFO] [stdout]     |
[INFO] [stdout] 496 | impl_integer_for_uint!(uint, test_integer_uint)
[INFO] [stdout]     |                       ^^^^^^^^^^^^^^^^^^^^^^^^^
[INFO] [stdout]     |
[INFO] [stdout] help: change the delimiters to curly braces
[INFO] [stdout]     |
[INFO] [stdout] 496 | impl_integer_for_uint!{uint, test_integer_uint}
[INFO] [stdout]     |                       ~                       ~
[INFO] [stdout] help: add a semicolon
[INFO] [stdout]     |
[INFO] [stdout] 496 | impl_integer_for_uint!(uint, test_integer_uint);
[INFO] [stdout]     |                                                +
[INFO] [stdout] 
[INFO] [stdout] 
[INFO] [stdout] error: macros that expand to items must be delimited with braces or followed by a semicolon
[INFO] [stdout]    --> /opt/rustwide/cargo-home/git/checkouts/num-2d8cb5760e17c6fb/3ac6af6/src/rational.rs:224:10
[INFO] [stdout]     |
[INFO] [stdout] 224 | cmp_impl!(impl PartialEq, eq, ne)
[INFO] [stdout]     |          ^^^^^^^^^^^^^^^^^^^^^^^^
[INFO] [stdout]     |
[INFO] [stdout] help: change the delimiters to curly braces
[INFO] [stdout]     |
[INFO] [stdout] 224 | cmp_impl!{impl PartialEq, eq, ne}
[INFO] [stdout]     |          ~                      ~
[INFO] [stdout] help: add a semicolon
[INFO] [stdout]     |
[INFO] [stdout] 224 | cmp_impl!(impl PartialEq, eq, ne);
[INFO] [stdout]     |                                  +
[INFO] [stdout] 
[INFO] [stdout] 
[INFO] [stdout] error: macros that expand to items must be delimited with braces or followed by a semicolon
[INFO] [stdout]    --> /opt/rustwide/cargo-home/git/checkouts/num-2d8cb5760e17c6fb/3ac6af6/src/rational.rs:225:10
[INFO] [stdout]     |
[INFO] [stdout] 225 |   cmp_impl!(impl PartialOrd, lt -> bool, gt -> bool, le -> bool, ge -> bool,
[INFO] [stdout]     |  __________^
[INFO] [stdout] 226 | |           partial_cmp -> Option<cmp::Ordering>)
[INFO] [stdout]     | |_______________________________________________^
[INFO] [stdout]     |
[INFO] [stdout] help: change the delimiters to curly braces
[INFO] [stdout]     |
[INFO] [stdout] 225 ~ cmp_impl!{impl PartialOrd, lt -> bool, gt -> bool, le -> bool, ge -> bool,
[INFO] [stdout] 226 ~           partial_cmp -> Option<cmp::Ordering>}
[INFO] [stdout]     |
[INFO] [stdout] help: add a semicolon
[INFO] [stdout]     |
[INFO] [stdout] 226 |           partial_cmp -> Option<cmp::Ordering>);
[INFO] [stdout]     |                                                +
[INFO] [stdout] 
[INFO] [stdout] 
[INFO] [stdout] error: macros that expand to items must be delimited with braces or followed by a semicolon
[INFO] [stdout]    --> /opt/rustwide/cargo-home/git/checkouts/num-2d8cb5760e17c6fb/3ac6af6/src/rational.rs:227:10
[INFO] [stdout]     |
[INFO] [stdout] 227 | cmp_impl!(impl Eq, )
[INFO] [stdout]     |          ^^^^^^^^^^^
[INFO] [stdout]     |
[INFO] [stdout] help: change the delimiters to curly braces
[INFO] [stdout]     |
[INFO] [stdout] 227 | cmp_impl!{impl Eq, }
[INFO] [stdout]     |          ~         ~
[INFO] [stdout] help: add a semicolon
[INFO] [stdout]     |
[INFO] [stdout] 227 | cmp_impl!(impl Eq, );
[INFO] [stdout]     |                     +
[INFO] [stdout] 
[INFO] [stdout] 
[INFO] [stdout] error: macros that expand to items must be delimited with braces or followed by a semicolon
[INFO] [stdout]    --> /opt/rustwide/cargo-home/git/checkouts/num-2d8cb5760e17c6fb/3ac6af6/src/rational.rs:228:10
[INFO] [stdout]     |
[INFO] [stdout] 228 | cmp_impl!(impl Ord, cmp -> cmp::Ordering)
[INFO] [stdout]     |          ^^^^^^^^^^^^^^^^^^^^^^^^^^^^^^^^
[INFO] [stdout]     |
[INFO] [stdout] help: change the delimiters to curly braces
[INFO] [stdout]     |
[INFO] [stdout] 228 | cmp_impl!{impl Ord, cmp -> cmp::Ordering}
[INFO] [stdout]     |          ~                              ~
[INFO] [stdout] help: add a semicolon
[INFO] [stdout]     |
[INFO] [stdout] 228 | cmp_impl!(impl Ord, cmp -> cmp::Ordering);
[INFO] [stdout]     |                                          +
[INFO] [stdout] 
[INFO] [stdout] 
[INFO] [stdout] error: macros that expand to items must be delimited with braces or followed by a semicolon
[INFO] [stdout]    --> /opt/rustwide/cargo-home/git/checkouts/num-2d8cb5760e17c6fb/3ac6af6/src/rational.rs:264:12
[INFO] [stdout]     |
[INFO] [stdout] 264 | arith_impl!(impl Add, add)
[INFO] [stdout]     |            ^^^^^^^^^^^^^^^
[INFO] [stdout]     |
[INFO] [stdout] help: change the delimiters to curly braces
[INFO] [stdout]     |
[INFO] [stdout] 264 | arith_impl!{impl Add, add}
[INFO] [stdout]     |            ~             ~
[INFO] [stdout] help: add a semicolon
[INFO] [stdout]     |
[INFO] [stdout] 264 | arith_impl!(impl Add, add);
[INFO] [stdout]     |                           +
[INFO] [stdout] 
[INFO] [stdout] 
[INFO] [stdout] error: macros that expand to items must be delimited with braces or followed by a semicolon
[INFO] [stdout]    --> /opt/rustwide/cargo-home/git/checkouts/num-2d8cb5760e17c6fb/3ac6af6/src/rational.rs:267:12
[INFO] [stdout]     |
[INFO] [stdout] 267 | arith_impl!(impl Sub, sub)
[INFO] [stdout]     |            ^^^^^^^^^^^^^^^
[INFO] [stdout]     |
[INFO] [stdout] help: change the delimiters to curly braces
[INFO] [stdout]     |
[INFO] [stdout] 267 | arith_impl!{impl Sub, sub}
[INFO] [stdout]     |            ~             ~
[INFO] [stdout] help: add a semicolon
[INFO] [stdout]     |
[INFO] [stdout] 267 | arith_impl!(impl Sub, sub);
[INFO] [stdout]     |                           +
[INFO] [stdout] 
[INFO] [stdout] 
[INFO] [stdout] error: macros that expand to items must be delimited with braces or followed by a semicolon
[INFO] [stdout]    --> /opt/rustwide/cargo-home/git/checkouts/num-2d8cb5760e17c6fb/3ac6af6/src/rational.rs:270:12
[INFO] [stdout]     |
[INFO] [stdout] 270 | arith_impl!(impl Rem, rem)
[INFO] [stdout]     |            ^^^^^^^^^^^^^^^
[INFO] [stdout]     |
[INFO] [stdout] help: change the delimiters to curly braces
[INFO] [stdout]     |
[INFO] [stdout] 270 | arith_impl!{impl Rem, rem}
[INFO] [stdout]     |            ~             ~
[INFO] [stdout] help: add a semicolon
[INFO] [stdout]     |
[INFO] [stdout] 270 | arith_impl!(impl Rem, rem);
[INFO] [stdout]     |                           +
[INFO] [stdout] 
[INFO] [stdout] 
[INFO] [stdout] error[E0463]: can't find crate for `rand`
[INFO] [stdout]   --> /opt/rustwide/cargo-home/git/checkouts/num-2d8cb5760e17c6fb/3ac6af6/src/lib.rs:59:1
[INFO] [stdout]    |
[INFO] [stdout] 59 | extern crate rand;
[INFO] [stdout]    | ^^^^^^^^^^^^^^^^^^ can't find crate
[INFO] [stdout] 
[INFO] [stdout] 
[INFO] [stdout] error: macros that expand to items must be delimited with braces or followed by a semicolon
[INFO] [stdout]    --> /opt/rustwide/cargo-home/git/checkouts/num-2d8cb5760e17c6fb/3ac6af6/src/rational.rs:210:18
[INFO] [stdout]     |
[INFO] [stdout] 210 |         cmp_impl!(impl $imp, $($method -> bool),+)
[INFO] [stdout]     |                  ^^^^^^^^^^^^^^^^^^^^^^^^^^^^^^^^^
[INFO] [stdout] ...
[INFO] [stdout] 224 | cmp_impl!(impl PartialEq, eq, ne)
[INFO] [stdout]     | --------------------------------- in this macro invocation
[INFO] [stdout]     |
[INFO] [stdout]     = note: this error originates in the macro `cmp_impl` (in Nightly builds, run with -Z macro-backtrace for more info)
[INFO] [stdout] 
[INFO] [stdout] 
[INFO] [stdout] error[E0432]: unresolved imports `bigint::BigInt`, `bigint::BigUint`
[INFO] [stdout]   --> /opt/rustwide/cargo-home/git/checkouts/num-2d8cb5760e17c6fb/3ac6af6/src/lib.rs:61:18
[INFO] [stdout]    |
[INFO] [stdout] 61 | pub use bigint::{BigInt, BigUint};
[INFO] [stdout]    |                  ^^^^^^  ^^^^^^^ no `BigUint` in `bigint`
[INFO] [stdout]    |                  |
[INFO] [stdout]    |                  no `BigInt` in `bigint`
[INFO] [stdout] 
[INFO] [stdout] 
[INFO] [stdout] error[E0432]: unresolved import `complex::Complex`
[INFO] [stdout]   --> /opt/rustwide/cargo-home/git/checkouts/num-2d8cb5760e17c6fb/3ac6af6/src/lib.rs:63:9
[INFO] [stdout]    |
[INFO] [stdout] 63 | pub use complex::Complex;
[INFO] [stdout]    |         ^^^^^^^^^^^^^^^^ no `Complex` in `complex`
[INFO] [stdout] 
[INFO] [stdout] 
[INFO] [stdout] error[E0432]: unresolved import `std::from_str`
[INFO] [stdout]   --> /opt/rustwide/cargo-home/git/checkouts/num-2d8cb5760e17c6fb/3ac6af6/src/rational.rs:17:10
[INFO] [stdout]    |
[INFO] [stdout] 17 | use std::from_str::FromStr;
[INFO] [stdout]    |          ^^^^^^^^ could not find `from_str` in `std`
[INFO] [stdout] 
[INFO] [stdout] 
[INFO] [stdout] error[E0432]: unresolved imports `std::num::Zero`, `std::num::One`, `std::num::FromStrRadix`
[INFO] [stdout]   --> /opt/rustwide/cargo-home/git/checkouts/num-2d8cb5760e17c6fb/3ac6af6/src/rational.rs:19:16
[INFO] [stdout]    |
[INFO] [stdout] 19 | use std::num::{Zero, One, FromStrRadix};
[INFO] [stdout]    |                ^^^^  ^^^  ^^^^^^^^^^^^ no `FromStrRadix` in `num`
[INFO] [stdout]    |                |     |
[INFO] [stdout]    |                |     no `One` in `num`
[INFO] [stdout]    |                no `Zero` in `num`
[INFO] [stdout]    |
[INFO] [stdout]    = help: consider importing one of these items instead:
[INFO] [stdout]            rational::num::FpCategory::Zero
[INFO] [stdout]            rational::num::IntErrorKind::Zero
[INFO] [stdout] 
[INFO] [stdout] 
[INFO] [stdout] error[E0432]: unresolved imports `bigint::BigInt`, `bigint::BigUint`, `bigint::Sign`, `bigint::Plus`, `bigint::Minus`
[INFO] [stdout]   --> /opt/rustwide/cargo-home/git/checkouts/num-2d8cb5760e17c6fb/3ac6af6/src/rational.rs:21:14
[INFO] [stdout]    |
[INFO] [stdout] 21 | use bigint::{BigInt, BigUint, Sign, Plus, Minus};
[INFO] [stdout]    |              ^^^^^^  ^^^^^^^  ^^^^  ^^^^  ^^^^^ no `Minus` in `bigint`
[INFO] [stdout]    |              |       |        |     |
[INFO] [stdout]    |              |       |        |     no `Plus` in `bigint`
[INFO] [stdout]    |              |       |        no `Sign` in `bigint`
[INFO] [stdout]    |              |       no `BigUint` in `bigint`
[INFO] [stdout]    |              no `BigInt` in `bigint`
[INFO] [stdout]    |
[INFO] [stdout]    = help: consider importing this unresolved item instead:
[INFO] [stdout]            BigInt
[INFO] [stdout]    = help: consider importing this unresolved item instead:
[INFO] [stdout]            BigUint
[INFO] [stdout] 
[INFO] [stdout] 
[INFO] [stdout] error: cannot find attribute `experimental` in this scope
[INFO] [stdout]   --> /opt/rustwide/cargo-home/git/checkouts/num-2d8cb5760e17c6fb/3ac6af6/src/lib.rs:49:4
[INFO] [stdout]    |
[INFO] [stdout] 49 | #![experimental]
[INFO] [stdout]    |    ^^^^^^^^^^^^
[INFO] [stdout] 
[INFO] [stdout] 
[INFO] [stdout] error: cannot find attribute `license` in this scope
[INFO] [stdout]   --> /opt/rustwide/cargo-home/git/checkouts/num-2d8cb5760e17c6fb/3ac6af6/src/lib.rs:52:4
[INFO] [stdout]    |
[INFO] [stdout] 52 | #![license = "MIT/ASL2"]
[INFO] [stdout]    |    ^^^^^^^
[INFO] [stdout] 
[INFO] [stdout] 
[INFO] [stdout] error: cannot find attribute `deriving` in this scope
[INFO] [stdout]   --> /opt/rustwide/cargo-home/git/checkouts/num-2d8cb5760e17c6fb/3ac6af6/src/rational.rs:24:3
[INFO] [stdout]    |
[INFO] [stdout] 24 | #[deriving(Clone, Hash)]
[INFO] [stdout]    |   ^^^^^^^^
[INFO] [stdout] 
[INFO] [stdout] 
[INFO] [stdout] error[E0405]: cannot find trait `Num` in this scope
[INFO] [stdout]   --> /opt/rustwide/cargo-home/git/checkouts/num-2d8cb5760e17c6fb/3ac6af6/src/integer.rs:13:20
[INFO] [stdout]    |
[INFO] [stdout] 13 | pub trait Integer: Num + PartialOrd
[INFO] [stdout]    |                    ^^^ not found in this scope
[INFO] [stdout] 
[INFO] [stdout] 
[INFO] [stdout] error[E0405]: cannot find trait `Div` in this scope
[INFO] [stdout]   --> /opt/rustwide/cargo-home/git/checkouts/num-2d8cb5760e17c6fb/3ac6af6/src/integer.rs:14:20
[INFO] [stdout]    |
[INFO] [stdout] 14 |                  + Div<Self, Self>
[INFO] [stdout]    |                    ^^^ not found in this scope
[INFO] [stdout]    |
[INFO] [stdout] help: consider importing this trait
[INFO] [stdout]    |
[INFO] [stdout] 13 | use std::ops::Div;
[INFO] [stdout]    |
[INFO] [stdout] 
[INFO] [stdout] 
[INFO] [stdout] error[E0405]: cannot find trait `Rem` in this scope
[INFO] [stdout]   --> /opt/rustwide/cargo-home/git/checkouts/num-2d8cb5760e17c6fb/3ac6af6/src/integer.rs:15:20
[INFO] [stdout]    |
[INFO] [stdout] 15 |                  + Rem<Self, Self> {
[INFO] [stdout]    |                    ^^^ not found in this scope
[INFO] [stdout]    |
[INFO] [stdout] help: consider importing this trait
[INFO] [stdout]    |
[INFO] [stdout] 13 | use std::ops::Rem;
[INFO] [stdout]    |
[INFO] [stdout] 
[INFO] [stdout] 
[INFO] [stdout] error[E0412]: cannot find type `int` in this scope
[INFO] [stdout]    --> /opt/rustwide/cargo-home/git/checkouts/num-2d8cb5760e17c6fb/3ac6af6/src/integer.rs:377:23
[INFO] [stdout]     |
[INFO] [stdout] 377 | impl_integer_for_int!(int,  test_integer_int)
[INFO] [stdout]     |                       ^^^
[INFO] [stdout]     |                       |
[INFO] [stdout]     |                       not found in this scope
[INFO] [stdout]     |                       help: perhaps you intended to use this type: `i32`
[INFO] [stdout] 
[INFO] [stdout] 
[INFO] [stdout] error[E0412]: cannot find type `uint` in this scope
[INFO] [stdout]    --> /opt/rustwide/cargo-home/git/checkouts/num-2d8cb5760e17c6fb/3ac6af6/src/integer.rs:496:24
[INFO] [stdout]     |
[INFO] [stdout] 496 | impl_integer_for_uint!(uint, test_integer_uint)
[INFO] [stdout]     |                        ^^^^ not found in this scope
[INFO] [stdout] 
[INFO] [stdout] 
[INFO] [stdout] error[E0412]: cannot find type `int` in this scope
[INFO] [stdout]   --> /opt/rustwide/cargo-home/git/checkouts/num-2d8cb5760e17c6fb/3ac6af6/src/rational.rs:32:27
[INFO] [stdout]    |
[INFO] [stdout] 32 | pub type Rational = Ratio<int>;
[INFO] [stdout]    |                           ^^^ not found in this scope
[INFO] [stdout]    |
[INFO] [stdout] help: perhaps you intended to use this type
[INFO] [stdout]    |
[INFO] [stdout] 32 | pub type Rational = Ratio<i32>;
[INFO] [stdout]    |                           ~~~
[INFO] [stdout] help: you might be missing a type parameter
[INFO] [stdout]    |
[INFO] [stdout] 32 | pub type Rational<int> = Ratio<int>;
[INFO] [stdout]    |                  +++++
[INFO] [stdout] 
[INFO] [stdout] 
[INFO] [stdout] error[E0405]: cannot find trait `Float` in this scope
[INFO] [stdout]    --> /opt/rustwide/cargo-home/git/checkouts/num-2d8cb5760e17c6fb/3ac6af6/src/rational.rs:183:26
[INFO] [stdout]     |
[INFO] [stdout] 183 |     pub fn from_float<T: Float>(f: T) -> Option<BigRational> {
[INFO] [stdout]     |                          ^^^^^ not found in this scope
[INFO] [stdout] 
[INFO] [stdout] 
[INFO] [stdout] error[E0412]: cannot find type `uint` in this scope
[INFO] [stdout]    --> /opt/rustwide/cargo-home/git/checkouts/num-2d8cb5760e17c6fb/3ac6af6/src/rational.rs:191:56
[INFO] [stdout]     |
[INFO] [stdout] 191 |             let denom: BigInt = one << ((-exponent) as uint);
[INFO] [stdout]     |                                                        ^^^^ not found in this scope
[INFO] [stdout] 
[INFO] [stdout] 
[INFO] [stdout] error[E0412]: cannot find type `uint` in this scope
[INFO] [stdout]    --> /opt/rustwide/cargo-home/git/checkouts/num-2d8cb5760e17c6fb/3ac6af6/src/rational.rs:196:43
[INFO] [stdout]     |
[INFO] [stdout] 196 |             numer = numer << (exponent as uint);
[INFO] [stdout]     |                                           ^^^^ not found in this scope
[INFO] [stdout] 
[INFO] [stdout] 
[INFO] [stdout] error[E0405]: cannot find trait `Mul` in this scope
[INFO] [stdout]    --> /opt/rustwide/cargo-home/git/checkouts/num-2d8cb5760e17c6fb/3ac6af6/src/rational.rs:214:17
[INFO] [stdout]     |
[INFO] [stdout] 214 |         impl<T: Mul<T,T> + $imp> $imp for Ratio<T> {
[INFO] [stdout]     |                 ^^^ not found in this scope
[INFO] [stdout] ...
[INFO] [stdout] 224 | cmp_impl!(impl PartialEq, eq, ne)
[INFO] [stdout]     | --------------------------------- in this macro invocation
[INFO] [stdout]     |
[INFO] [stdout]     = note: this error originates in the macro `cmp_impl` (in Nightly builds, run with -Z macro-backtrace for more info)
[INFO] [stdout] help: consider importing this trait
[INFO] [stdout]     |
[INFO] [stdout] 13  | use std::ops::Mul;
[INFO] [stdout]     |
[INFO] [stdout] 
[INFO] [stdout] 
[INFO] [stdout] error[E0405]: cannot find trait `Mul` in this scope
[INFO] [stdout]    --> /opt/rustwide/cargo-home/git/checkouts/num-2d8cb5760e17c6fb/3ac6af6/src/rational.rs:214:17
[INFO] [stdout]     |
[INFO] [stdout] 214 |           impl<T: Mul<T,T> + $imp> $imp for Ratio<T> {
[INFO] [stdout]     |                   ^^^ not found in this scope
[INFO] [stdout] ...
[INFO] [stdout] 225 | / cmp_impl!(impl PartialOrd, lt -> bool, gt -> bool, le -> bool, ge -> bool,
[INFO] [stdout] 226 | |           partial_cmp -> Option<cmp::Ordering>)
[INFO] [stdout]     | |_______________________________________________- in this macro invocation
[INFO] [stdout]     |
[INFO] [stdout]     = note: this error originates in the macro `cmp_impl` (in Nightly builds, run with -Z macro-backtrace for more info)
[INFO] [stdout] help: consider importing this trait
[INFO] [stdout]     |
[INFO] [stdout] 13  | use std::ops::Mul;
[INFO] [stdout]     |
[INFO] [stdout] 
[INFO] [stdout] 
[INFO] [stdout] error[E0405]: cannot find trait `Mul` in this scope
[INFO] [stdout]    --> /opt/rustwide/cargo-home/git/checkouts/num-2d8cb5760e17c6fb/3ac6af6/src/rational.rs:214:17
[INFO] [stdout]     |
[INFO] [stdout] 214 |         impl<T: Mul<T,T> + $imp> $imp for Ratio<T> {
[INFO] [stdout]     |                 ^^^ not found in this scope
[INFO] [stdout] ...
[INFO] [stdout] 227 | cmp_impl!(impl Eq, )
[INFO] [stdout]     | -------------------- in this macro invocation
[INFO] [stdout]     |
[INFO] [stdout]     = note: this error originates in the macro `cmp_impl` (in Nightly builds, run with -Z macro-backtrace for more info)
[INFO] [stdout] help: consider importing this trait
[INFO] [stdout]     |
[INFO] [stdout] 13  | use std::ops::Mul;
[INFO] [stdout]     |
[INFO] [stdout] 
[INFO] [stdout] 
[INFO] [stdout] error[E0405]: cannot find trait `Mul` in this scope
[INFO] [stdout]    --> /opt/rustwide/cargo-home/git/checkouts/num-2d8cb5760e17c6fb/3ac6af6/src/rational.rs:214:17
[INFO] [stdout]     |
[INFO] [stdout] 214 |         impl<T: Mul<T,T> + $imp> $imp for Ratio<T> {
[INFO] [stdout]     |                 ^^^ not found in this scope
[INFO] [stdout] ...
[INFO] [stdout] 228 | cmp_impl!(impl Ord, cmp -> cmp::Ordering)
[INFO] [stdout]     | ----------------------------------------- in this macro invocation
[INFO] [stdout]     |
[INFO] [stdout]     = note: this error originates in the macro `cmp_impl` (in Nightly builds, run with -Z macro-backtrace for more info)
[INFO] [stdout] help: consider importing this trait
[INFO] [stdout]     |
[INFO] [stdout] 13  | use std::ops::Mul;
[INFO] [stdout]     |
[INFO] [stdout] 
[INFO] [stdout] 
[INFO] [stdout] error[E0405]: cannot find trait `Mul` in this scope
[INFO] [stdout]    --> /opt/rustwide/cargo-home/git/checkouts/num-2d8cb5760e17c6fb/3ac6af6/src/rational.rs:233:5
[INFO] [stdout]     |
[INFO] [stdout] 233 |     Mul<Ratio<T>,Ratio<T>> for Ratio<T> {
[INFO] [stdout]     |     ^^^ not found in this scope
[INFO] [stdout]     |
[INFO] [stdout] help: consider importing this trait
[INFO] [stdout]     |
[INFO] [stdout] 13  | use std::ops::Mul;
[INFO] [stdout]     |
[INFO] [stdout] 
[INFO] [stdout] 
[INFO] [stdout] error[E0405]: cannot find trait `Div` in this scope
[INFO] [stdout]    --> /opt/rustwide/cargo-home/git/checkouts/num-2d8cb5760e17c6fb/3ac6af6/src/rational.rs:242:5
[INFO] [stdout]     |
[INFO] [stdout] 242 |     Div<Ratio<T>,Ratio<T>> for Ratio<T> {
[INFO] [stdout]     |     ^^^ not found in this scope
[INFO] [stdout]     |
[INFO] [stdout] help: consider importing this trait
[INFO] [stdout]     |
[INFO] [stdout] 13  | use std::ops::Div;
[INFO] [stdout]     |
[INFO] [stdout] 
[INFO] [stdout] 
[INFO] [stdout] error[E0405]: cannot find trait `Add` in this scope
[INFO] [stdout]    --> /opt/rustwide/cargo-home/git/checkouts/num-2d8cb5760e17c6fb/3ac6af6/src/rational.rs:264:18
[INFO] [stdout]     |
[INFO] [stdout] 264 | arith_impl!(impl Add, add)
[INFO] [stdout]     |                  ^^^ not found in this scope
[INFO] [stdout]     |
[INFO] [stdout] help: consider importing this trait
[INFO] [stdout]     |
[INFO] [stdout] 13  | use std::ops::Add;
[INFO] [stdout]     |
[INFO] [stdout] 
[INFO] [stdout] 
[INFO] [stdout] error[E0405]: cannot find trait `Sub` in this scope
[INFO] [stdout]    --> /opt/rustwide/cargo-home/git/checkouts/num-2d8cb5760e17c6fb/3ac6af6/src/rational.rs:267:18
[INFO] [stdout]     |
[INFO] [stdout] 267 | arith_impl!(impl Sub, sub)
[INFO] [stdout]     |                  ^^^ not found in this scope
[INFO] [stdout]     |
[INFO] [stdout] help: consider importing this trait
[INFO] [stdout]     |
[INFO] [stdout] 13  | use std::ops::Sub;
[INFO] [stdout]     |
[INFO] [stdout] 
[INFO] [stdout] 
[INFO] [stdout] error[E0405]: cannot find trait `Rem` in this scope
[INFO] [stdout]    --> /opt/rustwide/cargo-home/git/checkouts/num-2d8cb5760e17c6fb/3ac6af6/src/rational.rs:270:18
[INFO] [stdout]     |
[INFO] [stdout] 270 | arith_impl!(impl Rem, rem)
[INFO] [stdout]     |                  ^^^ not found in this scope
[INFO] [stdout]     |
[INFO] [stdout] help: consider importing this trait
[INFO] [stdout]     |
[INFO] [stdout] 13  | use std::ops::Rem;
[INFO] [stdout]     |
[INFO] [stdout] 
[INFO] [stdout] 
[INFO] [stdout] error[E0405]: cannot find trait `Neg` in this scope
[INFO] [stdout]    --> /opt/rustwide/cargo-home/git/checkouts/num-2d8cb5760e17c6fb/3ac6af6/src/rational.rs:273:5
[INFO] [stdout]     |
[INFO] [stdout] 273 |     Neg<Ratio<T>> for Ratio<T> {
[INFO] [stdout]     |     ^^^ not found in this scope
[INFO] [stdout]     |
[INFO] [stdout] help: consider importing this trait
[INFO] [stdout]     |
[INFO] [stdout] 13  | use std::ops::Neg;
[INFO] [stdout]     |
[INFO] [stdout] 
[INFO] [stdout] 
[INFO] [stdout] error[E0405]: cannot find trait `Num` in this scope
[INFO] [stdout]    --> /opt/rustwide/cargo-home/git/checkouts/num-2d8cb5760e17c6fb/3ac6af6/src/rational.rs:303:5
[INFO] [stdout]     |
[INFO] [stdout] 303 |     Num for Ratio<T> {}
[INFO] [stdout]     |     ^^^ not found in this scope
[INFO] [stdout] 
[INFO] [stdout] 
[INFO] [stdout] error[E0405]: cannot find trait `Signed` in module `num`
[INFO] [stdout]    --> /opt/rustwide/cargo-home/git/checkouts/num-2d8cb5760e17c6fb/3ac6af6/src/rational.rs:306:10
[INFO] [stdout]     |
[INFO] [stdout] 306 |     num::Signed for Ratio<T> {
[INFO] [stdout]     |          ^^^^^^ not found in `num`
[INFO] [stdout] 
[INFO] [stdout] 
[INFO] [stdout] error[E0425]: cannot find function `one` in module `num`
[INFO] [stdout]    --> /opt/rustwide/cargo-home/git/checkouts/num-2d8cb5760e17c6fb/3ac6af6/src/rational.rs:320:18
[INFO] [stdout]     |
[INFO] [stdout] 320 |             num::one()
[INFO] [stdout]     |                  ^^^ not found in `num`
[INFO] [stdout] 
[INFO] [stdout] 
[INFO] [stdout] error[E0425]: cannot find function `zero` in module `num`
[INFO] [stdout]    --> /opt/rustwide/cargo-home/git/checkouts/num-2d8cb5760e17c6fb/3ac6af6/src/rational.rs:322:18
[INFO] [stdout]     |
[INFO] [stdout] 322 |             num::zero()
[INFO] [stdout]     |                  ^^^^ not found in `num`
[INFO] [stdout] 
[INFO] [stdout] 
[INFO] [stdout] error[E0425]: cannot find function `one` in module `num`
[INFO] [stdout]    --> /opt/rustwide/cargo-home/git/checkouts/num-2d8cb5760e17c6fb/3ac6af6/src/rational.rs:324:20
[INFO] [stdout]     |
[INFO] [stdout] 324 |             - num::one::<Ratio<T>>()
[INFO] [stdout]     |                    ^^^ not found in `num`
[INFO] [stdout] 
[INFO] [stdout] 
[INFO] [stdout] error[E0405]: cannot find trait `Show` in module `fmt`
[INFO] [stdout]    --> /opt/rustwide/cargo-home/git/checkouts/num-2d8cb5760e17c6fb/3ac6af6/src/rational.rs:336:36
[INFO] [stdout]     |
[INFO] [stdout] 336 | impl<T: fmt::Show + Eq + One> fmt::Show for Ratio<T> {
[INFO] [stdout]     |                                    ^^^^ not found in `fmt`
[INFO] [stdout] 
[INFO] [stdout] 
[INFO] [stdout] error[E0405]: cannot find trait `Show` in module `fmt`
[INFO] [stdout]    --> /opt/rustwide/cargo-home/git/checkouts/num-2d8cb5760e17c6fb/3ac6af6/src/rational.rs:336:14
[INFO] [stdout]     |
[INFO] [stdout] 336 | impl<T: fmt::Show + Eq + One> fmt::Show for Ratio<T> {
[INFO] [stdout]     |              ^^^^ not found in `fmt`
[INFO] [stdout] 
[INFO] [stdout] 
[INFO] [stdout] error[E0412]: cannot find type `uint` in this scope
[INFO] [stdout]    --> /opt/rustwide/cargo-home/git/checkouts/num-2d8cb5760e17c6fb/3ac6af6/src/rational.rs:366:39
[INFO] [stdout]     |
[INFO] [stdout] 366 |     fn from_str_radix(s: &str, radix: uint) -> Option<Ratio<T>> {
[INFO] [stdout]     |                                       ^^^^ not found in this scope
[INFO] [stdout] 
[INFO] [stdout] 
[INFO] [stdout] error[E0554]: `#![feature]` may not be used on the stable release channel
[INFO] [stdout]   --> /opt/rustwide/cargo-home/git/checkouts/num-2d8cb5760e17c6fb/3ac6af6/src/lib.rs:45:1
[INFO] [stdout]    |
[INFO] [stdout] 45 | #![feature(macro_rules)]
[INFO] [stdout]    | ^^^^^^^^^^^^^^^^^^^^^^^^ help: remove the attribute
[INFO] [stdout]    |
[INFO] [stdout]    = help: the feature `macro_rules` has been stable since `1.0.0` and no longer requires an attribute to enable
[INFO] [stdout] 
[INFO] [stdout] 
[INFO] [stdout] error[E0554]: `#![feature]` may not be used on the stable release channel
[INFO] [stdout]   --> /opt/rustwide/cargo-home/git/checkouts/num-2d8cb5760e17c6fb/3ac6af6/src/lib.rs:46:1
[INFO] [stdout]    |
[INFO] [stdout] 46 | #![feature(default_type_params)]
[INFO] [stdout]    | ^^^^^^^^^^^^^^^^^^^^^^^^^^^^^^^^ help: remove the attribute
[INFO] [stdout]    |
[INFO] [stdout]    = help: the feature `default_type_params` has been stable since `1.0.0` and no longer requires an attribute to enable
[INFO] [stdout] 
[INFO] [stdout] 
[INFO] [stdout] error[E0433]: failed to resolve: use of undeclared type `FromPrimitive`
[INFO] [stdout]    --> /opt/rustwide/cargo-home/git/checkouts/num-2d8cb5760e17c6fb/3ac6af6/src/rational.rs:192:34
[INFO] [stdout]     |
[INFO] [stdout] 192 |             let numer: BigUint = FromPrimitive::from_u64(mantissa).unwrap();
[INFO] [stdout]     |                                  ^^^^^^^^^^^^^ use of undeclared type `FromPrimitive`
[INFO] [stdout] 
[INFO] [stdout] 
[INFO] [stdout] error[E0433]: failed to resolve: use of undeclared type `FromPrimitive`
[INFO] [stdout]    --> /opt/rustwide/cargo-home/git/checkouts/num-2d8cb5760e17c6fb/3ac6af6/src/rational.rs:195:38
[INFO] [stdout]     |
[INFO] [stdout] 195 |             let mut numer: BigUint = FromPrimitive::from_u64(mantissa).unwrap();
[INFO] [stdout]     |                                      ^^^^^^^^^^^^^ use of undeclared type `FromPrimitive`
[INFO] [stdout] 
[INFO] [stdout] 
[INFO] [stdout] error: aborting due to 60 previous errors
[INFO] [stdout] 
[INFO] [stdout] 
[INFO] [stdout] Some errors have detailed explanations: E0405, E0412, E0425, E0432, E0433, E0463, E0554.
[INFO] [stdout] 
[INFO] [stdout] For more information about an error, try `rustc --explain E0405`.
[INFO] [stdout] 
[INFO] [stderr] error: could not compile `num` due to 61 previous errors
[INFO] running `Command { std: "docker" "inspect" "28e36dd30e2ccb9bf64d00b7ab5ceb82d66c1a9b0fee5971fd1c367b26d7751f", kill_on_drop: false }`
[INFO] running `Command { std: "docker" "rm" "-f" "28e36dd30e2ccb9bf64d00b7ab5ceb82d66c1a9b0fee5971fd1c367b26d7751f", kill_on_drop: false }`
[INFO] [stdout] 28e36dd30e2ccb9bf64d00b7ab5ceb82d66c1a9b0fee5971fd1c367b26d7751f
