[INFO] cloning repository https://github.com/infernox64/rustacean
[INFO] running `Command { std: "git" "-c" "credential.helper=" "-c" "credential.helper=/workspace/cargo-home/bin/git-credential-null" "clone" "--bare" "https://github.com/infernox64/rustacean" "/workspace/cache/git-repos/https%3A%2F%2Fgithub.com%2Finfernox64%2Frustacean", kill_on_drop: false }`
[INFO] [stderr] Cloning into bare repository '/workspace/cache/git-repos/https%3A%2F%2Fgithub.com%2Finfernox64%2Frustacean'...
[INFO] running `Command { std: "git" "rev-parse" "HEAD", kill_on_drop: false }`
[INFO] [stdout] f79ebfb23beeb26f9d1a57e9ede2462130804da0
[INFO] documenting infernox64/rustacean against 1.69.0 for beta-1.70-rustdoc-1
[INFO] running `Command { std: "git" "clone" "/workspace/cache/git-repos/https%3A%2F%2Fgithub.com%2Finfernox64%2Frustacean" "/workspace/builds/worker-1-tc1/source", kill_on_drop: false }`
[INFO] [stderr] Cloning into '/workspace/builds/worker-1-tc1/source'...
[INFO] [stderr] done.
[INFO] validating manifest of git repo https://github.com/infernox64/rustacean on toolchain 1.69.0
[INFO] running `Command { std: CARGO_HOME="/workspace/cargo-home" RUSTUP_HOME="/workspace/rustup-home" "/workspace/cargo-home/bin/cargo" "+1.69.0" "metadata" "--manifest-path" "Cargo.toml" "--no-deps", kill_on_drop: false }`
[INFO] started tweaking git repo https://github.com/infernox64/rustacean
[INFO] finished tweaking git repo https://github.com/infernox64/rustacean
[INFO] tweaked toml for git repo https://github.com/infernox64/rustacean written to /workspace/builds/worker-1-tc1/source/Cargo.toml
[INFO] crate git repo https://github.com/infernox64/rustacean already has a lockfile, it will not be regenerated
[INFO] running `Command { std: CARGO_HOME="/workspace/cargo-home" RUSTUP_HOME="/workspace/rustup-home" "/workspace/cargo-home/bin/cargo" "+1.69.0" "fetch" "--manifest-path" "Cargo.toml", kill_on_drop: false }`
[INFO] [stderr]  Downloading crates ...
[INFO] [stderr]   Downloaded win32_notification v0.1.0
[INFO] [stderr]   Downloaded commander v0.1.2
[INFO] running `Command { std: "docker" "create" "-v" "/var/lib/crater-agent-workspace/builds/worker-1-tc1/target:/opt/rustwide/target:rw,Z" "-v" "/var/lib/crater-agent-workspace/builds/worker-1-tc1/source:/opt/rustwide/workdir:ro,Z" "-v" "/var/lib/crater-agent-workspace/cargo-home:/opt/rustwide/cargo-home:ro,Z" "-v" "/var/lib/crater-agent-workspace/rustup-home:/opt/rustwide/rustup-home:ro,Z" "-e" "SOURCE_DIR=/opt/rustwide/workdir" "-e" "CARGO_TARGET_DIR=/opt/rustwide/target" "-e" "CARGO_HOME=/opt/rustwide/cargo-home" "-e" "RUSTUP_HOME=/opt/rustwide/rustup-home" "-w" "/opt/rustwide/workdir" "-m" "1610612736" "--user" "0:0" "--network" "none" "ghcr.io/rust-lang/crates-build-env/linux@sha256:5ff2268d62e97bff2cde7d5815dd6ed5b47097566f13b8d0ca110b04b60e07ed" "/opt/rustwide/cargo-home/bin/cargo" "+1.69.0" "metadata" "--no-deps" "--format-version=1", kill_on_drop: false }`
[INFO] [stdout] 617ca0c56d335524101f589ab141b9447913a08d2caf37d00b97b4d6a0ec70a4
[INFO] running `Command { std: "docker" "start" "-a" "617ca0c56d335524101f589ab141b9447913a08d2caf37d00b97b4d6a0ec70a4", kill_on_drop: false }`
[INFO] running `Command { std: "docker" "inspect" "617ca0c56d335524101f589ab141b9447913a08d2caf37d00b97b4d6a0ec70a4", kill_on_drop: false }`
[INFO] running `Command { std: "docker" "rm" "-f" "617ca0c56d335524101f589ab141b9447913a08d2caf37d00b97b4d6a0ec70a4", kill_on_drop: false }`
[INFO] [stdout] 617ca0c56d335524101f589ab141b9447913a08d2caf37d00b97b4d6a0ec70a4
[INFO] running `Command { std: "docker" "create" "-v" "/var/lib/crater-agent-workspace/builds/worker-1-tc1/target:/opt/rustwide/target:rw,Z" "-v" "/var/lib/crater-agent-workspace/builds/worker-1-tc1/source:/opt/rustwide/workdir:ro,Z" "-v" "/var/lib/crater-agent-workspace/cargo-home:/opt/rustwide/cargo-home:ro,Z" "-v" "/var/lib/crater-agent-workspace/rustup-home:/opt/rustwide/rustup-home:ro,Z" "-e" "SOURCE_DIR=/opt/rustwide/workdir" "-e" "CARGO_TARGET_DIR=/opt/rustwide/target" "-e" "CARGO_INCREMENTAL=0" "-e" "RUST_BACKTRACE=full" "-e" "RUSTFLAGS=--cap-lints=warn" "-e" "RUSTDOCFLAGS=--cap-lints=warn" "-e" "CARGO_HOME=/opt/rustwide/cargo-home" "-e" "RUSTUP_HOME=/opt/rustwide/rustup-home" "-w" "/opt/rustwide/workdir" "-m" "1610612736" "--user" "0:0" "--network" "none" "ghcr.io/rust-lang/crates-build-env/linux@sha256:5ff2268d62e97bff2cde7d5815dd6ed5b47097566f13b8d0ca110b04b60e07ed" "/opt/rustwide/cargo-home/bin/cargo" "+1.69.0" "doc" "--frozen" "--no-deps" "--document-private-items" "--message-format=json", kill_on_drop: false }`
[INFO] [stdout] dce263ece5080a60d42144e03e47cbf84036d1f3b4efa5d5a92c98269aa968e7
[INFO] running `Command { std: "docker" "start" "-a" "dce263ece5080a60d42144e03e47cbf84036d1f3b4efa5d5a92c98269aa968e7", kill_on_drop: false }`
[INFO] [stderr]    Compiling libc v0.2.107
[INFO] [stderr]    Compiling winapi v0.3.9
[INFO] [stderr]    Compiling serde v1.0.130
[INFO] [stderr]    Compiling serde_json v1.0.70
[INFO] [stderr]     Checking itoa v0.4.8
[INFO] [stderr]     Checking win32_notification v0.1.0
[INFO] [stdout] error[E0433]: failed to resolve: could not find `windows` in `os`
[INFO] [stdout]  --> /opt/rustwide/cargo-home/registry/src/github.com-1ecc6299db9ec823/win32_notification-0.1.0/src/lib.rs:4:14
[INFO] [stdout]   |
[INFO] [stdout] 4 | use std::os::windows::ffi::{OsStrExt, OsStringExt};
[INFO] [stdout]   |              ^^^^^^^ could not find `windows` in `os`
[INFO] [stdout] 
[INFO] [stdout] 
[INFO] [stdout] error[E0433]: failed to resolve: could not find `shared` in `winapi`
[INFO] [stdout]  --> /opt/rustwide/cargo-home/registry/src/github.com-1ecc6299db9ec823/win32_notification-0.1.0/src/lib.rs:5:13
[INFO] [stdout]   |
[INFO] [stdout] 5 | use winapi::shared::guiddef::GUID;
[INFO] [stdout]   |             ^^^^^^ could not find `shared` in `winapi`
[INFO] [stdout] 
[INFO] [stdout] 
[INFO] [stdout] error[E0433]: failed to resolve: could not find `um` in `winapi`
[INFO] [stdout]  --> /opt/rustwide/cargo-home/registry/src/github.com-1ecc6299db9ec823/win32_notification-0.1.0/src/lib.rs:7:13
[INFO] [stdout]   |
[INFO] [stdout] 7 | use winapi::um::combaseapi::CoCreateGuid;
[INFO] [stdout]   |             ^^ could not find `um` in `winapi`
[INFO] [stdout] 
[INFO] [stdout] 
[INFO] [stdout] error[E0433]: failed to resolve: could not find `um` in `winapi`
[INFO] [stdout]  --> /opt/rustwide/cargo-home/registry/src/github.com-1ecc6299db9ec823/win32_notification-0.1.0/src/lib.rs:8:13
[INFO] [stdout]   |
[INFO] [stdout] 8 | use winapi::um::errhandlingapi::GetLastError;
[INFO] [stdout]   |             ^^ could not find `um` in `winapi`
[INFO] [stdout] 
[INFO] [stdout] 
[INFO] [stdout] error[E0432]: unresolved import `winapi::shared`
[INFO] [stdout]  --> /opt/rustwide/cargo-home/registry/src/github.com-1ecc6299db9ec823/win32_notification-0.1.0/src/lib.rs:6:13
[INFO] [stdout]   |
[INFO] [stdout] 6 | use winapi::shared::winerror;
[INFO] [stdout]   |             ^^^^^^ could not find `shared` in `winapi`
[INFO] [stdout] 
[INFO] [stdout] 
[INFO] [stdout] error[E0433]: failed to resolve: could not find `um` in `winapi`
[INFO] [stdout]  --> /opt/rustwide/cargo-home/registry/src/github.com-1ecc6299db9ec823/win32_notification-0.1.0/src/lib.rs:9:13
[INFO] [stdout]   |
[INFO] [stdout] 9 | use winapi::um::shellapi::{self, Shell_NotifyIconW, NOTIFYICONDATAW};
[INFO] [stdout]   |             ^^ could not find `um` in `winapi`
[INFO] [stdout] 
[INFO] [stdout] 
[INFO] [stdout] error[E0432]: unresolved import `winapi::um`
[INFO] [stdout]  --> /opt/rustwide/cargo-home/registry/src/github.com-1ecc6299db9ec823/win32_notification-0.1.0/src/lib.rs:9:13
[INFO] [stdout]   |
[INFO] [stdout] 9 | use winapi::um::shellapi::{self, Shell_NotifyIconW, NOTIFYICONDATAW};
[INFO] [stdout]   |             ^^ could not find `um` in `winapi`
[INFO] [stdout] 
[INFO] [stdout] 
[INFO] [stdout] error[E0599]: no function or associated item named `from_wide` found for struct `OsString` in the current scope
[INFO] [stdout]   --> /opt/rustwide/cargo-home/registry/src/github.com-1ecc6299db9ec823/win32_notification-0.1.0/src/lib.rs:69:28
[INFO] [stdout]    |
[INFO] [stdout] 69 |                 &OsString::from_wide(&descriptor.szInfo[..])
[INFO] [stdout]    |                            ^^^^^^^^^ function or associated item not found in `OsString`
[INFO] [stdout] 
[INFO] [stdout] 
[INFO] [stdout] error[E0599]: no function or associated item named `from_wide` found for struct `OsString` in the current scope
[INFO] [stdout]   --> /opt/rustwide/cargo-home/registry/src/github.com-1ecc6299db9ec823/win32_notification-0.1.0/src/lib.rs:81:28
[INFO] [stdout]    |
[INFO] [stdout] 81 |                 &OsString::from_wide(&descriptor.szInfoTitle[..])
[INFO] [stdout]    |                            ^^^^^^^^^ function or associated item not found in `OsString`
[INFO] [stdout] 
[INFO] [stdout] 
[INFO] [stdout] error[E0599]: no method named `encode_wide` found for reference `&OsStr` in the current scope
[INFO] [stdout]    --> /opt/rustwide/cargo-home/registry/src/github.com-1ecc6299db9ec823/win32_notification-0.1.0/src/lib.rs:18:14
[INFO] [stdout]     |
[INFO] [stdout] 16  |           let codepoints = OsString::from($string)
[INFO] [stdout]     |  __________________________-
[INFO] [stdout] 17  | |             .as_os_str()
[INFO] [stdout] 18  | |             .encode_wide()
[INFO] [stdout]     | |             -^^^^^^^^^^^ method not found in `&OsStr`
[INFO] [stdout]     | |_____________|
[INFO] [stdout]     | 
[INFO] [stdout] ...
[INFO] [stdout] 151 |           let buffer = encode_string_wide!(text, INFO_BUFFER_LEN);
[INFO] [stdout]     |                        ------------------------------------------ in this macro invocation
[INFO] [stdout]     |
[INFO] [stdout]     = note: this error originates in the macro `encode_string_wide` (in Nightly builds, run with -Z macro-backtrace for more info)
[INFO] [stdout] 
[INFO] [stdout] 
[INFO] [stdout] error[E0599]: no method named `encode_wide` found for reference `&OsStr` in the current scope
[INFO] [stdout]    --> /opt/rustwide/cargo-home/registry/src/github.com-1ecc6299db9ec823/win32_notification-0.1.0/src/lib.rs:18:14
[INFO] [stdout]     |
[INFO] [stdout] 16  |           let codepoints = OsString::from($string)
[INFO] [stdout]     |  __________________________-
[INFO] [stdout] 17  | |             .as_os_str()
[INFO] [stdout] 18  | |             .encode_wide()
[INFO] [stdout]     | |             -^^^^^^^^^^^ method not found in `&OsStr`
[INFO] [stdout]     | |_____________|
[INFO] [stdout]     | 
[INFO] [stdout] ...
[INFO] [stdout] 161 |           let buffer = encode_string_wide!(text, TITLE_BUFFER_LEN);
[INFO] [stdout]     |                        ------------------------------------------- in this macro invocation
[INFO] [stdout]     |
[INFO] [stdout]     = note: this error originates in the macro `encode_string_wide` (in Nightly builds, run with -Z macro-backtrace for more info)
[INFO] [stdout] 
[INFO] [stdout] 
[INFO] [stdout] error: aborting due to 11 previous errors
[INFO] [stdout] 
[INFO] [stdout] 
[INFO] [stdout] Some errors have detailed explanations: E0432, E0433, E0599.
[INFO] [stdout] 
[INFO] [stdout] For more information about an error, try `rustc --explain E0432`.
[INFO] [stdout] 
[INFO] [stderr] error: could not compile `win32_notification` due to 12 previous errors
[INFO] [stderr] warning: build failed, waiting for other jobs to finish...
[INFO] running `Command { std: "docker" "inspect" "dce263ece5080a60d42144e03e47cbf84036d1f3b4efa5d5a92c98269aa968e7", kill_on_drop: false }`
[INFO] running `Command { std: "docker" "rm" "-f" "dce263ece5080a60d42144e03e47cbf84036d1f3b4efa5d5a92c98269aa968e7", kill_on_drop: false }`
[INFO] [stdout] dce263ece5080a60d42144e03e47cbf84036d1f3b4efa5d5a92c98269aa968e7
