[INFO] cloning repository https://github.com/iamhabbeboy/rest-api-actix-web
[INFO] running `Command { std: "git" "-c" "credential.helper=" "-c" "credential.helper=/workspace/cargo-home/bin/git-credential-null" "clone" "--bare" "https://github.com/iamhabbeboy/rest-api-actix-web" "/workspace/cache/git-repos/https%3A%2F%2Fgithub.com%2Fiamhabbeboy%2Frest-api-actix-web", kill_on_drop: false }`
[INFO] [stderr] Cloning into bare repository '/workspace/cache/git-repos/https%3A%2F%2Fgithub.com%2Fiamhabbeboy%2Frest-api-actix-web'...
[INFO] running `Command { std: "git" "rev-parse" "HEAD", kill_on_drop: false }`
[INFO] [stdout] dd50dd83ae6672e941be702b1c809ed8a4e65baa
[INFO] documenting iamhabbeboy/rest-api-actix-web against 1.69.0 for beta-1.70-rustdoc-1
[INFO] running `Command { std: "git" "clone" "/workspace/cache/git-repos/https%3A%2F%2Fgithub.com%2Fiamhabbeboy%2Frest-api-actix-web" "/workspace/builds/worker-1-tc1/source", kill_on_drop: false }`
[INFO] [stderr] Cloning into '/workspace/builds/worker-1-tc1/source'...
[INFO] [stderr] done.
[INFO] validating manifest of git repo https://github.com/iamhabbeboy/rest-api-actix-web on toolchain 1.69.0
[INFO] running `Command { std: CARGO_HOME="/workspace/cargo-home" RUSTUP_HOME="/workspace/rustup-home" "/workspace/cargo-home/bin/cargo" "+1.69.0" "metadata" "--manifest-path" "Cargo.toml" "--no-deps", kill_on_drop: false }`
[INFO] started tweaking git repo https://github.com/iamhabbeboy/rest-api-actix-web
[INFO] finished tweaking git repo https://github.com/iamhabbeboy/rest-api-actix-web
[INFO] tweaked toml for git repo https://github.com/iamhabbeboy/rest-api-actix-web written to /workspace/builds/worker-1-tc1/source/Cargo.toml
[INFO] crate git repo https://github.com/iamhabbeboy/rest-api-actix-web already has a lockfile, it will not be regenerated
[INFO] running `Command { std: CARGO_HOME="/workspace/cargo-home" RUSTUP_HOME="/workspace/rustup-home" "/workspace/cargo-home/bin/cargo" "+1.69.0" "fetch" "--manifest-path" "Cargo.toml", kill_on_drop: false }`
[INFO] [stderr]     Updating crates.io index
[INFO] [stderr]  Downloading crates ...
[INFO] [stderr]   Downloaded migrations_macros v1.4.1
[INFO] [stderr]   Downloaded migrations_internals v1.4.0
[INFO] [stderr]   Downloaded pin-project v0.4.30
[INFO] [stderr]   Downloaded enum-as-inner v0.3.1
[INFO] [stderr]   Downloaded pin-project-internal v0.4.30
[INFO] [stderr]   Downloaded derive-error-chain v0.11.2
[INFO] [stderr]   Downloaded dotenv v0.11.0
[INFO] [stderr]   Downloaded syntex_fmt_macros v0.5.0
[INFO] running `Command { std: "docker" "create" "-v" "/var/lib/crater-agent-workspace/builds/worker-1-tc1/target:/opt/rustwide/target:rw,Z" "-v" "/var/lib/crater-agent-workspace/builds/worker-1-tc1/source:/opt/rustwide/workdir:ro,Z" "-v" "/var/lib/crater-agent-workspace/cargo-home:/opt/rustwide/cargo-home:ro,Z" "-v" "/var/lib/crater-agent-workspace/rustup-home:/opt/rustwide/rustup-home:ro,Z" "-e" "SOURCE_DIR=/opt/rustwide/workdir" "-e" "CARGO_TARGET_DIR=/opt/rustwide/target" "-e" "CARGO_HOME=/opt/rustwide/cargo-home" "-e" "RUSTUP_HOME=/opt/rustwide/rustup-home" "-w" "/opt/rustwide/workdir" "-m" "1610612736" "--user" "0:0" "--network" "none" "ghcr.io/rust-lang/crates-build-env/linux@sha256:5ff2268d62e97bff2cde7d5815dd6ed5b47097566f13b8d0ca110b04b60e07ed" "/opt/rustwide/cargo-home/bin/cargo" "+1.69.0" "metadata" "--no-deps" "--format-version=1", kill_on_drop: false }`
[INFO] [stdout] ab1caf7a8e4d972d692ad7769ac25a4652244bfdb69aacd51fa0f572e461142b
[INFO] running `Command { std: "docker" "start" "-a" "ab1caf7a8e4d972d692ad7769ac25a4652244bfdb69aacd51fa0f572e461142b", kill_on_drop: false }`
[INFO] running `Command { std: "docker" "inspect" "ab1caf7a8e4d972d692ad7769ac25a4652244bfdb69aacd51fa0f572e461142b", kill_on_drop: false }`
[INFO] running `Command { std: "docker" "rm" "-f" "ab1caf7a8e4d972d692ad7769ac25a4652244bfdb69aacd51fa0f572e461142b", kill_on_drop: false }`
[INFO] [stdout] ab1caf7a8e4d972d692ad7769ac25a4652244bfdb69aacd51fa0f572e461142b
[INFO] running `Command { std: "docker" "create" "-v" "/var/lib/crater-agent-workspace/builds/worker-1-tc1/target:/opt/rustwide/target:rw,Z" "-v" "/var/lib/crater-agent-workspace/builds/worker-1-tc1/source:/opt/rustwide/workdir:ro,Z" "-v" "/var/lib/crater-agent-workspace/cargo-home:/opt/rustwide/cargo-home:ro,Z" "-v" "/var/lib/crater-agent-workspace/rustup-home:/opt/rustwide/rustup-home:ro,Z" "-e" "SOURCE_DIR=/opt/rustwide/workdir" "-e" "CARGO_TARGET_DIR=/opt/rustwide/target" "-e" "CARGO_INCREMENTAL=0" "-e" "RUST_BACKTRACE=full" "-e" "RUSTFLAGS=--cap-lints=warn" "-e" "RUSTDOCFLAGS=--cap-lints=warn" "-e" "CARGO_HOME=/opt/rustwide/cargo-home" "-e" "RUSTUP_HOME=/opt/rustwide/rustup-home" "-w" "/opt/rustwide/workdir" "-m" "1610612736" "--user" "0:0" "--network" "none" "ghcr.io/rust-lang/crates-build-env/linux@sha256:5ff2268d62e97bff2cde7d5815dd6ed5b47097566f13b8d0ca110b04b60e07ed" "/opt/rustwide/cargo-home/bin/cargo" "+1.69.0" "doc" "--frozen" "--no-deps" "--document-private-items" "--message-format=json", kill_on_drop: false }`
[INFO] [stdout] a4be0816316a6cbf4c119c2bc55569a81cf189b1add0dda808f409a6c19df338
[INFO] running `Command { std: "docker" "start" "-a" "a4be0816316a6cbf4c119c2bc55569a81cf189b1add0dda808f409a6c19df338", kill_on_drop: false }`
[INFO] [stderr]    Compiling libc v0.2.142
[INFO] [stderr]    Compiling proc-macro2 v1.0.56
[INFO] [stderr]    Compiling quote v1.0.26
[INFO] [stderr]    Compiling unicode-ident v1.0.8
[INFO] [stderr]    Compiling syn v1.0.109
[INFO] [stderr]     Checking cfg-if v0.1.10
[INFO] [stderr]    Compiling log v0.4.8
[INFO] [stderr]    Compiling memchr v2.3.3
[INFO] [stderr]    Compiling futures-core v0.3.28
[INFO] [stderr]     Checking slab v0.4.2
[INFO] [stderr]    Compiling autocfg v1.0.0
[INFO] [stderr]     Checking smallvec v1.2.0
[INFO] [stderr]     Checking futures-sink v0.3.28
[INFO] [stderr]     Checking lazy_static v1.4.0
[INFO] [stderr]     Checking bytes v0.5.4
[INFO] [stderr]    Compiling version_check v0.9.4
[INFO] [stderr]    Compiling futures-channel v0.3.28
[INFO] [stderr]     Checking fnv v1.0.6
[INFO] [stderr]    Compiling bitflags v1.2.1
[INFO] [stderr]    Compiling futures-task v0.3.28
[INFO] [stderr]     Checking arc-swap v0.4.4
[INFO] [stderr]    Compiling serde v1.0.104
[INFO] [stderr]    Compiling futures-util v0.3.28
[INFO] [stderr]     Checking pin-project-lite v0.1.4
[INFO] [stderr]     Checking scopeguard v1.1.0
[INFO] [stderr]     Checking pin-project-lite v0.2.9
[INFO] [stderr]     Checking pin-utils v0.1.0
[INFO] [stderr]     Checking futures-io v0.3.28
[INFO] [stderr]    Compiling pin-project-internal v0.4.30
[INFO] [stderr]    Compiling num-traits v0.2.11
[INFO] [stderr]    Compiling byteorder v1.3.4
[INFO] [stderr]    Compiling convert_case v0.4.0
[INFO] [stderr]     Checking lock_api v0.3.3
[INFO] [stderr]    Compiling num-integer v0.1.42
[INFO] [stderr]     Checking matches v0.1.8
[INFO] [stderr]    Compiling getrandom v0.1.14
[INFO] [stderr]    Compiling standback v0.2.17
[INFO] [stderr]     Checking copyless v0.1.4
[INFO] [stderr]     Checking percent-encoding v2.1.0
[INFO] [stderr]     Checking either v1.5.3
[INFO] [stderr]     Checking ppv-lite86 v0.2.6
[INFO] [stderr]    Compiling pq-sys v0.4.6
[INFO] [stderr]    Compiling typenum v1.16.0
[INFO] [stderr]     Checking unicode-bidi v0.3.4
[INFO] [stderr]    Compiling generic-array v0.14.7
[INFO] [stderr]     Checking unicode-normalization v0.1.12
[INFO] [stderr]     Checking quick-error v1.2.3
[INFO] [stderr]    Compiling thiserror v1.0.40
[INFO] [stderr]     Checking cfg-if v1.0.0
[INFO] [stderr]     Checking itoa v0.4.5
[INFO] [stderr]    Compiling unicode-segmentation v1.6.0
[INFO] [stderr]    Compiling async-trait v0.1.68
[INFO] [stderr]     Checking c2-chacha v0.2.3
[INFO] [stderr]    Compiling syn v2.0.15
[INFO] [stderr]    Compiling parking_lot_core v0.7.0
[INFO] [stderr]     Checking net2 v0.2.33
[INFO] [stderr]     Checking iovec v0.1.4
[INFO] [stderr]     Checking signal-hook-registry v1.2.0
[INFO] [stderr]     Checking num_cpus v1.12.0
[INFO] [stderr]    Compiling const_fn v0.4.9
[INFO] [stderr]    Compiling ryu v1.0.2
[INFO] [stderr]     Checking match_cfg v0.1.0
[INFO] [stderr]     Checking threadpool v1.7.1
[INFO] [stderr]     Checking hostname v0.3.1
[INFO] [stderr]     Checking mio v0.6.21
[INFO] [stderr]     Checking rand_core v0.5.1
[INFO] [stderr]    Compiling heck v0.3.1
[INFO] [stderr]    Compiling parking_lot v0.10.0
[INFO] [stderr]     Checking idna v0.2.0
[INFO] [stderr]     Checking http v0.2.0
[INFO] [stderr]     Checking aho-corasick v0.7.9
[INFO] [stderr]    Compiling time v0.2.25
[INFO] [stderr]    Compiling indexmap v1.3.2
[INFO] [stderr]     Checking rand_chacha v0.2.1
[INFO] [stderr]    Compiling cc v1.0.50
[INFO] [stderr]    Compiling crc32fast v1.2.0
[INFO] [stderr]     Checking regex-syntax v0.6.29
[INFO] [stderr]     Checking rand v0.7.3
[INFO] [stderr]     Checking linked-hash-map v0.5.2
[INFO] [stderr]     Checking alloc-no-stdlib v2.0.4
[INFO] [stderr]     Checking url v2.1.1
[INFO] [stderr]    Compiling proc-macro2 v0.4.30
[INFO] [stderr]     Checking alloc-stdlib v0.2.2
[INFO] [stderr]     Checking mio-uds v0.6.7
[INFO] [stderr]     Checking lru-cache v0.1.2
[INFO] [stderr]    Compiling scheduled-thread-pool v0.2.3
[INFO] [stderr]     Checking tokio v0.2.24
[INFO] [stderr]     Checking resolv-conf v0.7.0
[INFO] [stderr]    Compiling time v0.1.42
[INFO] [stderr]    Compiling rand v0.4.6
[INFO] [stderr]    Compiling cookie v0.14.4
[INFO] [stderr]    Compiling encoding_rs v0.8.22
[INFO] [stderr]     Checking adler32 v1.0.4
[INFO] [stderr]    Compiling httparse v1.3.4
[INFO] [stderr]    Compiling unicode-xid v0.1.0
[INFO] [stderr]     Checking miniz_oxide v0.3.6
[INFO] [stderr]    Compiling r2d2 v0.8.8
[INFO] [stderr]     Checking digest v0.9.0
[INFO] [stderr]    Compiling backtrace-sys v0.1.32
[INFO] [stderr]     Checking block-buffer v0.9.0
[INFO] [stderr]     Checking brotli-decompressor v2.3.4
[INFO] [stderr]     Checking form_urlencoded v1.0.1
[INFO] [stderr]     Checking cpufeatures v0.2.7
[INFO] [stderr]     Checking itoa v1.0.6
[INFO] [stderr]     Checking opaque-debug v0.3.0
[INFO] [stderr]    Compiling quote v0.6.13
[INFO] [stderr]     Checking flate2 v1.0.13
[INFO] [stderr]     Checking sha-1 v0.9.8
[INFO] [stderr]     Checking fxhash v0.2.1
[INFO] [stderr]     Checking base64 v0.13.1
[INFO] [stderr]     Checking mime v0.3.16
[INFO] [stderr]    Compiling regex v0.2.11
[INFO] [stderr]    Compiling unicode-xid v0.2.0
[INFO] [stderr]     Checking ucd-util v0.1.7
[INFO] [stderr]     Checking rustc-demangle v0.1.16
[INFO] [stderr]     Checking regex v1.4.6
[INFO] [stderr]     Checking language-tags v0.2.2
[INFO] [stderr]    Compiling syn v0.14.9
[INFO] [stderr]    Compiling syntex_fmt_macros v0.5.0
[INFO] [stderr]     Checking regex-syntax v0.5.6
[INFO] [stderr]     Checking aho-corasick v0.6.10
[INFO] [stderr]     Checking bytestring v0.1.4
[INFO] [stderr]     Checking thread_local v0.3.6
[INFO] [stderr]     Checking utf8-ranges v1.0.4
[INFO] [stderr]     Checking tinyvec_macros v0.1.1
[INFO] [stderr]     Checking atty v0.2.14
[INFO] [stderr]     Checking socket2 v0.3.19
[INFO] [stderr]     Checking humantime v1.3.0
[INFO] [stderr]     Checking tinyvec v1.6.0
[INFO] [stderr]     Checking termcolor v1.1.0
[INFO] [stderr]     Checking listenfd v0.3.3
[INFO] [stderr]     Checking backtrace v0.3.44
[INFO] [stderr]     Checking brotli v3.3.4
[INFO] [stderr]     Checking error-chain v0.11.0
[INFO] [stderr]     Checking env_logger v0.6.2
[INFO] [stderr]    Compiling futures-macro v0.3.28
[INFO] [stderr]    Compiling thiserror-impl v1.0.40
[INFO] [stderr]     Checking tokio-util v0.2.0
[INFO] [stderr]     Checking tokio-util v0.3.1
[INFO] [stderr]     Checking actix-codec v0.2.0
[INFO] [stderr]    Compiling derive-error-chain v0.11.2
[INFO] [stderr]    Compiling serde_derive v1.0.104
[INFO] [stderr]    Compiling derive_more v0.99.17
[INFO] [stderr]    Compiling actix-macros v0.1.1
[INFO] [stderr]    Compiling proc-macro-hack v0.5.11
[INFO] [stderr]    Compiling diesel_derives v1.4.1
[INFO] [stderr]    Compiling enum-as-inner v0.3.1
[INFO] [stderr]    Compiling pin-project-internal v1.0.12
[INFO] [stderr]    Compiling actix-web-codegen v0.4.0
[INFO] [stderr]    Compiling time-macros-impl v0.1.2
[INFO] [stderr]     Checking pin-project v1.0.12
[INFO] [stderr]     Checking time-macros v0.1.1
[INFO] [stderr]     Checking dotenv v0.11.0
[INFO] [stderr]     Checking pin-project v0.4.30
[INFO] [stderr]     Checking actix-codec v0.3.0
[INFO] [stderr]     Checking futures-executor v0.3.4
[INFO] [stderr]     Checking actix-service v1.0.6
[INFO] [stderr]     Checking h2 v0.2.1
[INFO] [stderr]     Checking futures v0.3.4
[INFO] [stdout] error[E0432]: unresolved import `futures_core::core_reexport`
[INFO] [stdout]    --> /opt/rustwide/cargo-home/registry/src/github.com-1ecc6299db9ec823/futures-0.3.4/src/lib.rs:542:9
[INFO] [stdout]     |
[INFO] [stdout] 542 | pub use futures_core::core_reexport;
[INFO] [stdout]     |         ^^^^^^^^^^^^^^^^^^^^^^^^^^^ no `core_reexport` in the root
[INFO] [stdout] 
[INFO] [stdout] 
[INFO] [stdout] error[E0433]: failed to resolve: could not find `document_join_macro` in `futures_util`
[INFO] [stdout]    --> /opt/rustwide/cargo-home/registry/src/github.com-1ecc6299db9ec823/futures-0.3.4/src/lib.rs:561:15
[INFO] [stdout]     |
[INFO] [stdout] 561 | futures_util::document_join_macro! {
[INFO] [stdout]     |               ^^^^^^^^^^^^^^^^^^^ could not find `document_join_macro` in `futures_util`
[INFO] [stdout] 
[INFO] [stdout] 
[INFO] [stdout] error[E0433]: failed to resolve: could not find `document_select_macro` in `futures_util`
[INFO] [stdout]    --> /opt/rustwide/cargo-home/registry/src/github.com-1ecc6299db9ec823/futures-0.3.4/src/lib.rs:584:15
[INFO] [stdout]     |
[INFO] [stdout] 584 | futures_util::document_select_macro! {
[INFO] [stdout]     |               ^^^^^^^^^^^^^^^^^^^^^ could not find `document_select_macro` in `futures_util`
[INFO] [stdout] 
[INFO] [stdout] 
[INFO] [stdout] error[E0603]: module `async_await` is private
[INFO] [stdout]    --> /opt/rustwide/cargo-home/registry/src/github.com-1ecc6299db9ec823/futures-0.3.4/src/lib.rs:547:23
[INFO] [stdout]     |
[INFO] [stdout] 547 | pub use futures_util::async_await;
[INFO] [stdout]     |                       ^^^^^^^^^^^ private module
[INFO] [stdout]     |
[INFO] [stdout] note: the module `async_await` is defined here
[INFO] [stdout]    --> /opt/rustwide/cargo-home/registry/src/github.com-1ecc6299db9ec823/futures-util-0.3.28/src/lib.rs:34:1
[INFO] [stdout]     |
[INFO] [stdout] 34  | mod async_await;
[INFO] [stdout]     | ^^^^^^^^^^^^^^^
[INFO] [stdout] 
[INFO] [stdout] 
[INFO] [stdout] error: aborting due to 4 previous errors
[INFO] [stdout] 
[INFO] [stdout] 
[INFO] [stdout] Some errors have detailed explanations: E0432, E0433, E0603.
[INFO] [stdout] 
[INFO] [stdout] For more information about an error, try `rustc --explain E0432`.
[INFO] [stdout] 
[INFO] [stderr] error: could not compile `futures` due to 5 previous errors
[INFO] [stderr] warning: build failed, waiting for other jobs to finish...
[INFO] running `Command { std: "docker" "inspect" "a4be0816316a6cbf4c119c2bc55569a81cf189b1add0dda808f409a6c19df338", kill_on_drop: false }`
[INFO] running `Command { std: "docker" "rm" "-f" "a4be0816316a6cbf4c119c2bc55569a81cf189b1add0dda808f409a6c19df338", kill_on_drop: false }`
[INFO] [stdout] a4be0816316a6cbf4c119c2bc55569a81cf189b1add0dda808f409a6c19df338
