[INFO] cloning repository https://github.com/iamAbasu7/Parity-Substrate
[INFO] running `Command { std: "git" "-c" "credential.helper=" "-c" "credential.helper=/workspace/cargo-home/bin/git-credential-null" "clone" "--bare" "https://github.com/iamAbasu7/Parity-Substrate" "/workspace/cache/git-repos/https%3A%2F%2Fgithub.com%2FiamAbasu7%2FParity-Substrate", kill_on_drop: false }`
[INFO] [stderr] Cloning into bare repository '/workspace/cache/git-repos/https%3A%2F%2Fgithub.com%2FiamAbasu7%2FParity-Substrate'...
[INFO] running `Command { std: "git" "rev-parse" "HEAD", kill_on_drop: false }`
[INFO] [stdout] 9ce9a0c69fcff70df19630a7ebf9271c18462888
[INFO] documenting iamAbasu7/Parity-Substrate against 1.69.0 for beta-1.70-rustdoc-1
[INFO] running `Command { std: "git" "clone" "/workspace/cache/git-repos/https%3A%2F%2Fgithub.com%2FiamAbasu7%2FParity-Substrate" "/workspace/builds/worker-7-tc1/source", kill_on_drop: false }`
[INFO] [stderr] Cloning into '/workspace/builds/worker-7-tc1/source'...
[INFO] [stderr] done.
[INFO] validating manifest of git repo https://github.com/iamAbasu7/Parity-Substrate on toolchain 1.69.0
[INFO] running `Command { std: CARGO_HOME="/workspace/cargo-home" RUSTUP_HOME="/workspace/rustup-home" "/workspace/cargo-home/bin/cargo" "+1.69.0" "metadata" "--manifest-path" "Cargo.toml" "--no-deps", kill_on_drop: false }`
[INFO] removed /workspace/builds/worker-7-tc1/source/.cargo/config.toml
[INFO] started tweaking git repo https://github.com/iamAbasu7/Parity-Substrate
[INFO] finished tweaking git repo https://github.com/iamAbasu7/Parity-Substrate
[INFO] tweaked toml for git repo https://github.com/iamAbasu7/Parity-Substrate written to /workspace/builds/worker-7-tc1/source/Cargo.toml
[INFO] crate git repo https://github.com/iamAbasu7/Parity-Substrate already has a lockfile, it will not be regenerated
[INFO] running `Command { std: CARGO_HOME="/workspace/cargo-home" RUSTUP_HOME="/workspace/rustup-home" "/workspace/cargo-home/bin/cargo" "+1.69.0" "fetch" "--manifest-path" "Cargo.toml", kill_on_drop: false }`
[INFO] [stderr]  Downloading crates ...
[INFO] [stderr]   Downloaded soketto v0.7.0
[INFO] [stderr]   Downloaded async-std-resolver v0.20.1
[INFO] [stderr]   Downloaded jsonrpsee-utils v0.4.1
[INFO] [stderr]   Downloaded jsonrpsee v0.4.1
[INFO] [stderr]   Downloaded cranelift-native v0.78.0
[INFO] [stderr]   Downloaded wasmtime-types v0.31.0
[INFO] [stderr]   Downloaded frame-metadata v14.0.0
[INFO] [stderr]   Downloaded cranelift-codegen-shared v0.78.0
[INFO] [stderr]   Downloaded enumset_derive v0.5.5
[INFO] [stderr]   Downloaded if-watch v0.2.0
[INFO] [stderr]   Downloaded retain_mut v0.1.4
[INFO] [stderr]   Downloaded ckb-merkle-mountain-range v0.3.2
[INFO] [stderr]   Downloaded lru v0.7.0
[INFO] [stderr]   Downloaded nb-connect v1.0.3
[INFO] [stderr]   Downloaded aead v0.4.2
[INFO] [stderr]   Downloaded jsonrpsee-types v0.4.1
[INFO] [stderr]   Downloaded wasmtime-cache v0.31.0
[INFO] [stderr]   Downloaded ctor v0.1.19
[INFO] [stderr]   Downloaded poly1305 v0.7.1
[INFO] [stderr]   Downloaded polyval v0.5.2
[INFO] [stderr]   Downloaded jsonrpsee-ws-client v0.4.1
[INFO] [stderr]   Downloaded cargo_metadata v0.14.1
[INFO] [stderr]   Downloaded ghash v0.4.3
[INFO] [stderr]   Downloaded wasmtime-jit v0.31.0
[INFO] [stderr]   Downloaded cranelift-entity v0.78.0
[INFO] [stderr]   Downloaded dissimilar v1.0.2
[INFO] [stderr]   Downloaded arbitrary v1.0.0
[INFO] [stderr]   Downloaded enumset v1.0.7
[INFO] [stderr]   Downloaded jsonrpsee-proc-macros v0.4.1
[INFO] [stderr]   Downloaded dynasmrt v1.1.0
[INFO] [stderr]   Downloaded cranelift-frontend v0.78.0
[INFO] [stderr]   Downloaded ss58-registry v1.5.0
[INFO] [stderr]   Downloaded parity-db v0.3.4
[INFO] [stderr]   Downloaded io-lifetimes v0.3.1
[INFO] [stderr]   Downloaded predicates v2.0.2
[INFO] [stderr]   Downloaded wasmtime-environ v0.31.0
[INFO] [stderr]   Downloaded trybuild v1.0.52
[INFO] [stderr]   Downloaded cranelift-bforest v0.78.0
[INFO] [stderr]   Downloaded pwasm-utils v0.18.2
[INFO] [stderr]   Downloaded trie-bench v0.28.0
[INFO] [stderr]   Downloaded wasmtime-cranelift v0.31.0
[INFO] [stderr]   Downloaded cranelift-codegen-meta v0.78.0
[INFO] [stderr]   Downloaded trust-dns-resolver v0.20.1
[INFO] [stderr]   Downloaded handlebars v4.1.4
[INFO] [stderr]   Downloaded libp2p-core v0.30.0
[INFO] [stderr]   Downloaded wasmtime-runtime v0.31.0
[INFO] [stderr]   Downloaded dynasm v1.1.0
[INFO] [stderr]   Downloaded wast v38.0.0
[INFO] [stderr]   Downloaded wasmtime v0.31.0
[INFO] [stderr]   Downloaded rsix v0.23.9
[INFO] [stderr]   Downloaded aes-gcm v0.9.3
[INFO] [stderr]   Downloaded regalloc v0.0.32
[INFO] [stderr]   Downloaded git2 v0.13.23
[INFO] [stderr]   Downloaded cranelift-wasm v0.78.0
[INFO] [stderr]   Downloaded trust-dns-proto v0.20.1
[INFO] [stderr]   Downloaded cranelift-codegen v0.78.0
[INFO] [stderr]   Downloaded honggfuzz v0.5.54
[INFO] [stderr]   Downloaded libgit2-sys v0.12.24+1.3.0
[INFO] [stderr]   Downloaded linux-raw-sys v0.0.28
[INFO] running `Command { std: "docker" "create" "-v" "/var/lib/crater-agent-workspace/builds/worker-7-tc1/target:/opt/rustwide/target:rw,Z" "-v" "/var/lib/crater-agent-workspace/builds/worker-7-tc1/source:/opt/rustwide/workdir:ro,Z" "-v" "/var/lib/crater-agent-workspace/cargo-home:/opt/rustwide/cargo-home:ro,Z" "-v" "/var/lib/crater-agent-workspace/rustup-home:/opt/rustwide/rustup-home:ro,Z" "-e" "SOURCE_DIR=/opt/rustwide/workdir" "-e" "CARGO_TARGET_DIR=/opt/rustwide/target" "-e" "CARGO_HOME=/opt/rustwide/cargo-home" "-e" "RUSTUP_HOME=/opt/rustwide/rustup-home" "-w" "/opt/rustwide/workdir" "-m" "1610612736" "--user" "0:0" "--network" "none" "ghcr.io/rust-lang/crates-build-env/linux@sha256:5ff2268d62e97bff2cde7d5815dd6ed5b47097566f13b8d0ca110b04b60e07ed" "/opt/rustwide/cargo-home/bin/cargo" "+1.69.0" "metadata" "--no-deps" "--format-version=1", kill_on_drop: false }`
[INFO] [stdout] 0f198fd3ea20c442fc1132632d3e665ea0665b23206d143e2b871fc7d1804017
[INFO] running `Command { std: "docker" "start" "-a" "0f198fd3ea20c442fc1132632d3e665ea0665b23206d143e2b871fc7d1804017", kill_on_drop: false }`
[INFO] running `Command { std: "docker" "inspect" "0f198fd3ea20c442fc1132632d3e665ea0665b23206d143e2b871fc7d1804017", kill_on_drop: false }`
[INFO] running `Command { std: "docker" "rm" "-f" "0f198fd3ea20c442fc1132632d3e665ea0665b23206d143e2b871fc7d1804017", kill_on_drop: false }`
[INFO] [stdout] 0f198fd3ea20c442fc1132632d3e665ea0665b23206d143e2b871fc7d1804017
[INFO] running `Command { std: "docker" "create" "-v" "/var/lib/crater-agent-workspace/builds/worker-7-tc1/target:/opt/rustwide/target:rw,Z" "-v" "/var/lib/crater-agent-workspace/builds/worker-7-tc1/source:/opt/rustwide/workdir:ro,Z" "-v" "/var/lib/crater-agent-workspace/cargo-home:/opt/rustwide/cargo-home:ro,Z" "-v" "/var/lib/crater-agent-workspace/rustup-home:/opt/rustwide/rustup-home:ro,Z" "-e" "SOURCE_DIR=/opt/rustwide/workdir" "-e" "CARGO_TARGET_DIR=/opt/rustwide/target" "-e" "CARGO_INCREMENTAL=0" "-e" "RUST_BACKTRACE=full" "-e" "RUSTFLAGS=--cap-lints=warn" "-e" "RUSTDOCFLAGS=--cap-lints=warn" "-e" "CARGO_HOME=/opt/rustwide/cargo-home" "-e" "RUSTUP_HOME=/opt/rustwide/rustup-home" "-w" "/opt/rustwide/workdir" "-m" "1610612736" "--user" "0:0" "--network" "none" "ghcr.io/rust-lang/crates-build-env/linux@sha256:5ff2268d62e97bff2cde7d5815dd6ed5b47097566f13b8d0ca110b04b60e07ed" "/opt/rustwide/cargo-home/bin/cargo" "+1.69.0" "doc" "--frozen" "--no-deps" "--document-private-items" "--message-format=json", kill_on_drop: false }`
[INFO] [stdout] addf9df17f42fa84b9c3aae917111bfb5c019d5bc839c2110f9205a7d488dee0
[INFO] running `Command { std: "docker" "start" "-a" "addf9df17f42fa84b9c3aae917111bfb5c019d5bc839c2110f9205a7d488dee0", kill_on_drop: false }`
[INFO] [stderr]    Compiling proc-macro2 v1.0.32
[INFO] [stderr]    Compiling syn v1.0.81
[INFO] [stderr]    Compiling libc v0.2.105
[INFO] [stderr]    Compiling serde_derive v1.0.130
[INFO] [stderr]    Compiling serde v1.0.130
[INFO] [stderr]    Compiling value-bag v1.0.0-alpha.6
[INFO] [stderr]    Compiling log v0.4.14
[INFO] [stderr]    Compiling memchr v2.4.1
[INFO] [stderr]    Compiling futures-core v0.3.17
[INFO] [stderr]    Compiling byteorder v1.3.4
[INFO] [stderr]    Compiling futures-task v0.3.17
[INFO] [stderr]    Compiling futures-channel v0.3.17
[INFO] [stderr]    Compiling proc-macro-nested v0.1.7
[INFO] [stderr]    Compiling futures-macro v0.3.17
[INFO] [stderr]    Compiling futures-util v0.3.17
[INFO] [stderr]    Compiling cfg-if v1.0.0
[INFO] [stderr]    Compiling regex-syntax v0.6.25
[INFO] [stderr]    Compiling aho-corasick v0.7.18
[INFO] [stderr]    Compiling quote v1.0.10
[INFO] [stderr]    Compiling jobserver v0.1.21
[INFO] [stderr]    Compiling typenum v1.12.0
[INFO] [stderr]    Compiling crunchy v0.2.2
[INFO] [stderr]    Compiling getrandom v0.1.16
[INFO] [stderr]    Compiling cc v1.0.71
[INFO] [stderr]    Compiling anyhow v1.0.38
[INFO] [stderr]    Compiling subtle v2.4.0
[INFO] [stderr]    Compiling serde_json v1.0.71
[INFO] [stderr]    Compiling generic-array v0.14.4
[INFO] [stderr]    Compiling radium v0.6.2
[INFO] [stderr]    Compiling libm v0.2.1
[INFO] [stderr]    Compiling num-traits v0.2.14
[INFO] [stderr]    Compiling digest v0.9.0
[INFO] [stderr]    Compiling itoa v0.4.8
[INFO] [stderr]    Compiling libsecp256k1-core v0.3.0
[INFO] [stderr]     Checking once_cell v1.8.0
[INFO] [stderr]    Compiling convert_case v0.4.0
[INFO] [stderr]     Checking pin-project-lite v0.2.6
[INFO] [stderr]    Compiling ppv-lite86 v0.2.10
[INFO] [stderr]    Compiling ryu v1.0.5
[INFO] [stderr]    Compiling ahash v0.7.4
[INFO] [stderr]    Compiling regex v1.5.4
[INFO] [stderr]    Compiling num-integer v0.1.44
[INFO] [stderr]     Checking smallvec v1.7.0
[INFO] [stderr]    Compiling getrandom v0.2.3
[INFO] [stderr]     Checking futures-io v0.3.17
[INFO] [stderr]    Compiling libsecp256k1-gen-ecmult v0.3.0
[INFO] [stderr]    Compiling libsecp256k1-gen-genmult v0.3.0
[INFO] [stderr]     Checking futures v0.1.31
[INFO] [stderr]     Checking num_cpus v1.13.0
[INFO] [stderr]    Compiling rand_core v0.6.2
[INFO] [stderr]     Checking parking_lot_core v0.8.3
[INFO] [stderr]    Compiling libsecp256k1 v0.7.0
[INFO] [stderr]     Checking futures-sink v0.3.17
[INFO] [stderr]    Compiling rand_chacha v0.3.0
[INFO] [stderr]     Checking parking_lot v0.11.1
[INFO] [stderr]    Compiling rand v0.8.4
[INFO] [stderr]    Compiling parity-util-mem v0.10.2
[INFO] [stderr]    Compiling miniz_oxide v0.4.4
[INFO] [stderr]    Compiling ref-cast v1.0.6
[INFO] [stderr]    Compiling tiny-keccak v2.0.2
[INFO] [stderr]    Compiling Inflector v0.11.4
[INFO] [stderr]    Compiling async-trait v0.1.51
[INFO] [stderr]     Checking static_assertions v1.1.0
[INFO] [stderr]     Checking block-padding v0.2.1
[INFO] [stderr]     Checking block-buffer v0.9.0
[INFO] [stderr]     Checking tinyvec v1.1.1
[INFO] [stderr]    Compiling backtrace v0.3.61
[INFO] [stderr]     Checking cpufeatures v0.2.1
[INFO] [stderr]     Checking rand_core v0.5.1
[INFO] [stderr]     Checking base64 v0.13.0
[INFO] [stderr]     Checking sha2 v0.9.8
[INFO] [stderr]     Checking arrayvec v0.7.1
[INFO] [stderr]     Checking rand_chacha v0.2.2
[INFO] [stderr]     Checking rand_pcg v0.2.1
[INFO] [stderr]     Checking arrayref v0.3.6
[INFO] [stderr]     Checking crypto-mac v0.8.0
[INFO] [stderr]     Checking rand v0.7.3
[INFO] [stderr]     Checking tap v1.0.1
[INFO] [stderr]     Checking funty v1.1.0
[INFO] [stderr]     Checking wyz v0.2.0
[INFO] [stderr]     Checking byte-slice-cast v1.0.0
[INFO] [stderr]    Compiling synstructure v0.12.4
[INFO] [stderr]     Checking unicode-normalization v0.1.17
[INFO] [stderr]     Checking bitvec v0.20.2
[INFO] [stderr]     Checking hmac v0.8.1
[INFO] [stderr]     Checking signature v1.3.0
[INFO] [stderr]     Checking ed25519 v1.0.3
[INFO] [stderr]     Checking hmac-drbg v0.3.0
[INFO] [stderr]     Checking tracing-core v0.1.21
[INFO] [stderr]     Checking hex v0.4.3
[INFO] [stderr]     Checking uint v0.9.0
[INFO] [stderr]     Checking sp-std v4.0.0-dev (/opt/rustwide/workdir/primitives/std)
[INFO] [stderr]    Compiling paste v1.0.6
[INFO] [stderr]    Compiling indexmap v1.6.2
[INFO] [stderr]     Checking hashbrown v0.9.1
[INFO] [stderr]     Checking hashbrown v0.11.2
[INFO] [stderr]     Checking bitflags v1.3.2
[INFO] [stderr]     Checking rustc-hex v2.1.0
[INFO] [stderr]     Checking fixed-hash v0.7.0
[INFO] [stderr]     Checking arrayvec v0.5.2
[INFO] [stderr]    Compiling num-bigint v0.2.6
[INFO] [stderr]     Checking constant_time_eq v0.1.5
[INFO] [stderr]     Checking time v0.1.44
[INFO] [stderr]     Checking keccak v0.1.0
[INFO] [stderr]     Checking generic-array v0.12.4
[INFO] [stderr]     Checking nodrop v0.1.14
[INFO] [stderr]     Checking stable_deref_trait v1.2.0
[INFO] [stderr]     Checking rustc-hash v1.1.0
[INFO] [stderr]     Checking chrono v0.4.19
[INFO] [stderr]     Checking digest v0.8.1
[INFO] [stderr]     Checking block-buffer v0.7.3
[INFO] [stderr]    Compiling num-rational v0.2.4
[INFO] [stderr]     Checking parity-wasm v0.42.2
[INFO] [stderr]     Checking ansi_term v0.12.1
[INFO] [stderr]    Compiling arrayvec v0.4.12
[INFO] [stderr]     Checking regex-automata v0.1.9
[INFO] [stderr]    Compiling ctor v0.1.19
[INFO] [stderr]    Compiling thiserror-impl v1.0.30
[INFO] [stderr]    Compiling zeroize_derive v1.2.0
[INFO] [stderr]    Compiling impl-trait-for-tuples v0.2.1
[INFO] [stderr]    Compiling derive_more v0.99.16
[INFO] [stderr]    Compiling tracing-attributes v0.1.18
[INFO] [stderr]    Compiling sp-debug-derive v4.0.0-dev (/opt/rustwide/workdir/primitives/debug-derive)
[INFO] [stderr]    Compiling parity-util-mem-derive v0.1.0
[INFO] [stderr]    Compiling thiserror v1.0.30
[INFO] [stderr]    Compiling ref-cast-impl v1.0.6
[INFO] [stderr]    Compiling dyn-clonable-impl v0.9.0
[INFO] [stderr]     Checking zeroize v1.4.2
[INFO] [stderr]     Checking curve25519-dalek v3.0.2
[INFO] [stderr]     Checking tracing v0.1.29
[INFO] [stderr]     Checking adler v1.0.2
[INFO] [stderr]     Checking tracing-log v0.1.2
[INFO] [stderr]     Checking matchers v0.0.1
[INFO] [stderr]     Checking wasmi-validation v0.4.0
[INFO] [stderr]     Checking sharded-slab v0.1.1
[INFO] [stderr]     Checking thread_local v1.1.3
[INFO] [stderr]     Checking errno v0.2.7
[INFO] [stderr]     Checking memory_units v0.3.0
[INFO] [stderr]     Checking downcast-rs v1.2.0
[INFO] [stderr]     Checking environmental v1.1.3
[INFO] [stderr]     Checking blake2-rfc v0.2.18
[INFO] [stderr]     Checking wasmi v0.9.1
[INFO] [stderr]     Checking crypto-mac v0.11.1
[INFO] [stderr]     Checking futures-executor v0.3.16
[INFO] [stderr]     Checking hash-db v0.15.2
[INFO] [stderr]     Checking merlin v2.0.1
[INFO] [stderr]     Checking curve25519-dalek v2.1.2
[INFO] [stderr]     Checking futures v0.3.16
[INFO] [stderr]     Checking sha2 v0.8.2
[INFO] [stderr]     Checking twox-hash v1.6.1
[INFO] [stderr]     Checking pbkdf2 v0.8.0
[INFO] [stderr]     Checking hmac v0.11.0
[INFO] [stderr]     Checking pbkdf2 v0.4.0
[INFO] [stderr]     Checking dyn-clone v1.0.4
[INFO] [stderr]     Checking tiny-bip39 v0.8.2
[INFO] [stderr]     Checking dyn-clonable v0.9.0
[INFO] [stderr]     Checking schnorrkel v0.9.1
[INFO] [stderr]     Checking sp-core-hashing v4.0.0-dev (/opt/rustwide/workdir/primitives/core/hashing)
[INFO] [stderr]     Checking secrecy v0.8.0
[INFO] [stderr]     Checking hash256-std-hasher v0.15.2
[INFO] [stderr]     Checking fallible-iterator v0.2.0
[INFO] [stderr]     Checking base58 v0.2.0
[INFO] [stderr]    Compiling opaque-debug v0.3.0
[INFO] [stderr]     Checking substrate-bip39 v0.4.4
[INFO] [stderr]     Checking object v0.26.0
[INFO] [stderr]     Checking trie-db v0.22.6
[INFO] [stderr]     Checking trie-root v0.16.0
[INFO] [stderr]     Checking integer-sqrt v0.1.5
[INFO] [stderr]    Compiling bytes v1.0.1
[INFO] [stderr]    Compiling either v1.6.1
[INFO] [stderr]    Compiling heck v0.3.2
[INFO] [stderr]    Compiling remove_dir_all v0.5.3
[INFO] [stderr]    Compiling tempfile v3.2.0
[INFO] [stderr]     Checking ed25519-dalek v1.0.1
[INFO] [stderr]     Checking impl-serde v0.3.1
[INFO] [stderr]    Compiling toml v0.5.8
[INFO] [stderr]     Checking tracing-serde v0.1.2
[INFO] [stderr]    Compiling sp-core-hashing-proc-macro v4.0.0-dev (/opt/rustwide/workdir/primitives/core/hashing/proc-macro)
[INFO] [stderr]     Checking gimli v0.25.0
[INFO] [stderr]     Checking tracing-subscriber v0.2.25
[INFO] [stderr]    Compiling ring v0.16.20
[INFO] [stderr]    Compiling proc-macro-crate v1.1.0
[INFO] [stderr]    Compiling itertools v0.10.0
[INFO] [stderr]     Checking futures-timer v3.0.2
[INFO] [stderr]    Compiling ss58-registry v1.5.0
[INFO] [stderr]    Compiling which v4.0.2
[INFO] [stderr]    Compiling parity-scale-codec-derive v2.3.1
[INFO] [stderr]    Compiling scale-info-derive v1.0.0
[INFO] [stderr]    Compiling sp-runtime-interface-proc-macro v4.0.0-dev (/opt/rustwide/workdir/primitives/runtime-interface/proc-macro)
[INFO] [stderr]    Compiling sp-api-proc-macro v4.0.0-dev (/opt/rustwide/workdir/primitives/api/proc-macro)
[INFO] [stderr]     Checking addr2line v0.16.0
[INFO] [stderr]    Compiling prost-derive v0.9.0
[INFO] [stderr]    Compiling prost-build v0.9.0
[INFO] [stderr]     Checking parity-scale-codec v2.3.1
[INFO] [stderr]     Checking sp-panic-handler v4.0.0-dev (/opt/rustwide/workdir/primitives/panic-handler)
[INFO] [stderr]    Compiling frame-support-procedural-tools-derive v3.0.0 (/opt/rustwide/workdir/frame/support/procedural/tools/derive)
[INFO] [stderr]    Compiling httparse v1.5.1
[INFO] [stderr]     Checking scale-info v1.0.0
[INFO] [stderr]     Checking impl-codec v0.5.1
[INFO] [stderr]     Checking sp-storage v4.0.0-dev (/opt/rustwide/workdir/primitives/storage)
[INFO] [stderr]     Checking sp-wasm-interface v4.0.0-dev (/opt/rustwide/workdir/primitives/wasm-interface)
[INFO] [stderr]     Checking sp-tracing v4.0.0-dev (/opt/rustwide/workdir/primitives/tracing)
[INFO] [stderr]     Checking sp-externalities v0.10.0-dev (/opt/rustwide/workdir/primitives/externalities)
[INFO] [stderr]    Compiling sp-version-proc-macro v4.0.0-dev (/opt/rustwide/workdir/primitives/version/proc-macro)
[INFO] [stderr]    Compiling fixedbitset v0.4.0
[INFO] [stderr]    Compiling tokio-macros v1.3.0
[INFO] [stderr]     Checking primitive-types v0.10.1
[INFO] [stderr]     Checking sp-arithmetic v4.0.0-dev (/opt/rustwide/workdir/primitives/arithmetic)
[INFO] [stderr]    Compiling prost v0.9.0
[INFO] [stderr]    Compiling petgraph v0.6.0
[INFO] [stderr]    Compiling multimap v0.8.2
[INFO] [stderr]    Compiling proc-macro-error-attr v1.0.4
[INFO] [stderr]    Compiling frame-support-procedural-tools v4.0.0-dev (/opt/rustwide/workdir/frame/support/procedural/tools)
[INFO] [stderr]     Checking sp-runtime-interface v4.0.0-dev (/opt/rustwide/workdir/primitives/runtime-interface)
[INFO] [stderr]    Compiling prost-types v0.9.0
[INFO] [stderr]     Checking memory-db v0.27.0
[INFO] [stderr]    Compiling frame-support-procedural v4.0.0-dev (/opt/rustwide/workdir/frame/support/procedural)
[INFO] [stderr]    Compiling proc-macro-error v1.0.4
[INFO] [stderr]    Compiling zstd-sys v1.6.1+zstd.1.5.0
[INFO] [stderr]     Checking sp-core v4.0.0-dev (/opt/rustwide/workdir/primitives/core)
[INFO] [stderr]    Compiling pin-project-internal v1.0.8
[INFO] [stderr]    Compiling zstd-safe v4.1.1+zstd.1.5.0
[INFO] [stderr]     Checking frame-metadata v14.0.0
[INFO] [stderr]     Checking tt-call v1.0.8
[INFO] [stderr]    Compiling crc32fast v1.2.1
[INFO] [stderr]    Compiling pkg-config v0.3.19
[INFO] [stderr]     Checking sp-trie v4.0.0-dev (/opt/rustwide/workdir/primitives/trie)
[INFO] [stderr]     Checking sp-keystore v0.10.0-dev (/opt/rustwide/workdir/primitives/keystore)
[INFO] [stderr]     Checking sp-state-machine v0.10.0-dev (/opt/rustwide/workdir/primitives/state-machine)
[INFO] [stderr]    Compiling multihash-derive v0.7.2
[INFO] [stderr]    Compiling crossbeam-utils v0.8.5
[INFO] [stderr]    Compiling pin-project-internal v0.4.27
[INFO] [stderr]    Compiling libp2p-core v0.30.0
[INFO] [stderr]    Compiling signal-hook v0.3.8
[INFO] [stderr]     Checking sp-io v4.0.0-dev (/opt/rustwide/workdir/primitives/io)
[INFO] [stderr]     Checking signal-hook-registry v1.3.0
[INFO] [stderr]    Compiling semver v1.0.4
[INFO] [stderr]    Compiling prometheus v0.13.0
[INFO] [stderr]    Compiling tokio v1.13.0
[INFO] [stderr]     Checking mio v0.7.13
[INFO] [stderr]    Compiling slab v0.4.2
[INFO] [stderr]     Checking sp-application-crypto v4.0.0-dev (/opt/rustwide/workdir/primitives/application-crypto)
[INFO] [stderr]    Compiling glob v0.3.0
[INFO] [stderr]     Checking socket2 v0.4.0
[INFO] [stderr]    Compiling pin-utils v0.1.0
[INFO] [stderr]     Checking sp-runtime v4.0.0-dev (/opt/rustwide/workdir/primitives/runtime)
[INFO] [stderr]     Checking percent-encoding v2.1.0
[INFO] [stderr]     Checking form_urlencoded v1.0.1
[INFO] [stderr]     Checking idna v0.2.2
[INFO] [stderr]     Checking url v2.2.1
[INFO] [stderr]     Checking http v0.2.3
[INFO] [stderr]     Checking try-lock v0.2.3
[INFO] [stderr]     Checking tower-service v0.3.1
[INFO] [stderr]     Checking want v0.3.0
[INFO] [stderr]     Checking atty v0.2.14
[INFO] [stderr]     Checking httpdate v1.0.1
[INFO] [stderr]     Checking cache-padded v1.1.1
[INFO] [stderr]     Checking waker-fn v1.1.0
[INFO] [stderr]     Checking concurrent-queue v1.2.2
[INFO] [stderr]     Checking fastrand v1.4.0
[INFO] [stderr]     Checking parking v2.0.0
[INFO] [stderr]    Compiling ucd-trie v0.1.3
[INFO] [stderr]     Checking futures-lite v1.11.3
[INFO] [stderr]     Checking sp-version v4.0.0-dev (/opt/rustwide/workdir/primitives/version)
[INFO] [stderr]     Checking sp-inherents v4.0.0-dev (/opt/rustwide/workdir/primitives/inherents)
[INFO] [stderr]     Checking sp-api v4.0.0-dev (/opt/rustwide/workdir/primitives/api)
[INFO] [stderr]     Checking sp-staking v4.0.0-dev (/opt/rustwide/workdir/primitives/staking)
[INFO] [stderr]     Checking http-body v0.4.2
[INFO] [stderr]    Compiling pest v2.1.3
[INFO] [stderr]     Checking socket2 v0.3.19
[INFO] [stderr]    Compiling wasm-bindgen-shared v0.2.77
[INFO] [stderr]     Checking tokio-util v0.6.7
[INFO] [stderr]    Compiling data-encoding v2.3.2
[INFO] [stderr]     Checking h2 v0.3.7
[INFO] [stderr]     Checking vec-arena v1.0.0
[INFO] [stderr]     Checking nb-connect v1.0.3
[INFO] [stderr]     Checking polling v2.0.2
[INFO] [stderr]     Checking pin-project v1.0.8
[INFO] [stderr]     Checking event-listener v2.5.1
[INFO] [stderr]     Checking async-io v1.3.1
[INFO] [stderr]     Checking sp-consensus v0.10.0-dev (/opt/rustwide/workdir/primitives/consensus/common)
[INFO] [stderr]    Compiling bumpalo v3.6.1
[INFO] [stderr]     Checking cranelift-entity v0.78.0
[INFO] [stderr]     Checking frame-support v4.0.0-dev (/opt/rustwide/workdir/frame/support)
[INFO] [stderr]    Compiling target-lexicon v0.12.0
[INFO] [stderr]    Compiling wasm-bindgen-backend v0.2.77
[INFO] [stderr]    Compiling wasm-bindgen v0.2.77
[INFO] [stderr]     Checking async-task v4.0.3
[INFO] [stderr]     Checking async-channel v1.6.1
[INFO] [stderr]    Compiling semver-parser v0.10.2
[INFO] [stderr]    Compiling rustc_version v0.4.0
[INFO] [stderr]     Checking asynchronous-codec v0.6.0
[INFO] [stderr]    Compiling enum-as-inner v0.3.3
[INFO] [stderr]    Compiling instant v0.1.9
[INFO] [stderr]     Checking atomic-waker v1.0.0
[INFO] [stderr]    Compiling scopeguard v1.1.0
[INFO] [stderr]     Checking blocking v1.0.2
[INFO] [stderr]    Compiling lock_api v0.4.2
[INFO] [stderr]     Checking hyper v0.14.14
[INFO] [stderr]    Compiling wasm-bindgen-macro-support v0.2.77
[INFO] [stderr]    Compiling semver v0.11.0
[INFO] [stderr]     Checking unsigned-varint v0.7.0
[INFO] [stderr]     Checking async-executor v1.4.0
[INFO] [stderr]     Checking async-mutex v1.4.0
[INFO] [stderr]     Checking pwasm-utils v0.18.2
[INFO] [stderr]     Checking lru v0.7.0
[INFO] [stderr]    Compiling memoffset v0.6.4
[INFO] [stderr]    Compiling cranelift-codegen-shared v0.78.0
[INFO] [stderr]    Compiling cranelift-codegen-meta v0.78.0
[INFO] [stderr]     Checking async-process v1.2.0
[INFO] [stderr]    Compiling wasm-bindgen-macro v0.2.77
[INFO] [stderr]     Checking async-global-executor v2.0.2
[INFO] [stderr]    Compiling rustc_version v0.3.3
[INFO] [stderr]     Checking async-lock v2.3.0
[INFO] [stderr]     Checking kv-log-macro v1.0.7
[INFO] [stderr]     Checking async-std v1.10.0
[INFO] [stderr]    Compiling snow v0.8.0
[INFO] [stderr]     Checking multihash v0.14.0
[INFO] [stderr]    Compiling io-lifetimes v0.3.1
[INFO] [stderr]     Checking pin-project v0.4.27
[INFO] [stderr]    Compiling libp2p-identify v0.31.0
[INFO] [stderr]    Compiling libp2p-kad v0.32.0
[INFO] [stderr]     Checking kvdb v0.10.0
[INFO] [stderr]     Checking bs58 v0.4.0
[INFO] [stderr]     Checking wasmparser v0.81.0
[INFO] [stderr]     Checking multiaddr v0.13.0
[INFO] [stderr]     Checking rw-stream-sink v0.2.1
[INFO] [stderr]     Checking multistream-select v0.10.2
[INFO] [stderr]    Compiling rsix v0.23.9
[INFO] [stderr]     Checking cranelift-bforest v0.78.0
[INFO] [stderr]     Checking wasmtime-types v0.31.0
[INFO] [stderr]     Checking regalloc v0.0.32
[INFO] [stderr]    Compiling open-metrics-client-derive-text-encode v0.1.1
[INFO] [stderr]     Checking void v1.0.2
[INFO] [stderr]    Compiling cranelift-codegen v0.78.0
[INFO] [stderr]     Checking asn1_der v0.7.4
[INFO] [stderr]    Compiling crossbeam-epoch v0.9.5
[INFO] [stderr]     Checking frame-system v4.0.0-dev (/opt/rustwide/workdir/frame/system)
[INFO] [stderr]     Checking object v0.27.1
[INFO] [stderr]    Compiling libp2p-rendezvous v0.1.0
[INFO] [stderr]    Compiling libp2p-relay v0.4.0
[INFO] [stderr]    Compiling libp2p-floodsub v0.31.0
[INFO] [stderr]    Compiling libp2p-plaintext v0.30.0
[INFO] [stderr]    Compiling libp2p-gossipsub v0.33.0
[INFO] [stderr]    Compiling libp2p-noise v0.33.0
[INFO] [stderr]    Compiling atomic v0.5.0
[INFO] [stderr]    Compiling rayon-core v1.9.0
[INFO] [stderr]     Checking linux-raw-sys v0.0.28
[INFO] [stderr]     Checking more-asserts v0.2.1
[INFO] [stderr]     Checking sc-allocator v4.1.0-dev (/opt/rustwide/workdir/client/allocator)
[INFO] [stderr]     Checking wasmtime-environ v0.31.0
[INFO] [stderr]     Checking sp-serializer v4.0.0-dev (/opt/rustwide/workdir/primitives/serializer)
[INFO] [stderr]    Compiling wasmtime-runtime v0.31.0
[INFO] [stderr]     Checking crossbeam-deque v0.8.1
[INFO] [stderr]     Checking env_logger v0.7.1
[INFO] [stderr]     Checking sp-database v4.0.0-dev (/opt/rustwide/workdir/primitives/database)
[INFO] [stderr]     Checking crossbeam-channel v0.5.0
[INFO] [stderr]    Compiling cpp_demangle v0.3.2
[INFO] [stderr]    Compiling libz-sys v1.1.2
[INFO] [stderr]     Checking bincode v1.3.2
[INFO] [stderr]     Checking region v2.2.0
[INFO] [stderr]    Compiling psm v0.1.12
[INFO] [stderr]     Checking dirs-sys-next v0.1.2
[INFO] [stderr]     Checking cranelift-frontend v0.78.0
[INFO] [stderr]    Compiling rayon v1.5.0
[INFO] [stderr]    Compiling wasmtime-cache v0.31.0
[INFO] [stderr]     Checking directories-next v2.0.0
[INFO] [stderr]     Checking cranelift-native v0.78.0
[INFO] [stderr]     Checking file-per-thread-logger v0.1.4
[INFO] [stderr]    Compiling libp2p-swarm-derive v0.25.0
[INFO] [stderr]    Compiling num-rational v0.4.0
[INFO] [stderr]     Checking cranelift-wasm v0.78.0
[INFO] [stderr]    Compiling wasmtime v0.31.0
[INFO] [stderr]     Checking sp-blockchain v4.0.0-dev (/opt/rustwide/workdir/primitives/blockchain)
[INFO] [stderr]    Compiling sc-executor-wasmtime v0.10.0-dev (/opt/rustwide/workdir/client/executor/wasmtime)
[INFO] [stderr]     Checking wasmtime-cranelift v0.31.0
[INFO] [stderr]     Checking sp-tasks v4.0.0-dev (/opt/rustwide/workdir/primitives/tasks)
[INFO] [stderr]    Compiling nalgebra-macros v0.1.0
[INFO] [stderr]    Compiling tinyvec_macros v0.1.0
[INFO] [stderr]    Compiling semver-parser v0.7.0
[INFO] [stderr]     Checking substrate-prometheus-endpoint v0.10.0-dev (/opt/rustwide/workdir/utils/prometheus)
[INFO] [stderr]     Checking webpki v0.21.4
[INFO] [stderr]     Checking sct v0.6.0
[INFO] [stderr]     Checking sc-utils v4.0.0-dev (/opt/rustwide/workdir/client/utils)
[INFO] [stderr]     Checking wasm-timer v0.2.5
[INFO] [stderr]     Checking rustls v0.19.1
[INFO] [stderr]     Checking flate2 v1.0.20
[INFO] [stderr]     Checking libp2p-swarm v0.31.0
[INFO] [stderr]     Checking sha-1 v0.9.4
[INFO] [stderr]     Checking sc-transaction-pool-api v4.0.0-dev (/opt/rustwide/workdir/client/transaction-pool/api)
[INFO] [stderr]     Checking wasmtime-jit v0.31.0
[INFO] [stderr]     Checking linked-hash-map v0.5.4
[INFO] [stderr]     Checking soketto v0.7.0
[INFO] [stderr]     Checking approx v0.5.0
[INFO] [stderr]     Checking num-complex v0.4.0
[INFO] [stderr]    Compiling rustc-demangle v0.1.18
[INFO] [stderr]     Checking rawpointer v0.2.1
[INFO] [stderr]     Checking matrixmultiply v0.3.1
[INFO] [stderr]     Checking rand_distr v0.4.1
[INFO] [stderr]     Checking ipnet v2.3.0
[INFO] [stderr]     Checking owning_ref v0.4.1
[INFO] [stderr]     Checking hostname v0.3.1
[INFO] [stderr]     Checking simba v0.5.1
[INFO] [stderr]     Checking lru-cache v0.1.2
[INFO] [stderr]     Checking resolv-conf v0.7.0
[INFO] [stderr]     Checking sha3 v0.9.1
[INFO] [stderr]     Checking nohash-hasher v0.2.0
[INFO] [stderr]     Checking trust-dns-proto v0.20.1
[INFO] [stderr]     Checking if-watch v0.2.0
[INFO] [stderr]     Checking lru v0.6.6
[INFO] [stderr]     Checking cipher v0.3.0
[INFO] [stderr]     Checking dtoa v0.4.8
[INFO] [stderr]     Checking pin-project-lite v0.1.12
[INFO] [stderr]     Checking quicksink v0.1.2
[INFO] [stderr]     Checking open-metrics-client v0.12.0
[INFO] [stderr]     Checking salsa20 v0.9.0
[INFO] [stderr]     Checking futures-rustls v0.21.1
[INFO] [stderr]     Checking yamux v0.9.0
[INFO] [stderr]     Checking js-sys v0.3.54
[INFO] [stderr]     Checking libp2p-ping v0.31.0
[INFO] [stderr]     Checking webpki-roots v0.21.0
[INFO] [stderr]     Checking dns-parser v0.8.0
[INFO] [stderr]     Checking cuckoofilter v0.5.0
[INFO] [stderr]     Checking x25519-dalek v1.1.0
[INFO] [stderr]    Compiling blake3 v0.3.7
[INFO] [stderr]     Checking parity-send-wrapper v0.1.0
[INFO] [stderr]     Checking hex_fmt v0.3.0
[INFO] [stderr]     Checking bimap v0.6.1
[INFO] [stderr]     Checking trust-dns-resolver v0.20.1
[INFO] [stderr]     Checking libp2p-metrics v0.1.0
[INFO] [stderr]     Checking async-std-resolver v0.20.1
[INFO] [stderr]     Checking libp2p-dns v0.30.0
[INFO] [stderr]     Checking wasm-bindgen-futures v0.4.20
[INFO] [stderr]     Checking libp2p-mdns v0.32.0
[INFO] [stderr]     Checking libp2p-yamux v0.34.0
[INFO] [stderr]     Checking libp2p-websocket v0.31.0
[INFO] [stderr]     Checking libp2p-wasm-ext v0.30.0
[INFO] [stderr]     Checking libp2p-pnet v0.22.0
[INFO] [stderr]     Checking libp2p-tcp v0.30.0
[INFO] [stderr]     Checking libp2p-mplex v0.30.0
[INFO] [stderr]     Checking libp2p-request-response v0.13.0
[INFO] [stderr]     Checking libp2p-deflate v0.30.0
[INFO] [stderr]     Checking libp2p-uds v0.30.0
[INFO] [stderr]    Compiling data-encoding-macro-internal v0.1.9
[INFO] [stderr]     Checking sp-block-builder v4.0.0-dev (/opt/rustwide/workdir/primitives/block-builder)
[INFO] [stderr]     Checking libp2p v0.40.0
[INFO] [stderr]    Compiling sc-network v0.10.0-dev (/opt/rustwide/workdir/client/network)
[INFO] [stderr]     Checking finality-grandpa v0.14.4
[INFO] [stderr]     Checking nalgebra v0.27.1
[INFO] [stderr]     Checking sp-finality-grandpa v4.0.0-dev (/opt/rustwide/workdir/primitives/finality-grandpa)
[INFO] [stderr]     Checking iovec v0.1.4
[INFO] [stderr]     Checking openssl-probe v0.1.2
[INFO] [stderr]     Checking bytes v0.4.12
[INFO] [stderr]     Checking net2 v0.2.37
[INFO] [stderr]     Checking fork-tree v3.0.0 (/opt/rustwide/workdir/utils/fork-tree)
[INFO] [stderr]    Compiling fnv v1.0.7
[INFO] [stderr]     Checking mio v0.6.23
[INFO] [stderr]    Compiling semver v0.9.0
[INFO] [stderr]    Compiling openssl-sys v0.9.65
[INFO] [stderr]    Compiling rustc_version v0.2.3
[INFO] [stderr]    Compiling proc-macro-crate v0.1.5
[INFO] [stderr]     Checking jsonrpc-core v18.0.0
[INFO] [stderr]    Compiling byte-tools v0.3.1
[INFO] [stderr]    Compiling block-padding v0.1.5
[INFO] [stderr]     Checking data-encoding-macro v0.1.10
[INFO] [stderr]    Compiling jsonrpc-derive v18.0.0
[INFO] [stderr]     Checking blake2b_simd v0.5.11
[INFO] [stderr]     Checking blake2s_simd v0.5.11
[INFO] [stderr]    Compiling openssl v0.10.35
[INFO] [stderr]     Checking foreign-types-shared v0.1.1
[INFO] [stderr]     Checking unsigned-varint v0.5.1
[INFO] [stderr]     Checking base-x v0.2.8
[INFO] [stderr]     Checking foreign-types v0.3.2
[INFO] [stderr]     Checking multihash v0.13.2
[INFO] [stderr]     Checking multibase v0.8.0
[INFO] [stderr]    Compiling parking_lot_core v0.6.2
[INFO] [stderr]     Checking sp-timestamp v4.0.0-dev (/opt/rustwide/workdir/primitives/timestamp)
[INFO] [stderr]     Checking asynchronous-codec v0.5.0
[INFO] [stderr]    Compiling unicase v2.6.0
[INFO] [stderr]    Compiling native-tls v0.2.8
[INFO] [stderr]    Compiling opaque-debug v0.2.3
[INFO] [stderr]    Compiling fake-simd v0.1.2
[INFO] [stderr]     Checking unsigned-varint v0.6.0
[INFO] [stderr]     Checking cid v0.6.1
[INFO] [stderr]     Checking smallvec v0.6.14
[INFO] [stderr]    Compiling parking_lot v0.9.0
[INFO] [stderr]     Checking tokio-io v0.1.13
[INFO] [stderr]     Checking sc-peerset v4.0.0-dev (/opt/rustwide/workdir/client/peerset)
[INFO] [stderr]     Checking linked_hash_set v0.1.4
[INFO] [stderr]     Checking sp-session v4.0.0-dev (/opt/rustwide/workdir/primitives/session)
[INFO] [stderr]     Checking ip_network v0.4.0
[INFO] [stderr]     Checking lock_api v0.3.4
[INFO] [stderr]     Checking tokio-executor v0.1.10
[INFO] [stderr]     Checking jsonrpc-pubsub v18.0.0
[INFO] [stderr]     Checking sc-telemetry v4.0.0-dev (/opt/rustwide/workdir/client/telemetry)
[INFO] [stderr]     Checking tokio-sync v0.1.8
[INFO] [stderr]     Checking tokio-reactor v0.1.12
[INFO] [stderr]     Checking rand_os v0.1.3
[INFO] [stderr]     Checking idna v0.1.5
[INFO] [stderr]    Compiling sc-chain-spec-derive v4.0.0-dev (/opt/rustwide/workdir/client/chain-spec/derive)
[INFO] [stderr]     Checking log v0.3.9
[INFO] [stderr]     Checking statrs v0.15.0
[INFO] [stderr]     Checking percent-encoding v1.0.1
[INFO] [stderr]     Checking mime v0.2.6
[INFO] [stderr]     Checking base64 v0.9.3
[INFO] [stderr]     Checking url v1.7.2
[INFO] [stderr]     Checking tokio-tcp v0.1.4
[INFO] [stderr]     Checking linregress v0.4.4
[INFO] [stderr]     Checking rand v0.6.5
[INFO] [stderr]     Checking tokio-tls v0.2.1
[INFO] [stderr]     Checking tokio-codec v0.1.2
[INFO] [stderr]     Checking frame-benchmarking v4.0.0-dev (/opt/rustwide/workdir/frame/benchmarking)
[INFO] [stderr]     Checking base64 v0.10.1
[INFO] [stderr]     Checking typeable v0.1.2
[INFO] [stderr]     Checking traitobject v0.1.0
[INFO] [stderr]    Compiling matches v0.1.8
[INFO] [stderr]     Checking sha1 v0.6.0
[INFO] [stderr]     Checking hyper v0.10.16
[INFO] [stderr]     Checking websocket-base v0.24.0
[INFO] [stderr]     Checking tokio-native-tls v0.3.0
[INFO] [stderr]     Checking hyper-tls v0.5.0
[INFO] [stderr]     Checking websocket v0.24.0
[INFO] [stderr]    Compiling unicode-bidi v0.3.4
[INFO] [stderr]    Compiling spin v0.5.2
[INFO] [stderr]    Compiling untrusted v0.7.1
[INFO] [stderr]    Compiling lazycell v1.3.0
[INFO] [stderr]     Checking jsonrpc-client-transports v18.0.0
[INFO] [stderr]    Compiling radium v0.5.3
[INFO] [stderr]    Compiling clang-sys v1.2.0
[INFO] [stderr]    Compiling nom v6.1.2
[INFO] [stderr]     Checking jsonrpc-core-client v18.0.0
[INFO] [stderr]     Checking sp-rpc v4.0.0-dev (/opt/rustwide/workdir/primitives/rpc)
[INFO] [stderr]    Compiling bitvec v0.19.5
[INFO] [stderr]    Compiling libloading v0.7.0
[INFO] [stderr]    Compiling bindgen v0.59.1
[INFO] [stderr]    Compiling shlex v1.0.0
[INFO] [stderr]    Compiling peeking_take_while v0.1.2
[INFO] [stderr]    Compiling sc-tracing-proc-macro v4.0.0-dev (/opt/rustwide/workdir/client/tracing/proc-macro)
[INFO] [stderr]    Compiling lz4-sys v1.9.2
[INFO] [stderr]     Checking memmap2 v0.5.0
[INFO] [stderr]    Compiling cfg-if v0.1.10
[INFO] [stderr]     Checking sc-keystore v4.0.0-dev (/opt/rustwide/workdir/client/keystore)
[INFO] [stderr]    Compiling strum_macros v0.22.0
[INFO] [stderr]     Checking sp-offchain v4.0.0-dev (/opt/rustwide/workdir/primitives/offchain)
[INFO] [stderr]     Checking sp-consensus-slots v0.10.0-dev (/opt/rustwide/workdir/primitives/consensus/slots)
[INFO] [stderr]    Compiling cexpr v0.5.0
[INFO] [stderr]     Checking bstr v0.2.15
[INFO] [stderr]    Compiling snap v1.0.5
[INFO] [stderr]    Compiling camino v1.0.4
[INFO] [stderr]     Checking globset v0.4.6
[INFO] [stderr]     Checking tokio-stream v0.1.7
[INFO] [stderr]     Checking jsonrpc-server-utils v18.0.0
[INFO] [stderr]     Checking mio-extras v2.0.6
[INFO] [stderr]     Checking sha-1 v0.8.2
[INFO] [stderr]     Checking parity-ws v0.11.0
[INFO] [stderr]     Checking parity-tokio-ipc v0.9.0
[INFO] [stderr]     Checking retain_mut v0.1.4
[INFO] [stderr]     Checking jsonrpc-ipc-server v18.0.0
[INFO] [stderr]     Checking jsonrpc-ws-server v18.0.0
[INFO] [stderr]     Checking jsonrpc-http-server v18.0.0
[INFO] [stderr]     Checking pallet-timestamp v4.0.0-dev (/opt/rustwide/workdir/frame/timestamp)
[INFO] [stderr]    Compiling semver v0.6.0
[INFO] [stderr]     Checking sp-transaction-pool v4.0.0-dev (/opt/rustwide/workdir/primitives/transaction-pool)
[INFO] [stderr]    Compiling cargo-platform v0.1.1
[INFO] [stderr]    Compiling parity-wasm v0.32.0
[INFO] [stderr]    Compiling same-file v1.0.6
[INFO] [stderr]    Compiling walkdir v2.3.2
[INFO] [stderr]    Compiling cargo_metadata v0.14.1
[INFO] [stderr]    Compiling build-helper v0.1.1
[INFO] [stderr]     Checking sc-rpc-server v4.0.0-dev (/opt/rustwide/workdir/client/rpc-servers)
[INFO] [stderr]    Compiling wasm-gc-api v0.1.11
[INFO] [stderr]     Checking rustls-native-certs v0.5.0
[INFO] [stderr]     Checking tokio-rustls v0.22.0
[INFO] [stderr]     Checking sp-authorship v4.0.0-dev (/opt/rustwide/workdir/primitives/authorship)
[INFO] [stderr]    Compiling librocksdb-sys v6.20.3
[INFO] [stderr]     Checking pallet-session v4.0.0-dev (/opt/rustwide/workdir/frame/session)
[INFO] [stderr]     Checking strum v0.22.0
[INFO] [stderr]     Checking sp-transaction-storage-proof v4.0.0-dev (/opt/rustwide/workdir/primitives/transaction-storage-proof)
[INFO] [stderr]     Checking sp-keyring v4.0.0-dev (/opt/rustwide/workdir/primitives/keyring)
[INFO] [stderr]     Checking sp-consensus-vrf v0.10.0-dev (/opt/rustwide/workdir/primitives/consensus/vrf)
[INFO] [stderr]     Checking futures-timer v2.0.2
[INFO] [stderr]     Checking pallet-authorship v4.0.0-dev (/opt/rustwide/workdir/frame/authorship)
[INFO] [stderr]     Checking intervalier v0.4.0
[INFO] [stderr]    Compiling structopt-derive v0.4.18
[INFO] [stderr]     Checking sp-consensus-babe v0.10.0-dev (/opt/rustwide/workdir/primitives/consensus/babe)
[INFO] [stderr]     Checking ct-logs v0.8.0
[INFO] [stderr]    Compiling sp-npos-elections-solution-type v4.0.0-dev (/opt/rustwide/workdir/primitives/npos-elections/solution-type)
[INFO] [stderr]     Checking memmap2 v0.2.1
[INFO] [stderr]     Checking fs-swap v0.2.6
[INFO] [stderr]     Checking fs2 v0.4.3
[INFO] [stderr]     Checking hyper-rustls v0.22.1
[INFO] [stderr]     Checking kvdb-memorydb v0.10.0
[INFO] [stderr]     Checking threadpool v1.8.1
[INFO] [stderr]     Checking sp-npos-elections v4.0.0-dev (/opt/rustwide/workdir/primitives/npos-elections)
[INFO] [stderr]     Checking dirs-sys v0.3.6
[INFO] [stderr]     Checking directories v4.0.1
[INFO] [stderr]     Checking tracing-futures v0.2.5
[INFO] [stderr]     Checking exit-future v0.2.0
[INFO] [stderr]     Checking pallet-balances v4.0.0-dev (/opt/rustwide/workdir/frame/balances)
[INFO] [stderr]     Checking unicode-width v0.1.8
[INFO] [stderr]    Compiling cpuid-bool v0.1.2
[INFO] [stderr]     Checking textwrap v0.11.0
[INFO] [stderr]     Checking ansi_term v0.11.0
[INFO] [stderr]     Checking vec_map v0.8.2
[INFO] [stderr]     Checking strsim v0.8.0
[INFO] [stderr]     Checking clap v2.33.3
[INFO] [stderr]    Compiling quick-error v1.2.3
[INFO] [stderr]     Checking frame-system-rpc-runtime-api v4.0.0-dev (/opt/rustwide/workdir/frame/system/rpc/runtime-api)
[INFO] [stderr]    Compiling names v0.12.0
[INFO] [stderr]    Compiling match_cfg v0.1.0
[INFO] [stderr]    Compiling scoped-tls v1.0.0
[INFO] [stderr]     Checking structopt v0.3.25
[INFO] [stderr]     Checking frame-election-provider-support v4.0.0-dev (/opt/rustwide/workdir/frame/election-provider-support)
[INFO] [stderr]     Checking pallet-transaction-payment v4.0.0-dev (/opt/rustwide/workdir/frame/transaction-payment)
[INFO] [stderr]    Compiling sc-consensus-slots v0.10.0-dev (/opt/rustwide/workdir/client/consensus/slots)
[INFO] [stderr]     Checking pallet-babe v4.0.0-dev (/opt/rustwide/workdir/frame/babe)
[INFO] [stderr]     Checking pallet-contracts-primitives v4.0.0-dev (/opt/rustwide/workdir/frame/contracts/common)
[INFO] [stderr]     Checking unicode-xid v0.2.1
[INFO] [stderr]     Checking pallet-transaction-payment-rpc-runtime-api v4.0.0-dev (/opt/rustwide/workdir/frame/transaction-payment/rpc/runtime-api)
[INFO] [stderr]     Checking pallet-mmr-primitives v4.0.0-dev (/opt/rustwide/workdir/frame/merkle-mountain-range/primitives)
[INFO] [stderr]     Checking fdlimit v0.2.1
[INFO] [stderr]     Checking pallet-staking v4.0.0-dev (/opt/rustwide/workdir/frame/staking)
[INFO] [stderr]     Checking rpassword v5.0.1
[INFO] [stderr]     Checking safe-mix v1.0.1
[INFO] [stderr]     Checking pallet-contracts-rpc-runtime-api v4.0.0-dev (/opt/rustwide/workdir/frame/contracts/rpc/runtime-api)
[INFO] [stderr]     Checking pallet-treasury v4.0.0-dev (/opt/rustwide/workdir/frame/treasury)
[INFO] [stderr]     Checking pallet-grandpa v4.0.0-dev (/opt/rustwide/workdir/frame/grandpa)
[INFO] [stderr]     Checking sp-authority-discovery v4.0.0-dev (/opt/rustwide/workdir/primitives/authority-discovery)
[INFO] [stderr]     Checking pallet-randomness-collective-flip v4.0.0-dev (/opt/rustwide/workdir/frame/randomness-collective-flip)
[INFO] [stderr]     Checking pallet-sudo v4.0.0-dev (/opt/rustwide/workdir/frame/sudo)
[INFO] [stderr]     Checking frame-executive v4.0.0-dev (/opt/rustwide/workdir/frame/executive)
[INFO] [stderr]     Checking sp-sandbox v0.10.0-dev (/opt/rustwide/workdir/primitives/sandbox)
[INFO] [stderr]     Checking ckb-merkle-mountain-range v0.3.2
[INFO] [stderr]    Compiling jsonrpsee-proc-macros v0.4.1
[INFO] [stderr]    Compiling enumflags2_derive v0.6.4
[INFO] [stderr]    Compiling maplit v1.0.2
[INFO] [stderr]    Compiling pest_meta v2.1.3
[INFO] [stderr]     Checking pallet-bags-list v4.0.0-dev (/opt/rustwide/workdir/frame/bags-list)
[INFO] [stderr]     Checking sp-consensus-aura v0.10.0-dev (/opt/rustwide/workdir/primitives/consensus/aura)
[INFO] [stderr]     Checking enumflags2 v0.6.4
[INFO] [stderr]     Checking node-primitives v2.0.0 (/opt/rustwide/workdir/bin/node/primitives)
[INFO] [stderr]    Compiling pallet-contracts-proc-macro v4.0.0-dev (/opt/rustwide/workdir/frame/contracts/proc-macro)
[INFO] [stderr]    Compiling platforms v2.0.0
[INFO] [stderr]    Compiling pest_generator v2.1.3
[INFO] [stderr]     Checking pallet-mmr v4.0.0-dev (/opt/rustwide/workdir/frame/merkle-mountain-range)
[INFO] [stderr]     Checking pallet-offences v4.0.0-dev (/opt/rustwide/workdir/frame/offences)
[INFO] [stderr]     Checking pallet-im-online v4.0.0-dev (/opt/rustwide/workdir/frame/im-online)
[INFO] [stderr]     Checking beef v0.5.1
[INFO] [stderr]    Compiling pest_derive v2.1.0
[INFO] [stderr]     Checking jsonrpsee-types v0.4.1
[INFO] [stderr]     Checking pallet-contracts v4.0.0-dev (/opt/rustwide/workdir/frame/contracts)
[INFO] [stderr]     Checking pallet-identity v4.0.0-dev (/opt/rustwide/workdir/frame/identity)
[INFO] [stderr]     Checking pallet-authority-discovery v4.0.0-dev (/opt/rustwide/workdir/frame/authority-discovery)
[INFO] [stderr]     Checking pallet-bounties v4.0.0-dev (/opt/rustwide/workdir/frame/bounties)
[INFO] [stderr]     Checking pallet-tips v4.0.0-dev (/opt/rustwide/workdir/frame/tips)
[INFO] [stderr]     Checking pallet-asset-tx-payment v4.0.0-dev (/opt/rustwide/workdir/frame/transaction-payment/asset-tx-payment)
[INFO] [stderr]     Checking pallet-election-provider-multi-phase v4.0.0-dev (/opt/rustwide/workdir/frame/election-provider-multi-phase)
[INFO] [stderr]     Checking pallet-transaction-storage v4.0.0-dev (/opt/rustwide/workdir/frame/transaction-storage)
[INFO] [stderr]     Checking pallet-elections-phragmen v5.0.0-dev (/opt/rustwide/workdir/frame/elections-phragmen)
[INFO] [stderr]     Checking pallet-indices v4.0.0-dev (/opt/rustwide/workdir/frame/indices)
[INFO] [stderr]     Checking pallet-democracy v4.0.0-dev (/opt/rustwide/workdir/frame/democracy)
[INFO] [stderr]     Checking pallet-gilt v4.0.0-dev (/opt/rustwide/workdir/frame/gilt)
[INFO] [stderr]     Checking pallet-collective v4.0.0-dev (/opt/rustwide/workdir/frame/collective)
[INFO] [stderr]     Checking pallet-membership v4.0.0-dev (/opt/rustwide/workdir/frame/membership)
[INFO] [stderr]     Checking pallet-assets v4.0.0-dev (/opt/rustwide/workdir/frame/assets)
[INFO] [stderr]     Checking pallet-uniques v4.0.0-dev (/opt/rustwide/workdir/frame/uniques)
[INFO] [stderr]     Checking pallet-scheduler v4.0.0-dev (/opt/rustwide/workdir/frame/scheduler)
[INFO] [stderr]     Checking pallet-lottery v4.0.0-dev (/opt/rustwide/workdir/frame/lottery)
[INFO] [stderr]     Checking pallet-society v4.0.0-dev (/opt/rustwide/workdir/frame/society)
[INFO] [stderr]     Checking pallet-proxy v4.0.0-dev (/opt/rustwide/workdir/frame/proxy)
[INFO] [stderr]     Checking pallet-utility v4.0.0-dev (/opt/rustwide/workdir/frame/utility)
[INFO] [stderr]     Checking pallet-multisig v4.0.0-dev (/opt/rustwide/workdir/frame/multisig)
[INFO] [stderr]     Checking pallet-recovery v4.0.0-dev (/opt/rustwide/workdir/frame/recovery)
[INFO] [stderr]     Checking pallet-vesting v4.0.0-dev (/opt/rustwide/workdir/frame/vesting)
[INFO] [stderr]     Checking frame-try-runtime v0.10.0-dev (/opt/rustwide/workdir/frame/try-runtime)
[INFO] [stderr]    Compiling pallet-staking-reward-curve v4.0.0-dev (/opt/rustwide/workdir/frame/staking/reward-curve)
[INFO] [stderr]    Compiling honggfuzz v0.5.54
[INFO] [stderr]     Checking arbitrary v1.0.0
[INFO] [stderr]     Checking jsonrpsee-utils v0.4.1
[INFO] [stderr]     Checking jsonrpsee-ws-client v0.4.1
[INFO] [stderr]     Checking sc-proposer-metrics v0.10.0-dev (/opt/rustwide/workdir/client/proposer-metrics)
[INFO] [stderr]     Checking humantime v2.1.0
[INFO] [stderr]    Compiling substrate-build-script-utils v3.0.0 (/opt/rustwide/workdir/utils/build-script-utils)
[INFO] [stderr]     Checking env_logger v0.9.0
[INFO] [stderr]     Checking jsonrpsee v0.4.1
[INFO] [stderr]    Compiling termcolor v1.1.2
[INFO] [stderr]     Checking quick-error v2.0.0
[INFO] [stderr]    Compiling handlebars v4.1.4
[INFO] [stderr]     Checking remote-externalities v0.10.0-dev (/opt/rustwide/workdir/utils/frame/remote-externalities)
[INFO] [stderr]     Checking pallet-transaction-payment-rpc v4.0.0-dev (/opt/rustwide/workdir/frame/transaction-payment/rpc)
[INFO] [stderr]    Compiling sc-authority-discovery v0.10.0-dev (/opt/rustwide/workdir/client/authority-discovery)
[INFO] [stderr]     Checking pallet-contracts-rpc v4.0.0-dev (/opt/rustwide/workdir/frame/contracts/rpc)
[INFO] [stderr]     Checking pallet-mmr-rpc v3.0.0 (/opt/rustwide/workdir/frame/merkle-mountain-range/rpc)
[INFO] [stderr]     Checking beefy-primitives v4.0.0-dev (/opt/rustwide/workdir/primitives/beefy)
[INFO] [stderr]    Compiling libgit2-sys v0.12.24+1.3.0
[INFO] [stderr]    Compiling hex-literal v0.3.4
[INFO] [stderr]     Checking assert_matches v1.5.0
[INFO] [stderr]    Compiling paste-impl v0.1.18
[INFO] [stderr]     Checking pallet-aura v4.0.0-dev (/opt/rustwide/workdir/frame/aura)
[INFO] [stderr]     Checking pallet-template v3.0.0 (/opt/rustwide/workdir/bin/node-template/pallets/template)
[INFO] [stderr]     Checking paste v0.1.18
[INFO] [stderr]     Checking num-format v0.4.0
[INFO] [stderr]    Compiling rustversion v1.0.5
[INFO] [stderr]    Compiling trybuild v1.0.52
[INFO] [stderr]     Checking fs_extra v1.2.0
[INFO] [stderr]     Checking lite-parser v0.1.2
[INFO] [stderr]    Compiling node-template v3.0.0 (/opt/rustwide/workdir/bin/node-template/node)
[INFO] [stderr]    Compiling chain-spec-builder v2.0.0 (/opt/rustwide/workdir/bin/utils/chain-spec-builder)
[INFO] [stderr]     Checking diff v0.1.12
[INFO] [stderr]     Checking pretty_assertions v1.0.0
[INFO] [stderr]     Checking lite-json v0.1.3
[INFO] [stderr]     Checking pallet-beefy v4.0.0-dev (/opt/rustwide/workdir/frame/beefy)
[INFO] [stderr]     Checking frame-support-test-pallet v4.0.0-dev (/opt/rustwide/workdir/frame/support/test/pallet)
[INFO] [stderr]     Checking sp-consensus-pow v0.10.0-dev (/opt/rustwide/workdir/primitives/consensus/pow)
[INFO] [stderr]    Compiling substrate-test-utils-derive v0.10.0-dev (/opt/rustwide/workdir/test-utils/derive)
[INFO] [stderr]     Checking beefy-merkle-tree v4.0.0-dev (/opt/rustwide/workdir/frame/beefy-mmr/primitives)
[INFO] [stderr]  Documenting substrate-build-script-utils v3.0.0 (/opt/rustwide/workdir/utils/build-script-utils)
[INFO] [stderr]  Documenting frame-support-test v3.0.0 (/opt/rustwide/workdir/frame/support/test)
[INFO] [stderr]  Documenting pallet-beefy-mmr v4.0.0-dev (/opt/rustwide/workdir/frame/beefy-mmr)
[INFO] [stderr]  Documenting substrate-test-utils v4.0.0-dev (/opt/rustwide/workdir/test-utils)
[INFO] [stderr]  Documenting frame-support-procedural v4.0.0-dev (/opt/rustwide/workdir/frame/support/procedural)
[INFO] [stderr]  Documenting pallet-example-offchain-worker v4.0.0-dev (/opt/rustwide/workdir/frame/examples/offchain-worker)
[INFO] [stderr]  Documenting sp-core-hashing-proc-macro v4.0.0-dev (/opt/rustwide/workdir/primitives/core/hashing/proc-macro)
[INFO] [stderr] error: could not compile `nalgebra`
[INFO] [stderr] 
[INFO] [stderr] Caused by:
[INFO] [stderr]   process didn't exit successfully: `rustc --crate-name nalgebra --edition=2018 /opt/rustwide/cargo-home/registry/src/github.com-1ecc6299db9ec823/nalgebra-0.27.1/src/lib.rs --error-format=json --json=diagnostic-rendered-ansi,artifacts,future-incompat --crate-type lib --emit=dep-info,metadata,link -C opt-level=3 -C embed-bitcode=no -C debug-assertions=on --cfg 'feature="default"' --cfg 'feature="macros"' --cfg 'feature="matrixmultiply"' --cfg 'feature="nalgebra-macros"' --cfg 'feature="rand"' --cfg 'feature="rand-no-std"' --cfg 'feature="rand-package"' --cfg 'feature="rand_distr"' --cfg 'feature="std"' -C metadata=8376fb876ddf78f5 -C extra-filename=-8376fb876ddf78f5 --out-dir /opt/rustwide/target/debug/deps -L dependency=/opt/rustwide/target/debug/deps --extern approx=/opt/rustwide/target/debug/deps/libapprox-c4549922c4b86f4b.rmeta --extern matrixmultiply=/opt/rustwide/target/debug/deps/libmatrixmultiply-10fae62e925d5a3a.rmeta --extern nalgebra_macros=/opt/rustwide/target/debug/deps/libnalgebra_macros-e07f54b909324f29.so --extern num_complex=/opt/rustwide/target/debug/deps/libnum_complex-710588a778049111.rmeta --extern num_rational=/opt/rustwide/target/debug/deps/libnum_rational-a9f03e668105fd27.rmeta --extern num_traits=/opt/rustwide/target/debug/deps/libnum_traits-de41c08a5036f04a.rmeta --extern rand_package=/opt/rustwide/target/debug/deps/librand-68a3364a84d18c2a.rmeta --extern rand_distr=/opt/rustwide/target/debug/deps/librand_distr-511b6c3c30ce86d6.rmeta --extern simba=/opt/rustwide/target/debug/deps/libsimba-5ef63451c091c8c4.rmeta --extern typenum=/opt/rustwide/target/debug/deps/libtypenum-1234634263763228.rmeta --cap-lints allow --cap-lints=warn` (signal: 9, SIGKILL: kill)
[INFO] [stderr] warning: build failed, waiting for other jobs to finish...
[INFO] [stdout] warning: unresolved link to `Self::on_initialize`
[INFO] [stdout]    --> frame/beefy-mmr/src/lib.rs:200:7
[INFO] [stdout]     |
[INFO] [stdout] 200 |     /// [Self::on_initialize] call of this pallet and update the merkle tree efficiently (use
[INFO] [stdout]     |          ^^^^^^^^^^^^^^^^^^^ the struct `Pallet` has no field or associated item named `on_initialize`
[INFO] [stdout]     |
[INFO] [stdout]     = note: `#[warn(rustdoc::broken_intra_doc_links)]` on by default
[INFO] [stdout] 
[INFO] [stdout] 
[INFO] [stdout] warning: 1 warning emitted
[INFO] [stdout] 
[INFO] [stdout] 
[INFO] [stdout] warning: unresolved link to `pallet::storage_prefix`
[INFO] [stdout]   --> frame/support/procedural/src/pallet/expand/storage.rs:47:44
[INFO] [stdout]    |
[INFO] [stdout] 47 | /// alternative storage prefix using the #[pallet::storage_prefix] syntax, and we need to ensure
[INFO] [stdout]    |                                            ^^^^^^^^^^^^^^^^^^^^^^ no item named `pallet` in scope
[INFO] [stdout]    |
[INFO] [stdout]    = note: `#[warn(rustdoc::broken_intra_doc_links)]` on by default
[INFO] [stdout] 
[INFO] [stdout] 
[INFO] [stdout] warning: unresolved link to `pallet::compact`
[INFO] [stdout]   --> frame/support/procedural/src/pallet/parse/call.rs:84:18
[INFO] [stdout]    |
[INFO] [stdout] 84 | /// Parse for `#[pallet::compact]|
[INFO] [stdout]    |                  ^^^^^^^^^^^^^^^ no item named `pallet` in scope
[INFO] [stdout] 
[INFO] [stdout] 
[INFO] [stdout] warning: unresolved link to `storage_prefix`
[INFO] [stdout]    --> frame/support/procedural/src/pallet/parse/storage.rs:653:8
[INFO] [stdout]     |
[INFO] [stdout] 653 |     /// #[storage_prefix] attribute
[INFO] [stdout]     |           ^^^^^^^^^^^^^^ no item named `storage_prefix` in scope
[INFO] [stdout]     |
[INFO] [stdout]     = help: to escape `[` and `]` characters, add '\' before them like `\[` or `\]`
[INFO] [stdout] 
[INFO] [stdout] 
[INFO] [stdout] warning: 3 warnings emitted
[INFO] [stdout] 
[INFO] [stdout] 
[INFO] [stderr] The following warnings were emitted during compilation:
[INFO] [stderr] 
[INFO] [stderr] warning: c++: fatal error: Killed signal terminated program cc1plus
[INFO] [stderr] warning: compilation terminated.
[INFO] [stderr] warning: c++: fatal error: Killed signal terminated program cc1plus
[INFO] [stderr] warning: compilation terminated.
[INFO] [stderr] warning: c++: fatal error: Killed signal terminated program cc1plus
[INFO] [stderr] warning: compilation terminated.
[INFO] [stderr] warning: c++: fatal error: Killed signal terminated program cc1plus
[INFO] [stderr] warning: compilation terminated.
[INFO] [stderr] warning: c++: fatal error: Killed signal terminated program cc1plus
[INFO] [stderr] warning: compilation terminated.
[INFO] [stderr] 
[INFO] [stderr] error: failed to run custom build command for `librocksdb-sys v6.20.3`
[INFO] [stderr] note: To improve backtraces for build dependencies, set the CARGO_PROFILE_DEV_BUILD_OVERRIDE_DEBUG=true environment variable to enable debug information generation.
[INFO] [stderr] 
[INFO] [stderr] Caused by:
[INFO] [stderr]   process didn't exit successfully: `/opt/rustwide/target/debug/build/librocksdb-sys-443a495a2a967361/build-script-build` (exit status: 1)
[INFO] [stderr]   --- stdout
[INFO] [stderr]   cargo:rerun-if-changed=rocksdb/
[INFO] [stderr]   TARGET = Some("x86_64-unknown-linux-gnu")
[INFO] [stderr]   OPT_LEVEL = Some("3")
[INFO] [stderr]   HOST = Some("x86_64-unknown-linux-gnu")
[INFO] [stderr]   CXX_x86_64-unknown-linux-gnu = None
[INFO] [stderr]   CXX_x86_64_unknown_linux_gnu = None
[INFO] [stderr]   HOST_CXX = None
[INFO] [stderr]   CXX = None
[INFO] [stderr]   CXXFLAGS_x86_64-unknown-linux-gnu = None
[INFO] [stderr]   CXXFLAGS_x86_64_unknown_linux_gnu = None
[INFO] [stderr]   HOST_CXXFLAGS = None
[INFO] [stderr]   CXXFLAGS = None
[INFO] [stderr]   CRATE_CC_NO_DEFAULTS = None
[INFO] [stderr]   DEBUG = Some("true")
[INFO] [stderr]   CARGO_CFG_TARGET_FEATURE = Some("fxsr,sse,sse2")
[INFO] [stderr]   CXX_x86_64-unknown-linux-gnu = None
[INFO] [stderr]   CXX_x86_64_unknown_linux_gnu = None
[INFO] [stderr]   HOST_CXX = None
[INFO] [stderr]   CXX = None
[INFO] [stderr]   CXXFLAGS_x86_64-unknown-linux-gnu = None
[INFO] [stderr]   CXXFLAGS_x86_64_unknown_linux_gnu = None
[INFO] [stderr]   HOST_CXXFLAGS = None
[INFO] [stderr]   CXXFLAGS = None
[INFO] [stderr]   CRATE_CC_NO_DEFAULTS = None
[INFO] [stderr]   CARGO_CFG_TARGET_FEATURE = Some("fxsr,sse,sse2")
[INFO] [stderr]   running: "c++" "-O3" "-ffunction-sections" "-fdata-sections" "-fPIC" "-g" "-fno-omit-frame-pointer" "-m64" "-I" "rocksdb/include/" "-I" "rocksdb/" "-I" "rocksdb/third-party/gtest-1.8.1/fused-src/" "-I" "snappy/" "-I" "." "-Wall" "-Wextra" "-std=c++11" "-Wno-unused-parameter" "-msse2" "-DSNAPPY=1" "-DNDEBUG=1" "-DOS_LINUX" "-DROCKSDB_PLATFORM_POSIX" "-DROCKSDB_LIB_IO_POSIX" "-DROCKSDB_SUPPORT_THREAD_LOCAL" "-o" "/opt/rustwide/target/debug/build/librocksdb-sys-78f9ab4e170b067c/out/rocksdb/cache/cache.o" "-c" "rocksdb/cache/cache.cc"
[INFO] [stderr]   exit status: 0
[INFO] [stderr]   running: "c++" "-O3" "-ffunction-sections" "-fdata-sections" "-fPIC" "-g" "-fno-omit-frame-pointer" "-m64" "-I" "rocksdb/include/" "-I" "rocksdb/" "-I" "rocksdb/third-party/gtest-1.8.1/fused-src/" "-I" "snappy/" "-I" "." "-Wall" "-Wextra" "-std=c++11" "-Wno-unused-parameter" "-msse2" "-DSNAPPY=1" "-DNDEBUG=1" "-DOS_LINUX" "-DROCKSDB_PLATFORM_POSIX" "-DROCKSDB_LIB_IO_POSIX" "-DROCKSDB_SUPPORT_THREAD_LOCAL" "-o" "/opt/rustwide/target/debug/build/librocksdb-sys-78f9ab4e170b067c/out/rocksdb/cache/clock_cache.o" "-c" "rocksdb/cache/clock_cache.cc"
[INFO] [stderr]   exit status: 0
[INFO] [stderr]   running: "c++" "-O3" "-ffunction-sections" "-fdata-sections" "-fPIC" "-g" "-fno-omit-frame-pointer" "-m64" "-I" "rocksdb/include/" "-I" "rocksdb/" "-I" "rocksdb/third-party/gtest-1.8.1/fused-src/" "-I" "snappy/" "-I" "." "-Wall" "-Wextra" "-std=c++11" "-Wno-unused-parameter" "-msse2" "-DSNAPPY=1" "-DNDEBUG=1" "-DOS_LINUX" "-DROCKSDB_PLATFORM_POSIX" "-DROCKSDB_LIB_IO_POSIX" "-DROCKSDB_SUPPORT_THREAD_LOCAL" "-o" "/opt/rustwide/target/debug/build/librocksdb-sys-78f9ab4e170b067c/out/rocksdb/cache/lru_cache.o" "-c" "rocksdb/cache/lru_cache.cc"
[INFO] [stderr]   running: "c++" "-O3" "-ffunction-sections" "-fdata-sections" "-fPIC" "-g" "-fno-omit-frame-pointer" "-m64" "-I" "rocksdb/include/" "-I" "rocksdb/" "-I" "rocksdb/third-party/gtest-1.8.1/fused-src/" "-I" "snappy/" "-I" "." "-Wall" "-Wextra" "-std=c++11" "-Wno-unused-parameter" "-msse2" "-DSNAPPY=1" "-DNDEBUG=1" "-DOS_LINUX" "-DROCKSDB_PLATFORM_POSIX" "-DROCKSDB_LIB_IO_POSIX" "-DROCKSDB_SUPPORT_THREAD_LOCAL" "-o" "/opt/rustwide/target/debug/build/librocksdb-sys-78f9ab4e170b067c/out/rocksdb/cache/sharded_cache.o" "-c" "rocksdb/cache/sharded_cache.cc"
[INFO] [stderr]   exit status: 0
[INFO] [stderr]   exit status: 0
[INFO] [stderr]   running: "c++" "-O3" "-ffunction-sections" "-fdata-sections" "-fPIC" "-g" "-fno-omit-frame-pointer" "-m64" "-I" "rocksdb/include/" "-I" "rocksdb/" "-I" "rocksdb/third-party/gtest-1.8.1/fused-src/" "-I" "snappy/" "-I" "." "-Wall" "-Wextra" "-std=c++11" "-Wno-unused-parameter" "-msse2" "-DSNAPPY=1" "-DNDEBUG=1" "-DOS_LINUX" "-DROCKSDB_PLATFORM_POSIX" "-DROCKSDB_LIB_IO_POSIX" "-DROCKSDB_SUPPORT_THREAD_LOCAL" "-o" "/opt/rustwide/target/debug/build/librocksdb-sys-78f9ab4e170b067c/out/rocksdb/db/arena_wrapped_db_iter.o" "-c" "rocksdb/db/arena_wrapped_db_iter.cc"
[INFO] [stderr]   running: "c++" "-O3" "-ffunction-sections" "-fdata-sections" "-fPIC" "-g" "-fno-omit-frame-pointer" "-m64" "-I" "rocksdb/include/" "-I" "rocksdb/" "-I" "rocksdb/third-party/gtest-1.8.1/fused-src/" "-I" "snappy/" "-I" "." "-Wall" "-Wextra" "-std=c++11" "-Wno-unused-parameter" "-msse2" "-DSNAPPY=1" "-DNDEBUG=1" "-DOS_LINUX" "-DROCKSDB_PLATFORM_POSIX" "-DROCKSDB_LIB_IO_POSIX" "-DROCKSDB_SUPPORT_THREAD_LOCAL" "-o" "/opt/rustwide/target/debug/build/librocksdb-sys-78f9ab4e170b067c/out/rocksdb/db/blob/blob_file_addition.o" "-c" "rocksdb/db/blob/blob_file_addition.cc"
[INFO] [stderr]   running: "c++" "-O3" "-ffunction-sections" "-fdata-sections" "-fPIC" "-g" "-fno-omit-frame-pointer" "-m64" "-I" "rocksdb/include/" "-I" "rocksdb/" "-I" "rocksdb/third-party/gtest-1.8.1/fused-src/" "-I" "snappy/" "-I" "." "-Wall" "-Wextra" "-std=c++11" "-Wno-unused-parameter" "-msse2" "-DSNAPPY=1" "-DNDEBUG=1" "-DOS_LINUX" "-DROCKSDB_PLATFORM_POSIX" "-DROCKSDB_LIB_IO_POSIX" "-DROCKSDB_SUPPORT_THREAD_LOCAL" "-o" "/opt/rustwide/target/debug/build/librocksdb-sys-78f9ab4e170b067c/out/rocksdb/db/blob/blob_file_builder.o" "-c" "rocksdb/db/blob/blob_file_builder.cc"
[INFO] [stderr]   running: "c++" "-O3" "-ffunction-sections" "-fdata-sections" "-fPIC" "-g" "-fno-omit-frame-pointer" "-m64" "-I" "rocksdb/include/" "-I" "rocksdb/" "-I" "rocksdb/third-party/gtest-1.8.1/fused-src/" "-I" "snappy/" "-I" "." "-Wall" "-Wextra" "-std=c++11" "-Wno-unused-parameter" "-msse2" "-DSNAPPY=1" "-DNDEBUG=1" "-DOS_LINUX" "-DROCKSDB_PLATFORM_POSIX" "-DROCKSDB_LIB_IO_POSIX" "-DROCKSDB_SUPPORT_THREAD_LOCAL" "-o" "/opt/rustwide/target/debug/build/librocksdb-sys-78f9ab4e170b067c/out/rocksdb/db/blob/blob_file_cache.o" "-c" "rocksdb/db/blob/blob_file_cache.cc"
[INFO] [stderr]   running: "c++" "-O3" "-ffunction-sections" "-fdata-sections" "-fPIC" "-g" "-fno-omit-frame-pointer" "-m64" "-I" "rocksdb/include/" "-I" "rocksdb/" "-I" "rocksdb/third-party/gtest-1.8.1/fused-src/" "-I" "snappy/" "-I" "." "-Wall" "-Wextra" "-std=c++11" "-Wno-unused-parameter" "-msse2" "-DSNAPPY=1" "-DNDEBUG=1" "-DOS_LINUX" "-DROCKSDB_PLATFORM_POSIX" "-DROCKSDB_LIB_IO_POSIX" "-DROCKSDB_SUPPORT_THREAD_LOCAL" "-o" "/opt/rustwide/target/debug/build/librocksdb-sys-78f9ab4e170b067c/out/rocksdb/db/blob/blob_file_garbage.o" "-c" "rocksdb/db/blob/blob_file_garbage.cc"
[INFO] [stderr]   running: "c++" "-O3" "-ffunction-sections" "-fdata-sections" "-fPIC" "-g" "-fno-omit-frame-pointer" "-m64" "-I" "rocksdb/include/" "-I" "rocksdb/" "-I" "rocksdb/third-party/gtest-1.8.1/fused-src/" "-I" "snappy/" "-I" "." "-Wall" "-Wextra" "-std=c++11" "-Wno-unused-parameter" "-msse2" "-DSNAPPY=1" "-DNDEBUG=1" "-DOS_LINUX" "-DROCKSDB_PLATFORM_POSIX" "-DROCKSDB_LIB_IO_POSIX" "-DROCKSDB_SUPPORT_THREAD_LOCAL" "-o" "/opt/rustwide/target/debug/build/librocksdb-sys-78f9ab4e170b067c/out/rocksdb/db/blob/blob_file_meta.o" "-c" "rocksdb/db/blob/blob_file_meta.cc"
[INFO] [stderr]   running: "c++" "-O3" "-ffunction-sections" "-fdata-sections" "-fPIC" "-g" "-fno-omit-frame-pointer" "-m64" "-I" "rocksdb/include/" "-I" "rocksdb/" "-I" "rocksdb/third-party/gtest-1.8.1/fused-src/" "-I" "snappy/" "-I" "." "-Wall" "-Wextra" "-std=c++11" "-Wno-unused-parameter" "-msse2" "-DSNAPPY=1" "-DNDEBUG=1" "-DOS_LINUX" "-DROCKSDB_PLATFORM_POSIX" "-DROCKSDB_LIB_IO_POSIX" "-DROCKSDB_SUPPORT_THREAD_LOCAL" "-o" "/opt/rustwide/target/debug/build/librocksdb-sys-78f9ab4e170b067c/out/rocksdb/db/blob/blob_file_reader.o" "-c" "rocksdb/db/blob/blob_file_reader.cc"
[INFO] [stderr]   exit status: 0
[INFO] [stderr]   running: "c++" "-O3" "-ffunction-sections" "-fdata-sections" "-fPIC" "-g" "-fno-omit-frame-pointer" "-m64" "-I" "rocksdb/include/" "-I" "rocksdb/" "-I" "rocksdb/third-party/gtest-1.8.1/fused-src/" "-I" "snappy/" "-I" "." "-Wall" "-Wextra" "-std=c++11" "-Wno-unused-parameter" "-msse2" "-DSNAPPY=1" "-DNDEBUG=1" "-DOS_LINUX" "-DROCKSDB_PLATFORM_POSIX" "-DROCKSDB_LIB_IO_POSIX" "-DROCKSDB_SUPPORT_THREAD_LOCAL" "-o" "/opt/rustwide/target/debug/build/librocksdb-sys-78f9ab4e170b067c/out/rocksdb/db/blob/blob_log_format.o" "-c" "rocksdb/db/blob/blob_log_format.cc"
[INFO] [stderr]   exit status: 0
[INFO] [stderr]   running: "c++" "-O3" "-ffunction-sections" "-fdata-sections" "-fPIC" "-g" "-fno-omit-frame-pointer" "-m64" "-I" "rocksdb/include/" "-I" "rocksdb/" "-I" "rocksdb/third-party/gtest-1.8.1/fused-src/" "-I" "snappy/" "-I" "." "-Wall" "-Wextra" "-std=c++11" "-Wno-unused-parameter" "-msse2" "-DSNAPPY=1" "-DNDEBUG=1" "-DOS_LINUX" "-DROCKSDB_PLATFORM_POSIX" "-DROCKSDB_LIB_IO_POSIX" "-DROCKSDB_SUPPORT_THREAD_LOCAL" "-o" "/opt/rustwide/target/debug/build/librocksdb-sys-78f9ab4e170b067c/out/rocksdb/db/blob/blob_log_sequential_reader.o" "-c" "rocksdb/db/blob/blob_log_sequential_reader.cc"
[INFO] [stderr]   running: "c++" "-O3" "-ffunction-sections" "-fdata-sections" "-fPIC" "-g" "-fno-omit-frame-pointer" "-m64" "-I" "rocksdb/include/" "-I" "rocksdb/" "-I" "rocksdb/third-party/gtest-1.8.1/fused-src/" "-I" "snappy/" "-I" "." "-Wall" "-Wextra" "-std=c++11" "-Wno-unused-parameter" "-msse2" "-DSNAPPY=1" "-DNDEBUG=1" "-DOS_LINUX" "-DROCKSDB_PLATFORM_POSIX" "-DROCKSDB_LIB_IO_POSIX" "-DROCKSDB_SUPPORT_THREAD_LOCAL" "-o" "/opt/rustwide/target/debug/build/librocksdb-sys-78f9ab4e170b067c/out/rocksdb/db/blob/blob_log_writer.o" "-c" "rocksdb/db/blob/blob_log_writer.cc"
[INFO] [stderr]   exit status: 0
[INFO] [stderr]   running: "c++" "-O3" "-ffunction-sections" "-fdata-sections" "-fPIC" "-g" "-fno-omit-frame-pointer" "-m64" "-I" "rocksdb/include/" "-I" "rocksdb/" "-I" "rocksdb/third-party/gtest-1.8.1/fused-src/" "-I" "snappy/" "-I" "." "-Wall" "-Wextra" "-std=c++11" "-Wno-unused-parameter" "-msse2" "-DSNAPPY=1" "-DNDEBUG=1" "-DOS_LINUX" "-DROCKSDB_PLATFORM_POSIX" "-DROCKSDB_LIB_IO_POSIX" "-DROCKSDB_SUPPORT_THREAD_LOCAL" "-o" "/opt/rustwide/target/debug/build/librocksdb-sys-78f9ab4e170b067c/out/rocksdb/db/builder.o" "-c" "rocksdb/db/builder.cc"
[INFO] [stderr]   exit status: 0
[INFO] [stderr]   running: "c++" "-O3" "-ffunction-sections" "-fdata-sections" "-fPIC" "-g" "-fno-omit-frame-pointer" "-m64" "-I" "rocksdb/include/" "-I" "rocksdb/" "-I" "rocksdb/third-party/gtest-1.8.1/fused-src/" "-I" "snappy/" "-I" "." "-Wall" "-Wextra" "-std=c++11" "-Wno-unused-parameter" "-msse2" "-DSNAPPY=1" "-DNDEBUG=1" "-DOS_LINUX" "-DROCKSDB_PLATFORM_POSIX" "-DROCKSDB_LIB_IO_POSIX" "-DROCKSDB_SUPPORT_THREAD_LOCAL" "-o" "/opt/rustwide/target/debug/build/librocksdb-sys-78f9ab4e170b067c/out/rocksdb/db/c.o" "-c" "rocksdb/db/c.cc"
[INFO] [stderr]   exit status: 0
[INFO] [stderr]   running: "c++" "-O3" "-ffunction-sections" "-fdata-sections" "-fPIC" "-g" "-fno-omit-frame-pointer" "-m64" "-I" "rocksdb/include/" "-I" "rocksdb/" "-I" "rocksdb/third-party/gtest-1.8.1/fused-src/" "-I" "snappy/" "-I" "." "-Wall" "-Wextra" "-std=c++11" "-Wno-unused-parameter" "-msse2" "-DSNAPPY=1" "-DNDEBUG=1" "-DOS_LINUX" "-DROCKSDB_PLATFORM_POSIX" "-DROCKSDB_LIB_IO_POSIX" "-DROCKSDB_SUPPORT_THREAD_LOCAL" "-o" "/opt/rustwide/target/debug/build/librocksdb-sys-78f9ab4e170b067c/out/rocksdb/db/column_family.o" "-c" "rocksdb/db/column_family.cc"
[INFO] [stderr]   exit status: 0
[INFO] [stderr]   running: "c++" "-O3" "-ffunction-sections" "-fdata-sections" "-fPIC" "-g" "-fno-omit-frame-pointer" "-m64" "-I" "rocksdb/include/" "-I" "rocksdb/" "-I" "rocksdb/third-party/gtest-1.8.1/fused-src/" "-I" "snappy/" "-I" "." "-Wall" "-Wextra" "-std=c++11" "-Wno-unused-parameter" "-msse2" "-DSNAPPY=1" "-DNDEBUG=1" "-DOS_LINUX" "-DROCKSDB_PLATFORM_POSIX" "-DROCKSDB_LIB_IO_POSIX" "-DROCKSDB_SUPPORT_THREAD_LOCAL" "-o" "/opt/rustwide/target/debug/build/librocksdb-sys-78f9ab4e170b067c/out/rocksdb/db/compaction/compaction.o" "-c" "rocksdb/db/compaction/compaction.cc"
[INFO] [stderr]   exit status: 0
[INFO] [stderr]   running: "c++" "-O3" "-ffunction-sections" "-fdata-sections" "-fPIC" "-g" "-fno-omit-frame-pointer" "-m64" "-I" "rocksdb/include/" "-I" "rocksdb/" "-I" "rocksdb/third-party/gtest-1.8.1/fused-src/" "-I" "snappy/" "-I" "." "-Wall" "-Wextra" "-std=c++11" "-Wno-unused-parameter" "-msse2" "-DSNAPPY=1" "-DNDEBUG=1" "-DOS_LINUX" "-DROCKSDB_PLATFORM_POSIX" "-DROCKSDB_LIB_IO_POSIX" "-DROCKSDB_SUPPORT_THREAD_LOCAL" "-o" "/opt/rustwide/target/debug/build/librocksdb-sys-78f9ab4e170b067c/out/rocksdb/db/compaction/compaction_iterator.o" "-c" "rocksdb/db/compaction/compaction_iterator.cc"
[INFO] [stderr]   cargo:warning=c++: fatal error: Killed signal terminated program cc1plus
[INFO] [stderr]   cargo:warning=compilation terminated.
[INFO] [stderr]   exit status: 1
[INFO] [stderr]   exit status: 0
[INFO] [stderr]   cargo:warning=c++: fatal error: Killed signal terminated program cc1plus
[INFO] [stderr]   cargo:warning=compilation terminated.
[INFO] [stderr]   exit status: 1
[INFO] [stderr]   running: "c++" "-O3" "-ffunction-sections" "-fdata-sections" "-fPIC" "-g" "-fno-omit-frame-pointer" "-m64" "-I" "rocksdb/include/" "-I" "rocksdb/" "-I" "rocksdb/third-party/gtest-1.8.1/fused-src/" "-I" "snappy/" "-I" "." "-Wall" "-Wextra" "-std=c++11" "-Wno-unused-parameter" "-msse2" "-DSNAPPY=1" "-DNDEBUG=1" "-DOS_LINUX" "-DROCKSDB_PLATFORM_POSIX" "-DROCKSDB_LIB_IO_POSIX" "-DROCKSDB_SUPPORT_THREAD_LOCAL" "-o" "/opt/rustwide/target/debug/build/librocksdb-sys-78f9ab4e170b067c/out/rocksdb/db/compaction/compaction_job.o" "-c" "rocksdb/db/compaction/compaction_job.cc"
[INFO] [stderr]   cargo:warning=c++: fatal error: Killed signal terminated program cc1plus
[INFO] [stderr]   cargo:warning=compilation terminated.
[INFO] [stderr]   exit status: 1
[INFO] [stderr]   cargo:warning=c++: fatal error: Killed signal terminated program cc1plus
[INFO] [stderr]   cargo:warning=compilation terminated.
[INFO] [stderr]   exit status: 1
[INFO] [stderr]   cargo:warning=c++: fatal error: Killed signal terminated program cc1plus
[INFO] [stderr]   cargo:warning=compilation terminated.
[INFO] [stderr]   exit status: 1
[INFO] [stderr]   exit status: 0
[INFO] [stderr]   exit status: 0
[INFO] [stderr]   exit status: 0
[INFO] [stderr] 
[INFO] [stderr]   --- stderr
[INFO] [stderr]   error: 'rustfmt' is not installed for the toolchain '1.69.0-x86_64-unknown-linux-gnu'
[INFO] [stderr]   To install, run `rustup component add rustfmt --toolchain 1.69.0-x86_64-unknown-linux-gnu`
[INFO] [stderr]   Failed to run rustfmt: Internal rustfmt error (non-fatal, continuing)
[INFO] [stderr] 
[INFO] [stderr] 
[INFO] [stderr]   error occurred: Command "c++" "-O3" "-ffunction-sections" "-fdata-sections" "-fPIC" "-g" "-fno-omit-frame-pointer" "-m64" "-I" "rocksdb/include/" "-I" "rocksdb/" "-I" "rocksdb/third-party/gtest-1.8.1/fused-src/" "-I" "snappy/" "-I" "." "-Wall" "-Wextra" "-std=c++11" "-Wno-unused-parameter" "-msse2" "-DSNAPPY=1" "-DNDEBUG=1" "-DOS_LINUX" "-DROCKSDB_PLATFORM_POSIX" "-DROCKSDB_LIB_IO_POSIX" "-DROCKSDB_SUPPORT_THREAD_LOCAL" "-o" "/opt/rustwide/target/debug/build/librocksdb-sys-78f9ab4e170b067c/out/rocksdb/db/blob/blob_file_builder.o" "-c" "rocksdb/db/blob/blob_file_builder.cc" with args "c++" did not execute successfully (status code exit status: 1).
[INFO] [stderr] 
[INFO] [stderr] 
[INFO] running `Command { std: "docker" "inspect" "addf9df17f42fa84b9c3aae917111bfb5c019d5bc839c2110f9205a7d488dee0", kill_on_drop: false }`
[INFO] running `Command { std: "docker" "rm" "-f" "addf9df17f42fa84b9c3aae917111bfb5c019d5bc839c2110f9205a7d488dee0", kill_on_drop: false }`
[INFO] [stdout] addf9df17f42fa84b9c3aae917111bfb5c019d5bc839c2110f9205a7d488dee0
