[INFO] cloning repository https://github.com/iBelieve/rasp
[INFO] running `Command { std: "git" "-c" "credential.helper=" "-c" "credential.helper=/workspace/cargo-home/bin/git-credential-null" "clone" "--bare" "https://github.com/iBelieve/rasp" "/workspace/cache/git-repos/https%3A%2F%2Fgithub.com%2FiBelieve%2Frasp", kill_on_drop: false }`
[INFO] [stderr] Cloning into bare repository '/workspace/cache/git-repos/https%3A%2F%2Fgithub.com%2FiBelieve%2Frasp'...
[INFO] running `Command { std: "git" "rev-parse" "HEAD", kill_on_drop: false }`
[INFO] [stdout] 7f473857e00846867b505f46142e250fb6f4df91
[INFO] documenting iBelieve/rasp against beta-2023-04-20 for beta-1.70-rustdoc-1
[INFO] running `Command { std: "git" "clone" "/workspace/cache/git-repos/https%3A%2F%2Fgithub.com%2FiBelieve%2Frasp" "/workspace/builds/worker-4-tc2/source", kill_on_drop: false }`
[INFO] [stderr] Cloning into '/workspace/builds/worker-4-tc2/source'...
[INFO] [stderr] done.
[INFO] validating manifest of git repo https://github.com/iBelieve/rasp on toolchain beta-2023-04-20
[INFO] running `Command { std: CARGO_HOME="/workspace/cargo-home" RUSTUP_HOME="/workspace/rustup-home" "/workspace/cargo-home/bin/cargo" "+beta-2023-04-20" "metadata" "--manifest-path" "Cargo.toml" "--no-deps", kill_on_drop: false }`
[INFO] started tweaking git repo https://github.com/iBelieve/rasp
[INFO] finished tweaking git repo https://github.com/iBelieve/rasp
[INFO] tweaked toml for git repo https://github.com/iBelieve/rasp written to /workspace/builds/worker-4-tc2/source/Cargo.toml
[INFO] crate git repo https://github.com/iBelieve/rasp already has a lockfile, it will not be regenerated
[INFO] running `Command { std: CARGO_HOME="/workspace/cargo-home" RUSTUP_HOME="/workspace/rustup-home" "/workspace/cargo-home/bin/cargo" "+beta-2023-04-20" "fetch" "--manifest-path" "Cargo.toml", kill_on_drop: false }`
[INFO] [stderr]     Updating crates.io index
[INFO] [stderr]  Downloading crates ...
[INFO] [stderr]   Downloaded nom v4.0.0
[INFO] [stderr]   Downloaded runtime-fmt v0.3.0
[INFO] running `Command { std: "docker" "create" "-v" "/var/lib/crater-agent-workspace/builds/worker-4-tc2/target:/opt/rustwide/target:rw,Z" "-v" "/var/lib/crater-agent-workspace/builds/worker-4-tc2/source:/opt/rustwide/workdir:ro,Z" "-v" "/var/lib/crater-agent-workspace/cargo-home:/opt/rustwide/cargo-home:ro,Z" "-v" "/var/lib/crater-agent-workspace/rustup-home:/opt/rustwide/rustup-home:ro,Z" "-e" "SOURCE_DIR=/opt/rustwide/workdir" "-e" "CARGO_TARGET_DIR=/opt/rustwide/target" "-e" "CARGO_HOME=/opt/rustwide/cargo-home" "-e" "RUSTUP_HOME=/opt/rustwide/rustup-home" "-w" "/opt/rustwide/workdir" "-m" "1610612736" "--user" "0:0" "--network" "none" "ghcr.io/rust-lang/crates-build-env/linux@sha256:5ff2268d62e97bff2cde7d5815dd6ed5b47097566f13b8d0ca110b04b60e07ed" "/opt/rustwide/cargo-home/bin/cargo" "+beta-2023-04-20" "metadata" "--no-deps" "--format-version=1", kill_on_drop: false }`
[INFO] [stdout] 74ab903ec976ae10ad67fa1a7f35338a3c6818e480300f26d64e849b53790539
[INFO] running `Command { std: "docker" "start" "-a" "74ab903ec976ae10ad67fa1a7f35338a3c6818e480300f26d64e849b53790539", kill_on_drop: false }`
[INFO] running `Command { std: "docker" "inspect" "74ab903ec976ae10ad67fa1a7f35338a3c6818e480300f26d64e849b53790539", kill_on_drop: false }`
[INFO] running `Command { std: "docker" "rm" "-f" "74ab903ec976ae10ad67fa1a7f35338a3c6818e480300f26d64e849b53790539", kill_on_drop: false }`
[INFO] [stdout] 74ab903ec976ae10ad67fa1a7f35338a3c6818e480300f26d64e849b53790539
[INFO] running `Command { std: "docker" "create" "-v" "/var/lib/crater-agent-workspace/builds/worker-4-tc2/target:/opt/rustwide/target:rw,Z" "-v" "/var/lib/crater-agent-workspace/builds/worker-4-tc2/source:/opt/rustwide/workdir:ro,Z" "-v" "/var/lib/crater-agent-workspace/cargo-home:/opt/rustwide/cargo-home:ro,Z" "-v" "/var/lib/crater-agent-workspace/rustup-home:/opt/rustwide/rustup-home:ro,Z" "-e" "SOURCE_DIR=/opt/rustwide/workdir" "-e" "CARGO_TARGET_DIR=/opt/rustwide/target" "-e" "CARGO_INCREMENTAL=0" "-e" "RUST_BACKTRACE=full" "-e" "RUSTFLAGS=--cap-lints=warn" "-e" "RUSTDOCFLAGS=--cap-lints=warn" "-e" "CARGO_HOME=/opt/rustwide/cargo-home" "-e" "RUSTUP_HOME=/opt/rustwide/rustup-home" "-w" "/opt/rustwide/workdir" "-m" "1610612736" "--user" "0:0" "--network" "none" "ghcr.io/rust-lang/crates-build-env/linux@sha256:5ff2268d62e97bff2cde7d5815dd6ed5b47097566f13b8d0ca110b04b60e07ed" "/opt/rustwide/cargo-home/bin/cargo" "+beta-2023-04-20" "doc" "--frozen" "--no-deps" "--document-private-items" "--message-format=json", kill_on_drop: false }`
[INFO] [stdout] 40c72c1163076d40526927fc313044c26aa9914ed3bc6b15ea02af451c928915
[INFO] running `Command { std: "docker" "start" "-a" "40c72c1163076d40526927fc313044c26aa9914ed3bc6b15ea02af451c928915", kill_on_drop: false }`
[INFO] [stderr]     Checking libc v0.2.40
[INFO] [stderr]     Checking either v1.5.0
[INFO] [stderr]     Checking runtime-fmt v0.3.0
[INFO] [stdout] error[E0432]: unresolved import `std::fmt::ArgumentV1`
[INFO] [stdout]   --> /opt/rustwide/cargo-home/registry/src/index.crates.io-6f17d22bba15001f/runtime-fmt-0.3.0/src/lib.rs:39:33
[INFO] [stdout]    |
[INFO] [stdout] 39 | use std::fmt::{self, Arguments, ArgumentV1};
[INFO] [stdout]    |                                 ^^^^^^^^^^
[INFO] [stdout]    |                                 |
[INFO] [stdout]    |                                 no `ArgumentV1` in `fmt`
[INFO] [stdout]    |                                 help: a similar name exists in the module: `Arguments`
[INFO] [stdout] 
[INFO] [stdout] 
[INFO] [stdout] error[E0433]: failed to resolve: could not find `ArgumentV1` in `fmt`
[INFO] [stdout]   --> /opt/rustwide/cargo-home/registry/src/index.crates.io-6f17d22bba15001f/runtime-fmt-0.3.0/src/erase.rs:54:48
[INFO] [stdout]    |
[INFO] [stdout] 54 |                               Some(f) => Ok(fmt::ArgumentV1::new(self, f)),
[INFO] [stdout]    |                                                  ^^^^^^^^^^
[INFO] [stdout]    |                                                  |
[INFO] [stdout]    |                                                  could not find `ArgumentV1` in `fmt`
[INFO] [stdout]    |                                                  help: a struct with a similar name exists: `Arguments`
[INFO] [stdout] ...
[INFO] [stdout] 85 | / traits! {
[INFO] [stdout] 86 | |     "", Display, display;
[INFO] [stdout] 87 | |     "?", Debug, debug;
[INFO] [stdout] 88 | |     "e", LowerExp, lower_exp;
[INFO] [stdout] ...  |
[INFO] [stdout] 94 | |     "X", UpperHex, upper_hex;
[INFO] [stdout] 95 | | }
[INFO] [stdout]    | |_- in this macro invocation
[INFO] [stdout]    |
[INFO] [stdout]    = note: this error originates in the macro `traits` (in Nightly builds, run with -Z macro-backtrace for more info)
[INFO] [stdout] 
[INFO] [stdout] 
[INFO] [stdout] error[E0412]: cannot find type `ArgumentV1` in module `fmt`
[INFO] [stdout]   --> /opt/rustwide/cargo-home/registry/src/index.crates.io-6f17d22bba15001f/runtime-fmt-0.3.0/src/erase.rs:42:77
[INFO] [stdout]    |
[INFO] [stdout] 42 |               fn by_name<'n>(&self, name: &'n str, idx: usize) -> Result<fmt::ArgumentV1, Error<'n>>;
[INFO] [stdout]    |                                                                               ^^^^^^^^^^ help: a struct with a similar name exists: `Arguments`
[INFO] [stdout] ...
[INFO] [stdout] 85 | / traits! {
[INFO] [stdout] 86 | |     "", Display, display;
[INFO] [stdout] 87 | |     "?", Debug, debug;
[INFO] [stdout] 88 | |     "e", LowerExp, lower_exp;
[INFO] [stdout] ...  |
[INFO] [stdout] 94 | |     "X", UpperHex, upper_hex;
[INFO] [stdout] 95 | | }
[INFO] [stdout]    | |_- in this macro invocation
[INFO] [stdout]   --> /rustc/1b7dd2252b99671ce5d1cb9664c5f8636329436d/library/core/src/fmt/mod.rs:503:1
[INFO] [stdout]    |
[INFO] [stdout]    = note: similarly named struct `Arguments` defined here
[INFO] [stdout]    |
[INFO] [stdout]    = note: this error originates in the macro `traits` (in Nightly builds, run with -Z macro-backtrace for more info)
[INFO] [stdout] 
[INFO] [stdout] 
[INFO] [stdout] error[E0412]: cannot find type `ArgumentV1` in module `fmt`
[INFO] [stdout]   --> /opt/rustwide/cargo-home/registry/src/index.crates.io-6f17d22bba15001f/runtime-fmt-0.3.0/src/erase.rs:50:77
[INFO] [stdout]    |
[INFO] [stdout] 50 |               fn by_name<'n>(&self, name: &'n str, idx: usize) -> Result<fmt::ArgumentV1, Error<'n>> {
[INFO] [stdout]    |                                                                               ^^^^^^^^^^ help: a struct with a similar name exists: `Arguments`
[INFO] [stdout] ...
[INFO] [stdout] 85 | / traits! {
[INFO] [stdout] 86 | |     "", Display, display;
[INFO] [stdout] 87 | |     "?", Debug, debug;
[INFO] [stdout] 88 | |     "e", LowerExp, lower_exp;
[INFO] [stdout] ...  |
[INFO] [stdout] 94 | |     "X", UpperHex, upper_hex;
[INFO] [stdout] 95 | | }
[INFO] [stdout]    | |_- in this macro invocation
[INFO] [stdout]   --> /rustc/1b7dd2252b99671ce5d1cb9664c5f8636329436d/library/core/src/fmt/mod.rs:503:1
[INFO] [stdout]    |
[INFO] [stdout]    = note: similarly named struct `Arguments` defined here
[INFO] [stdout]    |
[INFO] [stdout]    = note: this error originates in the macro `traits` (in Nightly builds, run with -Z macro-backtrace for more info)
[INFO] [stdout] 
[INFO] [stdout] 
[INFO] [stdout] error[E0433]: failed to resolve: could not find `Position` in `v1`
[INFO] [stdout]    --> /opt/rustwide/cargo-home/registry/src/index.crates.io-6f17d22bba15001f/runtime-fmt-0.3.0/src/lib.rs:522:39
[INFO] [stdout]     |
[INFO] [stdout] 522 |                         position: v1::Position::At(i),
[INFO] [stdout]     |                                       ^^^^^^^^ could not find `Position` in `v1`
[INFO] [stdout]     |
[INFO] [stdout] help: consider importing this enum
[INFO] [stdout]     |
[INFO] [stdout] 38  + use fmt_macros::Position;
[INFO] [stdout]     |
[INFO] [stdout] help: if you import `Position`, refer to it directly
[INFO] [stdout]     |
[INFO] [stdout] 522 -                         position: v1::Position::At(i),
[INFO] [stdout] 522 +                         position: Position::At(i),
[INFO] [stdout]     |
[INFO] [stdout] 
[INFO] [stdout] 
[INFO] [stdout] error[E0433]: failed to resolve: could not find `Position` in `v1`
[INFO] [stdout]    --> /opt/rustwide/cargo-home/registry/src/index.crates.io-6f17d22bba15001f/runtime-fmt-0.3.0/src/lib.rs:544:39
[INFO] [stdout]     |
[INFO] [stdout] 544 |                         position: v1::Position::At(argument_pos),
[INFO] [stdout]     |                                       ^^^^^^^^ could not find `Position` in `v1`
[INFO] [stdout]     |
[INFO] [stdout] help: consider importing this enum
[INFO] [stdout]     |
[INFO] [stdout] 38  + use fmt_macros::Position;
[INFO] [stdout]     |
[INFO] [stdout] help: if you import `Position`, refer to it directly
[INFO] [stdout]     |
[INFO] [stdout] 544 -                         position: v1::Position::At(argument_pos),
[INFO] [stdout] 544 +                         position: Position::At(argument_pos),
[INFO] [stdout]     |
[INFO] [stdout] 
[INFO] [stdout] 
[INFO] [stdout] error[E0554]: `#![feature]` may not be used on the beta release channel
[INFO] [stdout]   --> /opt/rustwide/cargo-home/registry/src/index.crates.io-6f17d22bba15001f/runtime-fmt-0.3.0/src/lib.rs:17:1
[INFO] [stdout]    |
[INFO] [stdout] 17 | #![feature(fmt_internals)]
[INFO] [stdout]    | ^^^^^^^^^^^^^^^^^^^^^^^^^^
[INFO] [stdout] 
[INFO] [stdout] 
[INFO] [stdout] error[E0554]: `#![feature]` may not be used on the beta release channel
[INFO] [stdout]   --> /opt/rustwide/cargo-home/registry/src/index.crates.io-6f17d22bba15001f/runtime-fmt-0.3.0/src/lib.rs:18:1
[INFO] [stdout]    |
[INFO] [stdout] 18 | #![feature(conservative_impl_trait)]
[INFO] [stdout]    | ^^^^^^^^^^^^^^^^^^^^^^^^^^^^^^^^^^^^ help: remove the attribute
[INFO] [stdout]    |
[INFO] [stdout]    = help: the feature `conservative_impl_trait` has been stable since `1.26.0` and no longer requires an attribute to enable
[INFO] [stdout] 
[INFO] [stdout] 
[INFO] [stdout] error[E0554]: `#![feature]` may not be used on the beta release channel
[INFO] [stdout]   --> /opt/rustwide/cargo-home/registry/src/index.crates.io-6f17d22bba15001f/runtime-fmt-0.3.0/src/lib.rs:19:1
[INFO] [stdout]    |
[INFO] [stdout] 19 | #![feature(specialization)]
[INFO] [stdout]    | ^^^^^^^^^^^^^^^^^^^^^^^^^^^
[INFO] [stdout] 
[INFO] [stdout] 
[INFO] [stdout] error[E0554]: `#![feature]` may not be used on the beta release channel
[INFO] [stdout]   --> /opt/rustwide/cargo-home/registry/src/index.crates.io-6f17d22bba15001f/runtime-fmt-0.3.0/src/lib.rs:20:1
[INFO] [stdout]    |
[INFO] [stdout] 20 | #![feature(print_internals)]
[INFO] [stdout]    | ^^^^^^^^^^^^^^^^^^^^^^^^^^^^
[INFO] [stdout] 
[INFO] [stdout] 
[INFO] [stdout] error[E0554]: `#![feature]` may not be used on the beta release channel
[INFO] [stdout]   --> /opt/rustwide/cargo-home/registry/src/index.crates.io-6f17d22bba15001f/runtime-fmt-0.3.0/src/lib.rs:21:1
[INFO] [stdout]    |
[INFO] [stdout] 21 | #![feature(rustc_private)]
[INFO] [stdout]    | ^^^^^^^^^^^^^^^^^^^^^^^^^^
[INFO] [stdout] 
[INFO] [stdout] 
[INFO] [stdout] error[E0554]: `#![feature]` may not be used on the beta release channel
[INFO] [stdout]   --> /opt/rustwide/cargo-home/registry/src/index.crates.io-6f17d22bba15001f/runtime-fmt-0.3.0/src/lib.rs:22:1
[INFO] [stdout]    |
[INFO] [stdout] 22 | #![feature(try_from)]
[INFO] [stdout]    | ^^^^^^^^^^^^^^^^^^^^^
[INFO] [stdout] 
[INFO] [stdout] 
[INFO] [stdout] error[E0554]: `#![feature]` may not be used on the beta release channel
[INFO] [stdout]   --> /opt/rustwide/cargo-home/registry/src/index.crates.io-6f17d22bba15001f/runtime-fmt-0.3.0/src/lib.rs:17:12
[INFO] [stdout]    |
[INFO] [stdout] 17 | #![feature(fmt_internals)]
[INFO] [stdout]    |            ^^^^^^^^^^^^^
[INFO] [stdout] 
[INFO] [stdout] 
[INFO] [stdout] error[E0554]: `#![feature]` may not be used on the beta release channel
[INFO] [stdout]   --> /opt/rustwide/cargo-home/registry/src/index.crates.io-6f17d22bba15001f/runtime-fmt-0.3.0/src/lib.rs:20:12
[INFO] [stdout]    |
[INFO] [stdout] 20 | #![feature(print_internals)]
[INFO] [stdout]    |            ^^^^^^^^^^^^^^^
[INFO] [stdout] 
[INFO] [stdout] 
[INFO] [stdout] error[E0554]: `#![feature]` may not be used on the beta release channel
[INFO] [stdout]   --> /opt/rustwide/cargo-home/registry/src/index.crates.io-6f17d22bba15001f/runtime-fmt-0.3.0/src/lib.rs:22:12
[INFO] [stdout]    |
[INFO] [stdout] 22 | #![feature(try_from)]
[INFO] [stdout]    |            ^^^^^^^^
[INFO] [stdout] 
[INFO] [stdout] 
[INFO] [stderr]     Checking itertools v0.7.8
[INFO] [stdout] error[E0599]: no method named `is_xid_start` found for type `char` in the current scope
[INFO] [stdout]    --> /opt/rustwide/cargo-home/registry/src/index.crates.io-6f17d22bba15001f/runtime-fmt-0.3.0/src/fmt_macros.rs:422:34
[INFO] [stdout]     |
[INFO] [stdout] 422 |             Some(&(pos, c)) if c.is_xid_start() => {
[INFO] [stdout]     |                                  ^^^^^^^^^^^^ method not found in `char`
[INFO] [stdout] 
[INFO] [stdout] 
[INFO] [stdout] error[E0599]: no method named `is_xid_continue` found for type `char` in the current scope
[INFO] [stdout]    --> /opt/rustwide/cargo-home/registry/src/index.crates.io-6f17d22bba15001f/runtime-fmt-0.3.0/src/fmt_macros.rs:431:18
[INFO] [stdout]     |
[INFO] [stdout] 431 |             if c.is_xid_continue() {
[INFO] [stdout]     |                  ^^^^^^^^^^^^^^^ method not found in `char`
[INFO] [stdout] 
[INFO] [stdout] 
[INFO] [stdout] error[E0061]: this function takes 4 arguments but 3 arguments were supplied
[INFO] [stdout]    --> /opt/rustwide/cargo-home/registry/src/index.crates.io-6f17d22bba15001f/runtime-fmt-0.3.0/src/lib.rs:201:30
[INFO] [stdout]     |
[INFO] [stdout] 201 |             Some(ref fmt) => Arguments::new_v1_formatted(&pieces, &args, fmt),
[INFO] [stdout]     |                              ^^^^^^^^^^^^^^^^^^^^^^^^^^^--------------------- an argument of type `core::fmt::UnsafeArg` is missing
[INFO] [stdout]     |
[INFO] [stdout] note: associated function defined here
[INFO] [stdout]    --> /rustc/1b7dd2252b99671ce5d1cb9664c5f8636329436d/library/core/src/fmt/mod.rs:443:12
[INFO] [stdout] help: provide the argument
[INFO] [stdout]     |
[INFO] [stdout] 201 |             Some(ref fmt) => Arguments::new_v1_formatted(&pieces, &args, fmt, /* core::fmt::UnsafeArg */),
[INFO] [stdout]     |                                                         ~~~~~~~~~~~~~~~~~~~~~~~~~~~~~~~~~~~~~~~~~~~~~~~~~
[INFO] [stdout] 
[INFO] [stdout] 
[INFO] [stdout] error[E0061]: this function takes 4 arguments but 3 arguments were supplied
[INFO] [stdout]    --> /opt/rustwide/cargo-home/registry/src/index.crates.io-6f17d22bba15001f/runtime-fmt-0.3.0/src/lib.rs:268:30
[INFO] [stdout]     |
[INFO] [stdout] 268 |             Some(ref fmt) => Arguments::new_v1_formatted(&pieces, &self.inner.args, fmt),
[INFO] [stdout]     |                              ^^^^^^^^^^^^^^^^^^^^^^^^^^^-------------------------------- an argument of type `core::fmt::UnsafeArg` is missing
[INFO] [stdout]     |
[INFO] [stdout] note: associated function defined here
[INFO] [stdout]    --> /rustc/1b7dd2252b99671ce5d1cb9664c5f8636329436d/library/core/src/fmt/mod.rs:443:12
[INFO] [stdout] help: provide the argument
[INFO] [stdout]     |
[INFO] [stdout] 268 |             Some(ref fmt) => Arguments::new_v1_formatted(&pieces, &self.inner.args, fmt, /* core::fmt::UnsafeArg */),
[INFO] [stdout]     |                                                         ~~~~~~~~~~~~~~~~~~~~~~~~~~~~~~~~~~~~~~~~~~~~~~~~~~~~~~~~~~~~
[INFO] [stdout] 
[INFO] [stdout] 
[INFO] [stdout] error: aborting due to 19 previous errors
[INFO] [stdout] 
[INFO] [stdout] 
[INFO] [stdout] Some errors have detailed explanations: E0061, E0412, E0432, E0433, E0554, E0599.
[INFO] [stdout] 
[INFO] [stdout] For more information about an error, try `rustc --explain E0061`.
[INFO] [stdout] 
[INFO] [stderr] error: could not compile `runtime-fmt` (lib) due to 20 previous errors
[INFO] [stderr] warning: build failed, waiting for other jobs to finish...
[INFO] running `Command { std: "docker" "inspect" "40c72c1163076d40526927fc313044c26aa9914ed3bc6b15ea02af451c928915", kill_on_drop: false }`
[INFO] running `Command { std: "docker" "rm" "-f" "40c72c1163076d40526927fc313044c26aa9914ed3bc6b15ea02af451c928915", kill_on_drop: false }`
[INFO] [stdout] 40c72c1163076d40526927fc313044c26aa9914ed3bc6b15ea02af451c928915
