[INFO] cloning repository https://github.com/huycuonglengoc/pckcrt
[INFO] running `Command { std: "git" "-c" "credential.helper=" "-c" "credential.helper=/workspace/cargo-home/bin/git-credential-null" "clone" "--bare" "https://github.com/huycuonglengoc/pckcrt" "/workspace/cache/git-repos/https%3A%2F%2Fgithub.com%2Fhuycuonglengoc%2Fpckcrt", kill_on_drop: false }`
[INFO] [stderr] Cloning into bare repository '/workspace/cache/git-repos/https%3A%2F%2Fgithub.com%2Fhuycuonglengoc%2Fpckcrt'...
[INFO] running `Command { std: "git" "rev-parse" "HEAD", kill_on_drop: false }`
[INFO] [stdout] 06574b873a376bd4cf4d268036b3708b6e427b13
[INFO] documenting huycuonglengoc/pckcrt against beta-2023-04-20 for beta-1.70-rustdoc-1
[INFO] running `Command { std: "git" "clone" "/workspace/cache/git-repos/https%3A%2F%2Fgithub.com%2Fhuycuonglengoc%2Fpckcrt" "/workspace/builds/worker-4-tc2/source", kill_on_drop: false }`
[INFO] [stderr] Cloning into '/workspace/builds/worker-4-tc2/source'...
[INFO] [stderr] done.
[INFO] validating manifest of git repo https://github.com/huycuonglengoc/pckcrt on toolchain beta-2023-04-20
[INFO] running `Command { std: CARGO_HOME="/workspace/cargo-home" RUSTUP_HOME="/workspace/rustup-home" "/workspace/cargo-home/bin/cargo" "+beta-2023-04-20" "metadata" "--manifest-path" "Cargo.toml" "--no-deps", kill_on_drop: false }`
[INFO] removed /workspace/builds/worker-4-tc2/source/rust-toolchain
[INFO] started tweaking git repo https://github.com/huycuonglengoc/pckcrt
[INFO] finished tweaking git repo https://github.com/huycuonglengoc/pckcrt
[INFO] tweaked toml for git repo https://github.com/huycuonglengoc/pckcrt written to /workspace/builds/worker-4-tc2/source/Cargo.toml
[INFO] crate git repo https://github.com/huycuonglengoc/pckcrt already has a lockfile, it will not be regenerated
[INFO] running `Command { std: CARGO_HOME="/workspace/cargo-home" RUSTUP_HOME="/workspace/rustup-home" "/workspace/cargo-home/bin/cargo" "+beta-2023-04-20" "fetch" "--manifest-path" "Cargo.toml", kill_on_drop: false }`
[INFO] [stderr]     Blocking waiting for file lock on package cache
[INFO] running `Command { std: "docker" "create" "-v" "/var/lib/crater-agent-workspace/builds/worker-4-tc2/target:/opt/rustwide/target:rw,Z" "-v" "/var/lib/crater-agent-workspace/builds/worker-4-tc2/source:/opt/rustwide/workdir:ro,Z" "-v" "/var/lib/crater-agent-workspace/cargo-home:/opt/rustwide/cargo-home:ro,Z" "-v" "/var/lib/crater-agent-workspace/rustup-home:/opt/rustwide/rustup-home:ro,Z" "-e" "SOURCE_DIR=/opt/rustwide/workdir" "-e" "CARGO_TARGET_DIR=/opt/rustwide/target" "-e" "CARGO_HOME=/opt/rustwide/cargo-home" "-e" "RUSTUP_HOME=/opt/rustwide/rustup-home" "-w" "/opt/rustwide/workdir" "-m" "1610612736" "--user" "0:0" "--network" "none" "ghcr.io/rust-lang/crates-build-env/linux@sha256:5ff2268d62e97bff2cde7d5815dd6ed5b47097566f13b8d0ca110b04b60e07ed" "/opt/rustwide/cargo-home/bin/cargo" "+beta-2023-04-20" "metadata" "--no-deps" "--format-version=1", kill_on_drop: false }`
[INFO] [stdout] d1d72bfe3f93df464bac17a94919bd361eb822caea653e2590524d249033c9c7
[INFO] running `Command { std: "docker" "start" "-a" "d1d72bfe3f93df464bac17a94919bd361eb822caea653e2590524d249033c9c7", kill_on_drop: false }`
[INFO] running `Command { std: "docker" "inspect" "d1d72bfe3f93df464bac17a94919bd361eb822caea653e2590524d249033c9c7", kill_on_drop: false }`
[INFO] running `Command { std: "docker" "rm" "-f" "d1d72bfe3f93df464bac17a94919bd361eb822caea653e2590524d249033c9c7", kill_on_drop: false }`
[INFO] [stdout] d1d72bfe3f93df464bac17a94919bd361eb822caea653e2590524d249033c9c7
[INFO] running `Command { std: "docker" "create" "-v" "/var/lib/crater-agent-workspace/builds/worker-4-tc2/target:/opt/rustwide/target:rw,Z" "-v" "/var/lib/crater-agent-workspace/builds/worker-4-tc2/source:/opt/rustwide/workdir:ro,Z" "-v" "/var/lib/crater-agent-workspace/cargo-home:/opt/rustwide/cargo-home:ro,Z" "-v" "/var/lib/crater-agent-workspace/rustup-home:/opt/rustwide/rustup-home:ro,Z" "-e" "SOURCE_DIR=/opt/rustwide/workdir" "-e" "CARGO_TARGET_DIR=/opt/rustwide/target" "-e" "CARGO_INCREMENTAL=0" "-e" "RUST_BACKTRACE=full" "-e" "RUSTFLAGS=--cap-lints=warn" "-e" "RUSTDOCFLAGS=--cap-lints=warn" "-e" "CARGO_HOME=/opt/rustwide/cargo-home" "-e" "RUSTUP_HOME=/opt/rustwide/rustup-home" "-w" "/opt/rustwide/workdir" "-m" "1610612736" "--user" "0:0" "--network" "none" "ghcr.io/rust-lang/crates-build-env/linux@sha256:5ff2268d62e97bff2cde7d5815dd6ed5b47097566f13b8d0ca110b04b60e07ed" "/opt/rustwide/cargo-home/bin/cargo" "+beta-2023-04-20" "doc" "--frozen" "--no-deps" "--document-private-items" "--message-format=json", kill_on_drop: false }`
[INFO] [stdout] 3beb832d276d34c10101b051cb91919a4d179d0c5c332864716721475de92c10
[INFO] running `Command { std: "docker" "start" "-a" "3beb832d276d34c10101b051cb91919a4d179d0c5c332864716721475de92c10", kill_on_drop: false }`
[INFO] [stderr]    Compiling autocfg v1.0.1
[INFO] [stderr]    Compiling libc v0.2.86
[INFO] [stderr]    Compiling proc-macro2 v1.0.24
[INFO] [stderr]    Compiling unicode-xid v0.2.1
[INFO] [stderr]     Checking cfg-if v0.1.10
[INFO] [stderr]    Compiling syn v1.0.44
[INFO] [stderr]     Checking lazy_static v1.4.0
[INFO] [stderr]    Compiling version_check v0.9.2
[INFO] [stderr]     Checking cfg-if v1.0.0
[INFO] [stderr]    Compiling log v0.4.11
[INFO] [stderr]    Compiling typenum v1.12.0
[INFO] [stderr]    Compiling memchr v2.3.3
[INFO] [stderr]    Compiling pin-project-internal v0.4.27
[INFO] [stderr]     Checking itoa v0.4.6
[INFO] [stderr]     Checking bytes v0.5.6
[INFO] [stderr]     Checking fnv v1.0.7
[INFO] [stderr]    Compiling serde_derive v1.0.116
[INFO] [stderr]     Checking futures-core v0.3.6
[INFO] [stderr]     Checking pin-project-lite v0.1.10
[INFO] [stderr]     Checking slab v0.4.2
[INFO] [stderr]     Checking futures-sink v0.3.6
[INFO] [stderr]    Compiling serde v1.0.116
[INFO] [stderr]     Checking tracing-core v0.1.17
[INFO] [stderr]     Checking tinyvec v0.3.4
[INFO] [stderr]     Checking futures-task v0.3.6
[INFO] [stderr]    Compiling bitflags v1.2.1
[INFO] [stderr]     Checking http v0.2.1
[INFO] [stderr]     Checking matches v0.1.8
[INFO] [stderr]     Checking pin-utils v0.1.0
[INFO] [stderr]    Compiling indexmap v1.6.0
[INFO] [stderr]    Compiling getrandom v0.1.15
[INFO] [stderr]    Compiling httparse v1.3.4
[INFO] [stderr]     Checking unicode-bidi v0.3.4
[INFO] [stderr]    Compiling unicase v2.6.0
[INFO] [stderr]    Compiling generic-array v0.14.4
[INFO] [stderr]     Checking unicode-normalization v0.1.13
[INFO] [stderr]     Checking hashbrown v0.9.1
[INFO] [stderr]     Checking tracing v0.1.21
[INFO] [stderr]    Compiling maybe-uninit v2.0.0
[INFO] [stderr]    Compiling same-file v1.0.6
[INFO] [stderr]     Checking futures-channel v0.3.6
[INFO] [stderr]     Checking try-lock v0.2.3
[INFO] [stderr]    Compiling walkdir v2.3.1
[INFO] [stderr]    Compiling quote v1.0.7
[INFO] [stderr]     Checking percent-encoding v2.1.0
[INFO] [stderr]    Compiling ryu v1.0.5
[INFO] [stderr]     Checking mime v0.3.16
[INFO] [stderr]    Compiling cc v1.0.61
[INFO] [stderr]     Checking want v0.3.0
[INFO] [stderr]    Compiling crossbeam-utils v0.7.2
[INFO] [stderr]     Checking tower-service v0.3.0
[INFO] [stderr]     Checking idna v0.2.0
[INFO] [stderr]     Checking dtoa v0.4.6
[INFO] [stderr]     Checking base64 v0.12.3
[INFO] [stderr]    Compiling serde_json v1.0.59
[INFO] [stderr]     Checking httpdate v0.3.2
[INFO] [stderr]    Compiling encoding_rs v0.8.24
[INFO] [stderr]     Checking aho-corasick v0.7.14
[INFO] [stderr]    Compiling mime_guess v2.0.3
[INFO] [stderr]    Compiling num-traits v0.2.14
[INFO] [stderr]     Checking thread_local v1.0.1
[INFO] [stderr]     Checking ppv-lite86 v0.2.10
[INFO] [stderr]    Compiling pkg-config v0.3.19
[INFO] [stderr]     Checking net2 v0.2.35
[INFO] [stderr]     Checking iovec v0.1.4
[INFO] [stderr]     Checking signal-hook-registry v1.2.2
[INFO] [stderr]     Checking url v2.1.1
[INFO] [stderr]     Checking socket2 v0.3.19
[INFO] [stderr]     Checking atty v0.2.14
[INFO] [stderr]     Checking quick-error v1.2.3
[INFO] [stderr]     Checking rand_core v0.5.1
[INFO] [stderr]     Checking nodrop v0.1.14
[INFO] [stderr]     Checking regex-syntax v0.6.20
[INFO] [stderr]     Checking mio v0.6.22
[INFO] [stderr]     Checking scopeguard v1.1.0
[INFO] [stderr]    Compiling anyhow v1.0.33
[INFO] [stderr]     Checking array-init v0.0.4
[INFO] [stderr]     Checking digest v0.9.0
[INFO] [stderr]     Checking block-buffer v0.9.0
[INFO] [stderr]     Checking humantime v1.3.0
[INFO] [stderr]     Checking rand_chacha v0.2.2
[INFO] [stderr]     Checking http-body v0.3.1
[INFO] [stderr]     Checking smallvec v0.6.13
[INFO] [stderr]    Compiling crossbeam-utils v0.8.3
[INFO] [stderr]    Compiling num-integer v0.1.44
[INFO] [stderr]     Checking arrayvec v0.5.2
[INFO] [stderr]     Checking constant_time_eq v0.1.5
[INFO] [stderr]     Checking cpuid-bool v0.1.2
[INFO] [stderr]     Checking ipnet v2.3.0
[INFO] [stderr]     Checking opaque-debug v0.3.0
[INFO] [stderr]     Checking arrayref v0.3.6
[INFO] [stderr]     Checking termcolor v1.1.0
[INFO] [stderr]     Checking crossbeam-channel v0.4.4
[INFO] [stderr]     Checking sha2 v0.9.2
[INFO] [stderr]    Compiling libsodium-sys v0.2.6 (https://github.com/cjdelisle/sodiumoxide?rev=76dc0e6e587b8c8a4bb193ebba9f8ae8f090b81b#76dc0e6e)
[INFO] [stderr]     Checking rand v0.7.3
[INFO] [stderr]     Checking mio-uds v0.6.8
[INFO] [stderr]     Checking blake2b_simd v0.5.11
[INFO] [stderr]     Checking nix v0.20.0
[INFO] [stderr]    Compiling num-bigint v0.3.1
[INFO] [stderr]    Compiling memoffset v0.6.1
[INFO] [stderr]    Compiling byteorder v1.3.4
[INFO] [stderr]     Checking hex v0.4.2
[INFO] [stderr]     Checking signature v1.3.0
[INFO] [stderr]     Checking ed25519 v1.0.3
[INFO] [stderr]    Compiling packetcrypt-sys v0.4.0 (/opt/rustwide/workdir/packetcrypt-sys)
[INFO] [stderr]     Checking generic-array v0.12.3
[INFO] [stderr]     Checking byte-tools v0.3.1
[INFO] [stderr]     Checking instant v0.1.9
[INFO] [stderr]     Checking block-padding v0.1.5
[INFO] [stderr]     Checking smallvec v1.6.1
[INFO] [stderr]    Compiling rayon-core v1.9.0
[INFO] [stderr]     Checking lock_api v0.4.2
[INFO] [stderr]     Checking digest v0.8.1
[INFO] [stderr]     Checking opaque-debug v0.2.3
[INFO] [stderr]     Checking parking_lot_core v0.8.3
[INFO] [stderr]     Checking fake-simd v0.1.2
[INFO] [stderr]     Checking headers-core v0.2.0
[INFO] [stderr]     Checking num_cpus v1.13.0
[INFO] [stderr]     Checking time v0.1.44
[INFO] [stderr]    Compiling rayon v1.5.0
[INFO] [stderr]     Checking futures-io v0.3.6
[INFO] [stderr]     Checking unicode-width v0.1.8
[INFO] [stderr]     Checking block-buffer v0.7.3
[INFO] [stderr]     Checking urlencoding v1.1.1
[INFO] [stderr]     Checking parking_lot v0.11.1
[INFO] [stderr]     Checking either v1.6.1
[INFO] [stderr]     Checking scoped-tls v1.0.0
[INFO] [stderr]     Checking textwrap v0.11.0
[INFO] [stderr]     Checking crossbeam-epoch v0.9.3
[INFO] [stderr]     Checking crossbeam-channel v0.5.0
[INFO] [stderr]     Checking vec_map v0.8.2
[INFO] [stderr]     Checking sha-1 v0.8.2
[INFO] [stderr]     Checking strsim v0.8.0
[INFO] [stderr]     Checking ansi_term v0.11.0
[INFO] [stderr]    Compiling hex-literal v0.3.1
[INFO] [stderr]     Checking headers v0.3.2
[INFO] [stderr] The following warnings were emitted during compilation:
[INFO] [stderr] 
[INFO] [stderr] warning: In file included from packetcrypt/src/AnnMiner.c:10:
[INFO] [stderr] warning: packetcrypt/src/AnnMiner.c: In function 'getNextJob':
[INFO] [stderr] warning: packetcrypt/src/Hash.h:22:5: error: static assertion failed: ""
[INFO] [stderr] warning:    22 |     _Static_assert(Buf_SIZEOF(out) == 64, ""); \
[INFO] [stderr] warning:       |     ^~~~~~~~~~~~~~
[INFO] [stderr] warning: packetcrypt/src/AnnMiner.c:214:5: note: in expansion of macro 'Hash_COMPRESS64_OBJ'
[INFO] [stderr] warning:   214 |     Hash_COMPRESS64_OBJ(&w->job.annHash0, &w->job.hah);
[INFO] [stderr] warning:       |     ^~~~~~~~~~~~~~~~~~~
[INFO] [stderr] warning: packetcrypt/src/AnnMiner.c:217:36: warning: passing argument 2 of 'populateTable2' from incompatible pointer type [-Wincompatible-pointer-types]
[INFO] [stderr] warning:   217 |         int pt = populateTable2(w, &w->job.annHash0);
[INFO] [stderr] warning:       |                                    ^~~~~~~~~~~~~~~~
[INFO] [stderr] warning:       |                                    |
[INFO] [stderr] warning:       |                                    Buf32_t *
[INFO] [stderr] warning: packetcrypt/src/AnnMiner.c:143:49: note: expected 'Buf64_t *' but argument is of type 'Buf32_t *'
[INFO] [stderr] warning:   143 | static int populateTable2(Worker_t* w, Buf64_t* seed) {
[INFO] [stderr] warning:       |                                        ~~~~~~~~~^~~~
[INFO] [stderr] warning: packetcrypt/src/AnnMiner.c:220:37: warning: passing argument 2 of 'populateTable' from incompatible pointer type [-Wincompatible-pointer-types]
[INFO] [stderr] warning:   220 |         populateTable(w->job.table, &w->job.annHash0);
[INFO] [stderr] warning:       |                                     ^~~~~~~~~~~~~~~~
[INFO] [stderr] warning:       |                                     |
[INFO] [stderr] warning:       |                                     Buf32_t *
[INFO] [stderr] warning: packetcrypt/src/AnnMiner.c:136:63: note: expected 'Buf64_t *' but argument is of type 'Buf32_t *'
[INFO] [stderr] warning:   136 | static void populateTable(CryptoCycle_Item_t* table, Buf64_t* annHash0) {
[INFO] [stderr] warning:       |                                                      ~~~~~~~~~^~~~~~~~
[INFO] [stderr] warning: In file included from packetcrypt/src/RandHash.h:10,
[INFO] [stderr] warning:                  from packetcrypt/src/AnnMiner.c:9:
[INFO] [stderr] warning: packetcrypt/src/Buf.h:40:9: error: static assertion failed: "sizeof *(dst) != sizeof *(src)"
[INFO] [stderr] warning:    40 |         _Static_assert(Buf_SIZEOF(dst) == Buf_SIZEOF(src), "sizeof *(dst) != sizeof *(src)"); \
[INFO] [stderr] warning:       |         ^~~~~~~~~~~~~~
[INFO] [stderr] warning: packetcrypt/src/AnnMiner.c:234:9: note: in expansion of macro 'Buf_OBJCPY'
[INFO] [stderr] warning:   234 |         Buf_OBJCPY(&b[1], &w->job.annHash0);
[INFO] [stderr] warning:       |         ^~~~~~~~~~
[INFO] [stderr] 
[INFO] [stderr] error: failed to run custom build command for `packetcrypt-sys v0.4.0 (/opt/rustwide/workdir/packetcrypt-sys)`
[INFO] [stderr] note: To improve backtraces for build dependencies, set the CARGO_PROFILE_DEV_BUILD_OVERRIDE_DEBUG=true environment variable to enable debug information generation.
[INFO] [stderr] 
[INFO] [stderr] Caused by:
[INFO] [stderr]   process didn't exit successfully: `/opt/rustwide/target/debug/build/packetcrypt-sys-4d337c58f002b514/build-script-build` (exit status: 1)
[INFO] [stderr]   --- stdout
[INFO] [stderr]   Looking for libsodium in /opt/rustwide/target/debug/build
[INFO] [stderr]   Found sodium.h in /opt/rustwide/target/debug/build/libsodium-sys-1e72a9d6e31bc536/out/source/libsodium/src/libsodium/include
[INFO] [stderr]   TARGET = Some("x86_64-unknown-linux-gnu")
[INFO] [stderr]   HOST = Some("x86_64-unknown-linux-gnu")
[INFO] [stderr]   CC_x86_64-unknown-linux-gnu = None
[INFO] [stderr]   CC_x86_64_unknown_linux_gnu = None
[INFO] [stderr]   HOST_CC = None
[INFO] [stderr]   CC = None
[INFO] [stderr]   CFLAGS_x86_64-unknown-linux-gnu = None
[INFO] [stderr]   CFLAGS_x86_64_unknown_linux_gnu = None
[INFO] [stderr]   HOST_CFLAGS = None
[INFO] [stderr]   CFLAGS = None
[INFO] [stderr]   CRATE_CC_NO_DEFAULTS = None
[INFO] [stderr]   DEBUG = Some("true")
[INFO] [stderr]   CARGO_CFG_TARGET_FEATURE = Some("fxsr,sse,sse2")
[INFO] [stderr]   running: "cc" "-O3" "-ffunction-sections" "-fdata-sections" "-fPIC" "-g" "-fno-omit-frame-pointer" "-m64" "-I" "/opt/rustwide/target/debug/build/libsodium-sys-1e72a9d6e31bc536/out/source/libsodium/src/libsodium/include" "-I" "packetcrypt/include" "-I" "packetcrypt/src" "-Wall" "-Wextra" "-Wno-implicit-function-declaration" "-o" "/opt/rustwide/target/debug/build/packetcrypt-sys-7b2c6a5c29873de8/out/lib/packetcrypt/src/Validate.o" "-c" "packetcrypt/src/Validate.c"
[INFO] [stderr]   exit status: 0
[INFO] [stderr]   running: "cc" "-O3" "-ffunction-sections" "-fdata-sections" "-fPIC" "-g" "-fno-omit-frame-pointer" "-m64" "-I" "/opt/rustwide/target/debug/build/libsodium-sys-1e72a9d6e31bc536/out/source/libsodium/src/libsodium/include" "-I" "packetcrypt/include" "-I" "packetcrypt/src" "-Wall" "-Wextra" "-Wno-implicit-function-declaration" "-o" "/opt/rustwide/target/debug/build/packetcrypt-sys-7b2c6a5c29873de8/out/lib/packetcrypt/src/AnnMerkle.o" "-c" "packetcrypt/src/AnnMerkle.c"
[INFO] [stderr]   exit status: 0
[INFO] [stderr]   running: "cc" "-O3" "-ffunction-sections" "-fdata-sections" "-fPIC" "-g" "-fno-omit-frame-pointer" "-m64" "-I" "/opt/rustwide/target/debug/build/libsodium-sys-1e72a9d6e31bc536/out/source/libsodium/src/libsodium/include" "-I" "packetcrypt/include" "-I" "packetcrypt/src" "-Wall" "-Wextra" "-Wno-implicit-function-declaration" "-o" "/opt/rustwide/target/debug/build/packetcrypt-sys-7b2c6a5c29873de8/out/lib/packetcrypt/src/AnnMiner.o" "-c" "packetcrypt/src/AnnMiner.c"
[INFO] [stderr]   cargo:warning=In file included from packetcrypt/src/AnnMiner.c:10:
[INFO] [stderr]   cargo:warning=packetcrypt/src/AnnMiner.c: In function 'getNextJob':
[INFO] [stderr]   cargo:warning=packetcrypt/src/Hash.h:22:5: error: static assertion failed: ""
[INFO] [stderr]   cargo:warning=   22 |     _Static_assert(Buf_SIZEOF(out) == 64, ""); \
[INFO] [stderr]   cargo:warning=      |     ^~~~~~~~~~~~~~
[INFO] [stderr]   cargo:warning=packetcrypt/src/AnnMiner.c:214:5: note: in expansion of macro 'Hash_COMPRESS64_OBJ'
[INFO] [stderr]   cargo:warning=  214 |     Hash_COMPRESS64_OBJ(&w->job.annHash0, &w->job.hah);
[INFO] [stderr]   cargo:warning=      |     ^~~~~~~~~~~~~~~~~~~
[INFO] [stderr]   cargo:warning=packetcrypt/src/AnnMiner.c:217:36: warning: passing argument 2 of 'populateTable2' from incompatible pointer type [-Wincompatible-pointer-types]
[INFO] [stderr]   cargo:warning=  217 |         int pt = populateTable2(w, &w->job.annHash0);
[INFO] [stderr]   cargo:warning=      |                                    ^~~~~~~~~~~~~~~~
[INFO] [stderr]   cargo:warning=      |                                    |
[INFO] [stderr]   cargo:warning=      |                                    Buf32_t *
[INFO] [stderr]   cargo:warning=packetcrypt/src/AnnMiner.c:143:49: note: expected 'Buf64_t *' but argument is of type 'Buf32_t *'
[INFO] [stderr]   cargo:warning=  143 | static int populateTable2(Worker_t* w, Buf64_t* seed) {
[INFO] [stderr]   cargo:warning=      |                                        ~~~~~~~~~^~~~
[INFO] [stderr]   cargo:warning=packetcrypt/src/AnnMiner.c:220:37: warning: passing argument 2 of 'populateTable' from incompatible pointer type [-Wincompatible-pointer-types]
[INFO] [stderr]   cargo:warning=  220 |         populateTable(w->job.table, &w->job.annHash0);
[INFO] [stderr]   cargo:warning=      |                                     ^~~~~~~~~~~~~~~~
[INFO] [stderr]   cargo:warning=      |                                     |
[INFO] [stderr]   cargo:warning=      |                                     Buf32_t *
[INFO] [stderr]   cargo:warning=packetcrypt/src/AnnMiner.c:136:63: note: expected 'Buf64_t *' but argument is of type 'Buf32_t *'
[INFO] [stderr]   cargo:warning=  136 | static void populateTable(CryptoCycle_Item_t* table, Buf64_t* annHash0) {
[INFO] [stderr]   cargo:warning=      |                                                      ~~~~~~~~~^~~~~~~~
[INFO] [stderr]   cargo:warning=In file included from packetcrypt/src/RandHash.h:10,
[INFO] [stderr]   cargo:warning=                 from packetcrypt/src/AnnMiner.c:9:
[INFO] [stderr]   cargo:warning=packetcrypt/src/Buf.h:40:9: error: static assertion failed: "sizeof *(dst) != sizeof *(src)"
[INFO] [stderr]   cargo:warning=   40 |         _Static_assert(Buf_SIZEOF(dst) == Buf_SIZEOF(src), "sizeof *(dst) != sizeof *(src)"); \
[INFO] [stderr]   cargo:warning=      |         ^~~~~~~~~~~~~~
[INFO] [stderr]   cargo:warning=packetcrypt/src/AnnMiner.c:234:9: note: in expansion of macro 'Buf_OBJCPY'
[INFO] [stderr]   cargo:warning=  234 |         Buf_OBJCPY(&b[1], &w->job.annHash0);
[INFO] [stderr]   cargo:warning=      |         ^~~~~~~~~~
[INFO] [stderr]   exit status: 1
[INFO] [stderr] 
[INFO] [stderr]   --- stderr
[INFO] [stderr] 
[INFO] [stderr] 
[INFO] [stderr]   error occurred: Command "cc" "-O3" "-ffunction-sections" "-fdata-sections" "-fPIC" "-g" "-fno-omit-frame-pointer" "-m64" "-I" "/opt/rustwide/target/debug/build/libsodium-sys-1e72a9d6e31bc536/out/source/libsodium/src/libsodium/include" "-I" "packetcrypt/include" "-I" "packetcrypt/src" "-Wall" "-Wextra" "-Wno-implicit-function-declaration" "-o" "/opt/rustwide/target/debug/build/packetcrypt-sys-7b2c6a5c29873de8/out/lib/packetcrypt/src/AnnMiner.o" "-c" "packetcrypt/src/AnnMiner.c" with args "cc" did not execute successfully (status code exit status: 1).
[INFO] [stderr] 
[INFO] [stderr] 
[INFO] [stderr] warning: build failed, waiting for other jobs to finish...
[INFO] running `Command { std: "docker" "inspect" "3beb832d276d34c10101b051cb91919a4d179d0c5c332864716721475de92c10", kill_on_drop: false }`
[INFO] running `Command { std: "docker" "rm" "-f" "3beb832d276d34c10101b051cb91919a4d179d0c5c332864716721475de92c10", kill_on_drop: false }`
[INFO] [stdout] 3beb832d276d34c10101b051cb91919a4d179d0c5c332864716721475de92c10
