[INFO] cloning repository https://github.com/huskyii/satisfy-rs
[INFO] running `Command { std: "git" "-c" "credential.helper=" "-c" "credential.helper=/workspace/cargo-home/bin/git-credential-null" "clone" "--bare" "https://github.com/huskyii/satisfy-rs" "/workspace/cache/git-repos/https%3A%2F%2Fgithub.com%2Fhuskyii%2Fsatisfy-rs", kill_on_drop: false }`
[INFO] [stderr] Cloning into bare repository '/workspace/cache/git-repos/https%3A%2F%2Fgithub.com%2Fhuskyii%2Fsatisfy-rs'...
[INFO] running `Command { std: "git" "rev-parse" "HEAD", kill_on_drop: false }`
[INFO] [stdout] c2a39a5ce2d42f60532625548c1a3be006358b0c
[INFO] documenting huskyii/satisfy-rs against beta-2023-04-20 for beta-1.70-rustdoc-1
[INFO] running `Command { std: "git" "clone" "/workspace/cache/git-repos/https%3A%2F%2Fgithub.com%2Fhuskyii%2Fsatisfy-rs" "/workspace/builds/worker-1-tc2/source", kill_on_drop: false }`
[INFO] [stderr] Cloning into '/workspace/builds/worker-1-tc2/source'...
[INFO] [stderr] done.
[INFO] validating manifest of git repo https://github.com/huskyii/satisfy-rs on toolchain beta-2023-04-20
[INFO] running `Command { std: CARGO_HOME="/workspace/cargo-home" RUSTUP_HOME="/workspace/rustup-home" "/workspace/cargo-home/bin/cargo" "+beta-2023-04-20" "metadata" "--manifest-path" "Cargo.toml" "--no-deps", kill_on_drop: false }`
[INFO] started tweaking git repo https://github.com/huskyii/satisfy-rs
[INFO] finished tweaking git repo https://github.com/huskyii/satisfy-rs
[INFO] tweaked toml for git repo https://github.com/huskyii/satisfy-rs written to /workspace/builds/worker-1-tc2/source/Cargo.toml
[INFO] crate git repo https://github.com/huskyii/satisfy-rs already has a lockfile, it will not be regenerated
[INFO] running `Command { std: CARGO_HOME="/workspace/cargo-home" RUSTUP_HOME="/workspace/rustup-home" "/workspace/cargo-home/bin/cargo" "+beta-2023-04-20" "fetch" "--manifest-path" "Cargo.toml", kill_on_drop: false }`
[INFO] running `Command { std: "docker" "create" "-v" "/var/lib/crater-agent-workspace/builds/worker-1-tc2/target:/opt/rustwide/target:rw,Z" "-v" "/var/lib/crater-agent-workspace/builds/worker-1-tc2/source:/opt/rustwide/workdir:ro,Z" "-v" "/var/lib/crater-agent-workspace/cargo-home:/opt/rustwide/cargo-home:ro,Z" "-v" "/var/lib/crater-agent-workspace/rustup-home:/opt/rustwide/rustup-home:ro,Z" "-e" "SOURCE_DIR=/opt/rustwide/workdir" "-e" "CARGO_TARGET_DIR=/opt/rustwide/target" "-e" "CARGO_HOME=/opt/rustwide/cargo-home" "-e" "RUSTUP_HOME=/opt/rustwide/rustup-home" "-w" "/opt/rustwide/workdir" "-m" "1610612736" "--user" "0:0" "--network" "none" "ghcr.io/rust-lang/crates-build-env/linux@sha256:5ff2268d62e97bff2cde7d5815dd6ed5b47097566f13b8d0ca110b04b60e07ed" "/opt/rustwide/cargo-home/bin/cargo" "+beta-2023-04-20" "metadata" "--no-deps" "--format-version=1", kill_on_drop: false }`
[INFO] [stdout] b7603ef224aa4354a678d0e316bac957cf5e989dc47df3d4b201c457fea948bf
[INFO] running `Command { std: "docker" "start" "-a" "b7603ef224aa4354a678d0e316bac957cf5e989dc47df3d4b201c457fea948bf", kill_on_drop: false }`
[INFO] running `Command { std: "docker" "inspect" "b7603ef224aa4354a678d0e316bac957cf5e989dc47df3d4b201c457fea948bf", kill_on_drop: false }`
[INFO] running `Command { std: "docker" "rm" "-f" "b7603ef224aa4354a678d0e316bac957cf5e989dc47df3d4b201c457fea948bf", kill_on_drop: false }`
[INFO] [stdout] b7603ef224aa4354a678d0e316bac957cf5e989dc47df3d4b201c457fea948bf
[INFO] running `Command { std: "docker" "create" "-v" "/var/lib/crater-agent-workspace/builds/worker-1-tc2/target:/opt/rustwide/target:rw,Z" "-v" "/var/lib/crater-agent-workspace/builds/worker-1-tc2/source:/opt/rustwide/workdir:ro,Z" "-v" "/var/lib/crater-agent-workspace/cargo-home:/opt/rustwide/cargo-home:ro,Z" "-v" "/var/lib/crater-agent-workspace/rustup-home:/opt/rustwide/rustup-home:ro,Z" "-e" "SOURCE_DIR=/opt/rustwide/workdir" "-e" "CARGO_TARGET_DIR=/opt/rustwide/target" "-e" "CARGO_INCREMENTAL=0" "-e" "RUST_BACKTRACE=full" "-e" "RUSTFLAGS=--cap-lints=warn" "-e" "RUSTDOCFLAGS=--cap-lints=warn" "-e" "CARGO_HOME=/opt/rustwide/cargo-home" "-e" "RUSTUP_HOME=/opt/rustwide/rustup-home" "-w" "/opt/rustwide/workdir" "-m" "1610612736" "--user" "0:0" "--network" "none" "ghcr.io/rust-lang/crates-build-env/linux@sha256:5ff2268d62e97bff2cde7d5815dd6ed5b47097566f13b8d0ca110b04b60e07ed" "/opt/rustwide/cargo-home/bin/cargo" "+beta-2023-04-20" "doc" "--frozen" "--no-deps" "--document-private-items" "--message-format=json", kill_on_drop: false }`
[INFO] [stdout] 480c5717c77c5ad7306460c13528004b3853c46ee18423482a3f94c8cf74cfe2
[INFO] running `Command { std: "docker" "start" "-a" "480c5717c77c5ad7306460c13528004b3853c46ee18423482a3f94c8cf74cfe2", kill_on_drop: false }`
[INFO] [stderr]    Compiling libc v0.2.67
[INFO] [stderr]    Compiling jobserver v0.1.21
[INFO] [stderr]    Compiling cc v1.0.50
[INFO] [stderr]    Compiling cadical-sys v0.1.0 (/opt/rustwide/workdir/cadical-sys)
[INFO] [stderr] The following warnings were emitted during compilation:
[INFO] [stderr] 
[INFO] [stderr] warning: c++: fatal error: Killed signal terminated program cc1plus
[INFO] [stderr] warning: compilation terminated.
[INFO] [stderr] warning: c++: fatal error: Killed signal terminated program cc1plus
[INFO] [stderr] warning: compilation terminated.
[INFO] [stderr] warning: c++: fatal error: Killed signal terminated program cc1plus
[INFO] [stderr] warning: compilation terminated.
[INFO] [stderr] 
[INFO] [stderr] error: failed to run custom build command for `cadical-sys v0.1.0 (/opt/rustwide/workdir/cadical-sys)`
[INFO] [stderr] note: To improve backtraces for build dependencies, set the CARGO_PROFILE_DEV_BUILD_OVERRIDE_DEBUG=true environment variable to enable debug information generation.
[INFO] [stderr] 
[INFO] [stderr] Caused by:
[INFO] [stderr]   process didn't exit successfully: `/opt/rustwide/target/debug/build/cadical-sys-f2c99b9037b777e3/build-script-build` (exit status: 1)
[INFO] [stderr]   --- stdout
[INFO] [stderr]   TARGET = Some("x86_64-unknown-linux-gnu")
[INFO] [stderr]   OPT_LEVEL = Some("0")
[INFO] [stderr]   HOST = Some("x86_64-unknown-linux-gnu")
[INFO] [stderr]   CXX_x86_64-unknown-linux-gnu = None
[INFO] [stderr]   CXX_x86_64_unknown_linux_gnu = None
[INFO] [stderr]   HOST_CXX = None
[INFO] [stderr]   CXX = None
[INFO] [stderr]   CXXFLAGS_x86_64-unknown-linux-gnu = None
[INFO] [stderr]   CXXFLAGS_x86_64_unknown_linux_gnu = None
[INFO] [stderr]   HOST_CXXFLAGS = None
[INFO] [stderr]   CXXFLAGS = None
[INFO] [stderr]   CRATE_CC_NO_DEFAULTS = None
[INFO] [stderr]   DEBUG = Some("true")
[INFO] [stderr]   CARGO_CFG_TARGET_FEATURE = Some("fxsr,sse,sse2")
[INFO] [stderr]   running: "c++" "-O0" "-ffunction-sections" "-fdata-sections" "-fPIC" "-g" "-fno-omit-frame-pointer" "-m64" "-I" "cadical-rel-1.2.1/src" "-Wall" "-Wextra" "-DNDEBUG" "-DNBUILD" "-o" "/opt/rustwide/target/debug/build/cadical-sys-7287c15d8144aa8d/out/cadical-rel-1.2.1/src/analyze.o" "-c" "cadical-rel-1.2.1/src/analyze.cpp"
[INFO] [stderr]   running: "c++" "-O0" "-ffunction-sections" "-fdata-sections" "-fPIC" "-g" "-fno-omit-frame-pointer" "-m64" "-I" "cadical-rel-1.2.1/src" "-Wall" "-Wextra" "-DNDEBUG" "-DNBUILD" "-o" "/opt/rustwide/target/debug/build/cadical-sys-7287c15d8144aa8d/out/cadical-rel-1.2.1/src/assume.o" "-c" "cadical-rel-1.2.1/src/assume.cpp"
[INFO] [stderr]   running: "c++" "-O0" "-ffunction-sections" "-fdata-sections" "-fPIC" "-g" "-fno-omit-frame-pointer" "-m64" "-I" "cadical-rel-1.2.1/src" "-Wall" "-Wextra" "-DNDEBUG" "-DNBUILD" "-o" "/opt/rustwide/target/debug/build/cadical-sys-7287c15d8144aa8d/out/cadical-rel-1.2.1/src/arena.o" "-c" "cadical-rel-1.2.1/src/arena.cpp"
[INFO] [stderr]   running: "c++" "-O0" "-ffunction-sections" "-fdata-sections" "-fPIC" "-g" "-fno-omit-frame-pointer" "-m64" "-I" "cadical-rel-1.2.1/src" "-Wall" "-Wextra" "-DNDEBUG" "-DNBUILD" "-o" "/opt/rustwide/target/debug/build/cadical-sys-7287c15d8144aa8d/out/cadical-rel-1.2.1/src/bins.o" "-c" "cadical-rel-1.2.1/src/bins.cpp"
[INFO] [stderr]   running: "c++" "-O0" "-ffunction-sections" "-fdata-sections" "-fPIC" "-g" "-fno-omit-frame-pointer" "-m64" "-I" "cadical-rel-1.2.1/src" "-Wall" "-Wextra" "-DNDEBUG" "-DNBUILD" "-o" "/opt/rustwide/target/debug/build/cadical-sys-7287c15d8144aa8d/out/cadical-rel-1.2.1/src/backtrack.o" "-c" "cadical-rel-1.2.1/src/backtrack.cpp"
[INFO] [stderr]   running: "c++" "-O0" "-ffunction-sections" "-fdata-sections" "-fPIC" "-g" "-fno-omit-frame-pointer" "-m64" "-I" "cadical-rel-1.2.1/src" "-Wall" "-Wextra" "-DNDEBUG" "-DNBUILD" "-o" "/opt/rustwide/target/debug/build/cadical-sys-7287c15d8144aa8d/out/cadical-rel-1.2.1/src/ccadical.o" "-c" "cadical-rel-1.2.1/src/ccadical.cpp"
[INFO] [stderr]   running: "c++" "-O0" "-ffunction-sections" "-fdata-sections" "-fPIC" "-g" "-fno-omit-frame-pointer" "-m64" "-I" "cadical-rel-1.2.1/src" "-Wall" "-Wextra" "-DNDEBUG" "-DNBUILD" "-o" "/opt/rustwide/target/debug/build/cadical-sys-7287c15d8144aa8d/out/cadical-rel-1.2.1/src/backward.o" "-c" "cadical-rel-1.2.1/src/backward.cpp"
[INFO] [stderr]   running: "c++" "-O0" "-ffunction-sections" "-fdata-sections" "-fPIC" "-g" "-fno-omit-frame-pointer" "-m64" "-I" "cadical-rel-1.2.1/src" "-Wall" "-Wextra" "-DNDEBUG" "-DNBUILD" "-o" "/opt/rustwide/target/debug/build/cadical-sys-7287c15d8144aa8d/out/cadical-rel-1.2.1/src/checker.o" "-c" "cadical-rel-1.2.1/src/checker.cpp"
[INFO] [stderr]   running: "c++" "-O0" "-ffunction-sections" "-fdata-sections" "-fPIC" "-g" "-fno-omit-frame-pointer" "-m64" "-I" "cadical-rel-1.2.1/src" "-Wall" "-Wextra" "-DNDEBUG" "-DNBUILD" "-o" "/opt/rustwide/target/debug/build/cadical-sys-7287c15d8144aa8d/out/cadical-rel-1.2.1/src/clause.o" "-c" "cadical-rel-1.2.1/src/clause.cpp"
[INFO] [stderr]   running: "c++" "-O0" "-ffunction-sections" "-fdata-sections" "-fPIC" "-g" "-fno-omit-frame-pointer" "-m64" "-I" "cadical-rel-1.2.1/src" "-Wall" "-Wextra" "-DNDEBUG" "-DNBUILD" "-o" "/opt/rustwide/target/debug/build/cadical-sys-7287c15d8144aa8d/out/cadical-rel-1.2.1/src/compact.o" "-c" "cadical-rel-1.2.1/src/compact.cpp"
[INFO] [stderr]   running: "c++" "-O0" "-ffunction-sections" "-fdata-sections" "-fPIC" "-g" "-fno-omit-frame-pointer" "-m64" "-I" "cadical-rel-1.2.1/src" "-Wall" "-Wextra" "-DNDEBUG" "-DNBUILD" "-o" "/opt/rustwide/target/debug/build/cadical-sys-7287c15d8144aa8d/out/cadical-rel-1.2.1/src/block.o" "-c" "cadical-rel-1.2.1/src/block.cpp"
[INFO] [stderr]   running: "c++" "-O0" "-ffunction-sections" "-fdata-sections" "-fPIC" "-g" "-fno-omit-frame-pointer" "-m64" "-I" "cadical-rel-1.2.1/src" "-Wall" "-Wextra" "-DNDEBUG" "-DNBUILD" "-o" "/opt/rustwide/target/debug/build/cadical-sys-7287c15d8144aa8d/out/cadical-rel-1.2.1/src/collect.o" "-c" "cadical-rel-1.2.1/src/collect.cpp"
[INFO] [stderr]   running: "c++" "-O0" "-ffunction-sections" "-fdata-sections" "-fPIC" "-g" "-fno-omit-frame-pointer" "-m64" "-I" "cadical-rel-1.2.1/src" "-Wall" "-Wextra" "-DNDEBUG" "-DNBUILD" "-o" "/opt/rustwide/target/debug/build/cadical-sys-7287c15d8144aa8d/out/cadical-rel-1.2.1/src/averages.o" "-c" "cadical-rel-1.2.1/src/averages.cpp"
[INFO] [stderr]   running: "c++" "-O0" "-ffunction-sections" "-fdata-sections" "-fPIC" "-g" "-fno-omit-frame-pointer" "-m64" "-I" "cadical-rel-1.2.1/src" "-Wall" "-Wextra" "-DNDEBUG" "-DNBUILD" "-o" "/opt/rustwide/target/debug/build/cadical-sys-7287c15d8144aa8d/out/cadical-rel-1.2.1/src/config.o" "-c" "cadical-rel-1.2.1/src/config.cpp"
[INFO] [stderr]   running: "c++" "-O0" "-ffunction-sections" "-fdata-sections" "-fPIC" "-g" "-fno-omit-frame-pointer" "-m64" "-I" "cadical-rel-1.2.1/src" "-Wall" "-Wextra" "-DNDEBUG" "-DNBUILD" "-o" "/opt/rustwide/target/debug/build/cadical-sys-7287c15d8144aa8d/out/cadical-rel-1.2.1/src/cover.o" "-c" "cadical-rel-1.2.1/src/cover.cpp"
[INFO] [stderr]   running: "c++" "-O0" "-ffunction-sections" "-fdata-sections" "-fPIC" "-g" "-fno-omit-frame-pointer" "-m64" "-I" "cadical-rel-1.2.1/src" "-Wall" "-Wextra" "-DNDEBUG" "-DNBUILD" "-o" "/opt/rustwide/target/debug/build/cadical-sys-7287c15d8144aa8d/out/cadical-rel-1.2.1/src/condition.o" "-c" "cadical-rel-1.2.1/src/condition.cpp"
[INFO] [stderr]   exit status: 0
[INFO] [stderr]   running: "c++" "-O0" "-ffunction-sections" "-fdata-sections" "-fPIC" "-g" "-fno-omit-frame-pointer" "-m64" "-I" "cadical-rel-1.2.1/src" "-Wall" "-Wextra" "-DNDEBUG" "-DNBUILD" "-o" "/opt/rustwide/target/debug/build/cadical-sys-7287c15d8144aa8d/out/cadical-rel-1.2.1/src/decide.o" "-c" "cadical-rel-1.2.1/src/decide.cpp"
[INFO] [stderr]   cargo:warning=c++: fatal error: Killed signal terminated program cc1plus
[INFO] [stderr]   cargo:warning=compilation terminated.
[INFO] [stderr]   exit status: 1
[INFO] [stderr]   running: "c++" "-O0" "-ffunction-sections" "-fdata-sections" "-fPIC" "-g" "-fno-omit-frame-pointer" "-m64" "-I" "cadical-rel-1.2.1/src" "-Wall" "-Wextra" "-DNDEBUG" "-DNBUILD" "-o" "/opt/rustwide/target/debug/build/cadical-sys-7287c15d8144aa8d/out/cadical-rel-1.2.1/src/decompose.o" "-c" "cadical-rel-1.2.1/src/decompose.cpp"
[INFO] [stderr]   cargo:warning=c++: fatal error: Killed signal terminated program cc1plus
[INFO] [stderr]   cargo:warning=compilation terminated.
[INFO] [stderr]   exit status: 1
[INFO] [stderr]   cargo:warning=c++: fatal error: Killed signal terminated program cc1plus
[INFO] [stderr]   cargo:warning=compilation terminated.
[INFO] [stderr]   exit status: 1
[INFO] [stderr]   exit status: 0
[INFO] [stderr]   exit status: 0
[INFO] [stderr]   exit status: 0
[INFO] [stderr]   exit status: 0
[INFO] [stderr]   exit status: 0
[INFO] [stderr]   exit status: 0
[INFO] [stderr]   exit status: 0
[INFO] [stderr]   exit status: 0
[INFO] [stderr]   exit status: 0
[INFO] [stderr]   exit status: 0
[INFO] [stderr]   exit status: 0
[INFO] [stderr]   exit status: 0
[INFO] [stderr]   exit status: 0
[INFO] [stderr]   exit status: 0
[INFO] [stderr] 
[INFO] [stderr]   --- stderr
[INFO] [stderr] 
[INFO] [stderr] 
[INFO] [stderr]   error occurred: Command "c++" "-O0" "-ffunction-sections" "-fdata-sections" "-fPIC" "-g" "-fno-omit-frame-pointer" "-m64" "-I" "cadical-rel-1.2.1/src" "-Wall" "-Wextra" "-DNDEBUG" "-DNBUILD" "-o" "/opt/rustwide/target/debug/build/cadical-sys-7287c15d8144aa8d/out/cadical-rel-1.2.1/src/arena.o" "-c" "cadical-rel-1.2.1/src/arena.cpp" with args "c++" did not execute successfully (status code exit status: 1).
[INFO] [stderr] 
[INFO] [stderr] 
[INFO] running `Command { std: "docker" "inspect" "480c5717c77c5ad7306460c13528004b3853c46ee18423482a3f94c8cf74cfe2", kill_on_drop: false }`
[INFO] running `Command { std: "docker" "rm" "-f" "480c5717c77c5ad7306460c13528004b3853c46ee18423482a3f94c8cf74cfe2", kill_on_drop: false }`
[INFO] [stdout] 480c5717c77c5ad7306460c13528004b3853c46ee18423482a3f94c8cf74cfe2
