[INFO] cloning repository https://github.com/hugopeixoto/aoc2020
[INFO] running `Command { std: "git" "-c" "credential.helper=" "-c" "credential.helper=/workspace/cargo-home/bin/git-credential-null" "clone" "--bare" "https://github.com/hugopeixoto/aoc2020" "/workspace/cache/git-repos/https%3A%2F%2Fgithub.com%2Fhugopeixoto%2Faoc2020", kill_on_drop: false }`
[INFO] [stderr] Cloning into bare repository '/workspace/cache/git-repos/https%3A%2F%2Fgithub.com%2Fhugopeixoto%2Faoc2020'...
[INFO] running `Command { std: "git" "rev-parse" "HEAD", kill_on_drop: false }`
[INFO] [stdout] 62f84a6a3f5cd5f2aba47e6426f55f514ec81204
[INFO] documenting hugopeixoto/aoc2020 against 1.69.0 for beta-1.70-rustdoc-1
[INFO] running `Command { std: "git" "clone" "/workspace/cache/git-repos/https%3A%2F%2Fgithub.com%2Fhugopeixoto%2Faoc2020" "/workspace/builds/worker-7-tc1/source", kill_on_drop: false }`
[INFO] [stderr] Cloning into '/workspace/builds/worker-7-tc1/source'...
[INFO] [stderr] done.
[INFO] validating manifest of git repo https://github.com/hugopeixoto/aoc2020 on toolchain 1.69.0
[INFO] running `Command { std: CARGO_HOME="/workspace/cargo-home" RUSTUP_HOME="/workspace/rustup-home" "/workspace/cargo-home/bin/cargo" "+1.69.0" "metadata" "--manifest-path" "Cargo.toml" "--no-deps", kill_on_drop: false }`
[INFO] started tweaking git repo https://github.com/hugopeixoto/aoc2020
[INFO] finished tweaking git repo https://github.com/hugopeixoto/aoc2020
[INFO] tweaked toml for git repo https://github.com/hugopeixoto/aoc2020 written to /workspace/builds/worker-7-tc1/source/Cargo.toml
[INFO] crate git repo https://github.com/hugopeixoto/aoc2020 already has a lockfile, it will not be regenerated
[INFO] running `Command { std: CARGO_HOME="/workspace/cargo-home" RUSTUP_HOME="/workspace/rustup-home" "/workspace/cargo-home/bin/cargo" "+1.69.0" "fetch" "--manifest-path" "Cargo.toml", kill_on_drop: false }`
[INFO] running `Command { std: "docker" "create" "-v" "/var/lib/crater-agent-workspace/builds/worker-7-tc1/target:/opt/rustwide/target:rw,Z" "-v" "/var/lib/crater-agent-workspace/builds/worker-7-tc1/source:/opt/rustwide/workdir:ro,Z" "-v" "/var/lib/crater-agent-workspace/cargo-home:/opt/rustwide/cargo-home:ro,Z" "-v" "/var/lib/crater-agent-workspace/rustup-home:/opt/rustwide/rustup-home:ro,Z" "-e" "SOURCE_DIR=/opt/rustwide/workdir" "-e" "CARGO_TARGET_DIR=/opt/rustwide/target" "-e" "CARGO_HOME=/opt/rustwide/cargo-home" "-e" "RUSTUP_HOME=/opt/rustwide/rustup-home" "-w" "/opt/rustwide/workdir" "-m" "1610612736" "--user" "0:0" "--network" "none" "ghcr.io/rust-lang/crates-build-env/linux@sha256:5ff2268d62e97bff2cde7d5815dd6ed5b47097566f13b8d0ca110b04b60e07ed" "/opt/rustwide/cargo-home/bin/cargo" "+1.69.0" "metadata" "--no-deps" "--format-version=1", kill_on_drop: false }`
[INFO] [stdout] da3d5609c71635383c81def0947a34b1dc244df1a93ad79987d70b56914947c0
[INFO] running `Command { std: "docker" "start" "-a" "da3d5609c71635383c81def0947a34b1dc244df1a93ad79987d70b56914947c0", kill_on_drop: false }`
[INFO] running `Command { std: "docker" "inspect" "da3d5609c71635383c81def0947a34b1dc244df1a93ad79987d70b56914947c0", kill_on_drop: false }`
[INFO] running `Command { std: "docker" "rm" "-f" "da3d5609c71635383c81def0947a34b1dc244df1a93ad79987d70b56914947c0", kill_on_drop: false }`
[INFO] [stdout] da3d5609c71635383c81def0947a34b1dc244df1a93ad79987d70b56914947c0
[INFO] running `Command { std: "docker" "create" "-v" "/var/lib/crater-agent-workspace/builds/worker-7-tc1/target:/opt/rustwide/target:rw,Z" "-v" "/var/lib/crater-agent-workspace/builds/worker-7-tc1/source:/opt/rustwide/workdir:ro,Z" "-v" "/var/lib/crater-agent-workspace/cargo-home:/opt/rustwide/cargo-home:ro,Z" "-v" "/var/lib/crater-agent-workspace/rustup-home:/opt/rustwide/rustup-home:ro,Z" "-e" "SOURCE_DIR=/opt/rustwide/workdir" "-e" "CARGO_TARGET_DIR=/opt/rustwide/target" "-e" "CARGO_INCREMENTAL=0" "-e" "RUST_BACKTRACE=full" "-e" "RUSTFLAGS=--cap-lints=warn" "-e" "RUSTDOCFLAGS=--cap-lints=warn" "-e" "CARGO_HOME=/opt/rustwide/cargo-home" "-e" "RUSTUP_HOME=/opt/rustwide/rustup-home" "-w" "/opt/rustwide/workdir" "-m" "1610612736" "--user" "0:0" "--network" "none" "ghcr.io/rust-lang/crates-build-env/linux@sha256:5ff2268d62e97bff2cde7d5815dd6ed5b47097566f13b8d0ca110b04b60e07ed" "/opt/rustwide/cargo-home/bin/cargo" "+1.69.0" "doc" "--frozen" "--no-deps" "--document-private-items" "--message-format=json", kill_on_drop: false }`
[INFO] [stdout] 6bc65eb8770f81a6afacf9de087ce41199d1b71f51c842a19c9648cea7be72a7
[INFO] running `Command { std: "docker" "start" "-a" "6bc65eb8770f81a6afacf9de087ce41199d1b71f51c842a19c9648cea7be72a7", kill_on_drop: false }`
[INFO] [stderr]    Compiling memchr v2.3.4
[INFO] [stderr]     Checking lazy_static v1.4.0
[INFO] [stderr]     Checking regex-syntax v0.6.21
[INFO] [stderr]     Checking either v1.6.1
[INFO] [stderr]     Checking thread_local v1.0.1
[INFO] [stderr]     Checking itertools v0.9.0
[INFO] [stderr]     Checking aho-corasick v0.7.15
[INFO] [stderr]     Checking regex v1.4.2
[INFO] [stderr]     Checking scan_fmt v0.2.5
[INFO] [stderr]  Documenting aoc2020 v0.1.0 (/opt/rustwide/workdir)
[INFO] [stderr]     Checking aoc2020 v0.1.0 (/opt/rustwide/workdir)
[INFO] [stdout] error[E0554]: `#![feature]` may not be used on the stable release channel
[INFO] [stdout]  --> src/bin/day24.rs:1:1
[INFO] [stdout]   |
[INFO] [stdout] 1 | #![feature(destructuring_assignment)]
[INFO] [stdout]   | ^^^^^^^^^^^^^^^^^^^^^^^^^^^^^^^^^^^^^ help: remove the attribute
[INFO] [stdout]   |
[INFO] [stdout]   = help: the feature `destructuring_assignment` has been stable since `1.59.0` and no longer requires an attribute to enable
[INFO] [stdout] 
[INFO] [stdout] 
[INFO] [stdout] error[E0554]: `#![feature]` may not be used on the stable release channel
[INFO] [stdout]  --> src/bin/day24.rs:2:1
[INFO] [stdout]   |
[INFO] [stdout] 2 | #![feature(or_patterns)]
[INFO] [stdout]   | ^^^^^^^^^^^^^^^^^^^^^^^^ help: remove the attribute
[INFO] [stdout]   |
[INFO] [stdout]   = help: the feature `or_patterns` has been stable since `1.53.0` and no longer requires an attribute to enable
[INFO] [stdout] 
[INFO] [stdout] 
[INFO] [stdout] error[E0554]: `#![feature]` may not be used on the stable release channel
[INFO] [stdout]  --> src/bin/day24.rs:3:1
[INFO] [stdout]   |
[INFO] [stdout] 3 | #![feature(exclusive_range_pattern)]
[INFO] [stdout]   | ^^^^^^^^^^^^^^^^^^^^^^^^^^^^^^^^^^^^
[INFO] [stdout] 
[INFO] [stdout] 
[INFO] [stdout] error[E0554]: `#![feature]` may not be used on the stable release channel
[INFO] [stdout]  --> src/bin/day24.rs:4:1
[INFO] [stdout]   |
[INFO] [stdout] 4 | #![feature(half_open_range_patterns)]
[INFO] [stdout]   | ^^^^^^^^^^^^^^^^^^^^^^^^^^^^^^^^^^^^^ help: remove the attribute
[INFO] [stdout]   |
[INFO] [stdout]   = help: the feature `half_open_range_patterns` has been stable since `1.66.0` and no longer requires an attribute to enable
[INFO] [stdout] 
[INFO] [stdout] 
[INFO] [stdout] error[E0554]: `#![feature]` may not be used on the stable release channel
[INFO] [stdout]  --> src/bin/day24.rs:5:1
[INFO] [stdout]   |
[INFO] [stdout] 5 | #![feature(iterator_fold_self)]
[INFO] [stdout]   | ^^^^^^^^^^^^^^^^^^^^^^^^^^^^^^^
[INFO] [stdout] 
[INFO] [stdout] 
[INFO] [stdout] error[E0554]: `#![feature]` may not be used on the stable release channel
[INFO] [stdout]  --> src/bin/day24.rs:6:1
[INFO] [stdout]   |
[INFO] [stdout] 6 | #![feature(test)]
[INFO] [stdout]   | ^^^^^^^^^^^^^^^^^
[INFO] [stdout] 
[INFO] [stdout] 
[INFO] [stdout] error[E0554]: `#![feature]` may not be used on the stable release channel
[INFO] [stdout]  --> src/bin/day06.rs:1:12
[INFO] [stdout]   |
[INFO] [stdout] 1 | #![feature(test)]
[INFO] [stdout]   |            ^^^^
[INFO] [stdout] 
[INFO] [stdout] 
[INFO] [stdout] error[E0554]: `#![feature]` may not be used on the stable release channel
[INFO] [stdout]  --> src/bin/day22.rs:1:1
[INFO] [stdout]   |
[INFO] [stdout] 1 | #![feature(destructuring_assignment)]
[INFO] [stdout]   | ^^^^^^^^^^^^^^^^^^^^^^^^^^^^^^^^^^^^^ help: remove the attribute
[INFO] [stdout]   |
[INFO] [stdout]   = help: the feature `destructuring_assignment` has been stable since `1.59.0` and no longer requires an attribute to enable
[INFO] [stdout] 
[INFO] [stdout] 
[INFO] [stdout] error[E0554]: `#![feature]` may not be used on the stable release channel
[INFO] [stdout]  --> src/bin/day22.rs:2:1
[INFO] [stdout]   |
[INFO] [stdout] 2 | #![feature(or_patterns)]
[INFO] [stdout]   | ^^^^^^^^^^^^^^^^^^^^^^^^ help: remove the attribute
[INFO] [stdout]   |
[INFO] [stdout]   = help: the feature `or_patterns` has been stable since `1.53.0` and no longer requires an attribute to enable
[INFO] [stdout] 
[INFO] [stdout] 
[INFO] [stdout] error[E0554]: `#![feature]` may not be used on the stable release channel
[INFO] [stdout]  --> src/bin/day22.rs:3:1
[INFO] [stdout]   |
[INFO] [stdout] 3 | #![feature(exclusive_range_pattern)]
[INFO] [stdout]   | ^^^^^^^^^^^^^^^^^^^^^^^^^^^^^^^^^^^^
[INFO] [stdout] 
[INFO] [stdout] 
[INFO] [stdout] error[E0554]: `#![feature]` may not be used on the stable release channel
[INFO] [stdout]  --> src/bin/day22.rs:4:1
[INFO] [stdout]   |
[INFO] [stdout] 4 | #![feature(iterator_fold_self)]
[INFO] [stdout]   | ^^^^^^^^^^^^^^^^^^^^^^^^^^^^^^^
[INFO] [stdout] 
[INFO] [stdout] 
[INFO] [stdout] error[E0554]: `#![feature]` may not be used on the stable release channel
[INFO] [stdout]  --> src/bin/day22.rs:5:1
[INFO] [stdout]   |
[INFO] [stdout] 5 | #![feature(test)]
[INFO] [stdout]   | ^^^^^^^^^^^^^^^^^
[INFO] [stdout] 
[INFO] [stdout] 
[INFO] [stdout] error: aborting due to 6 previous errors
[INFO] [stdout] 
[INFO] [stdout] 
[INFO] [stdout] For more information about this error, try `rustc --explain E0554`.
[INFO] [stdout] 
[INFO] [stdout] error[E0554]: `#![feature]` may not be used on the stable release channel
[INFO] [stdout]  --> src/bin/day16.rs:1:1
[INFO] [stdout]   |
[INFO] [stdout] 1 | #![feature(destructuring_assignment)]
[INFO] [stdout]   | ^^^^^^^^^^^^^^^^^^^^^^^^^^^^^^^^^^^^^ help: remove the attribute
[INFO] [stdout]   |
[INFO] [stdout]   = help: the feature `destructuring_assignment` has been stable since `1.59.0` and no longer requires an attribute to enable
[INFO] [stdout] 
[INFO] [stdout] 
[INFO] [stdout] error[E0554]: `#![feature]` may not be used on the stable release channel
[INFO] [stdout]  --> src/bin/day09.rs:1:1
[INFO] [stdout]   |
[INFO] [stdout] 1 | #![feature(or_patterns)]
[INFO] [stdout]   | ^^^^^^^^^^^^^^^^^^^^^^^^ help: remove the attribute
[INFO] [stdout]   |
[INFO] [stdout]   = help: the feature `or_patterns` has been stable since `1.53.0` and no longer requires an attribute to enable
[INFO] [stdout] 
[INFO] [stdout] 
[INFO] [stdout] error[E0554]: `#![feature]` may not be used on the stable release channel
[INFO] [stdout]  --> src/bin/day09.rs:2:1
[INFO] [stdout]   |
[INFO] [stdout] 2 | #![feature(test)]
[INFO] [stdout]   | ^^^^^^^^^^^^^^^^^
[INFO] [stdout] 
[INFO] [stdout] 
[INFO] [stderr] error: could not document `aoc2020`
[INFO] [stderr] 
[INFO] [stderr] Caused by:
[INFO] [stderr]   process didn't exit successfully: `rustdoc --edition=2018 --crate-type bin --crate-name day24 src/bin/day24.rs -o /opt/rustwide/target/doc --error-format=json --json=diagnostic-rendered-ansi,artifacts,future-incompat --document-private-items '-Arustdoc::private-intra-doc-links' -C metadata=f16e5febfec98940 -L dependency=/opt/rustwide/target/debug/deps --extern aoc2020=/opt/rustwide/target/debug/deps/libaoc2020-77b8508abae6f23d.rmeta --extern itertools=/opt/rustwide/target/debug/deps/libitertools-05e573dc9d30a996.rmeta --extern regex=/opt/rustwide/target/debug/deps/libregex-7e9d46d1ac6dee9a.rmeta --extern scan_fmt=/opt/rustwide/target/debug/deps/libscan_fmt-b8e1417b03bd026a.rmeta --cap-lints=warn --crate-version 0.1.0` (exit status: 1)
[INFO] [stderr] warning: build failed, waiting for other jobs to finish...
[INFO] [stdout] error: aborting due to 2 previous errors
[INFO] [stdout] 
[INFO] [stdout] 
[INFO] [stdout] For more information about this error, try `rustc --explain E0554`.
[INFO] [stdout] 
[INFO] [stdout] error[E0554]: `#![feature]` may not be used on the stable release channel
[INFO] [stdout]  --> src/bin/day25.rs:1:1
[INFO] [stdout]   |
[INFO] [stdout] 1 | #![feature(destructuring_assignment)]
[INFO] [stdout]   | ^^^^^^^^^^^^^^^^^^^^^^^^^^^^^^^^^^^^^ help: remove the attribute
[INFO] [stdout]   |
[INFO] [stdout]   = help: the feature `destructuring_assignment` has been stable since `1.59.0` and no longer requires an attribute to enable
[INFO] [stdout] 
[INFO] [stdout] 
[INFO] [stdout] error[E0554]: `#![feature]` may not be used on the stable release channel
[INFO] [stdout]  --> src/bin/day25.rs:2:1
[INFO] [stdout]   |
[INFO] [stdout] 2 | #![feature(or_patterns)]
[INFO] [stdout]   | ^^^^^^^^^^^^^^^^^^^^^^^^ help: remove the attribute
[INFO] [stdout]   |
[INFO] [stdout]   = help: the feature `or_patterns` has been stable since `1.53.0` and no longer requires an attribute to enable
[INFO] [stdout] 
[INFO] [stdout] 
[INFO] [stdout] error[E0554]: `#![feature]` may not be used on the stable release channel
[INFO] [stdout]  --> src/bin/day17.rs:1:1
[INFO] [stdout]   |
[INFO] [stdout] 1 | #![feature(destructuring_assignment)]
[INFO] [stdout]   | ^^^^^^^^^^^^^^^^^^^^^^^^^^^^^^^^^^^^^ help: remove the attribute
[INFO] [stdout]   |
[INFO] [stdout]   = help: the feature `destructuring_assignment` has been stable since `1.59.0` and no longer requires an attribute to enable
[INFO] [stdout] 
[INFO] [stdout] 
[INFO] [stdout] error[E0554]: `#![feature]` may not be used on the stable release channel
[INFO] [stdout]  --> src/bin/day17.rs:2:1
[INFO] [stdout]   |
[INFO] [stdout] 2 | #![feature(or_patterns)]
[INFO] [stdout]   | ^^^^^^^^^^^^^^^^^^^^^^^^ help: remove the attribute
[INFO] [stdout]   |
[INFO] [stdout]   = help: the feature `or_patterns` has been stable since `1.53.0` and no longer requires an attribute to enable
[INFO] [stdout] 
[INFO] [stdout] 
[INFO] [stdout] error[E0554]: `#![feature]` may not be used on the stable release channel
[INFO] [stdout]  --> src/bin/day25.rs:3:1
[INFO] [stdout]   |
[INFO] [stdout] 3 | #![feature(exclusive_range_pattern)]
[INFO] [stdout]   | ^^^^^^^^^^^^^^^^^^^^^^^^^^^^^^^^^^^^
[INFO] [stdout] 
[INFO] [stdout] 
[INFO] [stdout] error[E0554]: `#![feature]` may not be used on the stable release channel
[INFO] [stdout]  --> src/bin/day17.rs:3:1
[INFO] [stdout]   |
[INFO] [stdout] 3 | #![feature(test)]
[INFO] [stdout]   | ^^^^^^^^^^^^^^^^^
[INFO] [stdout] 
[INFO] [stdout] 
[INFO] [stdout] error[E0554]: `#![feature]` may not be used on the stable release channel
[INFO] [stdout]  --> src/bin/day25.rs:4:1
[INFO] [stdout]   |
[INFO] [stdout] 4 | #![feature(half_open_range_patterns)]
[INFO] [stdout]   | ^^^^^^^^^^^^^^^^^^^^^^^^^^^^^^^^^^^^^ help: remove the attribute
[INFO] [stdout]   |
[INFO] [stdout]   = help: the feature `half_open_range_patterns` has been stable since `1.66.0` and no longer requires an attribute to enable
[INFO] [stdout] 
[INFO] [stdout] 
[INFO] [stdout] error[E0554]: `#![feature]` may not be used on the stable release channel
[INFO] [stdout]  --> src/bin/day25.rs:5:1
[INFO] [stdout]   |
[INFO] [stdout] 5 | #![feature(iterator_fold_self)]
[INFO] [stdout]   | ^^^^^^^^^^^^^^^^^^^^^^^^^^^^^^^
[INFO] [stdout] 
[INFO] [stdout] 
[INFO] [stdout] error[E0554]: `#![feature]` may not be used on the stable release channel
[INFO] [stdout]  --> src/bin/day25.rs:6:1
[INFO] [stdout]   |
[INFO] [stdout] 6 | #![feature(test)]
[INFO] [stdout]   | ^^^^^^^^^^^^^^^^^
[INFO] [stdout] 
[INFO] [stdout] 
[INFO] [stderr] error: could not document `aoc2020`
[INFO] [stderr] 
[INFO] [stderr] Caused by:
[INFO] [stderr]   process didn't exit successfully: `rustdoc --edition=2018 --crate-type bin --crate-name day09 src/bin/day09.rs -o /opt/rustwide/target/doc --error-format=json --json=diagnostic-rendered-ansi,artifacts,future-incompat --document-private-items '-Arustdoc::private-intra-doc-links' -C metadata=380981f470e16d2e -L dependency=/opt/rustwide/target/debug/deps --extern aoc2020=/opt/rustwide/target/debug/deps/libaoc2020-77b8508abae6f23d.rmeta --extern itertools=/opt/rustwide/target/debug/deps/libitertools-05e573dc9d30a996.rmeta --extern regex=/opt/rustwide/target/debug/deps/libregex-7e9d46d1ac6dee9a.rmeta --extern scan_fmt=/opt/rustwide/target/debug/deps/libscan_fmt-b8e1417b03bd026a.rmeta --cap-lints=warn --crate-version 0.1.0` (exit status: 1)
[INFO] [stdout] error[E0554]: `#![feature]` may not be used on the stable release channel
[INFO] [stdout]  --> src/bin/day16.rs:2:1
[INFO] [stdout]   |
[INFO] [stdout] 2 | #![feature(or_patterns)]
[INFO] [stdout]   | ^^^^^^^^^^^^^^^^^^^^^^^^ help: remove the attribute
[INFO] [stdout]   |
[INFO] [stdout]   = help: the feature `or_patterns` has been stable since `1.53.0` and no longer requires an attribute to enable
[INFO] [stdout] 
[INFO] [stdout] 
[INFO] [stdout] error[E0554]: `#![feature]` may not be used on the stable release channel
[INFO] [stdout]  --> src/bin/day16.rs:3:1
[INFO] [stdout]   |
[INFO] [stdout] 3 | #![feature(test)]
[INFO] [stdout]   | ^^^^^^^^^^^^^^^^^
[INFO] [stdout] 
[INFO] [stdout] 
[INFO] [stdout] error: aborting due to 6 previous errors
[INFO] [stdout] 
[INFO] [stdout] 
[INFO] [stdout] For more information about this error, try `rustc --explain E0554`.
[INFO] [stdout] 
[INFO] [stdout] error: aborting due to 3 previous errors
[INFO] [stdout] 
[INFO] [stdout] 
[INFO] [stdout] For more information about this error, try `rustc --explain E0554`.
[INFO] [stdout] 
[INFO] [stdout] error: aborting due to 3 previous errors
[INFO] [stdout] 
[INFO] [stdout] 
[INFO] [stdout] For more information about this error, try `rustc --explain E0554`.
[INFO] [stdout] 
[INFO] [stdout] error: aborting due to previous error
[INFO] [stdout] 
[INFO] [stdout] 
[INFO] [stdout] For more information about this error, try `rustc --explain E0554`.
[INFO] [stdout] 
[INFO] [stderr] error: could not document `aoc2020`
[INFO] [stderr] 
[INFO] [stderr] Caused by:
[INFO] [stderr]   process didn't exit successfully: `rustdoc --edition=2018 --crate-type bin --crate-name day17 src/bin/day17.rs -o /opt/rustwide/target/doc --error-format=json --json=diagnostic-rendered-ansi,artifacts,future-incompat --document-private-items '-Arustdoc::private-intra-doc-links' -C metadata=38ecac4d7abbceab -L dependency=/opt/rustwide/target/debug/deps --extern aoc2020=/opt/rustwide/target/debug/deps/libaoc2020-77b8508abae6f23d.rmeta --extern itertools=/opt/rustwide/target/debug/deps/libitertools-05e573dc9d30a996.rmeta --extern regex=/opt/rustwide/target/debug/deps/libregex-7e9d46d1ac6dee9a.rmeta --extern scan_fmt=/opt/rustwide/target/debug/deps/libscan_fmt-b8e1417b03bd026a.rmeta --cap-lints=warn --crate-version 0.1.0` (exit status: 1)
[INFO] [stderr] error: could not document `aoc2020`
[INFO] [stderr] 
[INFO] [stderr] Caused by:
[INFO] [stderr]   process didn't exit successfully: `rustdoc --edition=2018 --crate-type bin --crate-name day16 src/bin/day16.rs -o /opt/rustwide/target/doc --error-format=json --json=diagnostic-rendered-ansi,artifacts,future-incompat --document-private-items '-Arustdoc::private-intra-doc-links' -C metadata=ef6f63737649ffa8 -L dependency=/opt/rustwide/target/debug/deps --extern aoc2020=/opt/rustwide/target/debug/deps/libaoc2020-77b8508abae6f23d.rmeta --extern itertools=/opt/rustwide/target/debug/deps/libitertools-05e573dc9d30a996.rmeta --extern regex=/opt/rustwide/target/debug/deps/libregex-7e9d46d1ac6dee9a.rmeta --extern scan_fmt=/opt/rustwide/target/debug/deps/libscan_fmt-b8e1417b03bd026a.rmeta --cap-lints=warn --crate-version 0.1.0` (exit status: 1)
[INFO] [stderr] error: could not document `aoc2020`
[INFO] [stderr] 
[INFO] [stderr] Caused by:
[INFO] [stderr]   process didn't exit successfully: `rustdoc --edition=2018 --crate-type bin --crate-name day25 src/bin/day25.rs -o /opt/rustwide/target/doc --error-format=json --json=diagnostic-rendered-ansi,artifacts,future-incompat --document-private-items '-Arustdoc::private-intra-doc-links' -C metadata=0b24f727614c32f9 -L dependency=/opt/rustwide/target/debug/deps --extern aoc2020=/opt/rustwide/target/debug/deps/libaoc2020-77b8508abae6f23d.rmeta --extern itertools=/opt/rustwide/target/debug/deps/libitertools-05e573dc9d30a996.rmeta --extern regex=/opt/rustwide/target/debug/deps/libregex-7e9d46d1ac6dee9a.rmeta --extern scan_fmt=/opt/rustwide/target/debug/deps/libscan_fmt-b8e1417b03bd026a.rmeta --cap-lints=warn --crate-version 0.1.0` (exit status: 1)
[INFO] [stdout] error[E0554]: `#![feature]` may not be used on the stable release channel
[INFO] [stdout]  --> src/bin/day07.rs:1:1
[INFO] [stdout]   |
[INFO] [stdout] 1 | #![feature(or_patterns)]
[INFO] [stdout]   | ^^^^^^^^^^^^^^^^^^^^^^^^ help: remove the attribute
[INFO] [stdout]   |
[INFO] [stdout]   = help: the feature `or_patterns` has been stable since `1.53.0` and no longer requires an attribute to enable
[INFO] [stdout] 
[INFO] [stdout] 
[INFO] [stdout] error[E0554]: `#![feature]` may not be used on the stable release channel
[INFO] [stdout]  --> src/bin/day07.rs:2:1
[INFO] [stdout]   |
[INFO] [stdout] 2 | #![feature(test)]
[INFO] [stdout]   | ^^^^^^^^^^^^^^^^^
[INFO] [stdout] 
[INFO] [stdout] 
[INFO] [stderr] error: could not document `aoc2020`
[INFO] [stderr] 
[INFO] [stderr] Caused by:
[INFO] [stderr]   process didn't exit successfully: `rustdoc --edition=2018 --crate-type bin --crate-name day06 src/bin/day06.rs -o /opt/rustwide/target/doc --error-format=json --json=diagnostic-rendered-ansi,artifacts,future-incompat --document-private-items '-Arustdoc::private-intra-doc-links' -C metadata=1d5108bded5e94dc -L dependency=/opt/rustwide/target/debug/deps --extern aoc2020=/opt/rustwide/target/debug/deps/libaoc2020-77b8508abae6f23d.rmeta --extern itertools=/opt/rustwide/target/debug/deps/libitertools-05e573dc9d30a996.rmeta --extern regex=/opt/rustwide/target/debug/deps/libregex-7e9d46d1ac6dee9a.rmeta --extern scan_fmt=/opt/rustwide/target/debug/deps/libscan_fmt-b8e1417b03bd026a.rmeta --cap-lints=warn --crate-version 0.1.0` (exit status: 1)
[INFO] [stdout] error: aborting due to 5 previous errors
[INFO] [stdout] 
[INFO] [stdout] 
[INFO] [stdout] For more information about this error, try `rustc --explain E0554`.
[INFO] [stdout] 
[INFO] [stdout] error: aborting due to 2 previous errors
[INFO] [stdout] 
[INFO] [stdout] 
[INFO] [stdout] For more information about this error, try `rustc --explain E0554`.
[INFO] [stdout] 
[INFO] [stderr] error: could not document `aoc2020`
[INFO] [stderr] 
[INFO] [stderr] Caused by:
[INFO] [stderr]   process didn't exit successfully: `rustdoc --edition=2018 --crate-type bin --crate-name day22 src/bin/day22.rs -o /opt/rustwide/target/doc --error-format=json --json=diagnostic-rendered-ansi,artifacts,future-incompat --document-private-items '-Arustdoc::private-intra-doc-links' -C metadata=2230c11dbd2283f9 -L dependency=/opt/rustwide/target/debug/deps --extern aoc2020=/opt/rustwide/target/debug/deps/libaoc2020-77b8508abae6f23d.rmeta --extern itertools=/opt/rustwide/target/debug/deps/libitertools-05e573dc9d30a996.rmeta --extern regex=/opt/rustwide/target/debug/deps/libregex-7e9d46d1ac6dee9a.rmeta --extern scan_fmt=/opt/rustwide/target/debug/deps/libscan_fmt-b8e1417b03bd026a.rmeta --cap-lints=warn --crate-version 0.1.0` (exit status: 1)
[INFO] [stderr] error: could not document `aoc2020`
[INFO] [stderr] 
[INFO] [stderr] Caused by:
[INFO] [stderr]   process didn't exit successfully: `rustdoc --edition=2018 --crate-type bin --crate-name day07 src/bin/day07.rs -o /opt/rustwide/target/doc --error-format=json --json=diagnostic-rendered-ansi,artifacts,future-incompat --document-private-items '-Arustdoc::private-intra-doc-links' -C metadata=f9aa870c61e8b933 -L dependency=/opt/rustwide/target/debug/deps --extern aoc2020=/opt/rustwide/target/debug/deps/libaoc2020-77b8508abae6f23d.rmeta --extern itertools=/opt/rustwide/target/debug/deps/libitertools-05e573dc9d30a996.rmeta --extern regex=/opt/rustwide/target/debug/deps/libregex-7e9d46d1ac6dee9a.rmeta --extern scan_fmt=/opt/rustwide/target/debug/deps/libscan_fmt-b8e1417b03bd026a.rmeta --cap-lints=warn --crate-version 0.1.0` (exit status: 1)
[INFO] [stdout] error[E0554]: `#![feature]` may not be used on the stable release channel
[INFO] [stdout]  --> src/bin/day15.rs:1:1
[INFO] [stdout]   |
[INFO] [stdout] 1 | #![feature(destructuring_assignment)]
[INFO] [stdout]   | ^^^^^^^^^^^^^^^^^^^^^^^^^^^^^^^^^^^^^ help: remove the attribute
[INFO] [stdout]   |
[INFO] [stdout]   = help: the feature `destructuring_assignment` has been stable since `1.59.0` and no longer requires an attribute to enable
[INFO] [stdout] 
[INFO] [stdout] 
[INFO] [stdout] error[E0554]: `#![feature]` may not be used on the stable release channel
[INFO] [stdout]  --> src/bin/day15.rs:2:1
[INFO] [stdout]   |
[INFO] [stdout] 2 | #![feature(or_patterns)]
[INFO] [stdout]   | ^^^^^^^^^^^^^^^^^^^^^^^^ help: remove the attribute
[INFO] [stdout]   |
[INFO] [stdout]   = help: the feature `or_patterns` has been stable since `1.53.0` and no longer requires an attribute to enable
[INFO] [stdout] 
[INFO] [stdout] 
[INFO] [stdout] error[E0554]: `#![feature]` may not be used on the stable release channel
[INFO] [stdout]  --> src/bin/day15.rs:3:1
[INFO] [stdout]   |
[INFO] [stdout] 3 | #![feature(test)]
[INFO] [stdout]   | ^^^^^^^^^^^^^^^^^
[INFO] [stdout] 
[INFO] [stdout] 
[INFO] [stdout] error: aborting due to 3 previous errors
[INFO] [stdout] 
[INFO] [stdout] 
[INFO] [stdout] For more information about this error, try `rustc --explain E0554`.
[INFO] [stdout] 
[INFO] [stdout] error[E0554]: `#![feature]` may not be used on the stable release channel
[INFO] [stdout]  --> src/bin/day13.rs:1:1
[INFO] [stdout]   |
[INFO] [stdout] 1 | #![feature(destructuring_assignment)]
[INFO] [stdout]   | ^^^^^^^^^^^^^^^^^^^^^^^^^^^^^^^^^^^^^ help: remove the attribute
[INFO] [stdout]   |
[INFO] [stdout]   = help: the feature `destructuring_assignment` has been stable since `1.59.0` and no longer requires an attribute to enable
[INFO] [stdout] 
[INFO] [stdout] 
[INFO] [stdout] error[E0554]: `#![feature]` may not be used on the stable release channel
[INFO] [stdout]  --> src/bin/day13.rs:2:1
[INFO] [stdout]   |
[INFO] [stdout] 2 | #![feature(or_patterns)]
[INFO] [stdout]   | ^^^^^^^^^^^^^^^^^^^^^^^^ help: remove the attribute
[INFO] [stdout]   |
[INFO] [stdout]   = help: the feature `or_patterns` has been stable since `1.53.0` and no longer requires an attribute to enable
[INFO] [stdout] 
[INFO] [stdout] 
[INFO] [stdout] error[E0554]: `#![feature]` may not be used on the stable release channel
[INFO] [stdout]  --> src/bin/day13.rs:3:1
[INFO] [stdout]   |
[INFO] [stdout] 3 | #![feature(test)]
[INFO] [stdout]   | ^^^^^^^^^^^^^^^^^
[INFO] [stdout] 
[INFO] [stdout] 
[INFO] [stdout] error: aborting due to 3 previous errors
[INFO] [stdout] 
[INFO] [stdout] 
[INFO] [stderr] error: could not document `aoc2020`
[INFO] [stderr] 
[INFO] [stderr] Caused by:
[INFO] [stderr]   process didn't exit successfully: `rustdoc --edition=2018 --crate-type bin --crate-name day15 src/bin/day15.rs -o /opt/rustwide/target/doc --error-format=json --json=diagnostic-rendered-ansi,artifacts,future-incompat --document-private-items '-Arustdoc::private-intra-doc-links' -C metadata=bedb87490b9fbbf7 -L dependency=/opt/rustwide/target/debug/deps --extern aoc2020=/opt/rustwide/target/debug/deps/libaoc2020-77b8508abae6f23d.rmeta --extern itertools=/opt/rustwide/target/debug/deps/libitertools-05e573dc9d30a996.rmeta --extern regex=/opt/rustwide/target/debug/deps/libregex-7e9d46d1ac6dee9a.rmeta --extern scan_fmt=/opt/rustwide/target/debug/deps/libscan_fmt-b8e1417b03bd026a.rmeta --cap-lints=warn --crate-version 0.1.0` (exit status: 1)
[INFO] [stdout] For more information about this error, try `rustc --explain E0554`.
[INFO] [stdout] 
[INFO] [stdout] error[E0554]: `#![feature]` may not be used on the stable release channel
[INFO] [stdout]  --> src/bin/day01.rs:1:12
[INFO] [stdout]   |
[INFO] [stdout] 1 | #![feature(test)]
[INFO] [stdout]   |            ^^^^
[INFO] [stdout] 
[INFO] [stdout] 
[INFO] [stderr] error: could not document `aoc2020`
[INFO] [stderr] 
[INFO] [stderr] Caused by:
[INFO] [stderr]   process didn't exit successfully: `rustdoc --edition=2018 --crate-type bin --crate-name day13 src/bin/day13.rs -o /opt/rustwide/target/doc --error-format=json --json=diagnostic-rendered-ansi,artifacts,future-incompat --document-private-items '-Arustdoc::private-intra-doc-links' -C metadata=7db16d2aef3df645 -L dependency=/opt/rustwide/target/debug/deps --extern aoc2020=/opt/rustwide/target/debug/deps/libaoc2020-77b8508abae6f23d.rmeta --extern itertools=/opt/rustwide/target/debug/deps/libitertools-05e573dc9d30a996.rmeta --extern regex=/opt/rustwide/target/debug/deps/libregex-7e9d46d1ac6dee9a.rmeta --extern scan_fmt=/opt/rustwide/target/debug/deps/libscan_fmt-b8e1417b03bd026a.rmeta --cap-lints=warn --crate-version 0.1.0` (exit status: 1)
[INFO] [stdout] error: aborting due to previous error
[INFO] [stdout] 
[INFO] [stdout] 
[INFO] [stdout] For more information about this error, try `rustc --explain E0554`.
[INFO] [stdout] 
[INFO] [stdout] error[E0554]: `#![feature]` may not be used on the stable release channel
[INFO] [stdout]  --> src/bin/day23.rs:1:1
[INFO] [stdout]   |
[INFO] [stdout] 1 | #![feature(destructuring_assignment)]
[INFO] [stdout]   | ^^^^^^^^^^^^^^^^^^^^^^^^^^^^^^^^^^^^^ help: remove the attribute
[INFO] [stdout]   |
[INFO] [stdout]   = help: the feature `destructuring_assignment` has been stable since `1.59.0` and no longer requires an attribute to enable
[INFO] [stdout] 
[INFO] [stdout] 
[INFO] [stderr] error: could not document `aoc2020`
[INFO] [stderr] 
[INFO] [stderr] Caused by:
[INFO] [stderr]   process didn't exit successfully: `rustdoc --edition=2018 --crate-type bin --crate-name day01 src/bin/day01.rs -o /opt/rustwide/target/doc --error-format=json --json=diagnostic-rendered-ansi,artifacts,future-incompat --document-private-items '-Arustdoc::private-intra-doc-links' -C metadata=ba6a89ed4e732a97 -L dependency=/opt/rustwide/target/debug/deps --extern aoc2020=/opt/rustwide/target/debug/deps/libaoc2020-77b8508abae6f23d.rmeta --extern itertools=/opt/rustwide/target/debug/deps/libitertools-05e573dc9d30a996.rmeta --extern regex=/opt/rustwide/target/debug/deps/libregex-7e9d46d1ac6dee9a.rmeta --extern scan_fmt=/opt/rustwide/target/debug/deps/libscan_fmt-b8e1417b03bd026a.rmeta --cap-lints=warn --crate-version 0.1.0` (exit status: 1)
[INFO] [stdout] error[E0554]: `#![feature]` may not be used on the stable release channel
[INFO] [stdout]  --> src/bin/day23.rs:2:1
[INFO] [stdout]   |
[INFO] [stdout] 2 | #![feature(or_patterns)]
[INFO] [stdout]   | ^^^^^^^^^^^^^^^^^^^^^^^^ help: remove the attribute
[INFO] [stdout]   |
[INFO] [stdout]   = help: the feature `or_patterns` has been stable since `1.53.0` and no longer requires an attribute to enable
[INFO] [stdout] 
[INFO] [stdout] 
[INFO] [stdout] error[E0554]: `#![feature]` may not be used on the stable release channel
[INFO] [stdout]  --> src/bin/day23.rs:3:1
[INFO] [stdout]   |
[INFO] [stdout] 3 | #![feature(exclusive_range_pattern)]
[INFO] [stdout]   | ^^^^^^^^^^^^^^^^^^^^^^^^^^^^^^^^^^^^
[INFO] [stdout] 
[INFO] [stdout] 
[INFO] [stdout] error[E0554]: `#![feature]` may not be used on the stable release channel
[INFO] [stdout]  --> src/bin/day23.rs:4:1
[INFO] [stdout]   |
[INFO] [stdout] 4 | #![feature(iterator_fold_self)]
[INFO] [stdout]   | ^^^^^^^^^^^^^^^^^^^^^^^^^^^^^^^
[INFO] [stdout] 
[INFO] [stdout] 
[INFO] [stdout] error[E0554]: `#![feature]` may not be used on the stable release channel
[INFO] [stdout]  --> src/bin/day23.rs:5:1
[INFO] [stdout]   |
[INFO] [stdout] 5 | #![feature(test)]
[INFO] [stdout]   | ^^^^^^^^^^^^^^^^^
[INFO] [stdout] 
[INFO] [stdout] 
[INFO] [stdout] error: aborting due to 5 previous errors
[INFO] [stdout] 
[INFO] [stdout] 
[INFO] [stdout] For more information about this error, try `rustc --explain E0554`.
[INFO] [stdout] 
[INFO] [stdout] error[E0554]: `#![feature]` may not be used on the stable release channel
[INFO] [stdout]  --> src/bin/day05.rs:1:12
[INFO] [stdout]   |
[INFO] [stdout] 1 | #![feature(test)]
[INFO] [stdout]   |            ^^^^
[INFO] [stdout] 
[INFO] [stdout] 
[INFO] [stdout] error[E0554]: `#![feature]` may not be used on the stable release channel
[INFO] [stdout]  --> src/bin/day03.rs:1:12
[INFO] [stdout]   |
[INFO] [stdout] 1 | #![feature(test)]
[INFO] [stdout]   |            ^^^^
[INFO] [stdout] 
[INFO] [stdout] 
[INFO] [stderr] error: could not document `aoc2020`
[INFO] [stderr] 
[INFO] [stderr] Caused by:
[INFO] [stderr]   process didn't exit successfully: `rustdoc --edition=2018 --crate-type bin --crate-name day23 src/bin/day23.rs -o /opt/rustwide/target/doc --error-format=json --json=diagnostic-rendered-ansi,artifacts,future-incompat --document-private-items '-Arustdoc::private-intra-doc-links' -C metadata=952cb7342d9aa25a -L dependency=/opt/rustwide/target/debug/deps --extern aoc2020=/opt/rustwide/target/debug/deps/libaoc2020-77b8508abae6f23d.rmeta --extern itertools=/opt/rustwide/target/debug/deps/libitertools-05e573dc9d30a996.rmeta --extern regex=/opt/rustwide/target/debug/deps/libregex-7e9d46d1ac6dee9a.rmeta --extern scan_fmt=/opt/rustwide/target/debug/deps/libscan_fmt-b8e1417b03bd026a.rmeta --cap-lints=warn --crate-version 0.1.0` (exit status: 1)
[INFO] [stdout] error[E0554]: `#![feature]` may not be used on the stable release channel
[INFO] [stdout]  --> src/bin/day08.rs:1:1
[INFO] [stdout]   |
[INFO] [stdout] 1 | #![feature(or_patterns)]
[INFO] [stdout]   | ^^^^^^^^^^^^^^^^^^^^^^^^ help: remove the attribute
[INFO] [stdout]   |
[INFO] [stdout]   = help: the feature `or_patterns` has been stable since `1.53.0` and no longer requires an attribute to enable
[INFO] [stdout] 
[INFO] [stdout] 
[INFO] [stdout] error[E0554]: `#![feature]` may not be used on the stable release channel
[INFO] [stdout]  --> src/bin/day08.rs:2:1
[INFO] [stdout]   |
[INFO] [stdout] 2 | #![feature(test)]
[INFO] [stdout]   | ^^^^^^^^^^^^^^^^^
[INFO] [stdout] 
[INFO] [stdout] 
[INFO] [stdout] error: aborting due to previous error
[INFO] [stdout] 
[INFO] [stdout] 
[INFO] [stdout] error: aborting due to previous error
[INFO] [stdout] 
[INFO] [stdout] 
[INFO] [stdout] For more information about this error, try `rustc --explain E0554`.
[INFO] [stdout] 
[INFO] [stdout] For more information about this error, try `rustc --explain E0554`.
[INFO] [stdout] 
[INFO] [stdout] error[E0554]: `#![feature]` may not be used on the stable release channel
[INFO] [stdout]  --> src/bin/day19.rs:1:1
[INFO] [stdout]   |
[INFO] [stdout] 1 | #![feature(destructuring_assignment)]
[INFO] [stdout]   | ^^^^^^^^^^^^^^^^^^^^^^^^^^^^^^^^^^^^^ help: remove the attribute
[INFO] [stdout]   |
[INFO] [stdout]   = help: the feature `destructuring_assignment` has been stable since `1.59.0` and no longer requires an attribute to enable
[INFO] [stdout] 
[INFO] [stdout] 
[INFO] [stdout] error[E0554]: `#![feature]` may not be used on the stable release channel
[INFO] [stdout]  --> src/bin/day19.rs:2:1
[INFO] [stdout]   |
[INFO] [stdout] 2 | #![feature(or_patterns)]
[INFO] [stdout]   | ^^^^^^^^^^^^^^^^^^^^^^^^ help: remove the attribute
[INFO] [stdout]   |
[INFO] [stdout]   = help: the feature `or_patterns` has been stable since `1.53.0` and no longer requires an attribute to enable
[INFO] [stdout] 
[INFO] [stdout] 
[INFO] [stdout] error[E0554]: `#![feature]` may not be used on the stable release channel
[INFO] [stdout]  --> src/bin/day19.rs:3:1
[INFO] [stdout]   |
[INFO] [stdout] 3 | #![feature(iterator_fold_self)]
[INFO] [stdout]   | ^^^^^^^^^^^^^^^^^^^^^^^^^^^^^^^
[INFO] [stdout] 
[INFO] [stdout] 
[INFO] [stdout] error[E0554]: `#![feature]` may not be used on the stable release channel
[INFO] [stdout]  --> src/bin/day19.rs:4:1
[INFO] [stdout]   |
[INFO] [stdout] 4 | #![feature(test)]
[INFO] [stdout]   | ^^^^^^^^^^^^^^^^^
[INFO] [stdout] 
[INFO] [stdout] 
[INFO] [stderr] error: could not document `aoc2020`
[INFO] [stderr] 
[INFO] [stderr] Caused by:
[INFO] [stderr]   process didn't exit successfully: `rustdoc --edition=2018 --crate-type bin --crate-name day03 src/bin/day03.rs -o /opt/rustwide/target/doc --error-format=json --json=diagnostic-rendered-ansi,artifacts,future-incompat --document-private-items '-Arustdoc::private-intra-doc-links' -C metadata=f7260b7b2a52f479 -L dependency=/opt/rustwide/target/debug/deps --extern aoc2020=/opt/rustwide/target/debug/deps/libaoc2020-77b8508abae6f23d.rmeta --extern itertools=/opt/rustwide/target/debug/deps/libitertools-05e573dc9d30a996.rmeta --extern regex=/opt/rustwide/target/debug/deps/libregex-7e9d46d1ac6dee9a.rmeta --extern scan_fmt=/opt/rustwide/target/debug/deps/libscan_fmt-b8e1417b03bd026a.rmeta --cap-lints=warn --crate-version 0.1.0` (exit status: 1)
[INFO] [stderr] error: could not document `aoc2020`
[INFO] [stderr] 
[INFO] [stderr] Caused by:
[INFO] [stderr]   process didn't exit successfully: `rustdoc --edition=2018 --crate-type bin --crate-name day05 src/bin/day05.rs -o /opt/rustwide/target/doc --error-format=json --json=diagnostic-rendered-ansi,artifacts,future-incompat --document-private-items '-Arustdoc::private-intra-doc-links' -C metadata=2cde7c19b99e3216 -L dependency=/opt/rustwide/target/debug/deps --extern aoc2020=/opt/rustwide/target/debug/deps/libaoc2020-77b8508abae6f23d.rmeta --extern itertools=/opt/rustwide/target/debug/deps/libitertools-05e573dc9d30a996.rmeta --extern regex=/opt/rustwide/target/debug/deps/libregex-7e9d46d1ac6dee9a.rmeta --extern scan_fmt=/opt/rustwide/target/debug/deps/libscan_fmt-b8e1417b03bd026a.rmeta --cap-lints=warn --crate-version 0.1.0` (exit status: 1)
[INFO] [stdout] error: aborting due to 2 previous errors
[INFO] [stdout] 
[INFO] [stdout] 
[INFO] [stderr] error: could not document `aoc2020`
[INFO] [stdout] For more information about this error, try `rustc --explain E0554`.
[INFO] [stdout] 
[INFO] [stderr] 
[INFO] [stderr] Caused by:
[INFO] [stderr]   process didn't exit successfully: `rustdoc --edition=2018 --crate-type bin --crate-name day08 src/bin/day08.rs -o /opt/rustwide/target/doc --error-format=json --json=diagnostic-rendered-ansi,artifacts,future-incompat --document-private-items '-Arustdoc::private-intra-doc-links' -C metadata=872197b51b5fcef1 -L dependency=/opt/rustwide/target/debug/deps --extern aoc2020=/opt/rustwide/target/debug/deps/libaoc2020-77b8508abae6f23d.rmeta --extern itertools=/opt/rustwide/target/debug/deps/libitertools-05e573dc9d30a996.rmeta --extern regex=/opt/rustwide/target/debug/deps/libregex-7e9d46d1ac6dee9a.rmeta --extern scan_fmt=/opt/rustwide/target/debug/deps/libscan_fmt-b8e1417b03bd026a.rmeta --cap-lints=warn --crate-version 0.1.0` (exit status: 1)
[INFO] [stdout] error: aborting due to 4 previous errors
[INFO] [stdout] 
[INFO] [stdout] 
[INFO] [stdout] For more information about this error, try `rustc --explain E0554`.
[INFO] [stdout] 
[INFO] [stderr] error: could not document `aoc2020`
[INFO] [stderr] 
[INFO] [stderr] Caused by:
[INFO] [stderr]   process didn't exit successfully: `rustdoc --edition=2018 --crate-type bin --crate-name day19 src/bin/day19.rs -o /opt/rustwide/target/doc --error-format=json --json=diagnostic-rendered-ansi,artifacts,future-incompat --document-private-items '-Arustdoc::private-intra-doc-links' -C metadata=4483e3f36e64d610 -L dependency=/opt/rustwide/target/debug/deps --extern aoc2020=/opt/rustwide/target/debug/deps/libaoc2020-77b8508abae6f23d.rmeta --extern itertools=/opt/rustwide/target/debug/deps/libitertools-05e573dc9d30a996.rmeta --extern regex=/opt/rustwide/target/debug/deps/libregex-7e9d46d1ac6dee9a.rmeta --extern scan_fmt=/opt/rustwide/target/debug/deps/libscan_fmt-b8e1417b03bd026a.rmeta --cap-lints=warn --crate-version 0.1.0` (exit status: 1)
[INFO] running `Command { std: "docker" "inspect" "6bc65eb8770f81a6afacf9de087ce41199d1b71f51c842a19c9648cea7be72a7", kill_on_drop: false }`
[INFO] running `Command { std: "docker" "rm" "-f" "6bc65eb8770f81a6afacf9de087ce41199d1b71f51c842a19c9648cea7be72a7", kill_on_drop: false }`
[INFO] [stdout] 6bc65eb8770f81a6afacf9de087ce41199d1b71f51c842a19c9648cea7be72a7
