[INFO] cloning repository https://github.com/hmeyer/truescad
[INFO] running `Command { std: "git" "-c" "credential.helper=" "-c" "credential.helper=/workspace/cargo-home/bin/git-credential-null" "clone" "--bare" "https://github.com/hmeyer/truescad" "/workspace/cache/git-repos/https%3A%2F%2Fgithub.com%2Fhmeyer%2Ftruescad", kill_on_drop: false }`
[INFO] [stderr] Cloning into bare repository '/workspace/cache/git-repos/https%3A%2F%2Fgithub.com%2Fhmeyer%2Ftruescad'...
[INFO] running `Command { std: "git" "rev-parse" "HEAD", kill_on_drop: false }`
[INFO] [stdout] 05e3520112f895907d0e777299c5d87cba5d1923
[INFO] documenting hmeyer/truescad against beta-2023-04-20 for beta-1.70-rustdoc-1
[INFO] running `Command { std: "git" "clone" "/workspace/cache/git-repos/https%3A%2F%2Fgithub.com%2Fhmeyer%2Ftruescad" "/workspace/builds/worker-1-tc2/source", kill_on_drop: false }`
[INFO] [stderr] Cloning into '/workspace/builds/worker-1-tc2/source'...
[INFO] [stderr] done.
[INFO] validating manifest of git repo https://github.com/hmeyer/truescad on toolchain beta-2023-04-20
[INFO] running `Command { std: CARGO_HOME="/workspace/cargo-home" RUSTUP_HOME="/workspace/rustup-home" "/workspace/cargo-home/bin/cargo" "+beta-2023-04-20" "metadata" "--manifest-path" "Cargo.toml" "--no-deps", kill_on_drop: false }`
[INFO] started tweaking git repo https://github.com/hmeyer/truescad
[INFO] finished tweaking git repo https://github.com/hmeyer/truescad
[INFO] tweaked toml for git repo https://github.com/hmeyer/truescad written to /workspace/builds/worker-1-tc2/source/Cargo.toml
[INFO] crate git repo https://github.com/hmeyer/truescad already has a lockfile, it will not be regenerated
[INFO] running `Command { std: CARGO_HOME="/workspace/cargo-home" RUSTUP_HOME="/workspace/rustup-home" "/workspace/cargo-home/bin/cargo" "+beta-2023-04-20" "fetch" "--manifest-path" "Cargo.toml", kill_on_drop: false }`
[INFO] [stderr]     Updating crates.io index
[INFO] [stderr]  Downloading crates ...
[INFO] [stderr]   Downloaded stl_io v0.4.2
[INFO] [stderr]   Downloaded bbox v0.9.1
[INFO] [stderr]   Downloaded stl_io v0.3.8
[INFO] [stderr]   Downloaded sourceview v0.5.0
[INFO] [stderr]   Downloaded ncollide_utils v0.9.0
[INFO] [stderr]   Downloaded ncollide_math v0.9.0
[INFO] [stderr]   Downloaded ncollide_procedural v0.9.0
[INFO] [stderr]   Downloaded gtk-source-sys v0.7.0
[INFO] [stderr]   Downloaded hlua v0.3.1
[INFO] [stderr]   Downloaded lua52-sys v0.1.2
[INFO] [stderr]   Downloaded tessellation v0.7.0
[INFO] [stderr]   Downloaded glfw-sys v3.2.2
[INFO] [stderr]   Downloaded glfw v0.19.0
[INFO] [stderr]   Downloaded implicit3d v0.13.1
[INFO] [stderr]   Downloaded kiss3d v0.13.0
[INFO] [stderr]   Downloaded freetype v0.3.0
[INFO] running `Command { std: "docker" "create" "-v" "/var/lib/crater-agent-workspace/builds/worker-1-tc2/target:/opt/rustwide/target:rw,Z" "-v" "/var/lib/crater-agent-workspace/builds/worker-1-tc2/source:/opt/rustwide/workdir:ro,Z" "-v" "/var/lib/crater-agent-workspace/cargo-home:/opt/rustwide/cargo-home:ro,Z" "-v" "/var/lib/crater-agent-workspace/rustup-home:/opt/rustwide/rustup-home:ro,Z" "-e" "SOURCE_DIR=/opt/rustwide/workdir" "-e" "CARGO_TARGET_DIR=/opt/rustwide/target" "-e" "CARGO_HOME=/opt/rustwide/cargo-home" "-e" "RUSTUP_HOME=/opt/rustwide/rustup-home" "-w" "/opt/rustwide/workdir" "-m" "1610612736" "--user" "0:0" "--network" "none" "ghcr.io/rust-lang/crates-build-env/linux@sha256:5ff2268d62e97bff2cde7d5815dd6ed5b47097566f13b8d0ca110b04b60e07ed" "/opt/rustwide/cargo-home/bin/cargo" "+beta-2023-04-20" "metadata" "--no-deps" "--format-version=1", kill_on_drop: false }`
[INFO] [stdout] 83d57d600e0f21a25bd932f89795a69e3f8c3727e77627c967809522ec5ab3a2
[INFO] running `Command { std: "docker" "start" "-a" "83d57d600e0f21a25bd932f89795a69e3f8c3727e77627c967809522ec5ab3a2", kill_on_drop: false }`
[INFO] running `Command { std: "docker" "inspect" "83d57d600e0f21a25bd932f89795a69e3f8c3727e77627c967809522ec5ab3a2", kill_on_drop: false }`
[INFO] running `Command { std: "docker" "rm" "-f" "83d57d600e0f21a25bd932f89795a69e3f8c3727e77627c967809522ec5ab3a2", kill_on_drop: false }`
[INFO] [stdout] 83d57d600e0f21a25bd932f89795a69e3f8c3727e77627c967809522ec5ab3a2
[INFO] running `Command { std: "docker" "create" "-v" "/var/lib/crater-agent-workspace/builds/worker-1-tc2/target:/opt/rustwide/target:rw,Z" "-v" "/var/lib/crater-agent-workspace/builds/worker-1-tc2/source:/opt/rustwide/workdir:ro,Z" "-v" "/var/lib/crater-agent-workspace/cargo-home:/opt/rustwide/cargo-home:ro,Z" "-v" "/var/lib/crater-agent-workspace/rustup-home:/opt/rustwide/rustup-home:ro,Z" "-e" "SOURCE_DIR=/opt/rustwide/workdir" "-e" "CARGO_TARGET_DIR=/opt/rustwide/target" "-e" "CARGO_INCREMENTAL=0" "-e" "RUST_BACKTRACE=full" "-e" "RUSTFLAGS=--cap-lints=warn" "-e" "RUSTDOCFLAGS=--cap-lints=warn" "-e" "CARGO_HOME=/opt/rustwide/cargo-home" "-e" "RUSTUP_HOME=/opt/rustwide/rustup-home" "-w" "/opt/rustwide/workdir" "-m" "1610612736" "--user" "0:0" "--network" "none" "ghcr.io/rust-lang/crates-build-env/linux@sha256:5ff2268d62e97bff2cde7d5815dd6ed5b47097566f13b8d0ca110b04b60e07ed" "/opt/rustwide/cargo-home/bin/cargo" "+beta-2023-04-20" "doc" "--frozen" "--no-deps" "--document-private-items" "--message-format=json", kill_on_drop: false }`
[INFO] [stdout] ae550d23a08a686d326f5dfdcbeae25d268d27e8a3dca8c40993df038e979fc7
[INFO] running `Command { std: "docker" "start" "-a" "ae550d23a08a686d326f5dfdcbeae25d268d27e8a3dca8c40993df038e979fc7", kill_on_drop: false }`
[INFO] [stderr]    Compiling pkg-config v0.3.14
[INFO] [stderr]    Compiling libc v0.2.46
[INFO] [stderr]    Compiling num-traits v0.2.6
[INFO] [stderr]     Checking lazy_static v1.2.0
[INFO] [stderr]     Checking bitflags v1.0.4
[INFO] [stderr]    Compiling cc v1.0.28
[INFO] [stderr]    Compiling typenum v1.10.0
[INFO] [stderr]     Checking nodrop v0.1.13
[INFO] [stderr]    Compiling matrixmultiply v0.1.15
[INFO] [stderr]     Checking rustc-serialize v0.3.24
[INFO] [stderr]     Checking rawpointer v0.1.0
[INFO] [stderr]     Checking cfg-if v0.1.6
[INFO] [stderr]    Compiling num-integer v0.1.39
[INFO] [stderr]    Compiling arrayvec v0.4.10
[INFO] [stderr]    Compiling glib-sys v0.7.0
[INFO] [stderr]    Compiling gobject-sys v0.7.0
[INFO] [stderr]    Compiling gio-sys v0.7.0
[INFO] [stderr]    Compiling cairo-sys-rs v0.7.0
[INFO] [stderr]    Compiling gdk-pixbuf-sys v0.7.0
[INFO] [stderr]    Compiling pango-sys v0.7.0
[INFO] [stderr]    Compiling gdk-sys v0.7.0
[INFO] [stderr]     Checking rand v0.4.3
[INFO] [stderr]     Checking num-traits v0.1.43
[INFO] [stderr]    Compiling atk-sys v0.7.0
[INFO] [stderr]    Compiling cmake v0.1.35
[INFO] [stderr]     Checking byteorder v1.2.7
[INFO] [stderr]     Checking glib v0.6.1
[INFO] [stderr]    Compiling gtk-sys v0.7.0
[INFO] [stderr]     Checking num-complex v0.1.43
[INFO] [stderr]     Checking crossbeam-utils v0.2.2
[INFO] [stderr]     Checking scopeguard v0.3.3
[INFO] [stderr]    Compiling num-complex v0.2.1
[INFO] [stderr]     Checking memoffset v0.2.1
[INFO] [stderr]    Compiling rayon-core v1.4.1
[INFO] [stderr]     Checking crossbeam-epoch v0.3.1
[INFO] [stderr]    Compiling khronos_api v2.2.0
[INFO] [stderr]     Checking approx v0.1.1
[INFO] [stderr]    Compiling num-iter v0.1.37
[INFO] [stderr]     Checking rand_core v0.3.0
[INFO] [stderr]     Checking alga v0.5.4
[INFO] [stderr]     Checking crossbeam-deque v0.2.0
[INFO] [stderr]    Compiling log v0.4.6
[INFO] [stderr]     Checking generic-array v0.8.3
[INFO] [stderr]     Checking rand_core v0.2.2
[INFO] [stderr]     Checking approx v0.3.1
[INFO] [stderr]     Checking num_cpus v1.9.0
[INFO] [stderr]     Checking libm v0.1.2
[INFO] [stderr]    Compiling rayon v1.0.3
[INFO] [stderr]    Compiling gio v0.5.1
[INFO] [stderr]    Compiling xml-rs v0.7.0
[INFO] [stderr]     Checking nalgebra v0.14.4
[INFO] [stderr]    Compiling log v0.3.9
[INFO] [stderr]     Checking rand v0.5.5
[INFO] [stderr]     Checking num-bigint v0.1.44
[INFO] [stderr]     Checking alga v0.7.2
[INFO] [stderr]     Checking generic-array v0.11.1
[INFO] [stderr]     Checking adler32 v1.0.3
[INFO] [stderr]    Compiling proc-macro2 v0.4.24
[INFO] [stderr]     Checking fragile v0.3.0
[INFO] [stderr]    Compiling gdk-pixbuf v0.5.0
[INFO] [stderr]    Compiling cairo-rs v0.5.0
[INFO] [stderr]     Checking either v1.5.0
[INFO] [stderr]     Checking nalgebra v0.16.13
[INFO] [stderr]     Checking num-rational v0.1.42
[INFO] [stderr]    Compiling gl_generator v0.6.1
[INFO] [stdout] error[E0592]: duplicate definitions with name `new`
[INFO] [stdout]    --> /opt/rustwide/cargo-home/registry/src/index.crates.io-6f17d22bba15001f/nalgebra-0.14.4/src/core/construction.rs:510:13
[INFO] [stdout]     |
[INFO] [stdout] 510 |               pub fn new($($args: N),*) -> Self {
[INFO] [stdout]     |               ^^^^^^^^^^^^^^^^^^^^^^^^^^^^^^^^^ duplicate definitions for `new`
[INFO] [stdout] ...
[INFO] [stdout] 522 | / componentwise_constructors_impl!(
[INFO] [stdout] 523 | |     /*
[INFO] [stdout] 524 | |      * Square matrices 1 .. 6.
[INFO] [stdout] 525 | |      */
[INFO] [stdout] ...   |
[INFO] [stdout] 664 | |     U6, U1, x:(0,0), y:(1,0), z:(2,0), w:(3,0), a:(4,0), b:(5,0);
[INFO] [stdout] 665 | | );
[INFO] [stdout]     | |_- in this macro invocation
[INFO] [stdout]     |
[INFO] [stdout]    ::: /opt/rustwide/cargo-home/registry/src/index.crates.io-6f17d22bba15001f/nalgebra-0.14.4/src/core/construction_slice_deprecated.rs:171:13
[INFO] [stdout]     |
[INFO] [stdout] 171 |               pub fn new(data: &'a [N], $($args: usize),*) -> Self {
[INFO] [stdout]     |               ---------------------------------------------------- other definition for `new`
[INFO] [stdout]     |
[INFO] [stdout]     = note: this error originates in the macro `componentwise_constructors_impl` (in Nightly builds, run with -Z macro-backtrace for more info)
[INFO] [stdout] 
[INFO] [stdout] 
[INFO] [stdout] error[E0592]: duplicate definitions with name `new`
[INFO] [stdout]    --> /opt/rustwide/cargo-home/registry/src/index.crates.io-6f17d22bba15001f/nalgebra-0.14.4/src/core/construction.rs:510:13
[INFO] [stdout]     |
[INFO] [stdout] 510 |               pub fn new($($args: N),*) -> Self {
[INFO] [stdout]     |               ^^^^^^^^^^^^^^^^^^^^^^^^^^^^^^^^^ duplicate definitions for `new`
[INFO] [stdout] ...
[INFO] [stdout] 522 | / componentwise_constructors_impl!(
[INFO] [stdout] 523 | |     /*
[INFO] [stdout] 524 | |      * Square matrices 1 .. 6.
[INFO] [stdout] 525 | |      */
[INFO] [stdout] ...   |
[INFO] [stdout] 664 | |     U6, U1, x:(0,0), y:(1,0), z:(2,0), w:(3,0), a:(4,0), b:(5,0);
[INFO] [stdout] 665 | | );
[INFO] [stdout]     | |_- in this macro invocation
[INFO] [stdout]     |
[INFO] [stdout]    ::: /opt/rustwide/cargo-home/registry/src/index.crates.io-6f17d22bba15001f/nalgebra-0.14.4/src/core/construction_slice_deprecated.rs:232:13
[INFO] [stdout]     |
[INFO] [stdout] 232 |               pub fn new(data: &'a mut [N], $($args: usize),*) -> Self {
[INFO] [stdout]     |               -------------------------------------------------------- other definition for `new`
[INFO] [stdout]     |
[INFO] [stdout]     = note: this error originates in the macro `componentwise_constructors_impl` (in Nightly builds, run with -Z macro-backtrace for more info)
[INFO] [stdout] 
[INFO] [stdout] 
[INFO] [stdout] error: aborting due to 2 previous errors
[INFO] [stdout] 
[INFO] [stdout] 
[INFO] [stdout] For more information about this error, try `rustc --explain E0592`.
[INFO] [stdout] 
[INFO] [stderr]    Compiling glfw-sys v3.2.2
[INFO] [stderr] error: could not compile `nalgebra` (lib) due to 3 previous errors
[INFO] [stderr] warning: build failed, waiting for other jobs to finish...
[INFO] [stdout] error[E0502]: cannot borrow `*self` as immutable because it is also borrowed as mutable
[INFO] [stdout]    --> /opt/rustwide/cargo-home/registry/src/index.crates.io-6f17d22bba15001f/nalgebra-0.16.13/src/base/cg.rs:291:44
[INFO] [stdout]     |
[INFO] [stdout] 291 |                 self[(j, i)] += shift[j] * self[(D::dim() - 1, i)];
[INFO] [stdout]     |                 ---------------------------^^^^-------------------
[INFO] [stdout]     |                 |                          |
[INFO] [stdout]     |                 |                          immutable borrow occurs here
[INFO] [stdout]     |                 mutable borrow occurs here
[INFO] [stdout]     |                 mutable borrow later used here
[INFO] [stdout]     |
[INFO] [stdout] help: try adding a local storing this...
[INFO] [stdout]    --> /opt/rustwide/cargo-home/registry/src/index.crates.io-6f17d22bba15001f/nalgebra-0.16.13/src/base/cg.rs:291:44
[INFO] [stdout]     |
[INFO] [stdout] 291 |                 self[(j, i)] += shift[j] * self[(D::dim() - 1, i)];
[INFO] [stdout]     |                                            ^^^^^^^^^^^^^^^^^^^^^^^
[INFO] [stdout] help: ...and then using that local here
[INFO] [stdout]    --> /opt/rustwide/cargo-home/registry/src/index.crates.io-6f17d22bba15001f/nalgebra-0.16.13/src/base/cg.rs:291:17
[INFO] [stdout]     |
[INFO] [stdout] 291 |                 self[(j, i)] += shift[j] * self[(D::dim() - 1, i)];
[INFO] [stdout]     |                 ^^^^^^^^^^^^^^^^^^^^^^^^^^^^^^^^^^^^^^^^^^^^^^^^^^
[INFO] [stdout] 
[INFO] [stdout] 
[INFO] [stdout] error: aborting due to previous error
[INFO] [stdout] 
[INFO] [stdout] 
[INFO] [stdout] For more information about this error, try `rustc --explain E0502`.
[INFO] [stdout] 
[INFO] [stderr] error: could not compile `nalgebra` (lib) due to 2 previous errors
[INFO] running `Command { std: "docker" "inspect" "ae550d23a08a686d326f5dfdcbeae25d268d27e8a3dca8c40993df038e979fc7", kill_on_drop: false }`
[INFO] running `Command { std: "docker" "rm" "-f" "ae550d23a08a686d326f5dfdcbeae25d268d27e8a3dca8c40993df038e979fc7", kill_on_drop: false }`
[INFO] [stdout] ae550d23a08a686d326f5dfdcbeae25d268d27e8a3dca8c40993df038e979fc7
