[INFO] cloning repository https://github.com/hle0/datacollect
[INFO] running `Command { std: "git" "-c" "credential.helper=" "-c" "credential.helper=/workspace/cargo-home/bin/git-credential-null" "clone" "--bare" "https://github.com/hle0/datacollect" "/workspace/cache/git-repos/https%3A%2F%2Fgithub.com%2Fhle0%2Fdatacollect", kill_on_drop: false }`
[INFO] [stderr] Cloning into bare repository '/workspace/cache/git-repos/https%3A%2F%2Fgithub.com%2Fhle0%2Fdatacollect'...
[INFO] running `Command { std: "git" "rev-parse" "HEAD", kill_on_drop: false }`
[INFO] [stdout] 3fa952b20e22d936a9e3aa5c8149e02da65805e7
[INFO] documenting hle0/datacollect against beta-2023-04-20 for beta-1.70-rustdoc-1
[INFO] running `Command { std: "git" "clone" "/workspace/cache/git-repos/https%3A%2F%2Fgithub.com%2Fhle0%2Fdatacollect" "/workspace/builds/worker-5-tc2/source", kill_on_drop: false }`
[INFO] [stderr] Cloning into '/workspace/builds/worker-5-tc2/source'...
[INFO] [stderr] done.
[INFO] validating manifest of git repo https://github.com/hle0/datacollect on toolchain beta-2023-04-20
[INFO] running `Command { std: CARGO_HOME="/workspace/cargo-home" RUSTUP_HOME="/workspace/rustup-home" "/workspace/cargo-home/bin/cargo" "+beta-2023-04-20" "metadata" "--manifest-path" "Cargo.toml" "--no-deps", kill_on_drop: false }`
[INFO] started tweaking git repo https://github.com/hle0/datacollect
[INFO] finished tweaking git repo https://github.com/hle0/datacollect
[INFO] tweaked toml for git repo https://github.com/hle0/datacollect written to /workspace/builds/worker-5-tc2/source/Cargo.toml
[INFO] crate git repo https://github.com/hle0/datacollect already has a lockfile, it will not be regenerated
[INFO] running `Command { std: CARGO_HOME="/workspace/cargo-home" RUSTUP_HOME="/workspace/rustup-home" "/workspace/cargo-home/bin/cargo" "+beta-2023-04-20" "fetch" "--manifest-path" "Cargo.toml", kill_on_drop: false }`
[INFO] [stderr]     Blocking waiting for file lock on package cache
[INFO] [stderr]  Downloading crates ...
[INFO] [stderr]   Downloaded psl-types v2.0.8
[INFO] [stderr]   Downloaded kuchiki v0.8.1
[INFO] [stderr]   Downloaded cookie_store v0.15.0
[INFO] running `Command { std: "docker" "create" "-v" "/var/lib/crater-agent-workspace/builds/worker-5-tc2/target:/opt/rustwide/target:rw,Z" "-v" "/var/lib/crater-agent-workspace/builds/worker-5-tc2/source:/opt/rustwide/workdir:ro,Z" "-v" "/var/lib/crater-agent-workspace/cargo-home:/opt/rustwide/cargo-home:ro,Z" "-v" "/var/lib/crater-agent-workspace/rustup-home:/opt/rustwide/rustup-home:ro,Z" "-e" "SOURCE_DIR=/opt/rustwide/workdir" "-e" "CARGO_TARGET_DIR=/opt/rustwide/target" "-e" "CARGO_HOME=/opt/rustwide/cargo-home" "-e" "RUSTUP_HOME=/opt/rustwide/rustup-home" "-w" "/opt/rustwide/workdir" "-m" "1610612736" "--user" "0:0" "--network" "none" "ghcr.io/rust-lang/crates-build-env/linux@sha256:5ff2268d62e97bff2cde7d5815dd6ed5b47097566f13b8d0ca110b04b60e07ed" "/opt/rustwide/cargo-home/bin/cargo" "+beta-2023-04-20" "metadata" "--no-deps" "--format-version=1", kill_on_drop: false }`
[INFO] [stdout] 33bdf1cef8583b9659cfc8100dbd7e0727af742825dee8bd19d4d74abdf133b7
[INFO] running `Command { std: "docker" "start" "-a" "33bdf1cef8583b9659cfc8100dbd7e0727af742825dee8bd19d4d74abdf133b7", kill_on_drop: false }`
[INFO] running `Command { std: "docker" "inspect" "33bdf1cef8583b9659cfc8100dbd7e0727af742825dee8bd19d4d74abdf133b7", kill_on_drop: false }`
[INFO] running `Command { std: "docker" "rm" "-f" "33bdf1cef8583b9659cfc8100dbd7e0727af742825dee8bd19d4d74abdf133b7", kill_on_drop: false }`
[INFO] [stdout] 33bdf1cef8583b9659cfc8100dbd7e0727af742825dee8bd19d4d74abdf133b7
[INFO] running `Command { std: "docker" "create" "-v" "/var/lib/crater-agent-workspace/builds/worker-5-tc2/target:/opt/rustwide/target:rw,Z" "-v" "/var/lib/crater-agent-workspace/builds/worker-5-tc2/source:/opt/rustwide/workdir:ro,Z" "-v" "/var/lib/crater-agent-workspace/cargo-home:/opt/rustwide/cargo-home:ro,Z" "-v" "/var/lib/crater-agent-workspace/rustup-home:/opt/rustwide/rustup-home:ro,Z" "-e" "SOURCE_DIR=/opt/rustwide/workdir" "-e" "CARGO_TARGET_DIR=/opt/rustwide/target" "-e" "CARGO_INCREMENTAL=0" "-e" "RUST_BACKTRACE=full" "-e" "RUSTFLAGS=--cap-lints=warn" "-e" "RUSTDOCFLAGS=--cap-lints=warn" "-e" "CARGO_HOME=/opt/rustwide/cargo-home" "-e" "RUSTUP_HOME=/opt/rustwide/rustup-home" "-w" "/opt/rustwide/workdir" "-m" "1610612736" "--user" "0:0" "--network" "none" "ghcr.io/rust-lang/crates-build-env/linux@sha256:5ff2268d62e97bff2cde7d5815dd6ed5b47097566f13b8d0ca110b04b60e07ed" "/opt/rustwide/cargo-home/bin/cargo" "+beta-2023-04-20" "doc" "--frozen" "--no-deps" "--document-private-items" "--message-format=json", kill_on_drop: false }`
[INFO] [stdout] 4e7dbe08a503e6b2b7803f2377916862f1e0ac56cd377a732b149d859bcad462
[INFO] running `Command { std: "docker" "start" "-a" "4e7dbe08a503e6b2b7803f2377916862f1e0ac56cd377a732b149d859bcad462", kill_on_drop: false }`
[INFO] [stderr]    Compiling proc-macro2 v1.0.32
[INFO] [stderr]    Compiling libc v0.2.107
[INFO] [stderr]    Compiling syn v1.0.81
[INFO] [stderr]    Compiling version_check v0.9.3
[INFO] [stderr]    Compiling getrandom v0.1.16
[INFO] [stderr]    Compiling ppv-lite86 v0.2.15
[INFO] [stderr]     Checking smallvec v1.7.0
[INFO] [stderr]    Compiling proc-macro-hack v0.5.19
[INFO] [stderr]    Compiling siphasher v0.3.7
[INFO] [stderr]    Compiling parking_lot_core v0.8.5
[INFO] [stderr]    Compiling memchr v2.4.1
[INFO] [stderr]    Compiling log v0.4.14
[INFO] [stderr]    Compiling serde_derive v1.0.130
[INFO] [stderr]     Checking instant v0.1.12
[INFO] [stderr]    Compiling serde v1.0.130
[INFO] [stderr]     Checking lock_api v0.4.5
[INFO] [stderr]     Checking pin-project-lite v0.2.7
[INFO] [stderr]    Compiling phf_shared v0.8.0
[INFO] [stderr]     Checking itoa v0.4.8
[INFO] [stderr]    Compiling futures-core v0.3.18
[INFO] [stderr]     Checking matches v0.1.9
[INFO] [stderr]    Compiling pkg-config v0.3.22
[INFO] [stderr]    Compiling futures-channel v0.3.18
[INFO] [stderr]     Checking bitflags v1.3.2
[INFO] [stderr]     Checking once_cell v1.8.0
[INFO] [stderr]    Compiling futures-task v0.3.18
[INFO] [stderr]     Checking futures-sink v0.3.18
[INFO] [stderr]     Checking bytes v1.1.0
[INFO] [stderr]    Compiling tokio v1.14.0
[INFO] [stderr]    Compiling futures-util v0.3.18
[INFO] [stderr]    Compiling standback v0.2.17
[INFO] [stderr]     Checking hashbrown v0.11.2
[INFO] [stderr]     Checking futures-io v0.3.18
[INFO] [stderr]     Checking tinyvec_macros v0.1.0
[INFO] [stderr]    Compiling indexmap v1.7.0
[INFO] [stderr]     Checking new_debug_unreachable v1.0.4
[INFO] [stderr]     Checking tinyvec v1.5.1
[INFO] [stderr]     Checking foreign-types-shared v0.1.1
[INFO] [stderr]     Checking fnv v1.0.7
[INFO] [stderr]    Compiling ryu v1.0.5
[INFO] [stderr]    Compiling const_fn v0.4.8
[INFO] [stderr]     Checking percent-encoding v2.1.0
[INFO] [stderr]    Compiling openssl v0.10.38
[INFO] [stderr]     Checking foreign-types v0.3.2
[INFO] [stderr]    Compiling openssl-sys v0.9.71
[INFO] [stderr]    Compiling time v0.2.27
[INFO] [stderr]     Checking http v0.2.5
[INFO] [stderr]    Compiling quote v1.0.10
[INFO] [stderr]     Checking tracing-core v0.1.21
[INFO] [stderr]    Compiling native-tls v0.2.8
[INFO] [stderr]    Compiling rand_core v0.5.1
[INFO] [stderr]     Checking unicode-bidi v0.3.7
[INFO] [stderr]    Compiling ident_case v1.0.1
[INFO] [stderr]     Checking precomputed-hash v0.1.1
[INFO] [stderr]     Checking mac v0.1.1
[INFO] [stderr]    Compiling rand_pcg v0.2.1
[INFO] [stderr]    Compiling rand_chacha v0.2.2
[INFO] [stderr]    Compiling strsim v0.10.0
[INFO] [stderr]     Checking mio v0.7.14
[INFO] [stderr]     Checking num_cpus v1.13.0
[INFO] [stderr]     Checking signal-hook-registry v1.4.0
[INFO] [stderr]    Compiling httparse v1.5.1
[INFO] [stderr]     Checking futf v0.1.4
[INFO] [stderr]    Compiling rand v0.7.3
[INFO] [stderr]     Checking tracing v0.1.29
[INFO] [stderr]     Checking form_urlencoded v1.0.1
[INFO] [stderr]     Checking unicode-normalization v0.1.19
[INFO] [stderr]     Checking parking_lot v0.11.2
[INFO] [stderr]    Compiling cookie v0.15.1
[INFO] [stderr]    Compiling num-traits v0.2.14
[INFO] [stderr]     Checking openssl-probe v0.1.4
[INFO] [stderr]     Checking utf-8 v0.7.6
[INFO] [stderr]     Checking try-lock v0.2.3
[INFO] [stderr]     Checking dtoa v0.4.8
[INFO] [stderr]    Compiling serde_json v1.0.71
[INFO] [stderr]     Checking want v0.3.0
[INFO] [stderr]     Checking getrandom v0.2.3
[INFO] [stderr]     Checking socket2 v0.4.2
[INFO] [stderr]    Compiling num-integer v0.1.44
[INFO] [stderr]     Checking tendril v0.4.2
[INFO] [stderr]    Compiling encoding_rs v0.8.29
[INFO] [stderr]     Checking dtoa-short v0.3.3
[INFO] [stderr]     Checking tower-service v0.3.1
[INFO] [stderr]    Compiling rustversion v1.0.5
[INFO] [stderr]     Checking stable_deref_trait v1.2.0
[INFO] [stderr]     Checking nodrop v0.1.14
[INFO] [stderr]     Checking psl-types v2.0.8
[INFO] [stderr]     Checking httpdate v1.0.2
[INFO] [stderr]    Compiling convert_case v0.4.0
[INFO] [stderr]     Checking rand_core v0.6.3
[INFO] [stderr]     Checking servo_arc v0.1.1
[INFO] [stderr]    Compiling async-trait v0.1.51
[INFO] [stderr]     Checking thin-slice v0.1.1
[INFO] [stderr]    Compiling anyhow v1.0.45
[INFO] [stderr]     Checking time v0.1.43
[INFO] [stderr]     Checking idna v0.2.3
[INFO] [stderr]     Checking aho-corasick v0.7.18
[INFO] [stderr]    Compiling phf_generator v0.8.0
[INFO] [stderr]     Checking http-body v0.4.4
[INFO] [stderr]    Compiling proc-macro-error-attr v1.0.4
[INFO] [stderr]    Compiling phf_codegen v0.8.0
[INFO] [stderr]    Compiling string_cache_codegen v0.5.1
[INFO] [stderr]     Checking ipnet v2.3.1
[INFO] [stderr]    Compiling selectors v0.22.0
[INFO] [stderr]     Checking mime v0.3.16
[INFO] [stderr]     Checking base64 v0.13.0
[INFO] [stderr]     Checking rand_chacha v0.3.1
[INFO] [stderr]     Checking regex-syntax v0.6.25
[INFO] [stderr]     Checking publicsuffix v2.1.1
[INFO] [stderr]     Checking url v2.2.2
[INFO] [stderr]    Compiling proc-macro-error v1.0.4
[INFO] [stderr]     Checking hex v0.4.3
[INFO] [stderr]     Checking rand v0.8.4
[INFO] [stderr]     Checking maplit v1.0.2
[INFO] [stderr]    Compiling unicode-segmentation v1.8.0
[INFO] [stderr]     Checking unicode-width v0.1.9
[INFO] [stderr]     Checking atty v0.2.14
[INFO] [stderr]    Compiling markup5ever v0.10.1
[INFO] [stderr]    Compiling erased-serde v0.3.16
[INFO] [stderr]     Checking textwrap v0.11.0
[INFO] [stderr]     Checking clap v2.33.3
[INFO] [stderr]    Compiling heck v0.3.3
[INFO] [stderr]     Checking regex v1.5.4
[INFO] [stderr]    Compiling darling_core v0.13.0
[INFO] [stderr]    Compiling futures-macro v0.3.18
[INFO] [stderr]    Compiling tokio-macros v1.6.0
[INFO] [stderr]    Compiling phf_macros v0.8.0
[INFO] [stderr]    Compiling time-macros-impl v0.1.2
[INFO] [stderr]    Compiling cssparser v0.27.2
[INFO] [stderr]    Compiling html5ever v0.25.1
[INFO] [stderr]    Compiling cssparser-macros v0.6.0
[INFO] [stderr]    Compiling derive_more v0.99.16
[INFO] [stderr]    Compiling structopt-derive v0.4.18
[INFO] [stderr]     Checking time-macros v0.1.1
[INFO] [stderr]     Checking phf v0.8.0
[INFO] [stderr]    Compiling darling_macro v0.13.0
[INFO] [stderr]     Checking structopt v0.3.25
[INFO] [stderr]    Compiling darling v0.13.0
[INFO] [stderr]    Compiling serde_with_macros v1.5.1
[INFO] [stderr]     Checking futures-executor v0.3.18
[INFO] [stderr]     Checking futures v0.3.18
[INFO] [stderr]     Checking tokio-util v0.6.9
[INFO] [stderr]     Checking tokio-native-tls v0.3.0
[INFO] [stderr]     Checking h2 v0.3.7
[INFO] [stderr]     Checking string_cache v0.8.2
[INFO] [stderr]     Checking serde_urlencoded v0.7.0
[INFO] [stderr]     Checking serde_with v1.11.0
[INFO] [stderr]     Checking chrono v0.4.19
[INFO] [stderr]     Checking cookie_store v0.15.0
[INFO] [stderr]     Checking hyper v0.14.15
[INFO] [stderr]     Checking kuchiki v0.8.1
[INFO] [stderr]     Checking hyper-tls v0.5.0
[INFO] [stderr]     Checking reqwest v0.11.6
[INFO] [stderr]     Checking datacollect-core v0.1.0 (/opt/rustwide/workdir/datacollect-core)
[INFO] [stderr]  Documenting datacollect-core v0.1.0 (/opt/rustwide/workdir/datacollect-core)
[INFO] [stdout] error[E0554]: `#![feature]` may not be used on the beta release channel
[INFO] [stdout]  --> datacollect-core/src/lib.rs:1:1
[INFO] [stdout]   |
[INFO] [stdout] 1 | #![feature(try_blocks)]
[INFO] [stdout]   | ^^^^^^^^^^^^^^^^^^^^^^^
[INFO] [stdout] 
[INFO] [stdout] 
[INFO] [stdout] error[E0554]: `#![feature]` may not be used on the beta release channel
[INFO] [stdout]  --> datacollect-core/src/lib.rs:2:1
[INFO] [stdout]   |
[INFO] [stdout] 2 | #![feature(result_into_ok_or_err)]
[INFO] [stdout]   | ^^^^^^^^^^^^^^^^^^^^^^^^^^^^^^^^^^
[INFO] [stdout] 
[INFO] [stdout] 
[INFO] [stdout] error[E0554]: `#![feature]` may not be used on the beta release channel
[INFO] [stdout]  --> datacollect-core/src/lib.rs:1:1
[INFO] [stdout]   |
[INFO] [stdout] 1 | #![feature(try_blocks)]
[INFO] [stdout]   | ^^^^^^^^^^^^^^^^^^^^^^^
[INFO] [stdout] 
[INFO] [stdout] 
[INFO] [stdout] error[E0554]: `#![feature]` may not be used on the beta release channel
[INFO] [stdout]  --> datacollect-core/src/lib.rs:2:1
[INFO] [stdout]   |
[INFO] [stdout] 2 | #![feature(result_into_ok_or_err)]
[INFO] [stdout]   | ^^^^^^^^^^^^^^^^^^^^^^^^^^^^^^^^^^
[INFO] [stdout] 
[INFO] [stdout] 
[INFO] [stdout] error[E0554]: `#![feature]` may not be used on the beta release channel
[INFO] [stdout]  --> datacollect-core/src/lib.rs:2:12
[INFO] [stdout]   |
[INFO] [stdout] 2 | #![feature(result_into_ok_or_err)]
[INFO] [stdout]   |            ^^^^^^^^^^^^^^^^^^^^^
[INFO] [stdout] 
[INFO] [stdout] 
[INFO] [stdout] error[E0635]: unknown feature `result_into_ok_or_err`
[INFO] [stdout]  --> datacollect-core/src/lib.rs:2:12
[INFO] [stdout]   |
[INFO] [stdout] 2 | #![feature(result_into_ok_or_err)]
[INFO] [stdout]   |            ^^^^^^^^^^^^^^^^^^^^^
[INFO] [stdout] 
[INFO] [stdout] 
[INFO] [stdout] error: aborting due to 2 previous errors
[INFO] [stdout] 
[INFO] [stdout] 
[INFO] [stdout] For more information about this error, try `rustc --explain E0554`.
[INFO] [stdout] 
[INFO] [stderr] error: could not document `datacollect-core`
[INFO] [stderr] 
[INFO] [stderr] Caused by:
[INFO] [stderr]   process didn't exit successfully: `rustdoc --edition=2018 --crate-type lib --crate-name datacollect_core datacollect-core/src/lib.rs -o /opt/rustwide/target/doc --error-format=json --json=diagnostic-rendered-ansi,artifacts,future-incompat --document-private-items -C metadata=d87a4d64f14b96fd -L dependency=/opt/rustwide/target/debug/deps --extern anyhow=/opt/rustwide/target/debug/deps/libanyhow-0e98bd7917fe411f.rmeta --extern async_trait=/opt/rustwide/target/debug/deps/libasync_trait-094ba4e0f90285f3.so --extern chrono=/opt/rustwide/target/debug/deps/libchrono-2319907e68eac60a.rmeta --extern futures=/opt/rustwide/target/debug/deps/libfutures-229991bf23c8e82b.rmeta --extern hex=/opt/rustwide/target/debug/deps/libhex-e363d6a41d9ffc70.rmeta --extern kuchiki=/opt/rustwide/target/debug/deps/libkuchiki-85673c6f7b90f42b.rmeta --extern lazy_static=/opt/rustwide/target/debug/deps/liblazy_static-701e134f05ff346a.rmeta --extern maplit=/opt/rustwide/target/debug/deps/libmaplit-968ec89f12a946c3.rmeta --extern rand=/opt/rustwide/target/debug/deps/librand-e46d6954dbfc4722.rmeta --extern regex=/opt/rustwide/target/debug/deps/libregex-4cbbbc2ebc057e63.rmeta --extern reqwest=/opt/rustwide/target/debug/deps/libreqwest-168ead87a05c829a.rmeta --extern serde=/opt/rustwide/target/debug/deps/libserde-ca18001f72858287.rmeta --extern serde_with=/opt/rustwide/target/debug/deps/libserde_with-abe7a63e1a9f89cc.rmeta --extern tokio=/opt/rustwide/target/debug/deps/libtokio-a6104191cb58d4ac.rmeta --cap-lints=warn --crate-version 0.1.0` (exit status: 1)
[INFO] [stderr] warning: build failed, waiting for other jobs to finish...
[INFO] [stdout] error: aborting due to 4 previous errors
[INFO] [stdout] 
[INFO] [stdout] 
[INFO] [stdout] Some errors have detailed explanations: E0554, E0635.
[INFO] [stdout] 
[INFO] [stdout] For more information about an error, try `rustc --explain E0554`.
[INFO] [stdout] 
[INFO] [stderr] error: could not compile `datacollect-core` (lib) due to 5 previous errors
[INFO] running `Command { std: "docker" "inspect" "4e7dbe08a503e6b2b7803f2377916862f1e0ac56cd377a732b149d859bcad462", kill_on_drop: false }`
[INFO] running `Command { std: "docker" "rm" "-f" "4e7dbe08a503e6b2b7803f2377916862f1e0ac56cd377a732b149d859bcad462", kill_on_drop: false }`
[INFO] [stdout] 4e7dbe08a503e6b2b7803f2377916862f1e0ac56cd377a732b149d859bcad462
