[INFO] cloning repository https://github.com/hgsipiere/discord_plays_gba
[INFO] running `Command { std: "git" "-c" "credential.helper=" "-c" "credential.helper=/workspace/cargo-home/bin/git-credential-null" "clone" "--bare" "https://github.com/hgsipiere/discord_plays_gba" "/workspace/cache/git-repos/https%3A%2F%2Fgithub.com%2Fhgsipiere%2Fdiscord_plays_gba", kill_on_drop: false }`
[INFO] [stderr] Cloning into bare repository '/workspace/cache/git-repos/https%3A%2F%2Fgithub.com%2Fhgsipiere%2Fdiscord_plays_gba'...
[INFO] running `Command { std: "git" "rev-parse" "HEAD", kill_on_drop: false }`
[INFO] [stdout] 0a6fd344825b25018ad829bb44422f1350023fbb
[INFO] documenting hgsipiere/discord_plays_gba against 1.69.0 for beta-1.70-rustdoc-1
[INFO] running `Command { std: "git" "clone" "/workspace/cache/git-repos/https%3A%2F%2Fgithub.com%2Fhgsipiere%2Fdiscord_plays_gba" "/workspace/builds/worker-6-tc1/source", kill_on_drop: false }`
[INFO] [stderr] Cloning into '/workspace/builds/worker-6-tc1/source'...
[INFO] [stderr] done.
[INFO] validating manifest of git repo https://github.com/hgsipiere/discord_plays_gba on toolchain 1.69.0
[INFO] running `Command { std: CARGO_HOME="/workspace/cargo-home" RUSTUP_HOME="/workspace/rustup-home" "/workspace/cargo-home/bin/cargo" "+1.69.0" "metadata" "--manifest-path" "Cargo.toml" "--no-deps", kill_on_drop: false }`
[INFO] started tweaking git repo https://github.com/hgsipiere/discord_plays_gba
[INFO] finished tweaking git repo https://github.com/hgsipiere/discord_plays_gba
[INFO] tweaked toml for git repo https://github.com/hgsipiere/discord_plays_gba written to /workspace/builds/worker-6-tc1/source/Cargo.toml
[INFO] crate git repo https://github.com/hgsipiere/discord_plays_gba already has a lockfile, it will not be regenerated
[INFO] running `Command { std: CARGO_HOME="/workspace/cargo-home" RUSTUP_HOME="/workspace/rustup-home" "/workspace/cargo-home/bin/cargo" "+1.69.0" "fetch" "--manifest-path" "Cargo.toml", kill_on_drop: false }`
[INFO] [stderr]     Updating git repository `https://github.com/michelhe/libretro-backend.git`
[INFO] [stderr]  Downloading crates ...
[INFO] [stderr]   Downloaded hex-literal-impl v0.2.2
[INFO] [stderr]   Downloaded fuzzy-matcher v0.3.5
[INFO] [stderr]   Downloaded bit v0.1.1
[INFO] [stderr]   Downloaded ringbuf v0.2.2
[INFO] [stderr]   Downloaded spin_sleep v0.3.7
[INFO] [stderr]   Downloaded rustyline v6.3.0
[INFO] [stderr]   Downloaded android_liblog-sys v0.1.4
[INFO] [stderr]   Downloaded unsafe_unwrap v0.1.0
[INFO] [stderr]   Downloaded libretro-sys v0.1.1
[INFO] [stderr]   Downloaded debug_stub_derive v0.3.0
[INFO] [stderr]   Downloaded pin-project-lite v0.1.9
[INFO] [stderr]   Downloaded enum-primitive-derive v0.1.2
[INFO] [stderr]   Downloaded android_log v0.1.3
[INFO] [stderr]   Downloaded orbclient v0.3.23
[INFO] [stderr]   Downloaded hexdump v0.1.0
[INFO] [stderr]   Downloaded gdbstub v0.1.2
[INFO] [stderr]   Downloaded wasm-bindgen-console-logger v0.1.1
[INFO] running `Command { std: "docker" "create" "-v" "/var/lib/crater-agent-workspace/builds/worker-6-tc1/target:/opt/rustwide/target:rw,Z" "-v" "/var/lib/crater-agent-workspace/builds/worker-6-tc1/source:/opt/rustwide/workdir:ro,Z" "-v" "/var/lib/crater-agent-workspace/cargo-home:/opt/rustwide/cargo-home:ro,Z" "-v" "/var/lib/crater-agent-workspace/rustup-home:/opt/rustwide/rustup-home:ro,Z" "-e" "SOURCE_DIR=/opt/rustwide/workdir" "-e" "CARGO_TARGET_DIR=/opt/rustwide/target" "-e" "CARGO_HOME=/opt/rustwide/cargo-home" "-e" "RUSTUP_HOME=/opt/rustwide/rustup-home" "-w" "/opt/rustwide/workdir" "-m" "1610612736" "--user" "0:0" "--network" "none" "ghcr.io/rust-lang/crates-build-env/linux@sha256:5ff2268d62e97bff2cde7d5815dd6ed5b47097566f13b8d0ca110b04b60e07ed" "/opt/rustwide/cargo-home/bin/cargo" "+1.69.0" "metadata" "--no-deps" "--format-version=1", kill_on_drop: false }`
[INFO] [stdout] 1bc9821cad2f63390c1fb2d1776476a3469ba27f79541df716f1df37d988dc8b
[INFO] running `Command { std: "docker" "start" "-a" "1bc9821cad2f63390c1fb2d1776476a3469ba27f79541df716f1df37d988dc8b", kill_on_drop: false }`
[INFO] running `Command { std: "docker" "inspect" "1bc9821cad2f63390c1fb2d1776476a3469ba27f79541df716f1df37d988dc8b", kill_on_drop: false }`
[INFO] running `Command { std: "docker" "rm" "-f" "1bc9821cad2f63390c1fb2d1776476a3469ba27f79541df716f1df37d988dc8b", kill_on_drop: false }`
[INFO] [stdout] 1bc9821cad2f63390c1fb2d1776476a3469ba27f79541df716f1df37d988dc8b
[INFO] running `Command { std: "docker" "create" "-v" "/var/lib/crater-agent-workspace/builds/worker-6-tc1/target:/opt/rustwide/target:rw,Z" "-v" "/var/lib/crater-agent-workspace/builds/worker-6-tc1/source:/opt/rustwide/workdir:ro,Z" "-v" "/var/lib/crater-agent-workspace/cargo-home:/opt/rustwide/cargo-home:ro,Z" "-v" "/var/lib/crater-agent-workspace/rustup-home:/opt/rustwide/rustup-home:ro,Z" "-e" "SOURCE_DIR=/opt/rustwide/workdir" "-e" "CARGO_TARGET_DIR=/opt/rustwide/target" "-e" "CARGO_INCREMENTAL=0" "-e" "RUST_BACKTRACE=full" "-e" "RUSTFLAGS=--cap-lints=warn" "-e" "RUSTDOCFLAGS=--cap-lints=warn" "-e" "CARGO_HOME=/opt/rustwide/cargo-home" "-e" "RUSTUP_HOME=/opt/rustwide/rustup-home" "-w" "/opt/rustwide/workdir" "-m" "1610612736" "--user" "0:0" "--network" "none" "ghcr.io/rust-lang/crates-build-env/linux@sha256:5ff2268d62e97bff2cde7d5815dd6ed5b47097566f13b8d0ca110b04b60e07ed" "/opt/rustwide/cargo-home/bin/cargo" "+1.69.0" "doc" "--frozen" "--no-deps" "--document-private-items" "--message-format=json", kill_on_drop: false }`
[INFO] [stdout] 286e0f3de9e5d346636c231575141cc5b1ad8ff41b4fa2eec1d5669a42232098
[INFO] running `Command { std: "docker" "start" "-a" "286e0f3de9e5d346636c231575141cc5b1ad8ff41b4fa2eec1d5669a42232098", kill_on_drop: false }`
[INFO] [stderr]    Compiling autocfg v1.0.1
[INFO] [stderr]    Compiling libc v0.2.98
[INFO] [stderr]    Compiling proc-macro2 v1.0.28
[INFO] [stderr]    Compiling unicode-xid v0.2.1
[INFO] [stderr]    Compiling syn v1.0.74
[INFO] [stderr]     Checking cfg-if v0.1.10
[INFO] [stderr]    Compiling log v0.4.11
[INFO] [stderr]    Compiling version_check v0.9.2
[INFO] [stderr]    Compiling proc-macro-hack v0.5.19
[INFO] [stderr]    Compiling serde_derive v1.0.116
[INFO] [stderr]     Checking lazy_static v1.4.0
[INFO] [stderr]    Compiling num-traits v0.2.12
[INFO] [stderr]    Compiling serde v1.0.116
[INFO] [stderr]    Compiling typenum v1.12.0
[INFO] [stderr]    Compiling memchr v2.3.3
[INFO] [stderr]    Compiling cc v1.0.69
[INFO] [stderr]     Checking itoa v0.4.6
[INFO] [stderr]    Compiling quote v1.0.7
[INFO] [stderr]    Compiling num-integer v0.1.43
[INFO] [stderr]    Compiling byteorder v1.3.4
[INFO] [stderr]     Checking once_cell v1.8.0
[INFO] [stderr]    Compiling standback v0.2.10
[INFO] [stderr]     Checking pin-project-lite v0.2.7
[INFO] [stderr]     Checking time v0.1.44
[INFO] [stderr]    Compiling ring v0.16.20
[INFO] [stderr]     Checking bytes v1.0.1
[INFO] [stderr]    Compiling bitflags v1.2.1
[INFO] [stderr]    Compiling crc32fast v1.2.0
[INFO] [stderr]    Compiling futures-core v0.3.16
[INFO] [stderr]    Compiling ryu v1.0.5
[INFO] [stderr]    Compiling num-bigint v0.2.6
[INFO] [stderr]     Checking instant v0.1.7
[INFO] [stderr]     Checking adler32 v1.2.0
[INFO] [stderr]     Checking scopeguard v1.1.0
[INFO] [stderr]     Checking smallvec v1.6.1
[INFO] [stderr]     Checking untrusted v0.7.1
[INFO] [stderr]     Checking spin v0.5.2
[INFO] [stderr]     Checking lock_api v0.4.4
[INFO] [stderr]     Checking parking_lot_core v0.8.3
[INFO] [stderr]     Checking miniz_oxide v0.3.7
[INFO] [stderr]     Checking generic-array v0.12.3
[INFO] [stderr]     Checking atty v0.2.14
[INFO] [stderr]    Compiling num-rational v0.2.4
[INFO] [stderr]    Compiling num-complex v0.2.4
[INFO] [stderr]    Compiling tokio v1.9.0
[INFO] [stderr]    Compiling num-iter v0.1.41
[INFO] [stderr]    Compiling futures-macro v0.3.16
[INFO] [stderr]    Compiling futures-task v0.3.16
[INFO] [stderr]    Compiling const_fn v0.4.2
[INFO] [stderr]    Compiling futures-channel v0.3.16
[INFO] [stderr]    Compiling serde_json v1.0.57
[INFO] [stderr]     Checking futures-sink v0.3.16
[INFO] [stderr]     Checking byte-tools v0.3.1
[INFO] [stderr]    Compiling proc-macro-nested v0.1.7
[INFO] [stderr]    Compiling wasm-bindgen-shared v0.2.68
[INFO] [stderr]     Checking block-padding v0.1.5
[INFO] [stderr]     Checking flate2 v1.0.14
[INFO] [stderr]     Checking parking_lot v0.11.1
[INFO] [stderr]     Checking num_cpus v1.13.0
[INFO] [stderr]     Checking mio v0.7.13
[INFO] [stderr]     Checking signal-hook-registry v1.4.0
[INFO] [stderr]    Compiling futures-util v0.3.16
[INFO] [stderr]    Compiling time v0.2.22
[INFO] [stderr]     Checking odds v0.2.26
[INFO] [stderr]     Checking matches v0.1.8
[INFO] [stderr]     Checking nodrop v0.1.14
[INFO] [stderr]     Checking fnv v1.0.7
[INFO] [stderr]    Compiling bit v0.1.1
[INFO] [stderr]     Checking http v0.2.4
[INFO] [stderr]     Checking arrayvec v0.3.25
[INFO] [stderr]    Compiling rustboyadvance-core v0.1.0 (/opt/rustwide/workdir/core)
[INFO] [stderr]    Compiling num-traits v0.1.43
[INFO] [stderr]     Checking block-buffer v0.7.3
[INFO] [stderr]     Checking digest v0.8.1
[INFO] [stderr]    Compiling hex-literal-impl v0.2.2
[INFO] [stderr]    Compiling unicase v2.6.0
[INFO] [stderr]    Compiling generic-array v0.14.4
[INFO] [stderr]     Checking pin-utils v0.1.0
[INFO] [stderr]     Checking tinyvec_macros v0.1.0
[INFO] [stderr]     Checking opaque-debug v0.2.3
[INFO] [stderr]     Checking plain v0.2.3
[INFO] [stderr]    Compiling httparse v1.4.1
[INFO] [stderr]     Checking bit-vec v0.6.2
[INFO] [stderr]     Checking fake-simd v0.1.2
[INFO] [stderr]     Checking itertools v0.4.19
[INFO] [stderr]     Checking slab v0.4.4
[INFO] [stderr]     Checking futures-io v0.3.16
[INFO] [stderr]    Compiling getrandom v0.1.15
[INFO] [stderr]     Checking webpki v0.21.4
[INFO] [stderr]    Compiling bumpalo v3.4.0
[INFO] [stderr]     Checking linked-hash-map v0.5.3
[INFO] [stderr]     Checking bit-set v0.5.2
[INFO] [stderr]     Checking hex-literal v0.2.1
[INFO] [stderr]     Checking sha2 v0.8.2
[INFO] [stderr]    Compiling wasm-bindgen-backend v0.2.68
[INFO] [stderr]     Checking yaml-rust v0.4.4
[INFO] [stderr]     Checking tinyvec v1.3.1
[INFO] [stderr]     Checking num v0.2.1
[INFO] [stderr]     Checking hexdump v0.1.0
[INFO] [stderr]    Compiling enum-primitive-derive v0.1.2
[INFO] [stderr]    Compiling debug_stub_derive v0.3.0
[INFO] [stderr]     Checking colored v1.9.3
[INFO] [stderr]    Compiling indexmap v1.7.0
[INFO] [stderr]     Checking bit_reverse v0.1.8
[INFO] [stderr]     Checking bitfield v0.13.2
[INFO] [stderr]     Checking arrayvec v0.5.2
[INFO] [stderr]     Checking bytes v0.5.6
[INFO] [stderr]     Checking ansi_term v0.12.1
[INFO] [stderr]     Checking memmem v0.1.1
[INFO] [stderr]     Checking ringbuf v0.2.2
[INFO] [stderr]     Checking percent-encoding v2.1.0
[INFO] [stderr]     Checking bytesize v1.0.1
[INFO] [stderr]     Checking unicode-normalization v0.1.19
[INFO] [stderr]    Compiling wasm-bindgen-macro-support v0.2.68
[INFO] [stderr]     Checking form_urlencoded v1.0.1
[INFO] [stderr]     Checking sct v0.6.1
[INFO] [stderr]     Checking unicode-bidi v0.3.5
[INFO] [stderr]     Checking tracing-core v0.1.18
[INFO] [stderr]    Compiling wasm-bindgen v0.2.68
[INFO] [stderr]     Checking hashbrown v0.11.2
[INFO] [stderr]     Checking base64 v0.13.0
[INFO] [stderr]     Checking idna v0.2.3
[INFO] [stderr]     Checking rand_core v0.5.1
[INFO] [stderr]     Checking rustls v0.19.1
[INFO] [stderr]    Compiling miniz_oxide v0.4.2
[INFO] [stderr]     Checking try-lock v0.2.3
[INFO] [stderr]     Checking ppv-lite86 v0.2.10
[INFO] [stderr]     Checking url v2.2.2
[INFO] [stderr]    Compiling mime_guess v2.0.3
[INFO] [stderr]    Compiling time-macros-impl v0.1.1
[INFO] [stderr]    Compiling scroll_derive v0.10.2
[INFO] [stderr]    Compiling tokio-macros v1.3.0
[INFO] [stderr]    Compiling thiserror-impl v1.0.20
[INFO] [stderr]    Compiling smart-default v0.6.0
[INFO] [stderr]     Checking time-macros v0.1.1
[INFO] [stderr]    Compiling tracing-attributes v0.1.15
[INFO] [stderr]     Checking scroll v0.10.1
[INFO] [stderr]    Compiling wasm-bindgen-macro v0.2.68
[INFO] [stderr]     Checking thiserror v1.0.20
[INFO] [stderr]     Checking goblin v0.2.3
[INFO] [stderr]     Checking zip v0.5.8
[INFO] [stderr]     Checking rand_chacha v0.2.2
[INFO] [stderr]     Checking want v0.3.0
[INFO] [stderr]     Checking block-buffer v0.9.0
[INFO] [stderr]     Checking digest v0.9.0
[INFO] [stderr]     Checking http-body v0.4.2
[INFO] [stderr]    Compiling sdl2-sys v0.33.0
[INFO] [stderr]     Checking socket2 v0.4.1
[INFO] [stderr]     Checking aho-corasick v0.7.13
[INFO] [stderr]     Checking tracing v0.1.26
[INFO] [stderr]     Checking thread_local v1.0.1
[INFO] [stderr]     Checking adler v0.2.3
[INFO] [stderr]     Checking opaque-debug v0.3.0
[INFO] [stderr]     Checking tower-service v0.3.1
[INFO] [stderr]    Compiling pkg-config v0.3.18
[INFO] [stderr]     Checking gimli v0.22.0
[INFO] [stderr]    Compiling same-file v1.0.6
[INFO] [stderr]     Checking cpufeatures v0.1.5
[INFO] [stderr]     Checking regex-syntax v0.6.18
[INFO] [stderr]    Compiling encoding_rs v0.8.28
[INFO] [stderr]     Checking httpdate v1.0.1
[INFO] [stderr]    Compiling x11-dl v2.14.0
[INFO] [stderr]    Compiling walkdir v2.3.1
[INFO] [stderr]     Checking sha-1 v0.9.7
[INFO] [stderr]     Checking rand v0.7.3
[INFO] [stderr]    Compiling pin-project-internal v1.0.8
[INFO] [stderr]     Checking regex v1.3.9
[INFO] [stderr]     Checking input_buffer v0.3.1
[INFO] [stderr]     Checking tokio-util v0.6.7
[INFO] [stderr]     Checking tokio-rustls v0.22.0
[INFO] [stderr]     Checking addr2line v0.13.0
[INFO] [stderr]    Compiling error-chain v0.12.4
[INFO] [stderr]     Checking utf-8 v0.7.6
[INFO] [stderr]     Checking mime v0.3.16
[INFO] [stderr]     Checking base64 v0.12.3
[INFO] [stderr]     Checking h2 v0.3.3
[INFO] [stderr]     Checking object v0.20.0
[INFO] [stderr]     Checking rustc-demangle v0.1.16
[INFO] [stderr]     Checking unicode-width v0.1.8
[INFO] [stderr]    Compiling async-trait v0.1.51
[INFO] [stderr]    Compiling crossbeam-utils v0.8.5
[INFO] [stderr]     Checking tungstenite v0.11.1
[INFO] [stderr]     Checking textwrap v0.11.0
[INFO] [stderr]    Compiling jni v0.17.0
[INFO] [stderr]     Checking webpki-roots v0.21.1
[INFO] [stderr]     Checking webpki-roots v0.20.0
[INFO] [stderr]    Compiling minifb v0.11.2
[INFO] [stderr]    Compiling serenity v0.10.8
[INFO] [stderr]     Checking vec_map v0.8.2
[INFO] [stderr]     Checking pin-project v1.0.8
[INFO] [stderr]     Checking ipnet v2.3.1
[INFO] [stderr]     Checking lazy_static v0.2.11
[INFO] [stderr]     Checking strsim v0.8.0
[INFO] [stderr]    Compiling sdl2 v0.33.0
[INFO] [stderr]     Checking quick-error v1.2.3
[INFO] [stderr]     Checking pin-project-lite v0.1.9
[INFO] [stderr]     Checking ansi_term v0.11.0
[INFO] [stderr]    Compiling crossbeam-queue v0.3.2
[INFO] [stderr]     Checking yaml-rust v0.3.5
[INFO] [stderr]     Checking combine v4.3.2
[INFO] [stderr]     Checking humantime v1.3.0
[INFO] [stderr]     Checking backtrace v0.3.51
[INFO] [stderr]     Checking async-tungstenite v0.11.0
[INFO] [stderr]     Checking clap v2.33.3
[INFO] [stderr]     Checking chrono v0.4.18
[INFO] [stderr]     Checking bincode v1.3.1
[INFO] [stderr]     Checking serde_urlencoded v0.7.0
[INFO] [stderr]     Checking hyper v0.14.11
[INFO] [stderr]     Checking futures v0.3.16
[INFO] [stderr]     Checking libretro-sys v0.1.1
[INFO] [stdout] warning: unnecessary parentheses around match arm expression
[INFO] [stdout]    --> core/src/iodev.rs:110:26
[INFO] [stdout]     |
[INFO] [stdout] 110 |             REG_WIN0H => ((io.gpu.win0.left as u16) << 8 | (io.gpu.win0.right as u16)),
[INFO] [stdout]     |                          ^                                                           ^
[INFO] [stdout]     |
[INFO] [stdout]     = note: `#[warn(unused_parens)]` on by default
[INFO] [stdout] help: remove these parentheses
[INFO] [stdout]     |
[INFO] [stdout] 110 -             REG_WIN0H => ((io.gpu.win0.left as u16) << 8 | (io.gpu.win0.right as u16)),
[INFO] [stdout] 110 +             REG_WIN0H => (io.gpu.win0.left as u16) << 8 | (io.gpu.win0.right as u16),
[INFO] [stdout]     |
[INFO] [stdout] 
[INFO] [stdout] 
[INFO] [stdout] warning: unnecessary parentheses around match arm expression
[INFO] [stdout]    --> core/src/iodev.rs:111:26
[INFO] [stdout]     |
[INFO] [stdout] 111 |             REG_WIN1H => ((io.gpu.win1.left as u16) << 8 | (io.gpu.win1.right as u16)),
[INFO] [stdout]     |                          ^                                                           ^
[INFO] [stdout]     |
[INFO] [stdout] help: remove these parentheses
[INFO] [stdout]     |
[INFO] [stdout] 111 -             REG_WIN1H => ((io.gpu.win1.left as u16) << 8 | (io.gpu.win1.right as u16)),
[INFO] [stdout] 111 +             REG_WIN1H => (io.gpu.win1.left as u16) << 8 | (io.gpu.win1.right as u16),
[INFO] [stdout]     |
[INFO] [stdout] 
[INFO] [stdout] 
[INFO] [stdout] warning: unnecessary parentheses around match arm expression
[INFO] [stdout]    --> core/src/iodev.rs:112:26
[INFO] [stdout]     |
[INFO] [stdout] 112 |             REG_WIN0V => ((io.gpu.win0.top as u16) << 8 | (io.gpu.win0.bottom as u16)),
[INFO] [stdout]     |                          ^                                                           ^
[INFO] [stdout]     |
[INFO] [stdout] help: remove these parentheses
[INFO] [stdout]     |
[INFO] [stdout] 112 -             REG_WIN0V => ((io.gpu.win0.top as u16) << 8 | (io.gpu.win0.bottom as u16)),
[INFO] [stdout] 112 +             REG_WIN0V => (io.gpu.win0.top as u16) << 8 | (io.gpu.win0.bottom as u16),
[INFO] [stdout]     |
[INFO] [stdout] 
[INFO] [stdout] 
[INFO] [stdout] warning: unnecessary parentheses around match arm expression
[INFO] [stdout]    --> core/src/iodev.rs:113:26
[INFO] [stdout]     |
[INFO] [stdout] 113 |             REG_WIN1V => ((io.gpu.win1.top as u16) << 8 | (io.gpu.win1.bottom as u16)),
[INFO] [stdout]     |                          ^                                                           ^
[INFO] [stdout]     |
[INFO] [stdout] help: remove these parentheses
[INFO] [stdout]     |
[INFO] [stdout] 113 -             REG_WIN1V => ((io.gpu.win1.top as u16) << 8 | (io.gpu.win1.bottom as u16)),
[INFO] [stdout] 113 +             REG_WIN1V => (io.gpu.win1.top as u16) << 8 | (io.gpu.win1.bottom as u16),
[INFO] [stdout]     |
[INFO] [stdout] 
[INFO] [stdout] 
[INFO] [stderr]     Checking typemap_rev v0.1.5
[INFO] [stderr]     Checking js-sys v0.3.45
[INFO] [stderr]     Checking yansi v0.5.0
[INFO] [stderr]    Compiling rustboyadvance-sdl2 v0.1.0 (/opt/rustwide/workdir/platform/rustboyadvance-sdl2)
[INFO] [stdout] error: expected `,`
[INFO] [stdout]    --> /opt/rustwide/cargo-home/registry/src/github.com-1ecc6299db9ec823/js-sys-0.3.45/src/lib.rs:639:39
[INFO] [stdout]     |
[INFO] [stdout] 639 |         #[wasm_bindgen(js_namespace = Atomics, catch)]
[INFO] [stdout]     |                                       ^^^^^^^
[INFO] [stdout] 
[INFO] [stdout] 
[INFO] [stdout] error: expected `,`
[INFO] [stdout]    --> /opt/rustwide/cargo-home/registry/src/github.com-1ecc6299db9ec823/js-sys-0.3.45/src/lib.rs:649:39
[INFO] [stdout]     |
[INFO] [stdout] 649 |         #[wasm_bindgen(js_namespace = Atomics, catch)]
[INFO] [stdout]     |                                       ^^^^^^^
[INFO] [stdout] 
[INFO] [stdout] 
[INFO] [stdout] error: expected `,`
[INFO] [stdout]    --> /opt/rustwide/cargo-home/registry/src/github.com-1ecc6299db9ec823/js-sys-0.3.45/src/lib.rs:660:39
[INFO] [stdout]     |
[INFO] [stdout] 660 |         #[wasm_bindgen(js_namespace = Atomics, catch, js_name = compareExchange)]
[INFO] [stdout]     |                                       ^^^^^^^
[INFO] [stdout] 
[INFO] [stdout] 
[INFO] [stdout] error: expected `,`
[INFO] [stdout]    --> /opt/rustwide/cargo-home/registry/src/github.com-1ecc6299db9ec823/js-sys-0.3.45/src/lib.rs:674:39
[INFO] [stdout]     |
[INFO] [stdout] 674 |         #[wasm_bindgen(js_namespace = Atomics, catch)]
[INFO] [stdout]     |                                       ^^^^^^^
[INFO] [stdout] 
[INFO] [stdout] 
[INFO] [stdout] error: expected `,`
[INFO] [stdout]    --> /opt/rustwide/cargo-home/registry/src/github.com-1ecc6299db9ec823/js-sys-0.3.45/src/lib.rs:683:39
[INFO] [stdout]     |
[INFO] [stdout] 683 |         #[wasm_bindgen(js_namespace = Atomics, js_name = isLockFree)]
[INFO] [stdout]     |                                       ^^^^^^^
[INFO] [stdout] 
[INFO] [stdout] 
[INFO] [stdout] error: expected `,`
[INFO] [stdout]    --> /opt/rustwide/cargo-home/registry/src/github.com-1ecc6299db9ec823/js-sys-0.3.45/src/lib.rs:690:39
[INFO] [stdout]     |
[INFO] [stdout] 690 |         #[wasm_bindgen(js_namespace = Atomics, catch)]
[INFO] [stdout]     |                                       ^^^^^^^
[INFO] [stdout] 
[INFO] [stdout] 
[INFO] [stdout] error: expected `,`
[INFO] [stdout]    --> /opt/rustwide/cargo-home/registry/src/github.com-1ecc6299db9ec823/js-sys-0.3.45/src/lib.rs:699:39
[INFO] [stdout]     |
[INFO] [stdout] 699 |         #[wasm_bindgen(js_namespace = Atomics, catch)]
[INFO] [stdout]     |                                       ^^^^^^^
[INFO] [stdout] 
[INFO] [stdout] 
[INFO] [stdout] error: expected `,`
[INFO] [stdout]    --> /opt/rustwide/cargo-home/registry/src/github.com-1ecc6299db9ec823/js-sys-0.3.45/src/lib.rs:703:39
[INFO] [stdout]     |
[INFO] [stdout] 703 |         #[wasm_bindgen(js_namespace = Atomics, catch, js_name = notify)]
[INFO] [stdout]     |                                       ^^^^^^^
[INFO] [stdout] 
[INFO] [stdout] 
[INFO] [stdout] error: expected `,`
[INFO] [stdout]    --> /opt/rustwide/cargo-home/registry/src/github.com-1ecc6299db9ec823/js-sys-0.3.45/src/lib.rs:716:39
[INFO] [stdout]     |
[INFO] [stdout] 716 |         #[wasm_bindgen(js_namespace = Atomics, catch)]
[INFO] [stdout]     |                                       ^^^^^^^
[INFO] [stdout] 
[INFO] [stdout] 
[INFO] [stdout] error: expected `,`
[INFO] [stdout]    --> /opt/rustwide/cargo-home/registry/src/github.com-1ecc6299db9ec823/js-sys-0.3.45/src/lib.rs:723:39
[INFO] [stdout]     |
[INFO] [stdout] 723 |         #[wasm_bindgen(js_namespace = Atomics, catch)]
[INFO] [stdout]     |                                       ^^^^^^^
[INFO] [stdout] 
[INFO] [stdout] 
[INFO] [stdout] error: expected `,`
[INFO] [stdout]    --> /opt/rustwide/cargo-home/registry/src/github.com-1ecc6299db9ec823/js-sys-0.3.45/src/lib.rs:732:39
[INFO] [stdout]     |
[INFO] [stdout] 732 |         #[wasm_bindgen(js_namespace = Atomics, catch)]
[INFO] [stdout]     |                                       ^^^^^^^
[INFO] [stdout] 
[INFO] [stdout] 
[INFO] [stdout] error: expected `,`
[INFO] [stdout]    --> /opt/rustwide/cargo-home/registry/src/github.com-1ecc6299db9ec823/js-sys-0.3.45/src/lib.rs:743:39
[INFO] [stdout]     |
[INFO] [stdout] 743 |         #[wasm_bindgen(js_namespace = Atomics, catch)]
[INFO] [stdout]     |                                       ^^^^^^^
[INFO] [stdout] 
[INFO] [stdout] 
[INFO] [stdout] error: expected `,`
[INFO] [stdout]    --> /opt/rustwide/cargo-home/registry/src/github.com-1ecc6299db9ec823/js-sys-0.3.45/src/lib.rs:749:39
[INFO] [stdout]     |
[INFO] [stdout] 749 |         #[wasm_bindgen(js_namespace = Atomics, catch, js_name = wait)]
[INFO] [stdout]     |                                       ^^^^^^^
[INFO] [stdout] 
[INFO] [stdout] 
[INFO] [stdout] error: expected `,`
[INFO] [stdout]    --> /opt/rustwide/cargo-home/registry/src/github.com-1ecc6299db9ec823/js-sys-0.3.45/src/lib.rs:764:39
[INFO] [stdout]     |
[INFO] [stdout] 764 |         #[wasm_bindgen(js_namespace = Atomics, catch)]
[INFO] [stdout]     |                                       ^^^^^^^
[INFO] [stdout] 
[INFO] [stdout] 
[INFO] [stdout] error: expected `,`
[INFO] [stdout]     --> /opt/rustwide/cargo-home/registry/src/github.com-1ecc6299db9ec823/js-sys-0.3.45/src/lib.rs:1576:39
[INFO] [stdout]      |
[INFO] [stdout] 1576 |         #[wasm_bindgen(js_namespace = Math)]
[INFO] [stdout]      |                                       ^^^^
[INFO] [stdout] 
[INFO] [stdout] 
[INFO] [stdout] error: expected `,`
[INFO] [stdout]     --> /opt/rustwide/cargo-home/registry/src/github.com-1ecc6299db9ec823/js-sys-0.3.45/src/lib.rs:1584:39
[INFO] [stdout]      |
[INFO] [stdout] 1584 |         #[wasm_bindgen(js_namespace = Math)]
[INFO] [stdout]      |                                       ^^^^
[INFO] [stdout] 
[INFO] [stdout] 
[INFO] [stdout] error: expected `,`
[INFO] [stdout]     --> /opt/rustwide/cargo-home/registry/src/github.com-1ecc6299db9ec823/js-sys-0.3.45/src/lib.rs:1592:39
[INFO] [stdout]      |
[INFO] [stdout] 1592 |         #[wasm_bindgen(js_namespace = Math)]
[INFO] [stdout]      |                                       ^^^^
[INFO] [stdout] 
[INFO] [stdout] 
[INFO] [stdout] error: expected `,`
[INFO] [stdout]     --> /opt/rustwide/cargo-home/registry/src/github.com-1ecc6299db9ec823/js-sys-0.3.45/src/lib.rs:1600:39
[INFO] [stdout]      |
[INFO] [stdout] 1600 |         #[wasm_bindgen(js_namespace = Math)]
[INFO] [stdout]      |                                       ^^^^
[INFO] [stdout] 
[INFO] [stdout] 
[INFO] [stdout] error: expected `,`
[INFO] [stdout]     --> /opt/rustwide/cargo-home/registry/src/github.com-1ecc6299db9ec823/js-sys-0.3.45/src/lib.rs:1607:39
[INFO] [stdout]      |
[INFO] [stdout] 1607 |         #[wasm_bindgen(js_namespace = Math)]
[INFO] [stdout]      |                                       ^^^^
[INFO] [stdout] 
[INFO] [stdout] 
[INFO] [stdout] error: expected `,`
[INFO] [stdout]     --> /opt/rustwide/cargo-home/registry/src/github.com-1ecc6299db9ec823/js-sys-0.3.45/src/lib.rs:1613:39
[INFO] [stdout]      |
[INFO] [stdout] 1613 |         #[wasm_bindgen(js_namespace = Math)]
[INFO] [stdout]      |                                       ^^^^
[INFO] [stdout] 
[INFO] [stdout] 
[INFO] [stdout] error: expected `,`
[INFO] [stdout]     --> /opt/rustwide/cargo-home/registry/src/github.com-1ecc6299db9ec823/js-sys-0.3.45/src/lib.rs:1620:39
[INFO] [stdout]      |
[INFO] [stdout] 1620 |         #[wasm_bindgen(js_namespace = Math)]
[INFO] [stdout]      |                                       ^^^^
[INFO] [stdout] 
[INFO] [stdout] 
[INFO] [stdout] error: expected `,`
[INFO] [stdout]     --> /opt/rustwide/cargo-home/registry/src/github.com-1ecc6299db9ec823/js-sys-0.3.45/src/lib.rs:1628:39
[INFO] [stdout]      |
[INFO] [stdout] 1628 |         #[wasm_bindgen(js_namespace = Math)]
[INFO] [stdout]      |                                       ^^^^
[INFO] [stdout] 
[INFO] [stdout] 
[INFO] [stdout] error: expected `,`
[INFO] [stdout]     --> /opt/rustwide/cargo-home/registry/src/github.com-1ecc6299db9ec823/js-sys-0.3.45/src/lib.rs:1635:39
[INFO] [stdout]      |
[INFO] [stdout] 1635 |         #[wasm_bindgen(js_namespace = Math)]
[INFO] [stdout]      |                                       ^^^^
[INFO] [stdout] 
[INFO] [stdout] 
[INFO] [stdout] error: expected `,`
[INFO] [stdout]     --> /opt/rustwide/cargo-home/registry/src/github.com-1ecc6299db9ec823/js-sys-0.3.45/src/lib.rs:1642:39
[INFO] [stdout]      |
[INFO] [stdout] 1642 |         #[wasm_bindgen(js_namespace = Math)]
[INFO] [stdout]      |                                       ^^^^
[INFO] [stdout] 
[INFO] [stdout] 
[INFO] [stdout] error: expected `,`
[INFO] [stdout]     --> /opt/rustwide/cargo-home/registry/src/github.com-1ecc6299db9ec823/js-sys-0.3.45/src/lib.rs:1649:39
[INFO] [stdout]      |
[INFO] [stdout] 1649 |         #[wasm_bindgen(js_namespace = Math)]
[INFO] [stdout]      |                                       ^^^^
[INFO] [stdout] 
[INFO] [stdout] 
[INFO] [stdout] error: expected `,`
[INFO] [stdout]     --> /opt/rustwide/cargo-home/registry/src/github.com-1ecc6299db9ec823/js-sys-0.3.45/src/lib.rs:1656:39
[INFO] [stdout]      |
[INFO] [stdout] 1656 |         #[wasm_bindgen(js_namespace = Math)]
[INFO] [stdout]      |                                       ^^^^
[INFO] [stdout] 
[INFO] [stdout] 
[INFO] [stdout] error: expected `,`
[INFO] [stdout]     --> /opt/rustwide/cargo-home/registry/src/github.com-1ecc6299db9ec823/js-sys-0.3.45/src/lib.rs:1663:39
[INFO] [stdout]      |
[INFO] [stdout] 1663 |         #[wasm_bindgen(js_namespace = Math)]
[INFO] [stdout]      |                                       ^^^^
[INFO] [stdout] 
[INFO] [stdout] 
[INFO] [stdout] error: expected `,`
[INFO] [stdout]     --> /opt/rustwide/cargo-home/registry/src/github.com-1ecc6299db9ec823/js-sys-0.3.45/src/lib.rs:1670:39
[INFO] [stdout]      |
[INFO] [stdout] 1670 |         #[wasm_bindgen(js_namespace = Math)]
[INFO] [stdout]      |                                       ^^^^
[INFO] [stdout] 
[INFO] [stdout] 
[INFO] [stdout] error: expected `,`
[INFO] [stdout]     --> /opt/rustwide/cargo-home/registry/src/github.com-1ecc6299db9ec823/js-sys-0.3.45/src/lib.rs:1677:39
[INFO] [stdout]      |
[INFO] [stdout] 1677 |         #[wasm_bindgen(js_namespace = Math)]
[INFO] [stdout]      |                                       ^^^^
[INFO] [stdout] 
[INFO] [stdout] 
[INFO] [stdout] error: expected `,`
[INFO] [stdout]     --> /opt/rustwide/cargo-home/registry/src/github.com-1ecc6299db9ec823/js-sys-0.3.45/src/lib.rs:1684:39
[INFO] [stdout]      |
[INFO] [stdout] 1684 |         #[wasm_bindgen(js_namespace = Math)]
[INFO] [stdout]      |                                       ^^^^
[INFO] [stdout] 
[INFO] [stdout] 
[INFO] [stdout] error: expected `,`
[INFO] [stdout]     --> /opt/rustwide/cargo-home/registry/src/github.com-1ecc6299db9ec823/js-sys-0.3.45/src/lib.rs:1691:39
[INFO] [stdout]      |
[INFO] [stdout] 1691 |         #[wasm_bindgen(js_namespace = Math)]
[INFO] [stdout]      |                                       ^^^^
[INFO] [stdout] 
[INFO] [stdout] 
[INFO] [stdout] error: expected `,`
[INFO] [stdout]     --> /opt/rustwide/cargo-home/registry/src/github.com-1ecc6299db9ec823/js-sys-0.3.45/src/lib.rs:1697:39
[INFO] [stdout]      |
[INFO] [stdout] 1697 |         #[wasm_bindgen(js_namespace = Math)]
[INFO] [stdout]      |                                       ^^^^
[INFO] [stdout] 
[INFO] [stdout] 
[INFO] [stdout] error: expected `,`
[INFO] [stdout]     --> /opt/rustwide/cargo-home/registry/src/github.com-1ecc6299db9ec823/js-sys-0.3.45/src/lib.rs:1704:39
[INFO] [stdout]      |
[INFO] [stdout] 1704 |         #[wasm_bindgen(js_namespace = Math)]
[INFO] [stdout]      |                                       ^^^^
[INFO] [stdout] 
[INFO] [stdout] 
[INFO] [stdout] error: expected `,`
[INFO] [stdout]     --> /opt/rustwide/cargo-home/registry/src/github.com-1ecc6299db9ec823/js-sys-0.3.45/src/lib.rs:1711:39
[INFO] [stdout]      |
[INFO] [stdout] 1711 |         #[wasm_bindgen(js_namespace = Math)]
[INFO] [stdout]      |                                       ^^^^
[INFO] [stdout] 
[INFO] [stdout] 
[INFO] [stdout] error: expected `,`
[INFO] [stdout]     --> /opt/rustwide/cargo-home/registry/src/github.com-1ecc6299db9ec823/js-sys-0.3.45/src/lib.rs:1717:39
[INFO] [stdout]      |
[INFO] [stdout] 1717 |         #[wasm_bindgen(js_namespace = Math)]
[INFO] [stdout]      |                                       ^^^^
[INFO] [stdout] 
[INFO] [stdout] 
[INFO] [stdout] error: expected `,`
[INFO] [stdout]     --> /opt/rustwide/cargo-home/registry/src/github.com-1ecc6299db9ec823/js-sys-0.3.45/src/lib.rs:1722:39
[INFO] [stdout]      |
[INFO] [stdout] 1722 |         #[wasm_bindgen(js_namespace = Math)]
[INFO] [stdout]      |                                       ^^^^
[INFO] [stdout] 
[INFO] [stdout] 
[INFO] [stdout] error: expected `,`
[INFO] [stdout]     --> /opt/rustwide/cargo-home/registry/src/github.com-1ecc6299db9ec823/js-sys-0.3.45/src/lib.rs:1728:39
[INFO] [stdout]      |
[INFO] [stdout] 1728 |         #[wasm_bindgen(js_namespace = Math)]
[INFO] [stdout]      |                                       ^^^^
[INFO] [stdout] 
[INFO] [stdout] 
[INFO] [stdout] error: expected `,`
[INFO] [stdout]     --> /opt/rustwide/cargo-home/registry/src/github.com-1ecc6299db9ec823/js-sys-0.3.45/src/lib.rs:1734:39
[INFO] [stdout]      |
[INFO] [stdout] 1734 |         #[wasm_bindgen(js_namespace = Math)]
[INFO] [stdout]      |                                       ^^^^
[INFO] [stdout] 
[INFO] [stdout] 
[INFO] [stdout] error: expected `,`
[INFO] [stdout]     --> /opt/rustwide/cargo-home/registry/src/github.com-1ecc6299db9ec823/js-sys-0.3.45/src/lib.rs:1740:39
[INFO] [stdout]      |
[INFO] [stdout] 1740 |         #[wasm_bindgen(js_namespace = Math)]
[INFO] [stdout]      |                                       ^^^^
[INFO] [stdout] 
[INFO] [stdout] 
[INFO] [stdout] error: expected `,`
[INFO] [stdout]     --> /opt/rustwide/cargo-home/registry/src/github.com-1ecc6299db9ec823/js-sys-0.3.45/src/lib.rs:1746:39
[INFO] [stdout]      |
[INFO] [stdout] 1746 |         #[wasm_bindgen(js_namespace = Math)]
[INFO] [stdout]      |                                       ^^^^
[INFO] [stdout] 
[INFO] [stdout] 
[INFO] [stdout] error: expected `,`
[INFO] [stdout]     --> /opt/rustwide/cargo-home/registry/src/github.com-1ecc6299db9ec823/js-sys-0.3.45/src/lib.rs:1756:39
[INFO] [stdout]      |
[INFO] [stdout] 1756 |         #[wasm_bindgen(js_namespace = Math)]
[INFO] [stdout]      |                                       ^^^^
[INFO] [stdout] 
[INFO] [stdout] 
[INFO] [stdout] error: expected `,`
[INFO] [stdout]     --> /opt/rustwide/cargo-home/registry/src/github.com-1ecc6299db9ec823/js-sys-0.3.45/src/lib.rs:1762:39
[INFO] [stdout]      |
[INFO] [stdout] 1762 |         #[wasm_bindgen(js_namespace = Math)]
[INFO] [stdout]      |                                       ^^^^
[INFO] [stdout] 
[INFO] [stdout] 
[INFO] [stdout] error: expected `,`
[INFO] [stdout]     --> /opt/rustwide/cargo-home/registry/src/github.com-1ecc6299db9ec823/js-sys-0.3.45/src/lib.rs:1769:39
[INFO] [stdout]      |
[INFO] [stdout] 1769 |         #[wasm_bindgen(js_namespace = Math)]
[INFO] [stdout]      |                                       ^^^^
[INFO] [stdout] 
[INFO] [stdout] 
[INFO] [stdout] error: expected `,`
[INFO] [stdout]     --> /opt/rustwide/cargo-home/registry/src/github.com-1ecc6299db9ec823/js-sys-0.3.45/src/lib.rs:1775:39
[INFO] [stdout]      |
[INFO] [stdout] 1775 |         #[wasm_bindgen(js_namespace = Math)]
[INFO] [stdout]      |                                       ^^^^
[INFO] [stdout] 
[INFO] [stdout] 
[INFO] [stdout] error: expected `,`
[INFO] [stdout]     --> /opt/rustwide/cargo-home/registry/src/github.com-1ecc6299db9ec823/js-sys-0.3.45/src/lib.rs:1782:39
[INFO] [stdout]      |
[INFO] [stdout] 1782 |         #[wasm_bindgen(js_namespace = Math)]
[INFO] [stdout]      |                                       ^^^^
[INFO] [stdout] 
[INFO] [stdout] 
[INFO] [stdout] error: expected `,`
[INFO] [stdout]     --> /opt/rustwide/cargo-home/registry/src/github.com-1ecc6299db9ec823/js-sys-0.3.45/src/lib.rs:1789:39
[INFO] [stdout]      |
[INFO] [stdout] 1789 |         #[wasm_bindgen(js_namespace = Math)]
[INFO] [stdout]      |                                       ^^^^
[INFO] [stdout] 
[INFO] [stdout] 
[INFO] [stdout] error: expected `,`
[INFO] [stdout]     --> /opt/rustwide/cargo-home/registry/src/github.com-1ecc6299db9ec823/js-sys-0.3.45/src/lib.rs:1795:39
[INFO] [stdout]      |
[INFO] [stdout] 1795 |         #[wasm_bindgen(js_namespace = Math)]
[INFO] [stdout]      |                                       ^^^^
[INFO] [stdout] 
[INFO] [stdout] 
[INFO] [stdout] error: expected `,`
[INFO] [stdout]     --> /opt/rustwide/cargo-home/registry/src/github.com-1ecc6299db9ec823/js-sys-0.3.45/src/lib.rs:1802:39
[INFO] [stdout]      |
[INFO] [stdout] 1802 |         #[wasm_bindgen(js_namespace = Math)]
[INFO] [stdout]      |                                       ^^^^
[INFO] [stdout] 
[INFO] [stdout] 
[INFO] [stdout] error: expected `,`
[INFO] [stdout]     --> /opt/rustwide/cargo-home/registry/src/github.com-1ecc6299db9ec823/js-sys-0.3.45/src/lib.rs:1809:39
[INFO] [stdout]      |
[INFO] [stdout] 1809 |         #[wasm_bindgen(js_namespace = Math)]
[INFO] [stdout]      |                                       ^^^^
[INFO] [stdout] 
[INFO] [stdout] 
[INFO] [stderr]     Checking cesu8 v1.1.0
[INFO] [stderr]     Checking termcolor v1.1.0
[INFO] [stdout] error: expected `,`
[INFO] [stdout]     --> /opt/rustwide/cargo-home/registry/src/github.com-1ecc6299db9ec823/js-sys-0.3.45/src/lib.rs:2765:39
[INFO] [stdout]      |
[INFO] [stdout] 2765 |         #[wasm_bindgen(js_namespace = Reflect, catch)]
[INFO] [stdout]      |                                       ^^^^^^^
[INFO] [stdout] 
[INFO] [stdout] 
[INFO] [stdout] error: expected `,`
[INFO] [stdout]     --> /opt/rustwide/cargo-home/registry/src/github.com-1ecc6299db9ec823/js-sys-0.3.45/src/lib.rs:2777:39
[INFO] [stdout]      |
[INFO] [stdout] 2777 |         #[wasm_bindgen(js_namespace = Reflect, catch)]
[INFO] [stdout]      |                                       ^^^^^^^
[INFO] [stdout] 
[INFO] [stdout] 
[INFO] [stdout] error: expected `,`
[INFO] [stdout]     --> /opt/rustwide/cargo-home/registry/src/github.com-1ecc6299db9ec823/js-sys-0.3.45/src/lib.rs:2785:39
[INFO] [stdout]      |
[INFO] [stdout] 2785 |         #[wasm_bindgen(js_namespace = Reflect, js_name = construct, catch)]
[INFO] [stdout]      |                                       ^^^^^^^
[INFO] [stdout] 
[INFO] [stdout] 
[INFO] [stdout] error: expected `,`
[INFO] [stdout]     --> /opt/rustwide/cargo-home/registry/src/github.com-1ecc6299db9ec823/js-sys-0.3.45/src/lib.rs:2796:39
[INFO] [stdout]      |
[INFO] [stdout] 2796 |         #[wasm_bindgen(js_namespace = Reflect, js_name = defineProperty, catch)]
[INFO] [stdout]      |                                       ^^^^^^^
[INFO] [stdout] 
[INFO] [stdout] 
[INFO] [stdout] error: expected `,`
[INFO] [stdout]     --> /opt/rustwide/cargo-home/registry/src/github.com-1ecc6299db9ec823/js-sys-0.3.45/src/lib.rs:2807:39
[INFO] [stdout]      |
[INFO] [stdout] 2807 |         #[wasm_bindgen(js_namespace = Reflect, js_name = deleteProperty, catch)]
[INFO] [stdout]      |                                       ^^^^^^^
[INFO] [stdout] 
[INFO] [stdout] 
[INFO] [stdout] error: expected `,`
[INFO] [stdout]     --> /opt/rustwide/cargo-home/registry/src/github.com-1ecc6299db9ec823/js-sys-0.3.45/src/lib.rs:2814:39
[INFO] [stdout]      |
[INFO] [stdout] 2814 |         #[wasm_bindgen(js_namespace = Reflect, catch)]
[INFO] [stdout]      |                                       ^^^^^^^
[INFO] [stdout] 
[INFO] [stdout] 
[INFO] [stdout] error: expected `,`
[INFO] [stdout]     --> /opt/rustwide/cargo-home/registry/src/github.com-1ecc6299db9ec823/js-sys-0.3.45/src/lib.rs:2819:39
[INFO] [stdout]      |
[INFO] [stdout] 2819 |         #[wasm_bindgen(js_namespace = Reflect, js_name = "get", catch)]
[INFO] [stdout]      |                                       ^^^^^^^
[INFO] [stdout] 
[INFO] [stdout] 
[INFO] [stdout] error: expected `,`
[INFO] [stdout]     --> /opt/rustwide/cargo-home/registry/src/github.com-1ecc6299db9ec823/js-sys-0.3.45/src/lib.rs:2824:39
[INFO] [stdout]      |
[INFO] [stdout] 2824 |         #[wasm_bindgen(js_namespace = Reflect, js_name = "get", catch)]
[INFO] [stdout]      |                                       ^^^^^^^
[INFO] [stdout] 
[INFO] [stdout] 
[INFO] [stdout] error: expected `,`
[INFO] [stdout]     --> /opt/rustwide/cargo-home/registry/src/github.com-1ecc6299db9ec823/js-sys-0.3.45/src/lib.rs:2832:39
[INFO] [stdout]      |
[INFO] [stdout] 2832 |         #[wasm_bindgen(js_namespace = Reflect, js_name = getOwnPropertyDescriptor, catch)]
[INFO] [stdout]      |                                       ^^^^^^^
[INFO] [stdout] 
[INFO] [stdout] 
[INFO] [stdout] error: expected `,`
[INFO] [stdout]     --> /opt/rustwide/cargo-home/registry/src/github.com-1ecc6299db9ec823/js-sys-0.3.45/src/lib.rs:2844:39
[INFO] [stdout]      |
[INFO] [stdout] 2844 |         #[wasm_bindgen(js_namespace = Reflect, js_name = getPrototypeOf, catch)]
[INFO] [stdout]      |                                       ^^^^^^^
[INFO] [stdout] 
[INFO] [stdout] 
[INFO] [stdout] error: expected `,`
[INFO] [stdout]     --> /opt/rustwide/cargo-home/registry/src/github.com-1ecc6299db9ec823/js-sys-0.3.45/src/lib.rs:2851:39
[INFO] [stdout]      |
[INFO] [stdout] 2851 |         #[wasm_bindgen(js_namespace = Reflect, catch)]
[INFO] [stdout]      |                                       ^^^^^^^
[INFO] [stdout] 
[INFO] [stdout] 
[INFO] [stdout] error: expected `,`
[INFO] [stdout]     --> /opt/rustwide/cargo-home/registry/src/github.com-1ecc6299db9ec823/js-sys-0.3.45/src/lib.rs:2859:39
[INFO] [stdout]      |
[INFO] [stdout] 2859 |         #[wasm_bindgen(js_namespace = Reflect, js_name = isExtensible, catch)]
[INFO] [stdout]      |                                       ^^^^^^^
[INFO] [stdout] 
[INFO] [stdout] 
[INFO] [stdout] error: expected `,`
[INFO] [stdout]     --> /opt/rustwide/cargo-home/registry/src/github.com-1ecc6299db9ec823/js-sys-0.3.45/src/lib.rs:2866:39
[INFO] [stdout]      |
[INFO] [stdout] 2866 |         #[wasm_bindgen(js_namespace = Reflect, js_name = ownKeys, catch)]
[INFO] [stdout]      |                                       ^^^^^^^
[INFO] [stdout] 
[INFO] [stdout] 
[INFO] [stdout] error: expected `,`
[INFO] [stdout]     --> /opt/rustwide/cargo-home/registry/src/github.com-1ecc6299db9ec823/js-sys-0.3.45/src/lib.rs:2875:39
[INFO] [stdout]      |
[INFO] [stdout] 2875 |         #[wasm_bindgen(js_namespace = Reflect, js_name = preventExtensions, catch)]
[INFO] [stdout]      |                                       ^^^^^^^
[INFO] [stdout] 
[INFO] [stdout] 
[INFO] [stdout] error: expected `,`
[INFO] [stdout]     --> /opt/rustwide/cargo-home/registry/src/github.com-1ecc6299db9ec823/js-sys-0.3.45/src/lib.rs:2882:39
[INFO] [stdout]      |
[INFO] [stdout] 2882 |         #[wasm_bindgen(js_namespace = Reflect, catch)]
[INFO] [stdout]      |                                       ^^^^^^^
[INFO] [stdout] 
[INFO] [stdout] 
[INFO] [stdout] error: expected `,`
[INFO] [stdout]     --> /opt/rustwide/cargo-home/registry/src/github.com-1ecc6299db9ec823/js-sys-0.3.45/src/lib.rs:2891:39
[INFO] [stdout]      |
[INFO] [stdout] 2891 |         #[wasm_bindgen(js_namespace = Reflect, js_name = "set", catch)]
[INFO] [stdout]      |                                       ^^^^^^^
[INFO] [stdout] 
[INFO] [stdout] 
[INFO] [stdout] error: expected `,`
[INFO] [stdout]     --> /opt/rustwide/cargo-home/registry/src/github.com-1ecc6299db9ec823/js-sys-0.3.45/src/lib.rs:2900:39
[INFO] [stdout]      |
[INFO] [stdout] 2900 |         #[wasm_bindgen(js_namespace = Reflect, js_name = "set", catch)]
[INFO] [stdout]      |                                       ^^^^^^^
[INFO] [stdout] 
[INFO] [stdout] 
[INFO] [stdout] error: expected `,`
[INFO] [stdout]     --> /opt/rustwide/cargo-home/registry/src/github.com-1ecc6299db9ec823/js-sys-0.3.45/src/lib.rs:2911:39
[INFO] [stdout]      |
[INFO] [stdout] 2911 |         #[wasm_bindgen(js_namespace = Reflect, js_name = set, catch)]
[INFO] [stdout]      |                                       ^^^^^^^
[INFO] [stdout] 
[INFO] [stdout] 
[INFO] [stdout] error: expected `,`
[INFO] [stdout]     --> /opt/rustwide/cargo-home/registry/src/github.com-1ecc6299db9ec823/js-sys-0.3.45/src/lib.rs:2925:39
[INFO] [stdout]      |
[INFO] [stdout] 2925 |         #[wasm_bindgen(js_namespace = Reflect, js_name = setPrototypeOf, catch)]
[INFO] [stdout]      |                                       ^^^^^^^
[INFO] [stdout] 
[INFO] [stdout] 
[INFO] [stderr]     Checking glob v0.3.0
[INFO] [stdout] error: expected `,`
[INFO] [stdout]     --> /opt/rustwide/cargo-home/registry/src/github.com-1ecc6299db9ec823/js-sys-0.3.45/src/lib.rs:3342:39
[INFO] [stdout]      |
[INFO] [stdout] 3342 |         #[wasm_bindgen(js_namespace = WebAssembly)]
[INFO] [stdout]      |                                       ^^^^^^^^^^^
[INFO] [stdout] 
[INFO] [stdout] 
[INFO] [stdout] error: expected `,`
[INFO] [stdout]     --> /opt/rustwide/cargo-home/registry/src/github.com-1ecc6299db9ec823/js-sys-0.3.45/src/lib.rs:3349:39
[INFO] [stdout]      |
[INFO] [stdout] 3349 |         #[wasm_bindgen(js_namespace = WebAssembly, js_name = instantiate)]
[INFO] [stdout]      |                                       ^^^^^^^^^^^
[INFO] [stdout] 
[INFO] [stdout] 
[INFO] [stdout] error: expected `,`
[INFO] [stdout]     --> /opt/rustwide/cargo-home/registry/src/github.com-1ecc6299db9ec823/js-sys-0.3.45/src/lib.rs:3356:39
[INFO] [stdout]      |
[INFO] [stdout] 3356 |         #[wasm_bindgen(js_namespace = WebAssembly, js_name = instantiate)]
[INFO] [stdout]      |                                       ^^^^^^^^^^^
[INFO] [stdout] 
[INFO] [stdout] 
[INFO] [stdout] error: expected `,`
[INFO] [stdout]     --> /opt/rustwide/cargo-home/registry/src/github.com-1ecc6299db9ec823/js-sys-0.3.45/src/lib.rs:3365:39
[INFO] [stdout]      |
[INFO] [stdout] 3365 |         #[wasm_bindgen(js_namespace = WebAssembly, js_name = instantiateStreaming)]
[INFO] [stdout]      |                                       ^^^^^^^^^^^
[INFO] [stdout] 
[INFO] [stdout] 
[INFO] [stdout] error: expected `,`
[INFO] [stdout]     --> /opt/rustwide/cargo-home/registry/src/github.com-1ecc6299db9ec823/js-sys-0.3.45/src/lib.rs:3373:39
[INFO] [stdout]      |
[INFO] [stdout] 3373 |         #[wasm_bindgen(js_namespace = WebAssembly, catch)]
[INFO] [stdout]      |                                       ^^^^^^^^^^^
[INFO] [stdout] 
[INFO] [stdout] 
[INFO] [stdout] error: expected `,`
[INFO] [stdout]     --> /opt/rustwide/cargo-home/registry/src/github.com-1ecc6299db9ec823/js-sys-0.3.45/src/lib.rs:3385:56
[INFO] [stdout]      |
[INFO] [stdout] 3385 |         #[wasm_bindgen(extends = Error, js_namespace = WebAssembly, typescript_type = "WebAssembly.CompileError")]
[INFO] [stdout]      |                                                        ^^^^^^^^^^^
[INFO] [stdout] 
[INFO] [stdout] 
[INFO] [stdout] error: expected `,`
[INFO] [stdout]     --> /opt/rustwide/cargo-home/registry/src/github.com-1ecc6299db9ec823/js-sys-0.3.45/src/lib.rs:3394:52
[INFO] [stdout]      |
[INFO] [stdout] 3394 |         #[wasm_bindgen(constructor, js_namespace = WebAssembly)]
[INFO] [stdout]      |                                                    ^^^^^^^^^^^
[INFO] [stdout] 
[INFO] [stdout] 
[INFO] [stdout] error: expected `,`
[INFO] [stdout]     --> /opt/rustwide/cargo-home/registry/src/github.com-1ecc6299db9ec823/js-sys-0.3.45/src/lib.rs:3407:57
[INFO] [stdout]      |
[INFO] [stdout] 3407 |         #[wasm_bindgen(extends = Object, js_namespace = WebAssembly, typescript_type = "WebAssembly.Instance")]
[INFO] [stdout]      |                                                         ^^^^^^^^^^^
[INFO] [stdout] 
[INFO] [stdout] 
[INFO] [stdout] error: expected `,`
[INFO] [stdout]     --> /opt/rustwide/cargo-home/registry/src/github.com-1ecc6299db9ec823/js-sys-0.3.45/src/lib.rs:3417:59
[INFO] [stdout]      |
[INFO] [stdout] 3417 |         #[wasm_bindgen(catch, constructor, js_namespace = WebAssembly)]
[INFO] [stdout]      |                                                           ^^^^^^^^^^^
[INFO] [stdout] 
[INFO] [stdout] 
[INFO] [stdout] error: expected `,`
[INFO] [stdout]     --> /opt/rustwide/cargo-home/registry/src/github.com-1ecc6299db9ec823/js-sys-0.3.45/src/lib.rs:3426:55
[INFO] [stdout]      |
[INFO] [stdout] 3426 |         #[wasm_bindgen(getter, method, js_namespace = WebAssembly)]
[INFO] [stdout]      |                                                       ^^^^^^^^^^^
[INFO] [stdout] 
[INFO] [stdout] 
[INFO] [stdout] error: expected `,`
[INFO] [stdout]     --> /opt/rustwide/cargo-home/registry/src/github.com-1ecc6299db9ec823/js-sys-0.3.45/src/lib.rs:3438:56
[INFO] [stdout]      |
[INFO] [stdout] 3438 |         #[wasm_bindgen(extends = Error, js_namespace = WebAssembly, typescript_type = "WebAssembly.LinkError")]
[INFO] [stdout]      |                                                        ^^^^^^^^^^^
[INFO] [stdout] 
[INFO] [stdout] 
[INFO] [stdout] error: expected `,`
[INFO] [stdout]     --> /opt/rustwide/cargo-home/registry/src/github.com-1ecc6299db9ec823/js-sys-0.3.45/src/lib.rs:3447:52
[INFO] [stdout]      |
[INFO] [stdout] 3447 |         #[wasm_bindgen(constructor, js_namespace = WebAssembly)]
[INFO] [stdout]      |                                                    ^^^^^^^^^^^
[INFO] [stdout] 
[INFO] [stdout] 
[INFO] [stdout] error: expected `,`
[INFO] [stdout]     --> /opt/rustwide/cargo-home/registry/src/github.com-1ecc6299db9ec823/js-sys-0.3.45/src/lib.rs:3459:56
[INFO] [stdout]      |
[INFO] [stdout] 3459 |         #[wasm_bindgen(extends = Error, js_namespace = WebAssembly, typescript_type = "WebAssembly.RuntimeError")]
[INFO] [stdout]      |                                                        ^^^^^^^^^^^
[INFO] [stdout] 
[INFO] [stdout] 
[INFO] [stdout] error: expected `,`
[INFO] [stdout]     --> /opt/rustwide/cargo-home/registry/src/github.com-1ecc6299db9ec823/js-sys-0.3.45/src/lib.rs:3468:52
[INFO] [stdout]      |
[INFO] [stdout] 3468 |         #[wasm_bindgen(constructor, js_namespace = WebAssembly)]
[INFO] [stdout]      |                                                    ^^^^^^^^^^^
[INFO] [stdout] 
[INFO] [stdout] 
[INFO] [stdout] error: expected `,`
[INFO] [stdout]     --> /opt/rustwide/cargo-home/registry/src/github.com-1ecc6299db9ec823/js-sys-0.3.45/src/lib.rs:3480:39
[INFO] [stdout]      |
[INFO] [stdout] 3480 |         #[wasm_bindgen(js_namespace = WebAssembly, extends = Object, typescript_type = "WebAssembly.Module")]
[INFO] [stdout]      |                                       ^^^^^^^^^^^
[INFO] [stdout] 
[INFO] [stdout] 
[INFO] [stdout] error: expected `,`
[INFO] [stdout]     --> /opt/rustwide/cargo-home/registry/src/github.com-1ecc6299db9ec823/js-sys-0.3.45/src/lib.rs:3489:52
[INFO] [stdout]      |
[INFO] [stdout] 3489 |         #[wasm_bindgen(constructor, js_namespace = WebAssembly, catch)]
[INFO] [stdout]      |                                                    ^^^^^^^^^^^
[INFO] [stdout] 
[INFO] [stdout] 
[INFO] [stdout] error: expected `,`
[INFO] [stdout]     --> /opt/rustwide/cargo-home/registry/src/github.com-1ecc6299db9ec823/js-sys-0.3.45/src/lib.rs:3497:66
[INFO] [stdout]      |
[INFO] [stdout] 3497 |         #[wasm_bindgen(static_method_of = Module, js_namespace = WebAssembly, js_name = customSections)]
[INFO] [stdout]      |                                                                  ^^^^^^^^^^^
[INFO] [stdout] 
[INFO] [stdout] 
[INFO] [stdout] error: expected `,`
[INFO] [stdout]     --> /opt/rustwide/cargo-home/registry/src/github.com-1ecc6299db9ec823/js-sys-0.3.45/src/lib.rs:3504:66
[INFO] [stdout]      |
[INFO] [stdout] 3504 |         #[wasm_bindgen(static_method_of = Module, js_namespace = WebAssembly)]
[INFO] [stdout]      |                                                                  ^^^^^^^^^^^
[INFO] [stdout] 
[INFO] [stdout] 
[INFO] [stdout] error: expected `,`
[INFO] [stdout]     --> /opt/rustwide/cargo-home/registry/src/github.com-1ecc6299db9ec823/js-sys-0.3.45/src/lib.rs:3511:66
[INFO] [stdout]      |
[INFO] [stdout] 3511 |         #[wasm_bindgen(static_method_of = Module, js_namespace = WebAssembly)]
[INFO] [stdout]      |                                                                  ^^^^^^^^^^^
[INFO] [stdout] 
[INFO] [stdout] 
[INFO] [stdout] error: expected `,`
[INFO] [stdout]     --> /opt/rustwide/cargo-home/registry/src/github.com-1ecc6299db9ec823/js-sys-0.3.45/src/lib.rs:3522:39
[INFO] [stdout]      |
[INFO] [stdout] 3522 |         #[wasm_bindgen(js_namespace = WebAssembly, extends = Object, typescript_type = "WebAssembly.Table")]
[INFO] [stdout]      |                                       ^^^^^^^^^^^
[INFO] [stdout] 
[INFO] [stdout] 
[INFO] [stdout] error: expected `,`
[INFO] [stdout]     --> /opt/rustwide/cargo-home/registry/src/github.com-1ecc6299db9ec823/js-sys-0.3.45/src/lib.rs:3530:52
[INFO] [stdout]      |
[INFO] [stdout] 3530 |         #[wasm_bindgen(constructor, js_namespace = WebAssembly, catch)]
[INFO] [stdout]      |                                                    ^^^^^^^^^^^
[INFO] [stdout] 
[INFO] [stdout] 
[INFO] [stdout] error: expected `,`
[INFO] [stdout]     --> /opt/rustwide/cargo-home/registry/src/github.com-1ecc6299db9ec823/js-sys-0.3.45/src/lib.rs:3538:55
[INFO] [stdout]      |
[INFO] [stdout] 3538 |         #[wasm_bindgen(method, getter, js_namespace = WebAssembly)]
[INFO] [stdout]      |                                                       ^^^^^^^^^^^
[INFO] [stdout] 
[INFO] [stdout] 
[INFO] [stdout] error: expected `,`
[INFO] [stdout]     --> /opt/rustwide/cargo-home/registry/src/github.com-1ecc6299db9ec823/js-sys-0.3.45/src/lib.rs:3545:54
[INFO] [stdout]      |
[INFO] [stdout] 3545 |         #[wasm_bindgen(method, catch, js_namespace = WebAssembly)]
[INFO] [stdout]      |                                                      ^^^^^^^^^^^
[INFO] [stdout] 
[INFO] [stdout] 
[INFO] [stdout] error: expected `,`
[INFO] [stdout]     --> /opt/rustwide/cargo-home/registry/src/github.com-1ecc6299db9ec823/js-sys-0.3.45/src/lib.rs:3553:54
[INFO] [stdout]      |
[INFO] [stdout] 3553 |         #[wasm_bindgen(method, catch, js_namespace = WebAssembly)]
[INFO] [stdout]      |                                                      ^^^^^^^^^^^
[INFO] [stdout] 
[INFO] [stdout] 
[INFO] [stdout] error: expected `,`
[INFO] [stdout]     --> /opt/rustwide/cargo-home/registry/src/github.com-1ecc6299db9ec823/js-sys-0.3.45/src/lib.rs:3560:54
[INFO] [stdout]      |
[INFO] [stdout] 3560 |         #[wasm_bindgen(method, catch, js_namespace = WebAssembly)]
[INFO] [stdout]      |                                                      ^^^^^^^^^^^
[INFO] [stdout] 
[INFO] [stdout] 
[INFO] [stdout] error: expected `,`
[INFO] [stdout]     --> /opt/rustwide/cargo-home/registry/src/github.com-1ecc6299db9ec823/js-sys-0.3.45/src/lib.rs:3568:39
[INFO] [stdout]      |
[INFO] [stdout] 3568 |         #[wasm_bindgen(js_namespace = WebAssembly, extends = Object, typescript_type = "WebAssembly.Memory")]
[INFO] [stdout]      |                                       ^^^^^^^^^^^
[INFO] [stdout] 
[INFO] [stdout] 
[INFO] [stdout] error: expected `,`
[INFO] [stdout]     --> /opt/rustwide/cargo-home/registry/src/github.com-1ecc6299db9ec823/js-sys-0.3.45/src/lib.rs:3580:52
[INFO] [stdout]      |
[INFO] [stdout] 3580 |         #[wasm_bindgen(constructor, js_namespace = WebAssembly, catch)]
[INFO] [stdout]      |                                                    ^^^^^^^^^^^
[INFO] [stdout] 
[INFO] [stdout] 
[INFO] [stdout] error: expected `,`
[INFO] [stdout]     --> /opt/rustwide/cargo-home/registry/src/github.com-1ecc6299db9ec823/js-sys-0.3.45/src/lib.rs:3587:55
[INFO] [stdout]      |
[INFO] [stdout] 3587 |         #[wasm_bindgen(method, getter, js_namespace = WebAssembly)]
[INFO] [stdout]      |                                                       ^^^^^^^^^^^
[INFO] [stdout] 
[INFO] [stdout] 
[INFO] [stdout] error: expected `,`
[INFO] [stdout]     --> /opt/rustwide/cargo-home/registry/src/github.com-1ecc6299db9ec823/js-sys-0.3.45/src/lib.rs:3598:47
[INFO] [stdout]      |
[INFO] [stdout] 3598 |         #[wasm_bindgen(method, js_namespace = WebAssembly)]
[INFO] [stdout]      |                                               ^^^^^^^^^^^
[INFO] [stdout] 
[INFO] [stdout] 
[INFO] [stdout] error: expected `,`
[INFO] [stdout]     --> /opt/rustwide/cargo-home/registry/src/github.com-1ecc6299db9ec823/js-sys-0.3.45/src/lib.rs:3618:46
[INFO] [stdout]      |
[INFO] [stdout] 3618 |         #[wasm_bindgen(catch, js_namespace = JSON)]
[INFO] [stdout]      |                                              ^^^^
[INFO] [stdout] 
[INFO] [stdout] 
[INFO] [stdout] error: expected `,`
[INFO] [stdout]     --> /opt/rustwide/cargo-home/registry/src/github.com-1ecc6299db9ec823/js-sys-0.3.45/src/lib.rs:3624:46
[INFO] [stdout]      |
[INFO] [stdout] 3624 |         #[wasm_bindgen(catch, js_namespace = JSON)]
[INFO] [stdout]      |                                              ^^^^
[INFO] [stdout] 
[INFO] [stdout] 
[INFO] [stdout] error: expected `,`
[INFO] [stdout]     --> /opt/rustwide/cargo-home/registry/src/github.com-1ecc6299db9ec823/js-sys-0.3.45/src/lib.rs:3636:46
[INFO] [stdout]      |
[INFO] [stdout] 3636 |         #[wasm_bindgen(catch, js_namespace = JSON, js_name = stringify)]
[INFO] [stdout]      |                                              ^^^^
[INFO] [stdout] 
[INFO] [stdout] 
[INFO] [stdout] error: expected `,`
[INFO] [stdout]     --> /opt/rustwide/cargo-home/registry/src/github.com-1ecc6299db9ec823/js-sys-0.3.45/src/lib.rs:3660:46
[INFO] [stdout]      |
[INFO] [stdout] 3660 |         #[wasm_bindgen(catch, js_namespace = JSON, js_name = stringify)]
[INFO] [stdout]      |                                              ^^^^
[INFO] [stdout] 
[INFO] [stdout] 
[INFO] [stdout] error: expected `,`
[INFO] [stdout]     --> /opt/rustwide/cargo-home/registry/src/github.com-1ecc6299db9ec823/js-sys-0.3.45/src/lib.rs:4420:70
[INFO] [stdout]      |
[INFO] [stdout] 4420 |         #[wasm_bindgen(js_name = getCanonicalLocales, js_namespace = Intl)]
[INFO] [stdout]      |                                                                      ^^^^
[INFO] [stdout] 
[INFO] [stdout] 
[INFO] [stdout] error: expected `,`
[INFO] [stdout]     --> /opt/rustwide/cargo-home/registry/src/github.com-1ecc6299db9ec823/js-sys-0.3.45/src/lib.rs:4431:57
[INFO] [stdout]      |
[INFO] [stdout] 4431 |         #[wasm_bindgen(extends = Object, js_namespace = Intl, typescript_type = "Intl.Collator")]
[INFO] [stdout]      |                                                         ^^^^
[INFO] [stdout] 
[INFO] [stdout] 
[INFO] [stdout] error: expected `,`
[INFO] [stdout]     --> /opt/rustwide/cargo-home/registry/src/github.com-1ecc6299db9ec823/js-sys-0.3.45/src/lib.rs:4439:52
[INFO] [stdout]      |
[INFO] [stdout] 4439 |         #[wasm_bindgen(constructor, js_namespace = Intl)]
[INFO] [stdout]      |                                                    ^^^^
[INFO] [stdout] 
[INFO] [stdout] 
[INFO] [stdout] error: expected `,`
[INFO] [stdout]     --> /opt/rustwide/cargo-home/registry/src/github.com-1ecc6299db9ec823/js-sys-0.3.45/src/lib.rs:4455:47
[INFO] [stdout]      |
[INFO] [stdout] 4455 |         #[wasm_bindgen(method, js_namespace = Intl, js_name = resolvedOptions)]
[INFO] [stdout]      |                                               ^^^^
[INFO] [stdout] 
[INFO] [stdout] 
[INFO] [stdout] error: expected `,`
[INFO] [stdout]     --> /opt/rustwide/cargo-home/registry/src/github.com-1ecc6299db9ec823/js-sys-0.3.45/src/lib.rs:4464:68
[INFO] [stdout]      |
[INFO] [stdout] 4464 |         #[wasm_bindgen(static_method_of = Collator, js_namespace = Intl, js_name = supportedLocalesOf)]
[INFO] [stdout]      |                                                                    ^^^^
[INFO] [stdout] 
[INFO] [stdout] 
[INFO] [stdout] error: expected `,`
[INFO] [stdout]     --> /opt/rustwide/cargo-home/registry/src/github.com-1ecc6299db9ec823/js-sys-0.3.45/src/lib.rs:4475:57
[INFO] [stdout]      |
[INFO] [stdout] 4475 |         #[wasm_bindgen(extends = Object, js_namespace = Intl, typescript_type = "Intl.DateTimeFormat")]
[INFO] [stdout]      |                                                         ^^^^
[INFO] [stdout] 
[INFO] [stdout] 
[INFO] [stdout] error: expected `,`
[INFO] [stdout]     --> /opt/rustwide/cargo-home/registry/src/github.com-1ecc6299db9ec823/js-sys-0.3.45/src/lib.rs:4483:52
[INFO] [stdout]      |
[INFO] [stdout] 4483 |         #[wasm_bindgen(constructor, js_namespace = Intl)]
[INFO] [stdout]      |                                                    ^^^^
[INFO] [stdout] 
[INFO] [stdout] 
[INFO] [stdout] error: expected `,`
[INFO] [stdout]     --> /opt/rustwide/cargo-home/registry/src/github.com-1ecc6299db9ec823/js-sys-0.3.45/src/lib.rs:4506:47
[INFO] [stdout]      |
[INFO] [stdout] 4506 |         #[wasm_bindgen(method, js_namespace = Intl, js_name = resolvedOptions)]
[INFO] [stdout]      |                                               ^^^^
[INFO] [stdout] 
[INFO] [stdout] 
[INFO] [stdout] error: expected `,`
[INFO] [stdout]     --> /opt/rustwide/cargo-home/registry/src/github.com-1ecc6299db9ec823/js-sys-0.3.45/src/lib.rs:4515:74
[INFO] [stdout]      |
[INFO] [stdout] 4515 |         #[wasm_bindgen(static_method_of = DateTimeFormat, js_namespace = Intl, js_name = supportedLocalesOf)]
[INFO] [stdout]      |                                                                          ^^^^
[INFO] [stdout] 
[INFO] [stdout] 
[INFO] [stdout] error: expected `,`
[INFO] [stdout]     --> /opt/rustwide/cargo-home/registry/src/github.com-1ecc6299db9ec823/js-sys-0.3.45/src/lib.rs:4526:57
[INFO] [stdout]      |
[INFO] [stdout] 4526 |         #[wasm_bindgen(extends = Object, js_namespace = Intl, typescript_type = "Intl.NumberFormat")]
[INFO] [stdout]      |                                                         ^^^^
[INFO] [stdout] 
[INFO] [stdout] 
[INFO] [stdout] error: expected `,`
[INFO] [stdout]     --> /opt/rustwide/cargo-home/registry/src/github.com-1ecc6299db9ec823/js-sys-0.3.45/src/lib.rs:4534:52
[INFO] [stdout]      |
[INFO] [stdout] 4534 |         #[wasm_bindgen(constructor, js_namespace = Intl)]
[INFO] [stdout]      |                                                    ^^^^
[INFO] [stdout] 
[INFO] [stdout] 
[INFO] [stdout] error: expected `,`
[INFO] [stdout]     --> /opt/rustwide/cargo-home/registry/src/github.com-1ecc6299db9ec823/js-sys-0.3.45/src/lib.rs:4557:47
[INFO] [stdout]      |
[INFO] [stdout] 4557 |         #[wasm_bindgen(method, js_namespace = Intl, js_name = resolvedOptions)]
[INFO] [stdout]      |                                               ^^^^
[INFO] [stdout] 
[INFO] [stdout] 
[INFO] [stdout] error: expected `,`
[INFO] [stdout]     --> /opt/rustwide/cargo-home/registry/src/github.com-1ecc6299db9ec823/js-sys-0.3.45/src/lib.rs:4565:72
[INFO] [stdout]      |
[INFO] [stdout] 4565 |         #[wasm_bindgen(static_method_of = NumberFormat, js_namespace = Intl, js_name = supportedLocalesOf)]
[INFO] [stdout]      |                                                                        ^^^^
[INFO] [stdout] 
[INFO] [stdout] 
[INFO] [stdout] error: expected `,`
[INFO] [stdout]     --> /opt/rustwide/cargo-home/registry/src/github.com-1ecc6299db9ec823/js-sys-0.3.45/src/lib.rs:4576:57
[INFO] [stdout]      |
[INFO] [stdout] 4576 |         #[wasm_bindgen(extends = Object, js_namespace = Intl, typescript_type = "Intl.PluralRules")]
[INFO] [stdout]      |                                                         ^^^^
[INFO] [stdout] 
[INFO] [stdout] 
[INFO] [stdout] error: expected `,`
[INFO] [stdout]     --> /opt/rustwide/cargo-home/registry/src/github.com-1ecc6299db9ec823/js-sys-0.3.45/src/lib.rs:4584:52
[INFO] [stdout]      |
[INFO] [stdout] 4584 |         #[wasm_bindgen(constructor, js_namespace = Intl)]
[INFO] [stdout]      |                                                    ^^^^
[INFO] [stdout] 
[INFO] [stdout] 
[INFO] [stdout] error: expected `,`
[INFO] [stdout]     --> /opt/rustwide/cargo-home/registry/src/github.com-1ecc6299db9ec823/js-sys-0.3.45/src/lib.rs:4592:47
[INFO] [stdout]      |
[INFO] [stdout] 4592 |         #[wasm_bindgen(method, js_namespace = Intl, js_name = resolvedOptions)]
[INFO] [stdout]      |                                               ^^^^
[INFO] [stdout] 
[INFO] [stdout] 
[INFO] [stdout] error: expected `,`
[INFO] [stdout]     --> /opt/rustwide/cargo-home/registry/src/github.com-1ecc6299db9ec823/js-sys-0.3.45/src/lib.rs:4599:47
[INFO] [stdout]      |
[INFO] [stdout] 4599 |         #[wasm_bindgen(method, js_namespace = Intl)]
[INFO] [stdout]      |                                               ^^^^
[INFO] [stdout] 
[INFO] [stdout] 
[INFO] [stdout] error: expected `,`
[INFO] [stdout]     --> /opt/rustwide/cargo-home/registry/src/github.com-1ecc6299db9ec823/js-sys-0.3.45/src/lib.rs:4607:71
[INFO] [stdout]      |
[INFO] [stdout] 4607 |         #[wasm_bindgen(static_method_of = PluralRules, js_namespace = Intl, js_name = supportedLocalesOf)]
[INFO] [stdout]      |                                                                       ^^^^
[INFO] [stdout] 
[INFO] [stdout] 
[INFO] [stderr]     Checking jni-sys v0.3.0
[INFO] [stderr]     Checking env_logger v0.7.1
[INFO] [stderr]     Checking flexi_logger v0.14.8
[INFO] [stderr]     Checking console_error_panic_hook v0.1.6
[INFO] [stdout] error[E0425]: cannot find function `get` in module `Reflect`
[INFO] [stdout]     --> /opt/rustwide/cargo-home/registry/src/github.com-1ecc6299db9ec823/js-sys-0.3.45/src/lib.rs:1524:28
[INFO] [stdout]      |
[INFO] [stdout] 1524 |     let iter_fn = Reflect::get(val, iter_sym.as_ref())?;
[INFO] [stdout]      |                            ^^^ not found in `Reflect`
[INFO] [stdout] 
[INFO] [stdout] 
[INFO] [stdout] error[E0412]: cannot find type `Memory` in module `WebAssembly`
[INFO] [stdout]     --> /opt/rustwide/cargo-home/registry/src/github.com-1ecc6299db9ec823/js-sys-0.3.45/src/lib.rs:4933:60
[INFO] [stdout]      |
[INFO] [stdout] 4933 |                   let mem = buf.unchecked_ref::<WebAssembly::Memory>();
[INFO] [stdout]      |                                                              ^^^^^^ not found in `WebAssembly`
[INFO] [stdout] ...
[INFO] [stdout] 5008 | / arrays! {
[INFO] [stdout] 5009 | |     /// `Int8Array()`
[INFO] [stdout] 5010 | |     /// https://developer.mozilla.org/en-US/docs/Web/JavaScript/Reference/Global_Objects/Int8Array
[INFO] [stdout] 5011 | |     Int8Array: i8,
[INFO] [stdout] ...    |
[INFO] [stdout] 5043 | |     Float64Array: f64,
[INFO] [stdout] 5044 | | }
[INFO] [stdout]      | |_- in this macro invocation
[INFO] [stdout]      |
[INFO] [stdout]      = note: this error originates in the macro `arrays` (in Nightly builds, run with -Z macro-backtrace for more info)
[INFO] [stdout] 
[INFO] [stdout] 
[INFO] [stdout] error[E0412]: cannot find type `Memory` in module `WebAssembly`
[INFO] [stdout]     --> /opt/rustwide/cargo-home/registry/src/github.com-1ecc6299db9ec823/js-sys-0.3.45/src/lib.rs:4958:60
[INFO] [stdout]      |
[INFO] [stdout] 4958 |                   let mem = buf.unchecked_ref::<WebAssembly::Memory>();
[INFO] [stdout]      |                                                              ^^^^^^ not found in `WebAssembly`
[INFO] [stdout] ...
[INFO] [stdout] 5008 | / arrays! {
[INFO] [stdout] 5009 | |     /// `Int8Array()`
[INFO] [stdout] 5010 | |     /// https://developer.mozilla.org/en-US/docs/Web/JavaScript/Reference/Global_Objects/Int8Array
[INFO] [stdout] 5011 | |     Int8Array: i8,
[INFO] [stdout] ...    |
[INFO] [stdout] 5043 | |     Float64Array: f64,
[INFO] [stdout] 5044 | | }
[INFO] [stdout]      | |_- in this macro invocation
[INFO] [stdout]      |
[INFO] [stdout]      = note: this error originates in the macro `arrays` (in Nightly builds, run with -Z macro-backtrace for more info)
[INFO] [stdout] 
[INFO] [stdout] 
[INFO] [stdout] error[E0412]: cannot find type `Memory` in module `WebAssembly`
[INFO] [stdout]     --> /opt/rustwide/cargo-home/registry/src/github.com-1ecc6299db9ec823/js-sys-0.3.45/src/lib.rs:4968:60
[INFO] [stdout]      |
[INFO] [stdout] 4968 |                   let mem = buf.unchecked_ref::<WebAssembly::Memory>();
[INFO] [stdout]      |                                                              ^^^^^^ not found in `WebAssembly`
[INFO] [stdout] ...
[INFO] [stdout] 5008 | / arrays! {
[INFO] [stdout] 5009 | |     /// `Int8Array()`
[INFO] [stdout] 5010 | |     /// https://developer.mozilla.org/en-US/docs/Web/JavaScript/Reference/Global_Objects/Int8Array
[INFO] [stdout] 5011 | |     Int8Array: i8,
[INFO] [stdout] ...    |
[INFO] [stdout] 5043 | |     Float64Array: f64,
[INFO] [stdout] 5044 | | }
[INFO] [stdout]      | |_- in this macro invocation
[INFO] [stdout]      |
[INFO] [stdout]      = note: this error originates in the macro `arrays` (in Nightly builds, run with -Z macro-backtrace for more info)
[INFO] [stdout] 
[INFO] [stdout] 
[INFO] [stderr]     Checking wasm-bindgen-console-logger v0.1.1
[INFO] [stderr]     Checking libretro-backend v0.2.1 (https://github.com/michelhe/libretro-backend.git?branch=rustboyadvance#cb525222)
[INFO] [stdout] error: expected `,`
[INFO] [stdout]   --> /opt/rustwide/cargo-home/registry/src/github.com-1ecc6299db9ec823/wasm-bindgen-console-logger-0.1.1/src/lib.rs:97:33
[INFO] [stdout]    |
[INFO] [stdout] 97 |     #[wasm_bindgen(js_namespace=console)]
[INFO] [stdout]    |                                 ^^^^^^^
[INFO] [stdout] 
[INFO] [stdout] 
[INFO] [stdout] error: expected `,`
[INFO] [stdout]    --> /opt/rustwide/cargo-home/registry/src/github.com-1ecc6299db9ec823/wasm-bindgen-console-logger-0.1.1/src/lib.rs:100:33
[INFO] [stdout]     |
[INFO] [stdout] 100 |     #[wasm_bindgen(js_namespace=console)]
[INFO] [stdout]     |                                 ^^^^^^^
[INFO] [stdout] 
[INFO] [stdout] 
[INFO] [stdout] error: expected `,`
[INFO] [stdout]    --> /opt/rustwide/cargo-home/registry/src/github.com-1ecc6299db9ec823/wasm-bindgen-console-logger-0.1.1/src/lib.rs:103:33
[INFO] [stdout]     |
[INFO] [stdout] 103 |     #[wasm_bindgen(js_namespace=console)]
[INFO] [stdout]     |                                 ^^^^^^^
[INFO] [stdout] 
[INFO] [stdout] 
[INFO] [stdout] error[E0425]: cannot find function `error` in this scope
[INFO] [stdout]   --> /opt/rustwide/cargo-home/registry/src/github.com-1ecc6299db9ec823/wasm-bindgen-console-logger-0.1.1/src/lib.rs:84:33
[INFO] [stdout]    |
[INFO] [stdout] 84 |                 Level::Error => error(&msg),
[INFO] [stdout]    |                                 ^^^^^ not found in this scope
[INFO] [stdout] 
[INFO] [stdout] 
[INFO] [stdout] error[E0423]: expected function, found built-in attribute `warn`
[INFO] [stdout]   --> /opt/rustwide/cargo-home/registry/src/github.com-1ecc6299db9ec823/wasm-bindgen-console-logger-0.1.1/src/lib.rs:85:32
[INFO] [stdout]    |
[INFO] [stdout] 85 |                 Level::Warn => warn(&msg),
[INFO] [stdout]    |                                ^^^^ not a function
[INFO] [stdout] 
[INFO] [stdout] 
[INFO] [stdout] error[E0423]: expected function, found crate `log`
[INFO] [stdout]   --> /opt/rustwide/cargo-home/registry/src/github.com-1ecc6299db9ec823/wasm-bindgen-console-logger-0.1.1/src/lib.rs:86:22
[INFO] [stdout]    |
[INFO] [stdout] 86 |                 _ => log(&msg),
[INFO] [stdout]    |                      ^^^ help: you might have meant to call the method: `self.log`
[INFO] [stdout] 
[INFO] [stdout] 
[INFO] [stdout] error: aborting due to 6 previous errors
[INFO] [stdout] 
[INFO] [stdout] 
[INFO] [stdout] Some errors have detailed explanations: E0423, E0425.
[INFO] [stdout] 
[INFO] [stdout] For more information about an error, try `rustc --explain E0423`.
[INFO] [stdout] 
[INFO] [stderr] error: could not compile `wasm-bindgen-console-logger` due to 7 previous errors
[INFO] [stderr] warning: build failed, waiting for other jobs to finish...
[INFO] [stdout] error: aborting due to 123 previous errors
[INFO] [stdout] 
[INFO] [stdout] 
[INFO] [stdout] Some errors have detailed explanations: E0412, E0425.
[INFO] [stdout] 
[INFO] [stdout] For more information about an error, try `rustc --explain E0412`.
[INFO] [stdout] 
[INFO] [stderr] error: could not compile `js-sys` due to 124 previous errors
[INFO] [stdout] warning: 4 warnings emitted
[INFO] [stdout] 
[INFO] [stdout] 
[INFO] running `Command { std: "docker" "inspect" "286e0f3de9e5d346636c231575141cc5b1ad8ff41b4fa2eec1d5669a42232098", kill_on_drop: false }`
[INFO] running `Command { std: "docker" "rm" "-f" "286e0f3de9e5d346636c231575141cc5b1ad8ff41b4fa2eec1d5669a42232098", kill_on_drop: false }`
[INFO] [stdout] 286e0f3de9e5d346636c231575141cc5b1ad8ff41b4fa2eec1d5669a42232098
