[INFO] cloning repository https://github.com/hcsch/aoc
[INFO] running `Command { std: "git" "-c" "credential.helper=" "-c" "credential.helper=/workspace/cargo-home/bin/git-credential-null" "clone" "--bare" "https://github.com/hcsch/aoc" "/workspace/cache/git-repos/https%3A%2F%2Fgithub.com%2Fhcsch%2Faoc", kill_on_drop: false }`
[INFO] [stderr] Cloning into bare repository '/workspace/cache/git-repos/https%3A%2F%2Fgithub.com%2Fhcsch%2Faoc'...
[INFO] running `Command { std: "git" "rev-parse" "HEAD", kill_on_drop: false }`
[INFO] [stdout] 901bdb39da3d8728cbd595e8fa3c910b945efd34
[INFO] documenting hcsch/aoc against beta-2023-04-20 for beta-1.70-rustdoc-1
[INFO] running `Command { std: "git" "clone" "/workspace/cache/git-repos/https%3A%2F%2Fgithub.com%2Fhcsch%2Faoc" "/workspace/builds/worker-6-tc2/source", kill_on_drop: false }`
[INFO] [stderr] Cloning into '/workspace/builds/worker-6-tc2/source'...
[INFO] [stderr] done.
[INFO] validating manifest of git repo https://github.com/hcsch/aoc on toolchain beta-2023-04-20
[INFO] running `Command { std: CARGO_HOME="/workspace/cargo-home" RUSTUP_HOME="/workspace/rustup-home" "/workspace/cargo-home/bin/cargo" "+beta-2023-04-20" "metadata" "--manifest-path" "Cargo.toml" "--no-deps", kill_on_drop: false }`
[INFO] started tweaking git repo https://github.com/hcsch/aoc
[INFO] finished tweaking git repo https://github.com/hcsch/aoc
[INFO] tweaked toml for git repo https://github.com/hcsch/aoc written to /workspace/builds/worker-6-tc2/source/Cargo.toml
[INFO] crate git repo https://github.com/hcsch/aoc already has a lockfile, it will not be regenerated
[INFO] running `Command { std: CARGO_HOME="/workspace/cargo-home" RUSTUP_HOME="/workspace/rustup-home" "/workspace/cargo-home/bin/cargo" "+beta-2023-04-20" "fetch" "--manifest-path" "Cargo.toml", kill_on_drop: false }`
[INFO] [stderr]     Updating crates.io index
[INFO] [stderr]  Downloading crates ...
[INFO] [stderr]   Downloaded bitvec v1.0.0-rc1
[INFO] [stderr]   Downloaded clap_derive v3.0.0-beta.5
[INFO] [stderr]   Downloaded os_str_bytes v4.2.0
[INFO] [stderr]   Downloaded clap v3.0.0-beta.5
[INFO] [stderr]   Downloaded envy v0.4.2
[INFO] running `Command { std: "docker" "create" "-v" "/var/lib/crater-agent-workspace/builds/worker-6-tc2/target:/opt/rustwide/target:rw,Z" "-v" "/var/lib/crater-agent-workspace/builds/worker-6-tc2/source:/opt/rustwide/workdir:ro,Z" "-v" "/var/lib/crater-agent-workspace/cargo-home:/opt/rustwide/cargo-home:ro,Z" "-v" "/var/lib/crater-agent-workspace/rustup-home:/opt/rustwide/rustup-home:ro,Z" "-e" "SOURCE_DIR=/opt/rustwide/workdir" "-e" "CARGO_TARGET_DIR=/opt/rustwide/target" "-e" "CARGO_HOME=/opt/rustwide/cargo-home" "-e" "RUSTUP_HOME=/opt/rustwide/rustup-home" "-w" "/opt/rustwide/workdir" "-m" "1610612736" "--user" "0:0" "--network" "none" "ghcr.io/rust-lang/crates-build-env/linux@sha256:5ff2268d62e97bff2cde7d5815dd6ed5b47097566f13b8d0ca110b04b60e07ed" "/opt/rustwide/cargo-home/bin/cargo" "+beta-2023-04-20" "metadata" "--no-deps" "--format-version=1", kill_on_drop: false }`
[INFO] [stdout] 4308cb8b3a005ed1d0488c184c72a71fd59ea0f7f8deab56135ecb0e4410a18c
[INFO] running `Command { std: "docker" "start" "-a" "4308cb8b3a005ed1d0488c184c72a71fd59ea0f7f8deab56135ecb0e4410a18c", kill_on_drop: false }`
[INFO] running `Command { std: "docker" "inspect" "4308cb8b3a005ed1d0488c184c72a71fd59ea0f7f8deab56135ecb0e4410a18c", kill_on_drop: false }`
[INFO] running `Command { std: "docker" "rm" "-f" "4308cb8b3a005ed1d0488c184c72a71fd59ea0f7f8deab56135ecb0e4410a18c", kill_on_drop: false }`
[INFO] [stdout] 4308cb8b3a005ed1d0488c184c72a71fd59ea0f7f8deab56135ecb0e4410a18c
[INFO] running `Command { std: "docker" "create" "-v" "/var/lib/crater-agent-workspace/builds/worker-6-tc2/target:/opt/rustwide/target:rw,Z" "-v" "/var/lib/crater-agent-workspace/builds/worker-6-tc2/source:/opt/rustwide/workdir:ro,Z" "-v" "/var/lib/crater-agent-workspace/cargo-home:/opt/rustwide/cargo-home:ro,Z" "-v" "/var/lib/crater-agent-workspace/rustup-home:/opt/rustwide/rustup-home:ro,Z" "-e" "SOURCE_DIR=/opt/rustwide/workdir" "-e" "CARGO_TARGET_DIR=/opt/rustwide/target" "-e" "CARGO_INCREMENTAL=0" "-e" "RUST_BACKTRACE=full" "-e" "RUSTFLAGS=--cap-lints=warn" "-e" "RUSTDOCFLAGS=--cap-lints=warn" "-e" "CARGO_HOME=/opt/rustwide/cargo-home" "-e" "RUSTUP_HOME=/opt/rustwide/rustup-home" "-w" "/opt/rustwide/workdir" "-m" "1610612736" "--user" "0:0" "--network" "none" "ghcr.io/rust-lang/crates-build-env/linux@sha256:5ff2268d62e97bff2cde7d5815dd6ed5b47097566f13b8d0ca110b04b60e07ed" "/opt/rustwide/cargo-home/bin/cargo" "+beta-2023-04-20" "doc" "--frozen" "--no-deps" "--document-private-items" "--message-format=json", kill_on_drop: false }`
[INFO] [stdout] 7633e90ebef3c54dbbb237fdf512c63ed58b9995a485bf6809520871cf238f3c
[INFO] running `Command { std: "docker" "start" "-a" "7633e90ebef3c54dbbb237fdf512c63ed58b9995a485bf6809520871cf238f3c", kill_on_drop: false }`
[INFO] [stderr]    Compiling autocfg v1.0.1
[INFO] [stderr]    Compiling proc-macro2 v1.0.32
[INFO] [stderr]    Compiling syn v1.0.82
[INFO] [stderr]    Compiling unicode-xid v0.2.2
[INFO] [stderr]    Compiling version_check v0.9.3
[INFO] [stderr]    Compiling memchr v2.4.1
[INFO] [stderr]     Checking lazy_static v1.4.0
[INFO] [stderr]    Compiling serde_derive v1.0.130
[INFO] [stderr]    Compiling libc v0.2.108
[INFO] [stderr]    Compiling crossbeam-utils v0.8.5
[INFO] [stderr]    Compiling serde v1.0.130
[INFO] [stderr]     Checking tinyvec_macros v0.1.0
[INFO] [stderr]     Checking matches v0.1.9
[INFO] [stderr]     Checking cfg-if v1.0.0
[INFO] [stderr]    Compiling ryu v1.0.6
[INFO] [stderr]     Checking tinyvec v1.5.1
[INFO] [stderr]    Compiling radium v0.7.0
[INFO] [stderr]    Compiling regex-syntax v0.6.25
[INFO] [stderr]     Checking percent-encoding v2.1.0
[INFO] [stderr]    Compiling crossbeam-epoch v0.9.5
[INFO] [stderr]     Checking unicode-bidi v0.3.7
[INFO] [stderr]    Compiling serde_json v1.0.72
[INFO] [stderr]    Compiling proc-macro-error-attr v1.0.4
[INFO] [stderr]    Compiling proc-macro-error v1.0.4
[INFO] [stderr]    Compiling num-traits v0.2.14
[INFO] [stderr]    Compiling memoffset v0.6.4
[INFO] [stderr]    Compiling num-integer v0.1.44
[INFO] [stderr]     Checking form_urlencoded v1.0.1
[INFO] [stderr]    Compiling cgmath v0.18.0
[INFO] [stderr]    Compiling if_chain v1.0.2
[INFO] [stderr]     Checking rawpointer v0.2.1
[INFO] [stderr]     Checking tap v1.0.1
[INFO] [stderr]     Checking scopeguard v1.1.0
[INFO] [stderr]     Checking aho-corasick v0.7.18
[INFO] [stderr]     Checking itoa v0.4.8
[INFO] [stderr]     Checking quote v1.0.10
[INFO] [stderr]     Checking unicode-normalization v0.1.19
[INFO] [stderr]     Checking either v1.6.1
[INFO] [stderr]    Compiling rayon-core v1.9.1
[INFO] [stderr]     Checking wyz v0.5.0
[INFO] [stderr]     Checking matrixmultiply v0.3.2
[INFO] [stderr]    Compiling indexmap v1.7.0
[INFO] [stderr]    Compiling unicase v2.6.0
[INFO] [stderr]    Compiling unicode-segmentation v1.8.0
[INFO] [stderr]     Checking funty v2.0.0
[INFO] [stderr]     Checking crossbeam-deque v0.8.1
[INFO] [stderr]     Checking num_cpus v1.13.0
[INFO] [stderr]     Checking itertools v0.10.1
[INFO] [stderr]     Checking crossbeam-channel v0.5.1
[INFO] [stderr]    Compiling rayon v1.5.1
[INFO] [stderr]     Checking array-init v2.0.0
[INFO] [stderr]     Checking unicode-width v0.1.9
[INFO] [stderr]    Compiling paste v1.0.6
[INFO] [stderr]     Checking hashbrown v0.11.2
[INFO] [stderr]     Checking approx v0.4.0
[INFO] [stderr]     Checking num-complex v0.4.0
[INFO] [stderr]     Checking bitvec v1.0.0-rc1
[INFO] [stderr]     Checking idna v0.2.3
[INFO] [stderr]    Compiling heck v0.3.3
[INFO] [stderr]     Checking textwrap v0.14.2
[INFO] [stderr]     Checking atty v0.2.14
[INFO] [stderr]     Checking os_str_bytes v4.2.0
[INFO] [stderr]     Checking ndarray v0.15.4
[INFO] [stderr]     Checking strsim v0.10.0
[INFO] [stderr]    Compiling regex v1.5.4
[INFO] [stderr]     Checking bitflags v1.3.2
[INFO] [stderr]     Checking termcolor v1.1.2
[INFO] [stderr]     Checking url v2.2.2
[INFO] [stderr]     Checking validator_types v0.14.0
[INFO] [stderr]    Compiling validator_derive v0.14.0
[INFO] [stderr]    Compiling clap_derive v3.0.0-beta.5
[INFO] [stderr]     Checking clap v3.0.0-beta.5
[INFO] [stderr]     Checking envy v0.4.2
[INFO] [stderr]     Checking validator v0.14.0
[INFO] [stderr]     Checking aoc-solutions v0.1.0 (/opt/rustwide/workdir/aoc-solutions)
[INFO] [stderr]  Documenting aoc-solutions v0.1.0 (/opt/rustwide/workdir/aoc-solutions)
[INFO] [stdout] error[E0432]: unresolved import `std::lazy`
[INFO] [stdout]  --> aoc-solutions/src/year2020/day02.rs:1:10
[INFO] [stdout]   |
[INFO] [stdout] 1 | use std::lazy::SyncLazy;
[INFO] [stdout]   |          ^^^^ could not find `lazy` in `std`
[INFO] [stdout] 
[INFO] [stdout] 
[INFO] [stdout] error[E0432]: unresolved import `std::lazy`
[INFO] [stdout]  --> aoc-solutions/src/year2020/day04.rs:1:10
[INFO] [stdout]   |
[INFO] [stdout] 1 | use std::lazy::SyncLazy;
[INFO] [stdout]   |          ^^^^ could not find `lazy` in `std`
[INFO] [stdout] 
[INFO] [stdout] 
[INFO] [stdout] error[E0432]: unresolved import `std::lazy`
[INFO] [stdout]  --> aoc-solutions/src/year2020/day07.rs:2:10
[INFO] [stdout]   |
[INFO] [stdout] 2 | use std::lazy::SyncLazy;
[INFO] [stdout]   |          ^^^^ could not find `lazy` in `std`
[INFO] [stdout] 
[INFO] [stdout] 
[INFO] [stdout] error[E0432]: unresolved import `std::lazy`
[INFO] [stdout]  --> aoc-solutions/src/year2020/day08.rs:3:10
[INFO] [stdout]   |
[INFO] [stdout] 3 | use std::lazy::SyncLazy;
[INFO] [stdout]   |          ^^^^ could not find `lazy` in `std`
[INFO] [stdout] 
[INFO] [stdout] 
[INFO] [stdout] error[E0432]: unresolved import `std::lazy`
[INFO] [stdout]  --> aoc-solutions/src/year2020/day02.rs:1:10
[INFO] [stdout]   |
[INFO] [stdout] 1 | use std::lazy::SyncLazy;
[INFO] [stdout]   |          ^^^^ could not find `lazy` in `std`
[INFO] [stdout] 
[INFO] [stdout] 
[INFO] [stdout] error[E0432]: unresolved import `std::lazy`
[INFO] [stdout]  --> aoc-solutions/src/year2020/day04.rs:1:10
[INFO] [stdout]   |
[INFO] [stdout] 1 | use std::lazy::SyncLazy;
[INFO] [stdout]   |          ^^^^ could not find `lazy` in `std`
[INFO] [stdout] 
[INFO] [stdout] 
[INFO] [stdout] error[E0432]: unresolved import `std::lazy`
[INFO] [stdout]  --> aoc-solutions/src/year2020/day07.rs:2:10
[INFO] [stdout]   |
[INFO] [stdout] 2 | use std::lazy::SyncLazy;
[INFO] [stdout]   |          ^^^^ could not find `lazy` in `std`
[INFO] [stdout] 
[INFO] [stdout] 
[INFO] [stdout] error[E0432]: unresolved import `std::lazy`
[INFO] [stdout]  --> aoc-solutions/src/year2020/day08.rs:3:10
[INFO] [stdout]   |
[INFO] [stdout] 3 | use std::lazy::SyncLazy;
[INFO] [stdout]   |          ^^^^ could not find `lazy` in `std`
[INFO] [stdout] 
[INFO] [stdout] 
[INFO] [stdout] error[E0433]: failed to resolve: could not resolve path `SyncLazy::new`
[INFO] [stdout]  --> aoc-solutions/src/year2020/day02.rs:5:44
[INFO] [stdout]   |
[INFO] [stdout] 5 | static PASSWORD_LIST_RE: SyncLazy<Regex> = SyncLazy::new(|| {
[INFO] [stdout]   |                                            ^^^^^^^^^^^^^ could not resolve path `SyncLazy::new`
[INFO] [stdout]   |
[INFO] [stdout]   = note: this error was originally ignored because you are running `rustdoc`
[INFO] [stdout]   = note: try running again with `rustc` or `cargo check` and you may get a more detailed error
[INFO] [stdout] 
[INFO] [stdout] 
[INFO] [stdout] error[E0554]: `#![feature]` may not be used on the beta release channel
[INFO] [stdout]  --> aoc-solutions/src/lib.rs:1:12
[INFO] [stdout]   |
[INFO] [stdout] 1 | #![feature(bool_to_option, once_cell, int_abs_diff, array_windows, array_chunks)]
[INFO] [stdout]   |            ^^^^^^^^^^^^^^
[INFO] [stdout] 
[INFO] [stdout] 
[INFO] [stdout] error[E0554]: `#![feature]` may not be used on the beta release channel
[INFO] [stdout]  --> aoc-solutions/src/lib.rs:1:28
[INFO] [stdout]   |
[INFO] [stdout] 1 | #![feature(bool_to_option, once_cell, int_abs_diff, array_windows, array_chunks)]
[INFO] [stdout]   |                            ^^^^^^^^^
[INFO] [stdout] 
[INFO] [stdout] 
[INFO] [stdout] error[E0554]: `#![feature]` may not be used on the beta release channel
[INFO] [stdout]  --> aoc-solutions/src/lib.rs:1:39
[INFO] [stdout]   |
[INFO] [stdout] 1 | #![feature(bool_to_option, once_cell, int_abs_diff, array_windows, array_chunks)]
[INFO] [stdout]   |                                       ^^^^^^^^^^^^
[INFO] [stdout] 
[INFO] [stdout] 
[INFO] [stdout] error[E0554]: `#![feature]` may not be used on the beta release channel
[INFO] [stdout]  --> aoc-solutions/src/lib.rs:1:53
[INFO] [stdout]   |
[INFO] [stdout] 1 | #![feature(bool_to_option, once_cell, int_abs_diff, array_windows, array_chunks)]
[INFO] [stdout]   |                                                     ^^^^^^^^^^^^^
[INFO] [stdout] 
[INFO] [stdout] 
[INFO] [stdout] error[E0554]: `#![feature]` may not be used on the beta release channel
[INFO] [stdout]  --> aoc-solutions/src/lib.rs:1:68
[INFO] [stdout]   |
[INFO] [stdout] 1 | #![feature(bool_to_option, once_cell, int_abs_diff, array_windows, array_chunks)]
[INFO] [stdout]   |                                                                    ^^^^^^^^^^^^
[INFO] [stdout] 
[INFO] [stdout] 
[INFO] [stdout] warning: the feature `once_cell` has been stable since 1.70.0 and no longer requires an attribute to enable
[INFO] [stdout]  --> aoc-solutions/src/lib.rs:1:28
[INFO] [stdout]   |
[INFO] [stdout] 1 | #![feature(bool_to_option, once_cell, int_abs_diff, array_windows, array_chunks)]
[INFO] [stdout]   |                            ^^^^^^^^^
[INFO] [stdout]   |
[INFO] [stdout]   = note: `#[warn(stable_features)]` on by default
[INFO] [stdout] 
[INFO] [stdout] 
[INFO] [stdout] warning: the feature `bool_to_option` has been stable since 1.62.0 and no longer requires an attribute to enable
[INFO] [stdout]  --> aoc-solutions/src/lib.rs:1:12
[INFO] [stdout]   |
[INFO] [stdout] 1 | #![feature(bool_to_option, once_cell, int_abs_diff, array_windows, array_chunks)]
[INFO] [stdout]   |            ^^^^^^^^^^^^^^
[INFO] [stdout] 
[INFO] [stdout] 
[INFO] [stdout] warning: the feature `int_abs_diff` has been stable since 1.60.0 and no longer requires an attribute to enable
[INFO] [stdout]  --> aoc-solutions/src/lib.rs:1:39
[INFO] [stdout]   |
[INFO] [stdout] 1 | #![feature(bool_to_option, once_cell, int_abs_diff, array_windows, array_chunks)]
[INFO] [stdout]   |                                       ^^^^^^^^^^^^
[INFO] [stdout] 
[INFO] [stdout] 
[INFO] [stdout] error[E0433]: failed to resolve: could not resolve path `SyncLazy::new`
[INFO] [stdout]  --> aoc-solutions/src/year2020/day04.rs:9:41
[INFO] [stdout]   |
[INFO] [stdout] 9 | static HAIR_COLOR_RE: SyncLazy<Regex> = SyncLazy::new(|| Regex::new(r"^#[0-9a-f]{6}$").unwrap());
[INFO] [stdout]   |                                         ^^^^^^^^^^^^^ could not resolve path `SyncLazy::new`
[INFO] [stdout]   |
[INFO] [stdout]   = note: this error was originally ignored because you are running `rustdoc`
[INFO] [stdout]   = note: try running again with `rustc` or `cargo check` and you may get a more detailed error
[INFO] [stdout] 
[INFO] [stdout] 
[INFO] [stdout] error[E0433]: failed to resolve: could not resolve path `SyncLazy::new`
[INFO] [stdout]   --> aoc-solutions/src/year2020/day04.rs:11:5
[INFO] [stdout]    |
[INFO] [stdout] 11 |     SyncLazy::new(|| Regex::new(r"^(amb|blu|brn|gry|grn|hzl|oth)$").unwrap());
[INFO] [stdout]    |     ^^^^^^^^^^^^^ could not resolve path `SyncLazy::new`
[INFO] [stdout]    |
[INFO] [stdout]    = note: this error was originally ignored because you are running `rustdoc`
[INFO] [stdout]    = note: try running again with `rustc` or `cargo check` and you may get a more detailed error
[INFO] [stdout] 
[INFO] [stdout] 
[INFO] [stdout] error[E0433]: failed to resolve: could not resolve path `SyncLazy::new`
[INFO] [stdout]   --> aoc-solutions/src/year2020/day04.rs:12:42
[INFO] [stdout]    |
[INFO] [stdout] 12 | static PASSPORT_ID_RE: SyncLazy<Regex> = SyncLazy::new(|| Regex::new(r"^[0-9]{9}$").unwrap());
[INFO] [stdout]    |                                          ^^^^^^^^^^^^^ could not resolve path `SyncLazy::new`
[INFO] [stdout]    |
[INFO] [stdout]    = note: this error was originally ignored because you are running `rustdoc`
[INFO] [stdout]    = note: try running again with `rustc` or `cargo check` and you may get a more detailed error
[INFO] [stdout] 
[INFO] [stdout] 
[INFO] [stdout] error[E0433]: failed to resolve: could not resolve path `SyncLazy::new`
[INFO] [stdout]  --> aoc-solutions/src/year2020/day07.rs:7:5
[INFO] [stdout]   |
[INFO] [stdout] 7 |     SyncLazy::new(|| Regex::new(r"^(?P<name>[a-z ]+) bags contain").unwrap());
[INFO] [stdout]   |     ^^^^^^^^^^^^^ could not resolve path `SyncLazy::new`
[INFO] [stdout]   |
[INFO] [stdout]   = note: this error was originally ignored because you are running `rustdoc`
[INFO] [stdout]   = note: try running again with `rustc` or `cargo check` and you may get a more detailed error
[INFO] [stdout] 
[INFO] [stdout] 
[INFO] [stdout] error[E0433]: failed to resolve: could not resolve path `SyncLazy::new`
[INFO] [stdout]  --> aoc-solutions/src/year2020/day07.rs:9:5
[INFO] [stdout]   |
[INFO] [stdout] 9 |     SyncLazy::new(|| Regex::new(r"(?P<count>[0-9]+) (?P<name>[a-z ]+) bags?(?:,|.)").unwrap());
[INFO] [stdout]   |     ^^^^^^^^^^^^^ could not resolve path `SyncLazy::new`
[INFO] [stdout]   |
[INFO] [stdout]   = note: this error was originally ignored because you are running `rustdoc`
[INFO] [stdout]   = note: try running again with `rustc` or `cargo check` and you may get a more detailed error
[INFO] [stdout] 
[INFO] [stdout] 
[INFO] [stdout] error[E0433]: failed to resolve: could not resolve path `SyncLazy::new`
[INFO] [stdout]  --> aoc-solutions/src/year2020/day08.rs:8:42
[INFO] [stdout]   |
[INFO] [stdout] 8 | static INSTRUCTION_RE: SyncLazy<Regex> = SyncLazy::new(|| {
[INFO] [stdout]   |                                          ^^^^^^^^^^^^^ could not resolve path `SyncLazy::new`
[INFO] [stdout]   |
[INFO] [stdout]   = note: this error was originally ignored because you are running `rustdoc`
[INFO] [stdout]   = note: try running again with `rustc` or `cargo check` and you may get a more detailed error
[INFO] [stdout] 
[INFO] [stdout] 
[INFO] [stdout] error: aborting due to 11 previous errors
[INFO] [stdout] 
[INFO] [stdout] 
[INFO] [stdout] Some errors have detailed explanations: E0432, E0433.
[INFO] [stdout] 
[INFO] [stdout] For more information about an error, try `rustc --explain E0432`.
[INFO] [stdout] 
[INFO] [stderr] error: could not document `aoc-solutions`
[INFO] [stderr] 
[INFO] [stderr] Caused by:
[INFO] [stderr]   process didn't exit successfully: `rustdoc --edition=2021 --crate-type lib --crate-name aoc_solutions aoc-solutions/src/lib.rs -o /opt/rustwide/target/doc --error-format=json --json=diagnostic-rendered-ansi,artifacts,future-incompat --document-private-items -C metadata=f48cbb61d581209e -L dependency=/opt/rustwide/target/debug/deps --extern array_init=/opt/rustwide/target/debug/deps/libarray_init-54156841ac9ad0e9.rmeta --extern bitvec=/opt/rustwide/target/debug/deps/libbitvec-aeb3a5ffcc3a378e.rmeta --extern cgmath=/opt/rustwide/target/debug/deps/libcgmath-c920c3ef552013b1.rmeta --extern envy=/opt/rustwide/target/debug/deps/libenvy-d916d0e8f8cba374.rmeta --extern itertools=/opt/rustwide/target/debug/deps/libitertools-5dfc9fd0ade52842.rmeta --extern ndarray=/opt/rustwide/target/debug/deps/libndarray-f5a3276bb8274ef6.rmeta --extern paste=/opt/rustwide/target/debug/deps/libpaste-9ca6d2737b709501.so --extern regex=/opt/rustwide/target/debug/deps/libregex-4cbbbc2ebc057e63.rmeta --extern serde=/opt/rustwide/target/debug/deps/libserde-6a6fbb445f83eae6.rmeta --extern validator=/opt/rustwide/target/debug/deps/libvalidator-abaabde6901039cc.rmeta --cap-lints=warn --crate-version 0.1.0` (exit status: 1)
[INFO] [stderr] warning: build failed, waiting for other jobs to finish...
[INFO] [stdout] error: aborting due to 9 previous errors; 3 warnings emitted
[INFO] [stdout] 
[INFO] [stdout] 
[INFO] [stdout] Some errors have detailed explanations: E0432, E0554.
[INFO] [stdout] 
[INFO] [stdout] For more information about an error, try `rustc --explain E0432`.
[INFO] [stdout] 
[INFO] [stderr] error: could not compile `aoc-solutions` (lib) due to 10 previous errors; 3 warnings emitted
[INFO] running `Command { std: "docker" "inspect" "7633e90ebef3c54dbbb237fdf512c63ed58b9995a485bf6809520871cf238f3c", kill_on_drop: false }`
[INFO] running `Command { std: "docker" "rm" "-f" "7633e90ebef3c54dbbb237fdf512c63ed58b9995a485bf6809520871cf238f3c", kill_on_drop: false }`
[INFO] [stdout] 7633e90ebef3c54dbbb237fdf512c63ed58b9995a485bf6809520871cf238f3c
