[INFO] cloning repository https://github.com/hazelnutcloud/magus-supreme
[INFO] running `Command { std: "git" "-c" "credential.helper=" "-c" "credential.helper=/workspace/cargo-home/bin/git-credential-null" "clone" "--bare" "https://github.com/hazelnutcloud/magus-supreme" "/workspace/cache/git-repos/https%3A%2F%2Fgithub.com%2Fhazelnutcloud%2Fmagus-supreme", kill_on_drop: false }`
[INFO] [stderr] Cloning into bare repository '/workspace/cache/git-repos/https%3A%2F%2Fgithub.com%2Fhazelnutcloud%2Fmagus-supreme'...
[INFO] running `Command { std: "git" "rev-parse" "HEAD", kill_on_drop: false }`
[INFO] [stdout] 8321194b14fa32faf2290db1ec9d690ced2141f4
[INFO] documenting hazelnutcloud/magus-supreme against 1.69.0 for beta-1.70-rustdoc-1
[INFO] running `Command { std: "git" "clone" "/workspace/cache/git-repos/https%3A%2F%2Fgithub.com%2Fhazelnutcloud%2Fmagus-supreme" "/workspace/builds/worker-3-tc1/source", kill_on_drop: false }`
[INFO] [stderr] Cloning into '/workspace/builds/worker-3-tc1/source'...
[INFO] [stderr] done.
[INFO] validating manifest of git repo https://github.com/hazelnutcloud/magus-supreme on toolchain 1.69.0
[INFO] running `Command { std: CARGO_HOME="/workspace/cargo-home" RUSTUP_HOME="/workspace/rustup-home" "/workspace/cargo-home/bin/cargo" "+1.69.0" "metadata" "--manifest-path" "Cargo.toml" "--no-deps", kill_on_drop: false }`
[INFO] removed /workspace/builds/worker-3-tc1/source/.cargo/config.toml
[INFO] removed /workspace/builds/worker-3-tc1/source/rust-toolchain.toml
[INFO] started tweaking git repo https://github.com/hazelnutcloud/magus-supreme
[INFO] finished tweaking git repo https://github.com/hazelnutcloud/magus-supreme
[INFO] tweaked toml for git repo https://github.com/hazelnutcloud/magus-supreme written to /workspace/builds/worker-3-tc1/source/Cargo.toml
[INFO] crate git repo https://github.com/hazelnutcloud/magus-supreme already has a lockfile, it will not be regenerated
[INFO] running `Command { std: CARGO_HOME="/workspace/cargo-home" RUSTUP_HOME="/workspace/rustup-home" "/workspace/cargo-home/bin/cargo" "+1.69.0" "fetch" "--manifest-path" "Cargo.toml", kill_on_drop: false }`
[INFO] [stderr]     Blocking waiting for file lock on package cache
[INFO] [stderr]  Downloading crates ...
[INFO] [stderr]   Downloaded bevy_dylib v0.7.0
[INFO] [stderr]   Downloaded rapier2d v0.12.0
[INFO] [stderr]   Downloaded leafwing_input_manager_macros v0.3.0
[INFO] [stderr]   Downloaded renet v0.0.7
[INFO] [stderr]   Downloaded bevy_renet v0.0.2
[INFO] [stderr]   Downloaded petitset v0.2.1
[INFO] [stderr]   Downloaded rechannel v0.0.3
[INFO] [stderr]   Downloaded renetcode v0.0.3
[INFO] [stderr]   Downloaded tiled v0.10.2
[INFO] [stderr]   Downloaded benimator v3.0.1
[INFO] [stderr]   Downloaded simba v0.7.1
[INFO] [stderr]   Downloaded bevy_ecs_tilemap v0.6.0
[INFO] [stderr]   Downloaded bevy_rapier2d v0.13.2
[INFO] [stderr]   Downloaded leafwing-input-manager v0.3.0
[INFO] [stderr]   Downloaded spade v2.0.0
[INFO] [stderr]   Downloaded nalgebra v0.31.0
[INFO] [stderr]   Downloaded parry2d v0.9.0
[INFO] running `Command { std: "docker" "create" "-v" "/var/lib/crater-agent-workspace/builds/worker-3-tc1/target:/opt/rustwide/target:rw,Z" "-v" "/var/lib/crater-agent-workspace/builds/worker-3-tc1/source:/opt/rustwide/workdir:ro,Z" "-v" "/var/lib/crater-agent-workspace/cargo-home:/opt/rustwide/cargo-home:ro,Z" "-v" "/var/lib/crater-agent-workspace/rustup-home:/opt/rustwide/rustup-home:ro,Z" "-e" "SOURCE_DIR=/opt/rustwide/workdir" "-e" "CARGO_TARGET_DIR=/opt/rustwide/target" "-e" "CARGO_HOME=/opt/rustwide/cargo-home" "-e" "RUSTUP_HOME=/opt/rustwide/rustup-home" "-w" "/opt/rustwide/workdir" "-m" "1610612736" "--user" "0:0" "--network" "none" "ghcr.io/rust-lang/crates-build-env/linux@sha256:5ff2268d62e97bff2cde7d5815dd6ed5b47097566f13b8d0ca110b04b60e07ed" "/opt/rustwide/cargo-home/bin/cargo" "+1.69.0" "metadata" "--no-deps" "--format-version=1", kill_on_drop: false }`
[INFO] [stdout] de45ef6598816b390be86b650b7b84f7b4729cfadb8e06e683eeedddbd68ad33
[INFO] running `Command { std: "docker" "start" "-a" "de45ef6598816b390be86b650b7b84f7b4729cfadb8e06e683eeedddbd68ad33", kill_on_drop: false }`
[INFO] running `Command { std: "docker" "inspect" "de45ef6598816b390be86b650b7b84f7b4729cfadb8e06e683eeedddbd68ad33", kill_on_drop: false }`
[INFO] running `Command { std: "docker" "rm" "-f" "de45ef6598816b390be86b650b7b84f7b4729cfadb8e06e683eeedddbd68ad33", kill_on_drop: false }`
[INFO] [stdout] de45ef6598816b390be86b650b7b84f7b4729cfadb8e06e683eeedddbd68ad33
[INFO] running `Command { std: "docker" "create" "-v" "/var/lib/crater-agent-workspace/builds/worker-3-tc1/target:/opt/rustwide/target:rw,Z" "-v" "/var/lib/crater-agent-workspace/builds/worker-3-tc1/source:/opt/rustwide/workdir:ro,Z" "-v" "/var/lib/crater-agent-workspace/cargo-home:/opt/rustwide/cargo-home:ro,Z" "-v" "/var/lib/crater-agent-workspace/rustup-home:/opt/rustwide/rustup-home:ro,Z" "-e" "SOURCE_DIR=/opt/rustwide/workdir" "-e" "CARGO_TARGET_DIR=/opt/rustwide/target" "-e" "CARGO_INCREMENTAL=0" "-e" "RUST_BACKTRACE=full" "-e" "RUSTFLAGS=--cap-lints=warn" "-e" "RUSTDOCFLAGS=--cap-lints=warn" "-e" "CARGO_HOME=/opt/rustwide/cargo-home" "-e" "RUSTUP_HOME=/opt/rustwide/rustup-home" "-w" "/opt/rustwide/workdir" "-m" "1610612736" "--user" "0:0" "--network" "none" "ghcr.io/rust-lang/crates-build-env/linux@sha256:5ff2268d62e97bff2cde7d5815dd6ed5b47097566f13b8d0ca110b04b60e07ed" "/opt/rustwide/cargo-home/bin/cargo" "+1.69.0" "doc" "--frozen" "--no-deps" "--document-private-items" "--message-format=json", kill_on_drop: false }`
[INFO] [stdout] 455a2c986db0581c107753dfaf64515fed71e2b7e4b6357946240e1fb412d007
[INFO] running `Command { std: "docker" "start" "-a" "455a2c986db0581c107753dfaf64515fed71e2b7e4b6357946240e1fb412d007", kill_on_drop: false }`
[INFO] [stderr]    Compiling autocfg v1.1.0
[INFO] [stderr]    Compiling proc-macro2 v1.0.39
[INFO] [stderr]    Compiling unicode-ident v1.0.0
[INFO] [stderr]    Compiling syn v1.0.95
[INFO] [stderr]     Checking cfg-if v1.0.0
[INFO] [stderr]    Compiling libc v0.2.126
[INFO] [stderr]    Compiling serde_derive v1.0.137
[INFO] [stderr]    Compiling serde v1.0.137
[INFO] [stderr]    Compiling version_check v0.9.4
[INFO] [stderr]     Checking lazy_static v1.4.0
[INFO] [stderr]     Checking once_cell v1.10.0
[INFO] [stderr]    Compiling hashbrown v0.11.2
[INFO] [stderr]    Compiling libm v0.2.2
[INFO] [stderr]     Checking scopeguard v1.1.0
[INFO] [stderr]     Checking bitflags v1.3.2
[INFO] [stderr]    Compiling parking_lot_core v0.8.5
[INFO] [stderr]     Checking instant v0.1.12
[INFO] [stderr]    Compiling memchr v2.5.0
[INFO] [stderr]     Checking mint v0.5.9
[INFO] [stderr]     Checking pin-project-lite v0.2.9
[INFO] [stderr]     Checking byteorder v1.4.3
[INFO] [stderr]     Checking tracing-core v0.1.26
[INFO] [stderr]    Compiling futures-core v0.3.21
[INFO] [stderr]    Compiling log v0.4.17
[INFO] [stderr]     Checking fixedbitset v0.4.1
[INFO] [stderr]     Checking cache-padded v1.2.0
[INFO] [stderr]     Checking slab v0.4.6
[INFO] [stderr]     Checking downcast-rs v1.2.0
[INFO] [stderr]    Compiling erased-serde v0.3.20
[INFO] [stderr]     Checking concurrent-queue v1.2.2
[INFO] [stderr]     Checking fxhash v0.2.1
[INFO] [stderr]     Checking parking v2.0.0
[INFO] [stderr]     Checking waker-fn v1.1.0
[INFO] [stderr]     Checking futures-io v0.3.21
[INFO] [stderr]     Checking fastrand v1.7.0
[INFO] [stderr]     Checking event-listener v2.5.2
[INFO] [stderr]     Checking async-task v4.2.0
[INFO] [stderr]    Compiling crossbeam-utils v0.8.8
[INFO] [stderr]     Checking regex-syntax v0.6.25
[INFO] [stderr]     Checking cty v0.2.2
[INFO] [stderr]    Compiling crc32fast v1.3.2
[INFO] [stderr]     Checking async-channel v1.6.1
[INFO] [stderr]     Checking raw-window-handle v0.4.3
[INFO] [stderr]     Checking rustc-hash v1.1.0
[INFO] [stderr]     Checking ppv-lite86 v0.2.16
[INFO] [stderr]    Compiling ahash v0.7.6
[INFO] [stderr]     Checking adler32 v1.2.0
[INFO] [stderr]     Checking bit-vec v0.6.3
[INFO] [stderr]     Checking tracing-log v0.1.3
[INFO] [stderr]     Checking thread_local v1.1.4
[INFO] [stderr]     Checking futures-lite v1.12.0
[INFO] [stderr]     Checking aho-corasick v0.7.18
[INFO] [stderr]     Checking libloading v0.7.3
[INFO] [stderr]     Checking sharded-slab v0.1.4
[INFO] [stderr]     Checking getrandom v0.2.6
[INFO] [stderr]    Compiling quote v1.0.18
[INFO] [stderr]    Compiling indexmap v1.8.1
[INFO] [stderr]    Compiling num-traits v0.2.15
[INFO] [stderr]    Compiling lock_api v0.4.7
[INFO] [stderr]     Checking num_cpus v1.13.1
[INFO] [stderr]    Compiling num-integer v0.1.45
[INFO] [stderr]     Checking rand_core v0.6.3
[INFO] [stderr]     Checking crossbeam-channel v0.5.4
[INFO] [stderr]     Checking rand_chacha v0.3.1
[INFO] [stderr]     Checking arrayvec v0.7.2
[INFO] [stderr]    Compiling khronos-egl v4.1.0
[INFO] [stderr]     Checking unicode-width v0.1.9
[INFO] [stderr]     Checking unicode-xid v0.2.3
[INFO] [stderr]    Compiling ash v0.34.0+1.2.203
[INFO] [stderr]     Checking ansi_term v0.12.1
[INFO] [stderr]     Checking termcolor v1.1.3
[INFO] [stderr]     Checking inotify-sys v0.1.5
[INFO] [stderr]     Checking pp-rs v0.2.1
[INFO] [stderr]     Checking async-executor v1.4.1
[INFO] [stderr]     Checking bit-set v0.5.2
[INFO] [stderr]     Checking gpu-descriptor-types v0.1.1
[INFO] [stderr]     Checking gpu-alloc-types v0.2.0
[INFO] [stderr]     Checking same-file v1.0.6
[INFO] [stderr]     Checking hexf-parse v0.2.1
[INFO] [stderr]    Compiling anyhow v1.0.57
[INFO] [stderr]     Checking codespan-reporting v0.11.1
[INFO] [stderr]    Compiling cfg_aliases v0.1.1
[INFO] [stderr]     Checking walkdir v2.3.2
[INFO] [stderr]     Checking gpu-alloc v0.5.3
[INFO] [stderr]     Checking bevy_tasks v0.7.0
[INFO] [stderr]     Checking inotify v0.9.6
[INFO] [stderr]    Compiling wgpu-core v0.12.2
[INFO] [stderr]    Compiling num-iter v0.1.43
[INFO] [stderr]    Compiling num-rational v0.3.2
[INFO] [stderr]     Checking filetime v0.2.16
[INFO] [stderr]     Checking mio v0.7.14
[INFO] [stderr]     Checking wgpu-types v0.12.0
[INFO] [stderr]     Checking inplace_it v0.3.3
[INFO] [stderr]     Checking renderdoc-sys v0.7.1
[INFO] [stderr]     Checking profiling v1.0.5
[INFO] [stderr]     Checking glow v0.11.2
[INFO] [stderr]     Checking notify v5.0.0-pre.11
[INFO] [stderr]     Checking rand v0.8.5
[INFO] [stderr]     Checking miniz_oxide v0.3.7
[INFO] [stderr]     Checking deflate v0.8.6
[INFO] [stderr]    Compiling typenum v1.15.0
[INFO] [stderr]     Checking regex-automata v0.1.10
[INFO] [stderr]     Checking regex v1.5.5
[INFO] [stderr]     Checking copyless v0.1.5
[INFO] [stderr]     Checking spirv v0.2.0+1.5.4
[INFO] [stderr]     Checking approx v0.5.1
[INFO] [stderr]     Checking color_quant v1.1.0
[INFO] [stderr]     Checking hex v0.4.3
[INFO] [stderr]     Checking euclid v0.22.7
[INFO] [stderr]     Checking ttf-parser v0.15.0
[INFO] [stderr]     Checking svg_fmt v0.4.1
[INFO] [stderr]     Checking png v0.16.8
[INFO] [stderr]    Compiling generic-array v0.14.5
[INFO] [stderr]     Checking ab_glyph_rasterizer v0.1.5
[INFO] [stderr]    Compiling libm v0.1.4
[INFO] [stderr]     Checking rectangle-pack v0.4.2
[INFO] [stderr]     Checking xi-unicode v0.3.0
[INFO] [stderr]     Checking matchers v0.1.0
[INFO] [stderr]     Checking base64 v0.13.0
[INFO] [stderr]    Compiling winit v0.26.1
[INFO] [stderr]    Compiling jobserver v0.1.24
[INFO] [stderr]    Compiling memoffset v0.6.5
[INFO] [stderr]    Compiling crossbeam-epoch v0.9.8
[INFO] [stderr]    Compiling num-rational v0.4.0
[INFO] [stderr]     Checking subtle v2.4.1
[INFO] [stderr]    Compiling cc v1.0.73
[INFO] [stderr]     Checking cpufeatures v0.2.2
[INFO] [stderr]     Checking guillotiere v0.6.2
[INFO] [stderr]     Checking num-complex v0.4.1
[INFO] [stderr]     Checking opaque-debug v0.3.0
[INFO] [stderr]     Checking zeroize v1.4.3
[INFO] [stderr]    Compiling crossbeam-queue v0.3.5
[INFO] [stderr]     Checking rawpointer v0.2.1
[INFO] [stdout] error: Please select a feature to build for unix: `x11`, `wayland`
[INFO] [stdout]   --> /opt/rustwide/cargo-home/registry/src/github.com-1ecc6299db9ec823/winit-0.26.1/src/platform_impl/linux/mod.rs:10:1
[INFO] [stdout]    |
[INFO] [stdout] 10 | compile_error!("Please select a feature to build for unix: `x11`, `wayland`");
[INFO] [stdout]    | ^^^^^^^^^^^^^^^^^^^^^^^^^^^^^^^^^^^^^^^^^^^^^^^^^^^^^^^^^^^^^^^^^^^^^^^^^^^^^
[INFO] [stdout] 
[INFO] [stdout] 
[INFO] [stderr]    Compiling paste v1.0.7
[INFO] [stderr]     Checking either v1.6.1
[INFO] [stdout] error[E0392]: parameter `T` is never used
[INFO] [stdout]   --> /opt/rustwide/cargo-home/registry/src/github.com-1ecc6299db9ec823/winit-0.26.1/src/event_loop.rs:32:22
[INFO] [stdout]    |
[INFO] [stdout] 32 | pub struct EventLoop<T: 'static> {
[INFO] [stdout]    |                      ^ unused parameter
[INFO] [stdout]    |
[INFO] [stdout]    = help: consider removing `T`, referring to it in a field, or using a marker such as `PhantomData`
[INFO] [stdout] 
[INFO] [stdout] 
[INFO] [stdout] error[E0392]: parameter `T` is never used
[INFO] [stdout]   --> /opt/rustwide/cargo-home/registry/src/github.com-1ecc6299db9ec823/winit-0.26.1/src/event_loop.rs:43:34
[INFO] [stdout]    |
[INFO] [stdout] 43 | pub struct EventLoopWindowTarget<T: 'static> {
[INFO] [stdout]    |                                  ^ unused parameter
[INFO] [stdout]    |
[INFO] [stdout]    = help: consider removing `T`, referring to it in a field, or using a marker such as `PhantomData`
[INFO] [stdout] 
[INFO] [stdout] 
[INFO] [stdout] error[E0392]: parameter `T` is never used
[INFO] [stdout]    --> /opt/rustwide/cargo-home/registry/src/github.com-1ecc6299db9ec823/winit-0.26.1/src/event_loop.rs:196:27
[INFO] [stdout]     |
[INFO] [stdout] 196 | pub struct EventLoopProxy<T: 'static> {
[INFO] [stdout]     |                           ^ unused parameter
[INFO] [stdout]     |
[INFO] [stdout]     = help: consider removing `T`, referring to it in a field, or using a marker such as `PhantomData`
[INFO] [stdout] 
[INFO] [stdout] 
[INFO] [stdout] error[E0392]: parameter `T` is never used
[INFO] [stdout]    --> /opt/rustwide/cargo-home/registry/src/github.com-1ecc6299db9ec823/winit-0.26.1/src/platform_impl/linux/mod.rs:550:20
[INFO] [stdout]     |
[INFO] [stdout] 550 | pub enum EventLoop<T: 'static> {
[INFO] [stdout]     |                    ^ unused parameter
[INFO] [stdout]     |
[INFO] [stdout]     = help: consider removing `T`, referring to it in a field, or using a marker such as `PhantomData`
[INFO] [stdout] 
[INFO] [stdout] 
[INFO] [stdout] error[E0392]: parameter `T` is never used
[INFO] [stdout]    --> /opt/rustwide/cargo-home/registry/src/github.com-1ecc6299db9ec823/winit-0.26.1/src/platform_impl/linux/mod.rs:557:25
[INFO] [stdout]     |
[INFO] [stdout] 557 | pub enum EventLoopProxy<T: 'static> {
[INFO] [stdout]     |                         ^ unused parameter
[INFO] [stdout]     |
[INFO] [stdout]     = help: consider removing `T`, referring to it in a field, or using a marker such as `PhantomData`
[INFO] [stdout] 
[INFO] [stdout] 
[INFO] [stdout] error[E0392]: parameter `T` is never used
[INFO] [stdout]    --> /opt/rustwide/cargo-home/registry/src/github.com-1ecc6299db9ec823/winit-0.26.1/src/platform_impl/linux/mod.rs:683:32
[INFO] [stdout]     |
[INFO] [stdout] 683 | pub enum EventLoopWindowTarget<T> {
[INFO] [stdout]     |                                ^ unused parameter
[INFO] [stdout]     |
[INFO] [stdout]     = help: consider removing `T`, referring to it in a field, or using a marker such as `PhantomData`
[INFO] [stdout]     = help: if you intended `T` to be a const parameter, use `const T: usize` instead
[INFO] [stdout] 
[INFO] [stdout] 
[INFO] [stdout] error: aborting due to 7 previous errors
[INFO] [stdout] 
[INFO] [stdout] 
[INFO] [stdout] For more information about this error, try `rustc --explain E0392`.
[INFO] [stdout] 
[INFO] [stderr] error: could not compile `winit` due to 8 previous errors
[INFO] [stderr] warning: build failed, waiting for other jobs to finish...
[INFO] running `Command { std: "docker" "inspect" "455a2c986db0581c107753dfaf64515fed71e2b7e4b6357946240e1fb412d007", kill_on_drop: false }`
[INFO] running `Command { std: "docker" "rm" "-f" "455a2c986db0581c107753dfaf64515fed71e2b7e4b6357946240e1fb412d007", kill_on_drop: false }`
[INFO] [stdout] 455a2c986db0581c107753dfaf64515fed71e2b7e4b6357946240e1fb412d007
